[INFO] cloning repository https://github.com/whostolemyhat/api-rs
[INFO] running `Command { std: "git" "-c" "credential.helper=" "-c" "credential.helper=/workspace/cargo-home/bin/git-credential-null" "clone" "--bare" "https://github.com/whostolemyhat/api-rs" "/workspace/cache/git-repos/https%3A%2F%2Fgithub.com%2Fwhostolemyhat%2Fapi-rs", kill_on_drop: false }`
[INFO] [stderr] Cloning into bare repository '/workspace/cache/git-repos/https%3A%2F%2Fgithub.com%2Fwhostolemyhat%2Fapi-rs'...
[INFO] running `Command { std: "git" "rev-parse" "HEAD", kill_on_drop: false }`
[INFO] [stdout] 497514bcd20d2f7cb8e23b7fcc688cd970cec390
[INFO] documenting whostolemyhat/api-rs against 1.54.0 for beta-1.55-rustdoc-1
[INFO] running `Command { std: "git" "clone" "/workspace/cache/git-repos/https%3A%2F%2Fgithub.com%2Fwhostolemyhat%2Fapi-rs" "/workspace/builds/worker-1/source", kill_on_drop: false }`
[INFO] [stderr] Cloning into '/workspace/builds/worker-1/source'...
[INFO] [stderr] done.
[INFO] validating manifest of git repo https://github.com/whostolemyhat/api-rs on toolchain 1.54.0
[INFO] running `Command { std: "/workspace/cargo-home/bin/cargo" "+1.54.0" "metadata" "--manifest-path" "Cargo.toml" "--no-deps", kill_on_drop: false }`
[INFO] started tweaking git repo https://github.com/whostolemyhat/api-rs
[INFO] finished tweaking git repo https://github.com/whostolemyhat/api-rs
[INFO] tweaked toml for git repo https://github.com/whostolemyhat/api-rs written to /workspace/builds/worker-1/source/Cargo.toml
[INFO] crate git repo https://github.com/whostolemyhat/api-rs already has a lockfile, it will not be regenerated
[INFO] running `Command { std: "/workspace/cargo-home/bin/cargo" "+1.54.0" "fetch" "--manifest-path" "Cargo.toml", kill_on_drop: false }`
[INFO] running `Command { std: "docker" "create" "-v" "/var/lib/crater-agent-workspace/builds/worker-1/target:/opt/rustwide/target:rw,Z" "-v" "/var/lib/crater-agent-workspace/builds/worker-1/source:/opt/rustwide/workdir:ro,Z" "-v" "/var/lib/crater-agent-workspace/cargo-home:/opt/rustwide/cargo-home:ro,Z" "-v" "/var/lib/crater-agent-workspace/rustup-home:/opt/rustwide/rustup-home:ro,Z" "-e" "SOURCE_DIR=/opt/rustwide/workdir" "-e" "CARGO_TARGET_DIR=/opt/rustwide/target" "-e" "CARGO_HOME=/opt/rustwide/cargo-home" "-e" "RUSTUP_HOME=/opt/rustwide/rustup-home" "-w" "/opt/rustwide/workdir" "-m" "1610612736" "--user" "0:0" "--network" "none" "ghcr.io/rust-lang/crates-build-env/linux@sha256:34b6a614d2c27851fe6cbf88fbd1137609cefab8b10d0615aaeb6fd47975d74e" "/opt/rustwide/cargo-home/bin/cargo" "+1.54.0" "metadata" "--no-deps" "--format-version=1", kill_on_drop: false }`
[INFO] [stdout] 7e73c96e45b5225a8212fd3a86b30d12ce72106bbec3e539c5007f458d9d5e13
[INFO] running `Command { std: "docker" "start" "-a" "7e73c96e45b5225a8212fd3a86b30d12ce72106bbec3e539c5007f458d9d5e13", kill_on_drop: false }`
[INFO] running `Command { std: "docker" "inspect" "7e73c96e45b5225a8212fd3a86b30d12ce72106bbec3e539c5007f458d9d5e13", kill_on_drop: false }`
[INFO] running `Command { std: "docker" "rm" "-f" "7e73c96e45b5225a8212fd3a86b30d12ce72106bbec3e539c5007f458d9d5e13", kill_on_drop: false }`
[INFO] [stdout] 7e73c96e45b5225a8212fd3a86b30d12ce72106bbec3e539c5007f458d9d5e13
[INFO] running `Command { std: "docker" "create" "-v" "/var/lib/crater-agent-workspace/builds/worker-1/target:/opt/rustwide/target:rw,Z" "-v" "/var/lib/crater-agent-workspace/builds/worker-1/source:/opt/rustwide/workdir:ro,Z" "-v" "/var/lib/crater-agent-workspace/cargo-home:/opt/rustwide/cargo-home:ro,Z" "-v" "/var/lib/crater-agent-workspace/rustup-home:/opt/rustwide/rustup-home:ro,Z" "-e" "SOURCE_DIR=/opt/rustwide/workdir" "-e" "CARGO_TARGET_DIR=/opt/rustwide/target" "-e" "CARGO_INCREMENTAL=0" "-e" "RUST_BACKTRACE=full" "-e" "RUSTDOCFLAGS=--cap-lints=warn" "-e" "CARGO_HOME=/opt/rustwide/cargo-home" "-e" "RUSTUP_HOME=/opt/rustwide/rustup-home" "-w" "/opt/rustwide/workdir" "-m" "1610612736" "--user" "0:0" "--network" "none" "ghcr.io/rust-lang/crates-build-env/linux@sha256:34b6a614d2c27851fe6cbf88fbd1137609cefab8b10d0615aaeb6fd47975d74e" "/opt/rustwide/cargo-home/bin/cargo" "+1.54.0" "doc" "--frozen" "--no-deps" "--document-private-items" "--message-format=json", kill_on_drop: false }`
[INFO] [stdout] 619422c0e2d7b7e7712cc762f26a412e4a25902948739c5375bd93986b271f38
[INFO] running `Command { std: "docker" "start" "-a" "619422c0e2d7b7e7712cc762f26a412e4a25902948739c5375bd93986b271f38", kill_on_drop: false }`
[INFO] [stderr]     Checking rustc-serialize v0.3.19
[INFO] [stderr]     Checking phf_shared v0.7.15
[INFO] [stderr]     Checking md5 v0.2.1
[INFO] [stderr]     Checking fallible-iterator v0.1.3
[INFO] [stderr]    Compiling gcc v0.3.38
[INFO] [stderr]     Checking bufstream v0.1.2
[INFO] [stderr]     Checking utf8-ranges v0.1.3
[INFO] [stderr]    Compiling ring v0.3.1
[INFO] [stderr]     Checking lazy_static v0.2.1
[INFO] [stderr]     Checking regex-syntax v0.3.9
[INFO] [stderr]     Checking untrusted v0.3.1
[INFO] [stderr]     Checking groupable v0.2.0
[INFO] [stderr]     Checking memchr v0.1.11
[INFO] [stderr]     Checking num_cpus v1.1.0
[INFO] [stderr]     Checking r2d2 v0.7.1
[INFO] [stderr]     Checking url v1.2.3
[INFO] [stderr]     Checking thread-id v2.0.0
[INFO] [stderr]     Checking aho-corasick v0.5.3
[INFO] [stderr]     Checking phf v0.7.15
[INFO] [stderr]     Checking thread_local v0.2.7
[INFO] [stdout] error[E0277]: `&&Vec<String>` is not an iterator
[INFO] [stdout]    --> /opt/rustwide/cargo-home/registry/src/github.com-1ecc6299db9ec823/ring-0.3.1/build.rs:206:19
[INFO] [stdout]     |
[INFO] [stdout] 206 |             .args(&args)
[INFO] [stdout]     |                   ^^^^^
[INFO] [stdout]     |                   |
[INFO] [stdout]     |                   `&&Vec<String>` is not an iterator
[INFO] [stdout]     |                   help: consider adding dereference here: `&*args`
[INFO] [stdout]     |
[INFO] [stdout]     = help: the trait `Iterator` is not implemented for `&&Vec<String>`
[INFO] [stdout]     = note: required because of the requirements on the impl of `IntoIterator` for `&&Vec<String>`
[INFO] [stdout] 
[INFO] [stdout] 
[INFO] [stdout] error: aborting due to previous error
[INFO] [stdout] 
[INFO] [stdout] 
[INFO] [stdout] For more information about this error, try `rustc --explain E0277`.
[INFO] [stdout] 
[INFO] [stderr] error: could not compile `ring`
[INFO] [stderr] 
[INFO] [stderr] To learn more, run the command again with --verbose.
[INFO] [stderr] warning: build failed, waiting for other jobs to finish...
[INFO] [stdout] error[E0642]: patterns aren't allowed in functions without bodies
[INFO] [stdout]    --> /opt/rustwide/cargo-home/registry/src/github.com-1ecc6299db9ec823/rustc-serialize-0.3.19/src/serialize.rs:147:45
[INFO] [stdout]     |
[INFO] [stdout] 147 | ...                   &f_name: &str,
[INFO] [stdout]     |                       ^^^^^^^ pattern not allowed in function without body
[INFO] [stdout] 
[INFO] [stdout] 
[INFO] [stdout] error[E0713]: borrow may still be in use when destructor runs
[INFO] [stdout]    --> /opt/rustwide/cargo-home/registry/src/github.com-1ecc6299db9ec823/url-1.2.3/src/form_urlencoded.rs:246:40
[INFO] [stdout]     |
[INFO] [stdout] 244 | impl<'a> Target for ::UrlQuery<'a> {
[INFO] [stdout]     |      -- lifetime `'a` defined here
[INFO] [stdout] 245 |     fn as_mut_string(&mut self) -> &mut String { &mut self.url.serialization }
[INFO] [stdout] 246 |     fn finish(self) -> &'a mut ::Url { self.url }
[INFO] [stdout]     |                                        ^^^^^^^^ - here, drop of `self` needs exclusive access to `*self.url`, because the type `UrlQuery<'_>` implements the `Drop` trait
[INFO] [stdout]     |                                        |
[INFO] [stdout]     |                                        returning this value requires that `*self.url` is borrowed for `'a`
[INFO] [stdout] 
[INFO] [stdout] 
[INFO] [stdout] error: aborting due to previous error
[INFO] [stdout] 
[INFO] [stdout] 
[INFO] [stdout] For more information about this error, try `rustc --explain E0713`.
[INFO] [stdout] 
[INFO] [stdout] error: aborting due to previous error
[INFO] [stdout] 
[INFO] [stdout] 
[INFO] [stdout] For more information about this error, try `rustc --explain E0642`.
[INFO] [stdout] 
[INFO] [stderr] error: build failed
[INFO] running `Command { std: "docker" "inspect" "619422c0e2d7b7e7712cc762f26a412e4a25902948739c5375bd93986b271f38", kill_on_drop: false }`
[INFO] running `Command { std: "docker" "rm" "-f" "619422c0e2d7b7e7712cc762f26a412e4a25902948739c5375bd93986b271f38", kill_on_drop: false }`
[INFO] [stdout] 619422c0e2d7b7e7712cc762f26a412e4a25902948739c5375bd93986b271f38
