[INFO] cloning repository https://github.com/wayne-stewart/FileX
[INFO] running `Command { std: "git" "-c" "credential.helper=" "-c" "credential.helper=/workspace/cargo-home/bin/git-credential-null" "clone" "--bare" "https://github.com/wayne-stewart/FileX" "/workspace/cache/git-repos/https%3A%2F%2Fgithub.com%2Fwayne-stewart%2FFileX", kill_on_drop: false }`
[INFO] [stderr] Cloning into bare repository '/workspace/cache/git-repos/https%3A%2F%2Fgithub.com%2Fwayne-stewart%2FFileX'...
[INFO] running `Command { std: "git" "rev-parse" "HEAD", kill_on_drop: false }`
[INFO] [stdout] 399e1c8e89e7462f36bc5345ec1cb28337cec18f
[INFO] documenting wayne-stewart/FileX against 1.54.0 for beta-1.55-rustdoc-1
[INFO] running `Command { std: "git" "clone" "/workspace/cache/git-repos/https%3A%2F%2Fgithub.com%2Fwayne-stewart%2FFileX" "/workspace/builds/worker-10/source", kill_on_drop: false }`
[INFO] [stderr] Cloning into '/workspace/builds/worker-10/source'...
[INFO] [stderr] done.
[INFO] validating manifest of git repo https://github.com/wayne-stewart/FileX on toolchain 1.54.0
[INFO] running `Command { std: "/workspace/cargo-home/bin/cargo" "+1.54.0" "metadata" "--manifest-path" "Cargo.toml" "--no-deps", kill_on_drop: false }`
[INFO] started tweaking git repo https://github.com/wayne-stewart/FileX
[INFO] finished tweaking git repo https://github.com/wayne-stewart/FileX
[INFO] tweaked toml for git repo https://github.com/wayne-stewart/FileX written to /workspace/builds/worker-10/source/Cargo.toml
[INFO] crate git repo https://github.com/wayne-stewart/FileX already has a lockfile, it will not be regenerated
[INFO] running `Command { std: "/workspace/cargo-home/bin/cargo" "+1.54.0" "fetch" "--manifest-path" "Cargo.toml", kill_on_drop: false }`
[INFO] [stderr]     Blocking waiting for file lock on package cache
[INFO] running `Command { std: "docker" "create" "-v" "/var/lib/crater-agent-workspace/builds/worker-10/target:/opt/rustwide/target:rw,Z" "-v" "/var/lib/crater-agent-workspace/builds/worker-10/source:/opt/rustwide/workdir:ro,Z" "-v" "/var/lib/crater-agent-workspace/cargo-home:/opt/rustwide/cargo-home:ro,Z" "-v" "/var/lib/crater-agent-workspace/rustup-home:/opt/rustwide/rustup-home:ro,Z" "-e" "SOURCE_DIR=/opt/rustwide/workdir" "-e" "CARGO_TARGET_DIR=/opt/rustwide/target" "-e" "CARGO_HOME=/opt/rustwide/cargo-home" "-e" "RUSTUP_HOME=/opt/rustwide/rustup-home" "-w" "/opt/rustwide/workdir" "-m" "1610612736" "--user" "0:0" "--network" "none" "ghcr.io/rust-lang/crates-build-env/linux@sha256:34b6a614d2c27851fe6cbf88fbd1137609cefab8b10d0615aaeb6fd47975d74e" "/opt/rustwide/cargo-home/bin/cargo" "+1.54.0" "metadata" "--no-deps" "--format-version=1", kill_on_drop: false }`
[INFO] [stdout] 6fc85ef7379c13f922e1ad7e605f9973721b55b17bb105cb4c4c634a2fe9e5c9
[INFO] running `Command { std: "docker" "start" "-a" "6fc85ef7379c13f922e1ad7e605f9973721b55b17bb105cb4c4c634a2fe9e5c9", kill_on_drop: false }`
[INFO] running `Command { std: "docker" "inspect" "6fc85ef7379c13f922e1ad7e605f9973721b55b17bb105cb4c4c634a2fe9e5c9", kill_on_drop: false }`
[INFO] running `Command { std: "docker" "rm" "-f" "6fc85ef7379c13f922e1ad7e605f9973721b55b17bb105cb4c4c634a2fe9e5c9", kill_on_drop: false }`
[INFO] [stdout] 6fc85ef7379c13f922e1ad7e605f9973721b55b17bb105cb4c4c634a2fe9e5c9
[INFO] running `Command { std: "docker" "create" "-v" "/var/lib/crater-agent-workspace/builds/worker-10/target:/opt/rustwide/target:rw,Z" "-v" "/var/lib/crater-agent-workspace/builds/worker-10/source:/opt/rustwide/workdir:ro,Z" "-v" "/var/lib/crater-agent-workspace/cargo-home:/opt/rustwide/cargo-home:ro,Z" "-v" "/var/lib/crater-agent-workspace/rustup-home:/opt/rustwide/rustup-home:ro,Z" "-e" "SOURCE_DIR=/opt/rustwide/workdir" "-e" "CARGO_TARGET_DIR=/opt/rustwide/target" "-e" "CARGO_INCREMENTAL=0" "-e" "RUST_BACKTRACE=full" "-e" "RUSTDOCFLAGS=--cap-lints=warn" "-e" "CARGO_HOME=/opt/rustwide/cargo-home" "-e" "RUSTUP_HOME=/opt/rustwide/rustup-home" "-w" "/opt/rustwide/workdir" "-m" "1610612736" "--user" "0:0" "--network" "none" "ghcr.io/rust-lang/crates-build-env/linux@sha256:34b6a614d2c27851fe6cbf88fbd1137609cefab8b10d0615aaeb6fd47975d74e" "/opt/rustwide/cargo-home/bin/cargo" "+1.54.0" "doc" "--frozen" "--no-deps" "--document-private-items" "--message-format=json", kill_on_drop: false }`
[INFO] [stdout] ad0b3153457993b2ec7341b0343ba864a88221267ffb3f8c44777b56a63d80e6
[INFO] running `Command { std: "docker" "start" "-a" "ad0b3153457993b2ec7341b0343ba864a88221267ffb3f8c44777b56a63d80e6", kill_on_drop: false }`
[INFO] [stderr]     Checking ahash v0.3.8
[INFO] [stderr]    Compiling winapi v0.3.9
[INFO] [stderr]     Checking ttf-parser v0.8.2
[INFO] [stderr]    Compiling hashbrown v0.8.2
[INFO] [stderr]     Checking fontdue v0.3.2
[INFO] [stderr]  Documenting filex v0.1.0 (/opt/rustwide/workdir)
[INFO] [stdout] error[E0433]: failed to resolve: could not find `windows` in `os`
[INFO] [stdout]   --> src/win32.rs:22:14
[INFO] [stdout]    |
[INFO] [stdout] 22 | use std::os::windows::ffi::OsStrExt;
[INFO] [stdout]    |              ^^^^^^^ could not find `windows` in `os`
[INFO] [stdout] 
[INFO] [stdout] 
[INFO] [stdout] error[E0433]: failed to resolve: could not find `shared` in `winapi`
[INFO] [stdout]   --> src/win32.rs:30:19
[INFO] [stdout]    |
[INFO] [stdout] 30 | use self::winapi::shared::windef:: {
[INFO] [stdout]    |                   ^^^^^^ could not find `shared` in `winapi`
[INFO] [stdout] 
[INFO] [stdout] 
[INFO] [stdout] error[E0433]: failed to resolve: could not find `shared` in `winapi`
[INFO] [stdout]   --> src/win32.rs:38:19
[INFO] [stdout]    |
[INFO] [stdout] 38 | use self::winapi::shared::ntdef:: {
[INFO] [stdout]    |                   ^^^^^^ could not find `shared` in `winapi`
[INFO] [stdout] 
[INFO] [stdout] 
[INFO] [stdout] error[E0433]: failed to resolve: could not find `um` in `winapi`
[INFO] [stdout]   --> src/win32.rs:43:19
[INFO] [stdout]    |
[INFO] [stdout] 43 | use self::winapi::um::wingdi::{
[INFO] [stdout]    |                   ^^ could not find `um` in `winapi`
[INFO] [stdout] 
[INFO] [stdout] 
[INFO] [stdout] error[E0433]: failed to resolve: could not find `shared` in `winapi`
[INFO] [stdout]   --> src/win32.rs:68:19
[INFO] [stdout]    |
[INFO] [stdout] 68 | use self::winapi::shared::minwindef::{
[INFO] [stdout]    |                   ^^^^^^ could not find `shared` in `winapi`
[INFO] [stdout] 
[INFO] [stdout] 
[INFO] [stdout] error[E0433]: failed to resolve: could not find `um` in `winapi`
[INFO] [stdout]   --> src/win32.rs:82:19
[INFO] [stdout]    |
[INFO] [stdout] 82 | use self::winapi::um::libloaderapi::{
[INFO] [stdout]    |                   ^^ could not find `um` in `winapi`
[INFO] [stdout] 
[INFO] [stdout] 
[INFO] [stdout] error[E0433]: failed to resolve: could not find `shared` in `winapi`
[INFO] [stdout]   --> src/win32.rs:86:19
[INFO] [stdout]    |
[INFO] [stdout] 86 | use self::winapi::shared::windowsx::{
[INFO] [stdout]    |                   ^^^^^^ could not find `shared` in `winapi`
[INFO] [stdout] 
[INFO] [stdout] 
[INFO] [stdout] error[E0433]: failed to resolve: could not find `um` in `winapi`
[INFO] [stdout]   --> src/win32.rs:91:19
[INFO] [stdout]    |
[INFO] [stdout] 91 | use self::winapi::um::winbase::{
[INFO] [stdout]    |                   ^^ could not find `um` in `winapi`
[INFO] [stdout] 
[INFO] [stdout] 
[INFO] [stdout] error[E0433]: failed to resolve: could not find `um` in `winapi`
[INFO] [stdout]   --> src/win32.rs:99:19
[INFO] [stdout]    |
[INFO] [stdout] 99 | use self::winapi::um::winuser::{
[INFO] [stdout]    |                   ^^ could not find `um` in `winapi`
[INFO] [stdout] 
[INFO] [stdout] 
[INFO] [stdout] error[E0432]: unresolved import `self::winapi::ctypes`
[INFO] [stdout]   --> src/win32.rs:28:19
[INFO] [stdout]    |
[INFO] [stdout] 28 | use self::winapi::ctypes::c_void;
[INFO] [stdout]    |                   ^^^^^^ could not find `ctypes` in `winapi`
[INFO] [stdout] 
[INFO] [stdout] 
[INFO] [stdout] error[E0412]: cannot find type `BITMAPINFO` in this scope
[INFO] [stdout]    --> src/win32.rs:189:11
[INFO] [stdout]     |
[INFO] [stdout] 189 |     info: BITMAPINFO,
[INFO] [stdout]     |           ^^^^^^^^^^ not found in this scope
[INFO] [stdout] 
[INFO] [stdout] 
[INFO] [stdout] error[E0412]: cannot find type `BITMAPINFO` in this scope
[INFO] [stdout]    --> src/win32.rs:193:32
[INFO] [stdout]     |
[INFO] [stdout] 193 | static mut WINDOW_BITMAP_INFO: BITMAPINFO = create_window_bitamp_info();
[INFO] [stdout]     |                                ^^^^^^^^^^ not found in this scope
[INFO] [stdout] 
[INFO] [stdout] 
[INFO] [stdout] error[E0412]: cannot find type `HCURSOR` in this scope
[INFO] [stdout]    --> src/win32.rs:194:26
[INFO] [stdout]     |
[INFO] [stdout] 194 | static mut CURSOR_ARROW: HCURSOR = null_mut();
[INFO] [stdout]     |                          ^^^^^^^ not found in this scope
[INFO] [stdout] 
[INFO] [stdout] 
[INFO] [stdout] error[E0412]: cannot find type `HCURSOR` in this scope
[INFO] [stdout]    --> src/win32.rs:195:25
[INFO] [stdout]     |
[INFO] [stdout] 195 | static mut CURSOR_HAND: HCURSOR = null_mut();
[INFO] [stdout]     |                         ^^^^^^^ not found in this scope
[INFO] [stdout] 
[INFO] [stdout] 
[INFO] [stdout] error[E0412]: cannot find type `HCURSOR` in this scope
[INFO] [stdout]    --> src/win32.rs:196:26
[INFO] [stdout]     |
[INFO] [stdout] 196 | static mut CURSOR_IBEAM: HCURSOR = null_mut();
[INFO] [stdout]     |                          ^^^^^^^ not found in this scope
[INFO] [stdout] 
[INFO] [stdout] 
[INFO] [stdout] error[E0412]: cannot find type `HWND` in this scope
[INFO] [stdout]    --> src/win32.rs:197:27
[INFO] [stdout]     |
[INFO] [stdout] 197 | static mut WINDOW_HANDLE: HWND = null_mut();
[INFO] [stdout]     |                           ^^^^ not found in this scope
[INFO] [stdout] 
[INFO] [stdout] 
[INFO] [stdout] error[E0412]: cannot find type `UINT` in this scope
[INFO] [stdout]    --> src/win32.rs:199:34
[INFO] [stdout]     |
[INFO] [stdout] 199 | const WM_USER_CURSOR_TIMER_TICK: UINT = WM_USER + 101;
[INFO] [stdout]     |                                  ^^^^ not found in this scope
[INFO] [stdout] 
[INFO] [stdout] 
[INFO] [stdout] error[E0425]: cannot find value `WM_USER` in this scope
[INFO] [stdout]    --> src/win32.rs:199:41
[INFO] [stdout]     |
[INFO] [stdout] 199 | const WM_USER_CURSOR_TIMER_TICK: UINT = WM_USER + 101;
[INFO] [stdout]     |                                         ^^^^^^^ not found in this scope
[INFO] [stdout] 
[INFO] [stdout] 
[INFO] [stdout] error[E0412]: cannot find type `HWND` in this scope
[INFO] [stdout]    --> src/win32.rs:254:49
[INFO] [stdout]     |
[INFO] [stdout] 254 | unsafe extern "system" fn win32_wnd_proc(h_wnd: HWND, msg: UINT, w_param: WPARAM, l_param: LPARAM) -> LRESULT {
[INFO] [stdout]     |                                                 ^^^^ not found in this scope
[INFO] [stdout] 
[INFO] [stdout] 
[INFO] [stdout] error[E0412]: cannot find type `UINT` in this scope
[INFO] [stdout]    --> src/win32.rs:254:60
[INFO] [stdout]     |
[INFO] [stdout] 254 | unsafe extern "system" fn win32_wnd_proc(h_wnd: HWND, msg: UINT, w_param: WPARAM, l_param: LPARAM) -> LRESULT {
[INFO] [stdout]     |                                                            ^^^^ not found in this scope
[INFO] [stdout] 
[INFO] [stdout] 
[INFO] [stdout] error[E0412]: cannot find type `WPARAM` in this scope
[INFO] [stdout]    --> src/win32.rs:254:75
[INFO] [stdout]     |
[INFO] [stdout] 254 | unsafe extern "system" fn win32_wnd_proc(h_wnd: HWND, msg: UINT, w_param: WPARAM, l_param: LPARAM) -> LRESULT {
[INFO] [stdout]     |                                                                           ^^^^^^ not found in this scope
[INFO] [stdout] 
[INFO] [stdout] 
[INFO] [stdout] error[E0412]: cannot find type `LPARAM` in this scope
[INFO] [stdout]    --> src/win32.rs:254:92
[INFO] [stdout]     |
[INFO] [stdout] 254 | unsafe extern "system" fn win32_wnd_proc(h_wnd: HWND, msg: UINT, w_param: WPARAM, l_param: LPARAM) -> LRESULT {
[INFO] [stdout]     |                                                                                            ^^^^^^ not found in this scope
[INFO] [stdout] 
[INFO] [stdout] 
[INFO] [stdout] error[E0412]: cannot find type `LRESULT` in this scope
[INFO] [stdout]    --> src/win32.rs:254:103
[INFO] [stdout]     |
[INFO] [stdout] 254 | unsafe extern "system" fn win32_wnd_proc(h_wnd: HWND, msg: UINT, w_param: WPARAM, l_param: LPARAM) -> LRESULT {
[INFO] [stdout]     |                                                                                                       ^^^^^^^ not found in this scope
[INFO] [stdout] 
[INFO] [stdout] 
[INFO] [stdout] error[E0412]: cannot find type `HWND` in this scope
[INFO] [stdout]    --> src/win32.rs:309:34
[INFO] [stdout]     |
[INFO] [stdout] 309 | unsafe fn handle_wm_char(_h_wnd: HWND, _msg: UINT, w_param: WPARAM, _l_param: LPARAM) -> LRESULT {
[INFO] [stdout]     |                                  ^^^^ not found in this scope
[INFO] [stdout] 
[INFO] [stdout] 
[INFO] [stdout] error[E0412]: cannot find type `UINT` in this scope
[INFO] [stdout]    --> src/win32.rs:309:46
[INFO] [stdout]     |
[INFO] [stdout] 309 | unsafe fn handle_wm_char(_h_wnd: HWND, _msg: UINT, w_param: WPARAM, _l_param: LPARAM) -> LRESULT {
[INFO] [stdout]     |                                              ^^^^ not found in this scope
[INFO] [stdout] 
[INFO] [stdout] 
[INFO] [stdout] error[E0412]: cannot find type `WPARAM` in this scope
[INFO] [stdout]    --> src/win32.rs:309:61
[INFO] [stdout]     |
[INFO] [stdout] 309 | unsafe fn handle_wm_char(_h_wnd: HWND, _msg: UINT, w_param: WPARAM, _l_param: LPARAM) -> LRESULT {
[INFO] [stdout]     |                                                             ^^^^^^ not found in this scope
[INFO] [stdout] 
[INFO] [stdout] 
[INFO] [stdout] error[E0412]: cannot find type `LPARAM` in this scope
[INFO] [stdout]    --> src/win32.rs:309:79
[INFO] [stdout]     |
[INFO] [stdout] 309 | unsafe fn handle_wm_char(_h_wnd: HWND, _msg: UINT, w_param: WPARAM, _l_param: LPARAM) -> LRESULT {
[INFO] [stdout]     |                                                                               ^^^^^^ not found in this scope
[INFO] [stdout] 
[INFO] [stdout] 
[INFO] [stdout] error[E0412]: cannot find type `LRESULT` in this scope
[INFO] [stdout]    --> src/win32.rs:309:90
[INFO] [stdout]     |
[INFO] [stdout] 309 | unsafe fn handle_wm_char(_h_wnd: HWND, _msg: UINT, w_param: WPARAM, _l_param: LPARAM) -> LRESULT {
[INFO] [stdout]     |                                                                                          ^^^^^^^ not found in this scope
[INFO] [stdout] 
[INFO] [stdout] 
[INFO] [stdout] error[E0412]: cannot find type `HWND` in this scope
[INFO] [stdout]    --> src/win32.rs:320:36
[INFO] [stdout]     |
[INFO] [stdout] 320 | unsafe fn handle_wm_keydown(h_wnd: HWND, msg: UINT, w_param: WPARAM, l_param: LPARAM) -> LRESULT {
[INFO] [stdout]     |                                    ^^^^ not found in this scope
[INFO] [stdout] 
[INFO] [stdout] 
[INFO] [stdout] error[E0412]: cannot find type `UINT` in this scope
[INFO] [stdout]    --> src/win32.rs:320:47
[INFO] [stdout]     |
[INFO] [stdout] 320 | unsafe fn handle_wm_keydown(h_wnd: HWND, msg: UINT, w_param: WPARAM, l_param: LPARAM) -> LRESULT {
[INFO] [stdout]     |                                               ^^^^ not found in this scope
[INFO] [stdout] 
[INFO] [stdout] 
[INFO] [stdout] error[E0412]: cannot find type `WPARAM` in this scope
[INFO] [stdout]    --> src/win32.rs:320:62
[INFO] [stdout]     |
[INFO] [stdout] 320 | unsafe fn handle_wm_keydown(h_wnd: HWND, msg: UINT, w_param: WPARAM, l_param: LPARAM) -> LRESULT {
[INFO] [stdout]     |                                                              ^^^^^^ not found in this scope
[INFO] [stdout] 
[INFO] [stdout] 
[INFO] [stdout] error[E0412]: cannot find type `LPARAM` in this scope
[INFO] [stdout]    --> src/win32.rs:320:79
[INFO] [stdout]     |
[INFO] [stdout] 320 | unsafe fn handle_wm_keydown(h_wnd: HWND, msg: UINT, w_param: WPARAM, l_param: LPARAM) -> LRESULT {
[INFO] [stdout]     |                                                                               ^^^^^^ not found in this scope
[INFO] [stdout] 
[INFO] [stdout] 
[INFO] [stdout] error[E0412]: cannot find type `LRESULT` in this scope
[INFO] [stdout]    --> src/win32.rs:320:90
[INFO] [stdout]     |
[INFO] [stdout] 320 | unsafe fn handle_wm_keydown(h_wnd: HWND, msg: UINT, w_param: WPARAM, l_param: LPARAM) -> LRESULT {
[INFO] [stdout]     |                                                                                          ^^^^^^^ not found in this scope
[INFO] [stdout] 
[INFO] [stdout] 
[INFO] [stdout] error[E0412]: cannot find type `HWND` in this scope
[INFO] [stdout]    --> src/win32.rs:373:39
[INFO] [stdout]     |
[INFO] [stdout] 373 | unsafe fn handle_wm_mouse_move(h_wnd: HWND, _msg: UINT, _w_param: WPARAM, l_param: LPARAM) -> LRESULT {
[INFO] [stdout]     |                                       ^^^^ not found in this scope
[INFO] [stdout] 
[INFO] [stdout] 
[INFO] [stdout] error[E0412]: cannot find type `UINT` in this scope
[INFO] [stdout]    --> src/win32.rs:373:51
[INFO] [stdout]     |
[INFO] [stdout] 373 | unsafe fn handle_wm_mouse_move(h_wnd: HWND, _msg: UINT, _w_param: WPARAM, l_param: LPARAM) -> LRESULT {
[INFO] [stdout]     |                                                   ^^^^ not found in this scope
[INFO] [stdout] 
[INFO] [stdout] 
[INFO] [stdout] error[E0412]: cannot find type `WPARAM` in this scope
[INFO] [stdout]    --> src/win32.rs:373:67
[INFO] [stdout]     |
[INFO] [stdout] 373 | unsafe fn handle_wm_mouse_move(h_wnd: HWND, _msg: UINT, _w_param: WPARAM, l_param: LPARAM) -> LRESULT {
[INFO] [stdout]     |                                                                   ^^^^^^ not found in this scope
[INFO] [stdout] 
[INFO] [stdout] 
[INFO] [stdout] error[E0412]: cannot find type `LPARAM` in this scope
[INFO] [stdout]    --> src/win32.rs:373:84
[INFO] [stdout]     |
[INFO] [stdout] 373 | unsafe fn handle_wm_mouse_move(h_wnd: HWND, _msg: UINT, _w_param: WPARAM, l_param: LPARAM) -> LRESULT {
[INFO] [stdout]     |                                                                                    ^^^^^^ not found in this scope
[INFO] [stdout] 
[INFO] [stdout] 
[INFO] [stdout] error[E0412]: cannot find type `LRESULT` in this scope
[INFO] [stdout]    --> src/win32.rs:373:95
[INFO] [stdout]     |
[INFO] [stdout] 373 | unsafe fn handle_wm_mouse_move(h_wnd: HWND, _msg: UINT, _w_param: WPARAM, l_param: LPARAM) -> LRESULT {
[INFO] [stdout]     |                                                                                               ^^^^^^^ not found in this scope
[INFO] [stdout] 
[INFO] [stdout] 
[INFO] [stdout] error[E0412]: cannot find type `HWND` in this scope
[INFO] [stdout]    --> src/win32.rs:402:42
[INFO] [stdout]     |
[INFO] [stdout] 402 | unsafe fn handle_wm_button_click(_h_wnd: HWND, msg: UINT, _w_param: WPARAM, l_param: LPARAM) -> LRESULT {
[INFO] [stdout]     |                                          ^^^^ not found in this scope
[INFO] [stdout] 
[INFO] [stdout] 
[INFO] [stdout] error[E0412]: cannot find type `UINT` in this scope
[INFO] [stdout]    --> src/win32.rs:402:53
[INFO] [stdout]     |
[INFO] [stdout] 402 | unsafe fn handle_wm_button_click(_h_wnd: HWND, msg: UINT, _w_param: WPARAM, l_param: LPARAM) -> LRESULT {
[INFO] [stdout]     |                                                     ^^^^ not found in this scope
[INFO] [stdout] 
[INFO] [stdout] 
[INFO] [stdout] error[E0412]: cannot find type `WPARAM` in this scope
[INFO] [stdout]    --> src/win32.rs:402:69
[INFO] [stdout]     |
[INFO] [stdout] 402 | unsafe fn handle_wm_button_click(_h_wnd: HWND, msg: UINT, _w_param: WPARAM, l_param: LPARAM) -> LRESULT {
[INFO] [stdout]     |                                                                     ^^^^^^ not found in this scope
[INFO] [stdout] 
[INFO] [stdout] 
[INFO] [stdout] error[E0412]: cannot find type `LPARAM` in this scope
[INFO] [stdout]    --> src/win32.rs:402:86
[INFO] [stdout]     |
[INFO] [stdout] 402 | unsafe fn handle_wm_button_click(_h_wnd: HWND, msg: UINT, _w_param: WPARAM, l_param: LPARAM) -> LRESULT {
[INFO] [stdout]     |                                                                                      ^^^^^^ not found in this scope
[INFO] [stdout] 
[INFO] [stdout] 
[INFO] [stdout] error[E0412]: cannot find type `LRESULT` in this scope
[INFO] [stdout]    --> src/win32.rs:402:97
[INFO] [stdout]     |
[INFO] [stdout] 402 | unsafe fn handle_wm_button_click(_h_wnd: HWND, msg: UINT, _w_param: WPARAM, l_param: LPARAM) -> LRESULT {
[INFO] [stdout]     |                                                                                                 ^^^^^^^ not found in this scope
[INFO] [stdout] 
[INFO] [stdout] 
[INFO] [stdout] error[E0412]: cannot find type `HWND` in this scope
[INFO] [stdout]    --> src/win32.rs:413:27
[INFO] [stdout]     |
[INFO] [stdout] 413 | fn handle_wm_paint(h_wnd: HWND) -> LRESULT {
[INFO] [stdout]     |                           ^^^^ not found in this scope
[INFO] [stdout] 
[INFO] [stdout] 
[INFO] [stdout] error[E0412]: cannot find type `LRESULT` in this scope
[INFO] [stdout]    --> src/win32.rs:413:36
[INFO] [stdout]     |
[INFO] [stdout] 413 | fn handle_wm_paint(h_wnd: HWND) -> LRESULT {
[INFO] [stdout]     |                                    ^^^^^^^ not found in this scope
[INFO] [stdout] 
[INFO] [stdout] 
[INFO] [stdout] error[E0412]: cannot find type `HWND` in this scope
[INFO] [stdout]    --> src/win32.rs:443:26
[INFO] [stdout]     |
[INFO] [stdout] 443 | fn handle_wm_size(h_wnd: HWND) -> LRESULT {
[INFO] [stdout]     |                          ^^^^ not found in this scope
[INFO] [stdout] 
[INFO] [stdout] 
[INFO] [stdout] error[E0412]: cannot find type `LRESULT` in this scope
[INFO] [stdout]    --> src/win32.rs:443:35
[INFO] [stdout]     |
[INFO] [stdout] 443 | fn handle_wm_size(h_wnd: HWND) -> LRESULT {
[INFO] [stdout]     |                                   ^^^^^^^ not found in this scope
[INFO] [stdout] 
[INFO] [stdout] 
[INFO] [stdout] error[E0412]: cannot find type `BITMAPINFO` in this scope
[INFO] [stdout]    --> src/win32.rs:457:41
[INFO] [stdout]     |
[INFO] [stdout] 457 | const fn create_window_bitamp_info() -> BITMAPINFO {
[INFO] [stdout]     |                                         ^^^^^^^^^^ not found in this scope
[INFO] [stdout] 
[INFO] [stdout] 
[INFO] [stdout] error[E0412]: cannot find type `HWND` in this scope
[INFO] [stdout]    --> src/win32.rs:484:42
[INFO] [stdout]     |
[INFO] [stdout] 484 | unsafe fn get_text_from_clipboard(h_wnd: HWND) -> Option<String> {
[INFO] [stdout]     |                                          ^^^^ not found in this scope
[INFO] [stdout] 
[INFO] [stdout] 
[INFO] [stdout] error[E0412]: cannot find type `LPVOID` in this scope
[INFO] [stdout]    --> src/win32.rs:524:56
[INFO] [stdout]     |
[INFO] [stdout] 524 | unsafe fn convert_from_lpvoid_null_term_to_string(ptr: LPVOID, max_length: usize) -> Option<String> {
[INFO] [stdout]     |                                                        ^^^^^^ not found in this scope
[INFO] [stdout] 
[INFO] [stdout] 
[INFO] [stdout] error: Compilation failed, aborting rustdoc
[INFO] [stdout] 
[INFO] [stdout] 
[INFO] [stdout] error: aborting due to 51 previous errors
[INFO] [stdout] 
[INFO] [stdout] 
[INFO] [stdout] Some errors have detailed explanations: E0412, E0425, E0432, E0433.
[INFO] [stdout] 
[INFO] [stdout] For more information about an error, try `rustc --explain E0412`.
[INFO] [stdout] 
[INFO] [stderr] error: could not document `filex`
[INFO] [stderr] 
[INFO] [stderr] Caused by:
[INFO] [stderr]   process didn't exit successfully: `rustdoc --edition=2018 --crate-type bin --crate-name filex src/main.rs -o /opt/rustwide/target/doc --error-format=json --json=diagnostic-rendered-ansi --document-private-items -L dependency=/opt/rustwide/target/debug/deps --extern fontdue=/opt/rustwide/target/debug/deps/libfontdue-6c15b60e2042dcd8.rmeta --extern winapi=/opt/rustwide/target/debug/deps/libwinapi-f6506ddc40e17281.rmeta --cap-lints=warn --crate-version 0.1.0` (exit status: 1)
[INFO] running `Command { std: "docker" "inspect" "ad0b3153457993b2ec7341b0343ba864a88221267ffb3f8c44777b56a63d80e6", kill_on_drop: false }`
[INFO] running `Command { std: "docker" "rm" "-f" "ad0b3153457993b2ec7341b0343ba864a88221267ffb3f8c44777b56a63d80e6", kill_on_drop: false }`
[INFO] [stdout] ad0b3153457993b2ec7341b0343ba864a88221267ffb3f8c44777b56a63d80e6
