[INFO] cloning repository https://github.com/walterpie/ldjam-47
[INFO] running `Command { std: "git" "-c" "credential.helper=" "-c" "credential.helper=/workspace/cargo-home/bin/git-credential-null" "clone" "--bare" "https://github.com/walterpie/ldjam-47" "/workspace/cache/git-repos/https%3A%2F%2Fgithub.com%2Fwalterpie%2Fldjam-47", kill_on_drop: false }`
[INFO] [stderr] Cloning into bare repository '/workspace/cache/git-repos/https%3A%2F%2Fgithub.com%2Fwalterpie%2Fldjam-47'...
[INFO] running `Command { std: "git" "rev-parse" "HEAD", kill_on_drop: false }`
[INFO] [stdout] 476c8baa9dd30d5405d29a6724e2e0008b12a495
[INFO] documenting walterpie/ldjam-47 against beta-2021-08-01 for beta-1.55-rustdoc-1
[INFO] running `Command { std: "git" "clone" "/workspace/cache/git-repos/https%3A%2F%2Fgithub.com%2Fwalterpie%2Fldjam-47" "/workspace/builds/worker-8/source", kill_on_drop: false }`
[INFO] [stderr] Cloning into '/workspace/builds/worker-8/source'...
[INFO] [stderr] done.
[INFO] validating manifest of git repo https://github.com/walterpie/ldjam-47 on toolchain beta-2021-08-01
[INFO] running `Command { std: "/workspace/cargo-home/bin/cargo" "+beta-2021-08-01" "metadata" "--manifest-path" "Cargo.toml" "--no-deps", kill_on_drop: false }`
[INFO] removed /workspace/builds/worker-8/source/.cargo/config
[INFO] started tweaking git repo https://github.com/walterpie/ldjam-47
[INFO] finished tweaking git repo https://github.com/walterpie/ldjam-47
[INFO] tweaked toml for git repo https://github.com/walterpie/ldjam-47 written to /workspace/builds/worker-8/source/Cargo.toml
[INFO] crate git repo https://github.com/walterpie/ldjam-47 already has a lockfile, it will not be regenerated
[INFO] running `Command { std: "/workspace/cargo-home/bin/cargo" "+beta-2021-08-01" "fetch" "--manifest-path" "Cargo.toml", kill_on_drop: false }`
[INFO] [stderr]  Downloading crates ...
[INFO] [stderr]   Downloaded tiny_http v0.7.0
[INFO] [stderr]   Downloaded sid v0.6.1
[INFO] [stderr]   Downloaded spinning_top v0.2.2
[INFO] [stderr]   Downloaded bevy_prototype_lyon v0.1.2
[INFO] [stderr]   Downloaded lyon_path v0.16.2
[INFO] [stderr]   Downloaded futures-lite v1.8.0
[INFO] [stderr]   Downloaded flume v0.9.1
[INFO] [stderr]   Downloaded bevy-contrib-inspector v0.2.0
[INFO] [stderr]   Downloaded gfx-backend-dx12 v0.6.4
[INFO] [stderr]   Downloaded lyon_geom v0.16.2
[INFO] [stderr]   Downloaded wgpu-core v0.6.3
[INFO] [stderr]   Downloaded glam v0.9.4
[INFO] [stderr]   Downloaded ahash v0.4.5
[INFO] [stderr]   Downloaded lyon_algorithms v0.16.0
[INFO] [stderr]   Downloaded lyon v0.16.2
[INFO] [stderr]   Downloaded bevy_contrib_colors v0.2.0
[INFO] [stderr]   Downloaded bevy_fly_camera v0.4.1
[INFO] [stderr]   Downloaded bevy-contrib-inspector-derive v0.2.0
[INFO] [stderr]   Downloaded lyon_tessellation v0.16.2
[INFO] [stderr]   Downloaded bevy_easings v0.1.0
[INFO] running `Command { std: "docker" "create" "-v" "/var/lib/crater-agent-workspace/builds/worker-8/target:/opt/rustwide/target:rw,Z" "-v" "/var/lib/crater-agent-workspace/builds/worker-8/source:/opt/rustwide/workdir:ro,Z" "-v" "/var/lib/crater-agent-workspace/cargo-home:/opt/rustwide/cargo-home:ro,Z" "-v" "/var/lib/crater-agent-workspace/rustup-home:/opt/rustwide/rustup-home:ro,Z" "-e" "SOURCE_DIR=/opt/rustwide/workdir" "-e" "CARGO_TARGET_DIR=/opt/rustwide/target" "-e" "CARGO_HOME=/opt/rustwide/cargo-home" "-e" "RUSTUP_HOME=/opt/rustwide/rustup-home" "-w" "/opt/rustwide/workdir" "-m" "1610612736" "--user" "0:0" "--network" "none" "ghcr.io/rust-lang/crates-build-env/linux@sha256:34b6a614d2c27851fe6cbf88fbd1137609cefab8b10d0615aaeb6fd47975d74e" "/opt/rustwide/cargo-home/bin/cargo" "+beta-2021-08-01" "metadata" "--no-deps" "--format-version=1", kill_on_drop: false }`
[INFO] [stdout] 640cbbc53f2941f28f7f167a1b2850c8faf9c8699c24438b09d93e334459a9b0
[INFO] running `Command { std: "docker" "start" "-a" "640cbbc53f2941f28f7f167a1b2850c8faf9c8699c24438b09d93e334459a9b0", kill_on_drop: false }`
[INFO] running `Command { std: "docker" "inspect" "640cbbc53f2941f28f7f167a1b2850c8faf9c8699c24438b09d93e334459a9b0", kill_on_drop: false }`
[INFO] running `Command { std: "docker" "rm" "-f" "640cbbc53f2941f28f7f167a1b2850c8faf9c8699c24438b09d93e334459a9b0", kill_on_drop: false }`
[INFO] [stdout] 640cbbc53f2941f28f7f167a1b2850c8faf9c8699c24438b09d93e334459a9b0
[INFO] running `Command { std: "docker" "create" "-v" "/var/lib/crater-agent-workspace/builds/worker-8/target:/opt/rustwide/target:rw,Z" "-v" "/var/lib/crater-agent-workspace/builds/worker-8/source:/opt/rustwide/workdir:ro,Z" "-v" "/var/lib/crater-agent-workspace/cargo-home:/opt/rustwide/cargo-home:ro,Z" "-v" "/var/lib/crater-agent-workspace/rustup-home:/opt/rustwide/rustup-home:ro,Z" "-e" "SOURCE_DIR=/opt/rustwide/workdir" "-e" "CARGO_TARGET_DIR=/opt/rustwide/target" "-e" "CARGO_INCREMENTAL=0" "-e" "RUST_BACKTRACE=full" "-e" "RUSTDOCFLAGS=--cap-lints=warn" "-e" "CARGO_HOME=/opt/rustwide/cargo-home" "-e" "RUSTUP_HOME=/opt/rustwide/rustup-home" "-w" "/opt/rustwide/workdir" "-m" "1610612736" "--user" "0:0" "--network" "none" "ghcr.io/rust-lang/crates-build-env/linux@sha256:34b6a614d2c27851fe6cbf88fbd1137609cefab8b10d0615aaeb6fd47975d74e" "/opt/rustwide/cargo-home/bin/cargo" "+beta-2021-08-01" "doc" "--frozen" "--no-deps" "--document-private-items" "--message-format=json", kill_on_drop: false }`
[INFO] [stdout] 910a45606ff735d1f640cc85354c0d1ac3bbd7f470fb304914cb2934829c3357
[INFO] running `Command { std: "docker" "start" "-a" "910a45606ff735d1f640cc85354c0d1ac3bbd7f470fb304914cb2934829c3357", kill_on_drop: false }`
[INFO] [stderr]     Blocking waiting for file lock on package cache
[INFO] [stderr]     Blocking waiting for file lock on package cache
[INFO] [stderr]    Compiling libc v0.2.78
[INFO] [stderr]    Compiling syn v1.0.42
[INFO] [stderr]    Compiling serde_derive v1.0.116
[INFO] [stderr]    Compiling serde v1.0.116
[INFO] [stderr]    Compiling log v0.4.11
[INFO] [stderr]    Compiling getrandom v0.1.15
[INFO] [stderr]    Compiling libloading v0.6.3
[INFO] [stderr]     Checking pin-project-lite v0.1.10
[INFO] [stderr]     Checking fastrand v1.3.5
[INFO] [stderr]    Compiling glam v0.9.4
[INFO] [stderr]     Checking async-task v4.0.2
[INFO] [stderr]     Checking fixedbitset v0.3.1
[INFO] [stderr]    Compiling pin-project-internal v0.4.25
[INFO] [stderr]     Checking bytemuck v1.4.1
[INFO] [stderr]     Checking futures-sink v0.3.5
[INFO] [stderr]    Compiling serde_json v1.0.58
[INFO] [stderr]     Checking xml-rs v0.8.3
[INFO] [stderr]    Compiling cpal v0.11.0
[INFO] [stderr]    Compiling cart-tmp-winit v0.22.2
[INFO] [stderr]     Checking inplace_it v0.3.2
[INFO] [stderr]     Checking ttf-parser v0.8.2
[INFO] [stderr]     Checking ab_glyph_rasterizer v0.1.3
[INFO] [stderr]     Checking rectangle-pack v0.1.6
[INFO] [stderr]     Checking chunked_transfer v1.2.0
[INFO] [stderr]     Checking ascii v1.0.0
[INFO] [stderr]     Checking interpolation v0.2.0
[INFO] [stderr]     Checking webbrowser v0.5.5
[INFO] [stderr]     Checking lazy_static v1.4.0
[INFO] [stderr]    Compiling num-traits v0.2.12
[INFO] [stderr]     Checking instant v0.1.7
[INFO] [stderr]    Compiling num-integer v0.1.43
[INFO] [stderr]    Compiling num-rational v0.3.0
[INFO] [stderr]    Compiling num-iter v0.1.41
[INFO] [stderr]    Compiling alsa-sys v0.1.2
[INFO] [stderr]    Compiling x11 v2.18.2
[INFO] [stderr]    Compiling x11-dl v2.18.5
[INFO] [stderr]    Compiling libudev-sys v0.1.4
[INFO] [stderr]     Checking hibitset v0.6.3
[INFO] [stderr]     Checking itertools v0.9.0
[INFO] [stderr]     Checking spinning_top v0.2.2
[INFO] [stderr]     Checking async-channel v1.4.2
[INFO] [stderr]     Checking tracing-core v0.1.17
[INFO] [stderr]     Checking futures-channel v0.3.5
[INFO] [stderr]     Checking stb_truetype v0.3.1
[INFO] [stderr]     Checking crossbeam-utils v0.7.2
[INFO] [stderr]     Checking stretch v0.3.2
[INFO] [stderr]    Compiling wayland-scanner v0.23.6
[INFO] [stderr]     Checking futures-lite v1.8.0
[INFO] [stderr]     Checking flume v0.9.1
[INFO] [stderr]     Checking dlib v0.4.2
[INFO] [stderr]     Checking ash v0.31.0
[INFO] [stderr]     Checking wayland-sys v0.23.6
[INFO] [stderr]     Checking tracing v0.1.21
[INFO] [stderr]     Checking crossbeam-channel v0.4.4
[INFO] [stderr]     Checking async-executor v1.3.0
[INFO] [stderr]     Checking num_cpus v1.13.0
[INFO] [stderr]     Checking iovec v0.1.4
[INFO] [stderr]     Checking net2 v0.2.35
[INFO] [stderr]     Checking inotify-sys v0.1.3
[INFO] [stderr]     Checking filetime v0.2.12
[INFO] [stderr]     Checking raw-window-handle v0.3.3
[INFO] [stderr]     Checking nix v0.14.1
[INFO] [stderr]     Checking memmap v0.7.0
[INFO] [stderr]     Checking slice-deque v0.3.0
[INFO] [stderr]     Checking nix v0.15.0
[INFO] [stderr]     Checking time v0.1.44
[INFO] [stderr]     Checking inotify v0.8.3
[INFO] [stderr]    Compiling wayland-client v0.23.6
[INFO] [stderr]    Compiling wayland-protocols v0.23.6
[INFO] [stderr]     Checking bevy_tasks v0.2.1
[INFO] [stderr]     Checking gfx-hal v0.6.0
[INFO] [stderr]     Checking rand_core v0.5.1
[INFO] [stderr]     Checking owned_ttf_parser v0.8.0
[INFO] [stderr]     Checking mio v0.6.22
[INFO] [stderr]     Checking rand_chacha v0.2.2
[INFO] [stderr]     Checking ab_glyph v0.2.5
[INFO] [stderr]     Checking spirv_headers v1.5.0
[INFO] [stderr]     Checking euclid v0.22.1
[INFO] [stderr]     Checking approx v0.3.2
[INFO] [stderr]     Checking ordered-float v1.1.0
[INFO] [stderr]     Checking line_drawing v0.7.0
[INFO] [stderr]     Checking sid v0.6.1
[INFO] [stderr]     Checking rand v0.7.3
[INFO] [stderr]     Checking rusttype v0.8.3
[INFO] [stderr]     Checking chrono v0.4.19
[INFO] [stderr]     Checking mio-extras v2.0.6
[INFO] [stderr]     Checking rusttype v0.7.9
[INFO] [stderr]     Checking andrew v0.2.1
[INFO] [stderr]     Checking image v0.23.10
[INFO] [stderr]     Checking guillotiere v0.6.0
[INFO] [stderr]     Checking lyon_geom v0.16.2
[INFO] [stderr]    Compiling jobserver v0.1.21
[INFO] [stderr]     Checking notify v5.0.0-pre.3
[INFO] [stderr]     Checking tiny_http v0.7.0
[INFO] [stderr]    Compiling cc v1.0.60
[INFO] [stderr]    Compiling const-random-macro v0.1.8
[INFO] [stderr]     Checking tempfile v3.1.0
[INFO] [stderr]     Checking lyon_path v0.16.2
[INFO] [stderr]    Compiling cmake v0.1.44
[INFO] [stderr]     Checking const-random v0.1.8
[INFO] [stderr]     Checking ahash v0.4.5
[INFO] [stderr]    Compiling spirv-reflect v0.2.3
[INFO] [stderr]    Compiling minimp3-sys v0.3.2
[INFO] [stderr]    Compiling bevy-glsl-to-spirv v0.1.7
[INFO] [stderr]     Checking bevy_utils v0.2.1
[INFO] [stderr]     Checking hashbrown v0.9.1
[INFO] [stderr]     Checking lyon_tessellation v0.16.2
[INFO] [stderr]     Checking lyon_algorithms v0.16.0
[INFO] [stderr]     Checking calloop v0.4.4
[INFO] [stderr]     Checking wayland-commons v0.23.6
[INFO] [stderr]     Checking gfx-backend-empty v0.6.0
[INFO] [stderr]     Checking gfx-descriptor v0.2.0
[INFO] [stderr]     Checking gfx-memory v0.2.0
[INFO] [stderr]     Checking lyon v0.16.2
[INFO] [stderr]     Checking minimp3 v0.3.5
[INFO] [stderr]    Compiling thiserror-impl v1.0.20
[INFO] [stderr]    Compiling futures-macro v0.3.5
[INFO] [stderr]    Compiling gltf-derive v0.15.2
[INFO] [stderr]    Compiling bevy-contrib-inspector-derive v0.2.0
[INFO] [stderr]     Checking thiserror v1.0.20
[INFO] [stderr]     Checking naga v0.2.0
[INFO] [stderr]     Checking pin-project v0.4.25
[INFO] [stderr]     Checking rodio v0.11.0
[INFO] [stderr]     Checking futures-util v0.3.5
[INFO] [stderr]     Checking futures-executor v0.3.5
[INFO] [stderr]     Checking futures v0.3.5
[INFO] [stderr]     Checking smallvec v1.4.2
[INFO] [stderr]     Checking uuid v0.8.1
[INFO] [stderr]     Checking ron v0.6.2
[INFO] [stderr]     Checking erased-serde v0.3.12
[INFO] [stderr]     Checking parking_lot_core v0.8.0
[INFO] [stderr]     Checking parking_lot_core v0.7.2
[INFO] [stderr]     Checking gfx-backend-vulkan v0.6.3
[INFO] [stderr]     Checking gilrs-core v0.2.6
[INFO] [stderr]    Compiling toml v0.5.6
[INFO] [stderr]     Checking bevy_math v0.2.1
[INFO] [stderr]     Checking hexasphere v1.0.0
[INFO] [stderr]     Checking parking_lot v0.10.2
[INFO] [stderr]     Checking parking_lot v0.11.0
[INFO] [stderr]     Checking gilrs v0.7.4
[INFO] [stderr]     Checking gltf-json v0.15.2
[INFO] [stderr]     Checking wgpu-core v0.6.3
[INFO] [stderr]    Compiling proc-macro-crate v0.1.5
[INFO] [stderr]    Compiling bevy_hecs_macros v0.2.1
[INFO] [stderr]    Compiling bevy_derive v0.2.1
[INFO] [stderr]    Compiling bevy_property_derive v0.2.1
[INFO] [stderr]     Checking bevy_hecs v0.2.1
[INFO] [stderr]     Checking gltf v0.15.2
[INFO] [stderr]     Checking wgpu v0.6.0
[INFO] [stderr]     Checking bevy_ecs v0.2.1
[INFO] [stderr]     Checking smithay-client-toolkit v0.6.6
[INFO] [stderr]     Checking bevy_app v0.2.1
[INFO] [stderr]     Checking bevy_property v0.2.1
[INFO] [stderr]     Checking bevy_window v0.2.1
[INFO] [stderr]     Checking bevy_input v0.2.1
[INFO] [stderr]     Checking bevy_type_registry v0.2.1
[INFO] [stderr]     Checking bevy_asset v0.2.1
[INFO] [stderr]     Checking bevy_core v0.2.1
[INFO] [stderr]     Checking bevy_transform v0.2.1
[INFO] [stderr]     Checking bevy_winit v0.2.1
[INFO] [stderr]     Checking bevy_gilrs v0.2.1
[INFO] [stderr]     Checking bevy_scene v0.2.1
[INFO] [stderr]     Checking bevy_audio v0.2.1
[INFO] [stderr]     Checking bevy_diagnostic v0.2.1
[INFO] [stderr]     Checking bevy_render v0.2.1
[INFO] [stderr]     Checking bevy_sprite v0.2.1
[INFO] [stderr]     Checking bevy_pbr v0.2.1
[INFO] [stderr]     Checking bevy_wgpu v0.2.1
[INFO] [stderr]     Checking bevy_gltf v0.2.1
[INFO] [stderr]     Checking bevy_text v0.2.1
[INFO] [stderr]     Checking bevy_ui v0.2.1
[INFO] [stderr]     Checking bevy v0.2.1
[INFO] [stderr]     Checking bevy_contrib_colors v0.2.0
[INFO] [stderr]     Checking bevy-contrib-inspector v0.2.0
[INFO] [stderr]     Checking bevy_fly_camera v0.4.1
[INFO] [stderr]     Checking bevy_prototype_lyon v0.1.2
[INFO] [stderr]     Checking bevy_easings v0.1.0
[INFO] [stdout] error[E0658]: use of unstable library feature 'float_interpolation'
[INFO] [stdout]    --> /opt/rustwide/cargo-home/registry/src/github.com-1ecc6299db9ec823/bevy_easings-0.1.0/src/implemented.rs:122:49
[INFO] [stdout]     |
[INFO] [stdout] 122 |                 EaseValue(Val::Percent(self_val.lerp(&other_val, scalar)))
[INFO] [stdout]     |                                                 ^^^^
[INFO] [stdout]     |
[INFO] [stdout]     = note: see issue #86269 <https://github.com/rust-lang/rust/issues/86269> for more information
[INFO] [stdout] 
[INFO] [stdout] 
[INFO] [stdout] error[E0308]: mismatched types
[INFO] [stdout]    --> /opt/rustwide/cargo-home/registry/src/github.com-1ecc6299db9ec823/bevy_easings-0.1.0/src/implemented.rs:122:54
[INFO] [stdout]     |
[INFO] [stdout] 122 |                 EaseValue(Val::Percent(self_val.lerp(&other_val, scalar)))
[INFO] [stdout]     |                                                      ^^^^^^^^^^
[INFO] [stdout]     |                                                      |
[INFO] [stdout]     |                                                      expected `f32`, found `&f32`
[INFO] [stdout]     |                                                      help: consider removing the borrow: `other_val`
[INFO] [stdout] 
[INFO] [stdout] 
[INFO] [stdout] error[E0308]: mismatched types
[INFO] [stdout]    --> /opt/rustwide/cargo-home/registry/src/github.com-1ecc6299db9ec823/bevy_easings-0.1.0/src/implemented.rs:122:66
[INFO] [stdout]     |
[INFO] [stdout] 122 |                 EaseValue(Val::Percent(self_val.lerp(&other_val, scalar)))
[INFO] [stdout]     |                                                                  ^^^^^^
[INFO] [stdout]     |                                                                  |
[INFO] [stdout]     |                                                                  expected `f32`, found `&f32`
[INFO] [stdout]     |                                                                  help: consider dereferencing the borrow: `*scalar`
[INFO] [stdout] 
[INFO] [stdout] 
[INFO] [stdout] error[E0658]: use of unstable library feature 'float_interpolation'
[INFO] [stdout]    --> /opt/rustwide/cargo-home/registry/src/github.com-1ecc6299db9ec823/bevy_easings-0.1.0/src/implemented.rs:125:44
[INFO] [stdout]     |
[INFO] [stdout] 125 |                 EaseValue(Val::Px(self_val.lerp(&other_val, scalar)))
[INFO] [stdout]     |                                            ^^^^
[INFO] [stdout]     |
[INFO] [stdout]     = note: see issue #86269 <https://github.com/rust-lang/rust/issues/86269> for more information
[INFO] [stdout] 
[INFO] [stdout] 
[INFO] [stdout] error[E0308]: mismatched types
[INFO] [stdout]    --> /opt/rustwide/cargo-home/registry/src/github.com-1ecc6299db9ec823/bevy_easings-0.1.0/src/implemented.rs:125:49
[INFO] [stdout]     |
[INFO] [stdout] 125 |                 EaseValue(Val::Px(self_val.lerp(&other_val, scalar)))
[INFO] [stdout]     |                                                 ^^^^^^^^^^
[INFO] [stdout]     |                                                 |
[INFO] [stdout]     |                                                 expected `f32`, found `&f32`
[INFO] [stdout]     |                                                 help: consider removing the borrow: `other_val`
[INFO] [stdout] 
[INFO] [stdout] 
[INFO] [stdout] error[E0308]: mismatched types
[INFO] [stdout]    --> /opt/rustwide/cargo-home/registry/src/github.com-1ecc6299db9ec823/bevy_easings-0.1.0/src/implemented.rs:125:61
[INFO] [stdout]     |
[INFO] [stdout] 125 |                 EaseValue(Val::Px(self_val.lerp(&other_val, scalar)))
[INFO] [stdout]     |                                                             ^^^^^^
[INFO] [stdout]     |                                                             |
[INFO] [stdout]     |                                                             expected `f32`, found `&f32`
[INFO] [stdout]     |                                                             help: consider dereferencing the borrow: `*scalar`
[INFO] [stdout] 
[INFO] [stdout] 
[INFO] [stdout] error: aborting due to 6 previous errors
[INFO] [stdout] 
[INFO] [stdout] 
[INFO] [stdout] Some errors have detailed explanations: E0308, E0658.
[INFO] [stdout] 
[INFO] [stdout] For more information about an error, try `rustc --explain E0308`.
[INFO] [stdout] 
[INFO] [stderr] error: could not compile `bevy_easings` due to 7 previous errors
[INFO] running `Command { std: "docker" "inspect" "910a45606ff735d1f640cc85354c0d1ac3bbd7f470fb304914cb2934829c3357", kill_on_drop: false }`
[INFO] running `Command { std: "docker" "rm" "-f" "910a45606ff735d1f640cc85354c0d1ac3bbd7f470fb304914cb2934829c3357", kill_on_drop: false }`
[INFO] [stdout] 910a45606ff735d1f640cc85354c0d1ac3bbd7f470fb304914cb2934829c3357
