[INFO] cloning repository https://github.com/vvlad/eintel-rs
[INFO] running `Command { std: "git" "-c" "credential.helper=" "-c" "credential.helper=/workspace/cargo-home/bin/git-credential-null" "clone" "--bare" "https://github.com/vvlad/eintel-rs" "/workspace/cache/git-repos/https%3A%2F%2Fgithub.com%2Fvvlad%2Feintel-rs", kill_on_drop: false }`
[INFO] [stderr] Cloning into bare repository '/workspace/cache/git-repos/https%3A%2F%2Fgithub.com%2Fvvlad%2Feintel-rs'...
[INFO] running `Command { std: "git" "rev-parse" "HEAD", kill_on_drop: false }`
[INFO] [stdout] 1f2c20e0bb596e83b2e2394abf35f38d8dc27de3
[INFO] documenting vvlad/eintel-rs against beta-2021-08-01 for beta-1.55-rustdoc-1
[INFO] running `Command { std: "git" "clone" "/workspace/cache/git-repos/https%3A%2F%2Fgithub.com%2Fvvlad%2Feintel-rs" "/workspace/builds/worker-7/source", kill_on_drop: false }`
[INFO] [stderr] Cloning into '/workspace/builds/worker-7/source'...
[INFO] [stderr] done.
[INFO] validating manifest of git repo https://github.com/vvlad/eintel-rs on toolchain beta-2021-08-01
[INFO] running `Command { std: "/workspace/cargo-home/bin/cargo" "+beta-2021-08-01" "metadata" "--manifest-path" "Cargo.toml" "--no-deps", kill_on_drop: false }`
[INFO] started tweaking git repo https://github.com/vvlad/eintel-rs
[INFO] finished tweaking git repo https://github.com/vvlad/eintel-rs
[INFO] tweaked toml for git repo https://github.com/vvlad/eintel-rs written to /workspace/builds/worker-7/source/Cargo.toml
[INFO] crate git repo https://github.com/vvlad/eintel-rs already has a lockfile, it will not be regenerated
[INFO] running `Command { std: "/workspace/cargo-home/bin/cargo" "+beta-2021-08-01" "fetch" "--manifest-path" "Cargo.toml", kill_on_drop: false }`
[INFO] [stderr]  Downloading crates ...
[INFO] [stderr]   Downloaded objc_id v0.1.0
[INFO] [stderr]   Downloaded dbus v0.4.1
[INFO] [stderr]   Downloaded mio v0.5.1
[INFO] [stderr]   Downloaded fsevent v0.2.17
[INFO] [stderr]   Downloaded winutil v0.1.1
[INFO] [stderr]   Downloaded smallvec v0.6.1
[INFO] [stderr]   Downloaded stable_deref_trait v1.1.0
[INFO] [stderr]   Downloaded ogg v0.5.1
[INFO] [stderr]   Downloaded nix v0.5.1
[INFO] [stderr]   Downloaded bytes v0.4.8
[INFO] [stderr]   Downloaded rental-impl v0.5.0
[INFO] [stderr]   Downloaded rustc_version v0.2.2
[INFO] [stderr]   Downloaded openssl-sys v0.9.33
[INFO] [stderr]   Downloaded want v0.0.4
[INFO] [stderr]   Downloaded hostname v0.1.5
[INFO] [stderr]   Downloaded regex v1.0.0
[INFO] [stderr]   Downloaded atty v0.2.10
[INFO] [stderr]   Downloaded humantime v1.1.1
[INFO] [stderr]   Downloaded notify-rust v3.4.2
[INFO] [stderr]   Downloaded regex-syntax v0.6.0
[INFO] [stderr]   Downloaded libc v0.2.41
[INFO] [stderr]   Downloaded chrono v0.4.2
[INFO] [stderr]   Downloaded vcpkg v0.2.3
[INFO] [stderr]   Downloaded same-file v1.0.2
[INFO] [stderr]   Downloaded mac-notification-sys v0.1.3
[INFO] [stderr]   Downloaded phf_macros v0.7.22
[INFO] [stderr]   Downloaded alto v3.0.1
[INFO] [stderr]   Downloaded lewton v0.8.0
[INFO] [stderr]   Downloaded bson v0.11.1
[INFO] [stderr]   Downloaded env_logger v0.5.10
[INFO] [stderr]   Downloaded log v0.4.2
[INFO] [stderr]   Downloaded pretty_env_logger v0.2.3
[INFO] [stderr]   Downloaded rusoto_polly v0.32.0
[INFO] [stderr]   Downloaded notify v4.0.3
[INFO] [stderr]   Downloaded tokio-fs v0.1.0
[INFO] [stderr]   Downloaded serde_derive v1.0.66
[INFO] [stderr]   Downloaded winrt v0.5.0
[INFO] [stderr]   Downloaded serde_json v1.0.20
[INFO] [stderr]   Downloaded syn v0.14.2
[INFO] [stderr]   Downloaded num-integer v0.1.38
[INFO] [stderr]   Downloaded num-traits v0.2.4
[INFO] [stderr]   Downloaded mime v0.3.7
[INFO] [stderr]   Downloaded relay v0.1.1
[INFO] [stderr]   Downloaded smallvec v0.2.1
[INFO] [stderr]   Downloaded take v0.1.0
[INFO] [stderr]   Downloaded tokio-proto v0.1.1
[INFO] [stderr]   Downloaded unicase v2.1.0
[INFO] [stderr]   Downloaded try-lock v0.1.0
[INFO] [stderr]   Downloaded crossbeam-epoch v0.4.1
[INFO] [stderr]   Downloaded rusoto_credential v0.11.0
[INFO] [stderr]   Downloaded hyper v0.11.27
[INFO] [stderr]   Downloaded schannel v0.1.12
[INFO] [stderr]   Downloaded tokio-tls v0.1.4
[INFO] [stderr]   Downloaded hyper-tls v0.1.3
[INFO] [stderr]   Downloaded rusoto_core v0.32.0
[INFO] [stderr]   Downloaded digest v0.7.2
[INFO] [stderr]   Downloaded url v1.7.0
[INFO] [stderr]   Downloaded net2 v0.2.32
[INFO] [stderr]   Downloaded rental v0.5.0
[INFO] [stderr]   Downloaded al-sys v0.5.3
[INFO] [stderr]   Downloaded tokio-threadpool v0.1.4
[INFO] [stderr]   Downloaded tokio-timer v0.2.4
[INFO] [stderr]   Downloaded serde v1.0.66
[INFO] [stderr]   Downloaded fern v0.5.5
[INFO] [stderr]   Downloaded colored v1.6.0
[INFO] [stderr]   Downloaded bitflags v0.4.0
[INFO] [stderr]   Downloaded filetime v0.1.15
[INFO] [stderr]   Downloaded bytes v0.3.0
[INFO] [stderr]   Downloaded miow v0.1.5
[INFO] [stderr]   Downloaded fsevent-sys v0.1.6
[INFO] [stderr]   Downloaded inotify v0.3.0
[INFO] [stderr]   Downloaded slab v0.1.3
[INFO] [stderr]   Downloaded walkdir v2.1.4
[INFO] [stderr]   Downloaded itoa v0.4.1
[INFO] running `Command { std: "docker" "create" "-v" "/var/lib/crater-agent-workspace/builds/worker-7/target:/opt/rustwide/target:rw,Z" "-v" "/var/lib/crater-agent-workspace/builds/worker-7/source:/opt/rustwide/workdir:ro,Z" "-v" "/var/lib/crater-agent-workspace/cargo-home:/opt/rustwide/cargo-home:ro,Z" "-v" "/var/lib/crater-agent-workspace/rustup-home:/opt/rustwide/rustup-home:ro,Z" "-e" "SOURCE_DIR=/opt/rustwide/workdir" "-e" "CARGO_TARGET_DIR=/opt/rustwide/target" "-e" "CARGO_HOME=/opt/rustwide/cargo-home" "-e" "RUSTUP_HOME=/opt/rustwide/rustup-home" "-w" "/opt/rustwide/workdir" "-m" "1610612736" "--user" "0:0" "--network" "none" "ghcr.io/rust-lang/crates-build-env/linux@sha256:34b6a614d2c27851fe6cbf88fbd1137609cefab8b10d0615aaeb6fd47975d74e" "/opt/rustwide/cargo-home/bin/cargo" "+beta-2021-08-01" "metadata" "--no-deps" "--format-version=1", kill_on_drop: false }`
[INFO] [stdout] f0c4e086f887da8511f2b93b7e057f1ea1ec60b7b40e9e64ee0918bd4087c312
[INFO] [stderr] WARNING: Your kernel does not support swap limit capabilities or the cgroup is not mounted. Memory limited without swap.
[INFO] running `Command { std: "docker" "start" "-a" "f0c4e086f887da8511f2b93b7e057f1ea1ec60b7b40e9e64ee0918bd4087c312", kill_on_drop: false }`
[INFO] running `Command { std: "docker" "inspect" "f0c4e086f887da8511f2b93b7e057f1ea1ec60b7b40e9e64ee0918bd4087c312", kill_on_drop: false }`
[INFO] running `Command { std: "docker" "rm" "-f" "f0c4e086f887da8511f2b93b7e057f1ea1ec60b7b40e9e64ee0918bd4087c312", kill_on_drop: false }`
[INFO] [stdout] f0c4e086f887da8511f2b93b7e057f1ea1ec60b7b40e9e64ee0918bd4087c312
[INFO] running `Command { std: "docker" "create" "-v" "/var/lib/crater-agent-workspace/builds/worker-7/target:/opt/rustwide/target:rw,Z" "-v" "/var/lib/crater-agent-workspace/builds/worker-7/source:/opt/rustwide/workdir:ro,Z" "-v" "/var/lib/crater-agent-workspace/cargo-home:/opt/rustwide/cargo-home:ro,Z" "-v" "/var/lib/crater-agent-workspace/rustup-home:/opt/rustwide/rustup-home:ro,Z" "-e" "SOURCE_DIR=/opt/rustwide/workdir" "-e" "CARGO_TARGET_DIR=/opt/rustwide/target" "-e" "CARGO_INCREMENTAL=0" "-e" "RUST_BACKTRACE=full" "-e" "RUSTDOCFLAGS=--cap-lints=warn" "-e" "CARGO_HOME=/opt/rustwide/cargo-home" "-e" "RUSTUP_HOME=/opt/rustwide/rustup-home" "-w" "/opt/rustwide/workdir" "-m" "1610612736" "--user" "0:0" "--network" "none" "ghcr.io/rust-lang/crates-build-env/linux@sha256:34b6a614d2c27851fe6cbf88fbd1137609cefab8b10d0615aaeb6fd47975d74e" "/opt/rustwide/cargo-home/bin/cargo" "+beta-2021-08-01" "doc" "--frozen" "--no-deps" "--document-private-items" "--message-format=json", kill_on_drop: false }`
[INFO] [stdout] 439383f0526fe289de17e9a3200f73e2d253779bf529ee751695c6898d4907e1
[INFO] [stderr] WARNING: Your kernel does not support swap limit capabilities or the cgroup is not mounted. Memory limited without swap.
[INFO] running `Command { std: "docker" "start" "-a" "439383f0526fe289de17e9a3200f73e2d253779bf529ee751695c6898d4907e1", kill_on_drop: false }`
[INFO] [stderr]    Compiling serde v1.0.66
[INFO] [stderr]     Checking same-file v1.0.2
[INFO] [stderr]     Checking inotify v0.3.0
[INFO] [stderr]     Checking memmap v0.6.2
[INFO] [stderr]     Checking log v0.4.2
[INFO] [stderr]    Compiling openssl-sys v0.9.33
[INFO] [stderr]     Checking tokio-service v0.1.0
[INFO] [stderr]     Checking relay v0.1.1
[INFO] [stderr]    Compiling libloading v0.5.0
[INFO] [stderr]    Compiling dbus v0.4.1
[INFO] [stderr]     Checking ogg v0.5.1
[INFO] [stderr]     Checking filetime v0.1.15
[INFO] [stderr]     Checking colored v1.6.0
[INFO] [stderr]    Compiling phf_shared v0.7.22
[INFO] [stderr]     Checking xml-rs v0.7.0
[INFO] [stderr]     Checking nix v0.5.1
[INFO] [stderr]     Checking bytes v0.4.8
[INFO] [stderr]     Checking crossbeam-epoch v0.4.1
[INFO] [stderr]     Checking tokio-timer v0.2.4
[INFO] [stderr]     Checking thread_local v0.3.5
[INFO] [stderr]    Compiling phf_generator v0.7.22
[INFO] [stderr]     Checking parking_lot v0.4.8
[INFO] [stderr]     Checking num-integer v0.1.38
[INFO] [stderr]     Checking num-complex v0.1.43
[INFO] [stderr]     Checking phf v0.7.22
[INFO] [stderr]     Checking walkdir v2.1.4
[INFO] [stderr]    Compiling syn v0.13.11
[INFO] [stderr]     Checking backtrace-sys v0.1.23
[INFO] [stderr]    Compiling syn v0.14.2
[INFO] [stderr]    Compiling rusoto_core v0.32.0
[INFO] [stderr]     Checking url v1.7.0
[INFO] [stderr]     Checking rust-crypto v0.2.36
[INFO] [stderr]     Checking mio v0.6.14
[INFO] [stderr]     Checking log v0.3.9
[INFO] [stderr]     Checking want v0.0.4
[INFO] [stderr]     Checking fern v0.5.5
[INFO] [stderr]     Checking lewton v0.8.0
[INFO] [stderr]    Compiling phf_macros v0.7.22
[INFO] [stdout] error[E0557]: feature has been removed
[INFO] [stdout]   --> /opt/rustwide/cargo-home/registry/src/github.com-1ecc6299db9ec823/phf_macros-0.7.22/src/lib.rs:34:30
[INFO] [stdout]    |
[INFO] [stdout] 34 | #![feature(plugin_registrar, quote, rustc_private)]
[INFO] [stdout]    |                              ^^^^^ feature has been removed
[INFO] [stdout] 
[INFO] [stdout] 
[INFO] [stderr]     Checking regex v0.2.11
[INFO] [stdout] error[E0463]: can't find crate for `syntax`
[INFO] [stdout]   --> /opt/rustwide/cargo-home/registry/src/github.com-1ecc6299db9ec823/phf_macros-0.7.22/src/lib.rs:37:1
[INFO] [stdout]    |
[INFO] [stdout] 37 | extern crate syntax;
[INFO] [stdout]    | ^^^^^^^^^^^^^^^^^^^^ can't find crate
[INFO] [stdout] 
[INFO] [stdout] 
[INFO] [stdout] error: aborting due to 2 previous errors
[INFO] [stdout] 
[INFO] [stdout] 
[INFO] [stdout] Some errors have detailed explanations: E0463, E0557.
[INFO] [stdout] 
[INFO] [stdout] For more information about an error, try `rustc --explain E0463`.
[INFO] [stdout] 
[INFO] [stderr] error: could not compile `phf_macros` due to 3 previous errors
[INFO] [stderr] warning: build failed, waiting for other jobs to finish...
[INFO] [stdout] error[E0713]: borrow may still be in use when destructor runs
[INFO] [stdout]    --> /opt/rustwide/cargo-home/registry/src/github.com-1ecc6299db9ec823/url-1.7.0/src/form_urlencoded.rs:261:40
[INFO] [stdout]     |
[INFO] [stdout] 259 | impl<'a> Target for ::UrlQuery<'a> {
[INFO] [stdout]     |      -- lifetime `'a` defined here
[INFO] [stdout] 260 |     fn as_mut_string(&mut self) -> &mut String { &mut self.url.serialization }
[INFO] [stdout] 261 |     fn finish(self) -> &'a mut ::Url { self.url }
[INFO] [stdout]     |                                        ^^^^^^^^ - here, drop of `self` needs exclusive access to `*self.url`, because the type `UrlQuery<'_>` implements the `Drop` trait
[INFO] [stdout]     |                                        |
[INFO] [stdout]     |                                        returning this value requires that `*self.url` is borrowed for `'a`
[INFO] [stdout] 
[INFO] [stdout] 
[INFO] [stdout] error: aborting due to previous error
[INFO] [stdout] 
[INFO] [stdout] 
[INFO] [stdout] For more information about this error, try `rustc --explain E0713`.
[INFO] [stdout] 
[INFO] [stderr] error: build failed
[INFO] running `Command { std: "docker" "inspect" "439383f0526fe289de17e9a3200f73e2d253779bf529ee751695c6898d4907e1", kill_on_drop: false }`
[INFO] running `Command { std: "docker" "rm" "-f" "439383f0526fe289de17e9a3200f73e2d253779bf529ee751695c6898d4907e1", kill_on_drop: false }`
[INFO] [stdout] 439383f0526fe289de17e9a3200f73e2d253779bf529ee751695c6898d4907e1
