[INFO] cloning repository https://github.com/ustchcl/kanban-hong-server
[INFO] running `Command { std: "git" "-c" "credential.helper=" "-c" "credential.helper=/workspace/cargo-home/bin/git-credential-null" "clone" "--bare" "https://github.com/ustchcl/kanban-hong-server" "/workspace/cache/git-repos/https%3A%2F%2Fgithub.com%2Fustchcl%2Fkanban-hong-server", kill_on_drop: false }`
[INFO] [stderr] Cloning into bare repository '/workspace/cache/git-repos/https%3A%2F%2Fgithub.com%2Fustchcl%2Fkanban-hong-server'...
[INFO] running `Command { std: "git" "rev-parse" "HEAD", kill_on_drop: false }`
[INFO] [stdout] 784bef617566bf4b32425215d22cc36acbf04d19
[INFO] documenting ustchcl/kanban-hong-server against 1.54.0 for beta-1.55-rustdoc-1
[INFO] running `Command { std: "git" "clone" "/workspace/cache/git-repos/https%3A%2F%2Fgithub.com%2Fustchcl%2Fkanban-hong-server" "/workspace/builds/worker-3/source", kill_on_drop: false }`
[INFO] [stderr] Cloning into '/workspace/builds/worker-3/source'...
[INFO] [stderr] done.
[INFO] validating manifest of git repo https://github.com/ustchcl/kanban-hong-server on toolchain 1.54.0
[INFO] running `Command { std: "/workspace/cargo-home/bin/cargo" "+1.54.0" "metadata" "--manifest-path" "Cargo.toml" "--no-deps", kill_on_drop: false }`
[INFO] started tweaking git repo https://github.com/ustchcl/kanban-hong-server
[INFO] finished tweaking git repo https://github.com/ustchcl/kanban-hong-server
[INFO] tweaked toml for git repo https://github.com/ustchcl/kanban-hong-server written to /workspace/builds/worker-3/source/Cargo.toml
[INFO] crate git repo https://github.com/ustchcl/kanban-hong-server already has a lockfile, it will not be regenerated
[INFO] running `Command { std: "/workspace/cargo-home/bin/cargo" "+1.54.0" "fetch" "--manifest-path" "Cargo.toml", kill_on_drop: false }`
[INFO] [stderr]     Blocking waiting for file lock on package cache
[INFO] [stderr]     Blocking waiting for file lock on package cache
[INFO] running `Command { std: "docker" "create" "-v" "/var/lib/crater-agent-workspace/builds/worker-3/target:/opt/rustwide/target:rw,Z" "-v" "/var/lib/crater-agent-workspace/builds/worker-3/source:/opt/rustwide/workdir:ro,Z" "-v" "/var/lib/crater-agent-workspace/cargo-home:/opt/rustwide/cargo-home:ro,Z" "-v" "/var/lib/crater-agent-workspace/rustup-home:/opt/rustwide/rustup-home:ro,Z" "-e" "SOURCE_DIR=/opt/rustwide/workdir" "-e" "CARGO_TARGET_DIR=/opt/rustwide/target" "-e" "CARGO_HOME=/opt/rustwide/cargo-home" "-e" "RUSTUP_HOME=/opt/rustwide/rustup-home" "-w" "/opt/rustwide/workdir" "-m" "1610612736" "--user" "0:0" "--network" "none" "ghcr.io/rust-lang/crates-build-env/linux@sha256:34b6a614d2c27851fe6cbf88fbd1137609cefab8b10d0615aaeb6fd47975d74e" "/opt/rustwide/cargo-home/bin/cargo" "+1.54.0" "metadata" "--no-deps" "--format-version=1", kill_on_drop: false }`
[INFO] [stdout] fad60d56d3a22392acebba0e2429f1f6dcf44e4c01e40f1e632892b01e108181
[INFO] running `Command { std: "docker" "start" "-a" "fad60d56d3a22392acebba0e2429f1f6dcf44e4c01e40f1e632892b01e108181", kill_on_drop: false }`
[INFO] running `Command { std: "docker" "inspect" "fad60d56d3a22392acebba0e2429f1f6dcf44e4c01e40f1e632892b01e108181", kill_on_drop: false }`
[INFO] running `Command { std: "docker" "rm" "-f" "fad60d56d3a22392acebba0e2429f1f6dcf44e4c01e40f1e632892b01e108181", kill_on_drop: false }`
[INFO] [stdout] fad60d56d3a22392acebba0e2429f1f6dcf44e4c01e40f1e632892b01e108181
[INFO] running `Command { std: "docker" "create" "-v" "/var/lib/crater-agent-workspace/builds/worker-3/target:/opt/rustwide/target:rw,Z" "-v" "/var/lib/crater-agent-workspace/builds/worker-3/source:/opt/rustwide/workdir:ro,Z" "-v" "/var/lib/crater-agent-workspace/cargo-home:/opt/rustwide/cargo-home:ro,Z" "-v" "/var/lib/crater-agent-workspace/rustup-home:/opt/rustwide/rustup-home:ro,Z" "-e" "SOURCE_DIR=/opt/rustwide/workdir" "-e" "CARGO_TARGET_DIR=/opt/rustwide/target" "-e" "CARGO_INCREMENTAL=0" "-e" "RUST_BACKTRACE=full" "-e" "RUSTDOCFLAGS=--cap-lints=warn" "-e" "CARGO_HOME=/opt/rustwide/cargo-home" "-e" "RUSTUP_HOME=/opt/rustwide/rustup-home" "-w" "/opt/rustwide/workdir" "-m" "1610612736" "--user" "0:0" "--network" "none" "ghcr.io/rust-lang/crates-build-env/linux@sha256:34b6a614d2c27851fe6cbf88fbd1137609cefab8b10d0615aaeb6fd47975d74e" "/opt/rustwide/cargo-home/bin/cargo" "+1.54.0" "doc" "--frozen" "--no-deps" "--document-private-items" "--message-format=json", kill_on_drop: false }`
[INFO] [stdout] fa80d1b6feb1ac0caf84a052883463fb0ef0d06800ac235769d931b1f335dbb5
[INFO] running `Command { std: "docker" "start" "-a" "fa80d1b6feb1ac0caf84a052883463fb0ef0d06800ac235769d931b1f335dbb5", kill_on_drop: false }`
[INFO] [stderr]    Compiling proc-macro2 v1.0.24
[INFO] [stderr]    Compiling unicode-xid v0.2.1
[INFO] [stderr]    Compiling syn v1.0.58
[INFO] [stderr]    Compiling libc v0.2.82
[INFO] [stderr]    Compiling version_check v0.9.2
[INFO] [stderr]    Compiling memchr v2.3.4
[INFO] [stderr]    Compiling log v0.4.13
[INFO] [stderr]     Checking futures-core v0.3.12
[INFO] [stderr]     Checking pin-project-lite v0.2.4
[INFO] [stderr]    Compiling typenum v1.12.0
[INFO] [stderr]     Checking once_cell v1.5.2
[INFO] [stderr]     Checking slab v0.4.2
[INFO] [stderr]     Checking futures-io v0.3.12
[INFO] [stderr]     Checking futures-sink v0.3.12
[INFO] [stderr]     Checking smallvec v1.6.1
[INFO] [stderr]     Checking pin-project-lite v0.1.11
[INFO] [stderr]    Compiling pin-project-internal v0.4.27
[INFO] [stderr]     Checking bytes v0.5.6
[INFO] [stderr]     Checking scopeguard v1.1.0
[INFO] [stderr]     Checking matches v0.1.8
[INFO] [stderr]     Checking tinyvec_macros v0.1.0
[INFO] [stderr]    Compiling serde_derive v1.0.120
[INFO] [stderr]    Compiling getrandom v0.1.16
[INFO] [stderr]     Checking percent-encoding v2.1.0
[INFO] [stderr]     Checking opaque-debug v0.3.0
[INFO] [stderr]     Checking subtle v2.4.0
[INFO] [stderr]    Compiling serde v1.0.120
[INFO] [stderr]     Checking itoa v0.4.7
[INFO] [stderr]     Checking copyless v0.1.5
[INFO] [stderr]     Checking adler v0.2.3
[INFO] [stderr]     Checking bytes v1.0.1
[INFO] [stderr]     Checking gimli v0.23.0
[INFO] [stderr]     Checking either v1.6.1
[INFO] [stderr]    Compiling cc v1.0.66
[INFO] [stderr]     Checking object v0.22.0
[INFO] [stderr]     Checking fnv v1.0.7
[INFO] [stderr]     Checking cpuid-bool v0.2.0
[INFO] [stderr]     Checking rustc-demangle v0.1.18
[INFO] [stderr]    Compiling const_fn v0.4.5
[INFO] [stderr]     Checking match_cfg v0.1.0
[INFO] [stderr]    Compiling serde_json v1.0.61
[INFO] [stderr]     Checking linked-hash-map v0.5.4
[INFO] [stderr]     Checking cpuid-bool v0.1.2
[INFO] [stderr]     Checking quick-error v1.2.3
[INFO] [stderr]     Checking cache-padded v1.1.1
[INFO] [stderr]     Checking regex-syntax v0.6.22
[INFO] [stderr]     Checking event-listener v2.5.1
[INFO] [stderr]    Compiling httparse v1.3.4
[INFO] [stderr]    Compiling encoding_rs v0.8.26
[INFO] [stderr]     Checking waker-fn v1.1.0
[INFO] [stderr]     Checking fastrand v1.4.0
[INFO] [stderr]     Checking byteorder v1.4.2
[INFO] [stderr]     Checking parking v2.0.0
[INFO] [stderr]     Checking base64 v0.12.3
[INFO] [stderr]     Checking async-task v4.0.3
[INFO] [stderr]     Checking vec-arena v1.0.0
[INFO] [stderr]     Checking base64 v0.13.0
[INFO] [stderr]     Checking language-tags v0.2.2
[INFO] [stderr]     Checking mime v0.3.16
[INFO] [stderr]     Checking atomic-waker v1.0.0
[INFO] [stderr]     Checking paw-raw v1.0.0
[INFO] [stderr]     Checking strsim v0.8.0
[INFO] [stderr]     Checking ansi_term v0.11.0
[INFO] [stderr]     Checking percent-encoding v1.0.1
[INFO] [stderr]    Compiling anyhow v1.0.38
[INFO] [stderr]     Checking validator_types v0.12.0
[INFO] [stderr]     Checking dotenv v0.15.0
[INFO] [stderr]     Checking instant v0.1.9
[INFO] [stderr]    Compiling miniz_oxide v0.4.3
[INFO] [stderr]     Checking thread_local v1.1.0
[INFO] [stderr]    Compiling indexmap v1.6.1
[INFO] [stderr]     Checking tracing-core v0.1.17
[INFO] [stderr]    Compiling crossbeam-utils v0.8.1
[INFO] [stderr]    Compiling heck v0.3.2
[INFO] [stderr]     Checking unicode-bidi v0.3.4
[INFO] [stderr]     Checking futures-channel v0.3.12
[INFO] [stderr]     Checking tinyvec v1.1.0
[INFO] [stderr]     Checking form_urlencoded v1.0.0
[INFO] [stderr]     Checking futures-task v0.3.12
[INFO] [stderr]     Checking lock_api v0.4.2
[INFO] [stderr]    Compiling mysqlclient-sys v0.2.4
[INFO] [stderr]     Checking concurrent-queue v1.2.2
[INFO] [stderr]     Checking textwrap v0.11.0
[INFO] [stderr]     Checking async-mutex v1.4.0
[INFO] [stderr]     Checking async-lock v2.3.0
[INFO] [stderr]     Checking fxhash v0.2.1
[INFO] [stderr]     Checking lru-cache v0.1.2
[INFO] [stderr]    Compiling generic-array v0.14.4
[INFO] [stderr]    Compiling standback v0.2.14
[INFO] [stderr]    Compiling time v0.2.24
[INFO] [stderr]    Compiling cookie v0.14.3
[INFO] [stderr]    Compiling proc-macro-error-attr v1.0.4
[INFO] [stderr]    Compiling proc-macro-error v1.0.4
[INFO] [stderr]     Checking http v0.2.3
[INFO] [stderr]     Checking bytestring v1.0.0
[INFO] [stderr]     Checking async-channel v1.5.1
[INFO] [stderr]     Checking aho-corasick v0.7.15
[INFO] [stderr]     Checking futures-lite v1.11.3
[INFO] [stderr]     Checking tracing v0.1.22
[INFO] [stderr]     Checking kv-log-macro v1.0.7
[INFO] [stderr]    Compiling brotli-sys v0.3.2
[INFO] [stderr]    Compiling quote v1.0.8
[INFO] [stderr]     Checking net2 v0.2.37
[INFO] [stderr]     Checking iovec v0.1.4
[INFO] [stderr]     Checking signal-hook-registry v1.3.0
[INFO] [stderr]     Checking parking_lot_core v0.8.2
[INFO] [stderr]     Checking num_cpus v1.13.0
[INFO] [stderr]     Checking hostname v0.3.1
[INFO] [stderr]     Checking socket2 v0.3.19
[INFO] [stderr]     Checking polling v2.0.2
[INFO] [stderr]     Checking nb-connect v1.0.2
[INFO] [stderr]     Checking time v0.1.44
[INFO] [stderr]     Checking atty v0.2.14
[INFO] [stderr]     Checking flate2 v1.0.19
[INFO] [stderr]     Checking threadpool v1.8.1
[INFO] [stderr]     Checking resolv-conf v0.7.0
[INFO] [stderr]     Checking mio v0.6.23
[INFO] [stderr]     Checking clap v2.33.3
[INFO] [stderr]     Checking unicode-normalization v0.1.16
[INFO] [stderr]     Checking rand_core v0.5.1
[INFO] [stderr]     Checking async-executor v1.4.0
[INFO] [stderr]     Checking async-io v1.3.1
[INFO] [stderr]     Checking blocking v1.0.2
[INFO] [stderr]     Checking parking_lot v0.11.1
[INFO] [stderr]     Checking rand_chacha v0.2.2
[INFO] [stderr]     Checking scheduled-thread-pool v0.2.5
[INFO] [stderr]     Checking async-global-executor v2.0.2
[INFO] [stderr]     Checking r2d2 v0.8.9
[INFO] [stderr]     Checking rand v0.7.3
[INFO] [stderr]     Checking addr2line v0.14.1
[INFO] [stderr]     Checking mio-uds v0.6.8
[INFO] [stderr]     Checking cipher v0.2.5
[INFO] [stderr]     Checking digest v0.9.0
[INFO] [stderr]     Checking universal-hash v0.4.0
[INFO] [stderr]     Checking crypto-mac v0.10.0
[INFO] [stderr]     Checking block-buffer v0.9.0
[INFO] [stderr]     Checking aead v0.3.2
[INFO] [stderr]     Checking tokio v0.2.24
[INFO] [stderr]     Checking aes-soft v0.6.4
[INFO] [stderr]     Checking ctr v0.6.0
[INFO] [stderr]     Checking polyval v0.4.5
[INFO] [stderr]     Checking hmac v0.10.1
[INFO] [stderr]     Checking sha2 v0.9.2
[INFO] [stderr]     Checking sha-1 v0.9.2
[INFO] [stderr]     Checking backtrace v0.3.55
[INFO] [stderr]     Checking ghash v0.3.1
[INFO] [stderr]     Checking idna v0.2.0
[INFO] [stderr]     Checking idna v0.1.5
[INFO] [stderr]     Checking hkdf v0.10.0
[INFO] [stderr]     Checking aes v0.6.0
[INFO] [stderr]     Checking regex v1.4.3
[INFO] [stderr]     Checking url v1.7.2
[INFO] [stderr]     Checking aes-gcm v0.8.0
[INFO] [stderr]     Checking url v2.2.0
[INFO] [stderr]     Checking tokio-util v0.3.1
[INFO] [stderr]     Checking brotli2 v0.3.2
[INFO] [stderr]    Compiling futures-macro v0.3.12
[INFO] [stderr]    Compiling derive_more v0.99.11
[INFO] [stderr]    Compiling actix-macros v0.1.3
[INFO] [stderr]    Compiling thiserror-impl v1.0.23
[INFO] [stderr]    Compiling enum-as-inner v0.3.3
[INFO] [stderr]    Compiling async-trait v0.1.42
[INFO] [stderr]    Compiling time-macros-impl v0.1.1
[INFO] [stderr]    Compiling pin-project-internal v1.0.4
[INFO] [stderr]    Compiling paw-attributes v1.0.2
[INFO] [stderr]    Compiling actix-web-codegen v0.4.0
[INFO] [stderr]    Compiling diesel_derives v1.4.1
[INFO] [stderr]    Compiling async-attributes v1.1.1
[INFO] [stderr]    Compiling structopt-derive v0.4.14
[INFO] [stderr]     Checking async-std v1.9.0
[INFO] [stderr]     Checking paw v1.0.0
[INFO] [stderr]     Checking pin-project v1.0.4
[INFO] [stderr]     Checking time-macros v0.1.1
[INFO] [stderr]     Checking futures-util v0.3.12
[INFO] [stderr]     Checking thiserror v1.0.23
[INFO] [stderr]     Checking pin-project v0.4.27
[INFO] [stderr]     Checking actix-codec v0.3.0
[INFO] [stderr]     Checking tracing-futures v0.2.4
[INFO] [stderr]     Checking structopt v0.3.21
[INFO] [stderr]     Checking actix-service v1.0.6
[INFO] [stderr]     Checking futures-executor v0.3.12
[INFO] [stderr]     Checking h2 v0.2.7
[INFO] [stderr]     Checking actix-threadpool v0.3.3
[INFO] [stderr]     Checking futures v0.3.12
[INFO] [stderr]     Checking actix-rt v1.1.1
[INFO] [stderr]     Checking trust-dns-proto v0.19.6
[INFO] [stderr]     Checking actix-utils v2.0.0
[INFO] [stderr]     Checking actix-server v1.0.4
[INFO] [stderr]     Checking actix-tls v2.0.0
[INFO] [stderr]     Checking actix-testing v1.0.1
[INFO] [stderr]     Checking trust-dns-resolver v0.19.6
[INFO] [stderr]     Checking actix-connect v2.0.0
[INFO] [stderr]     Checking serde_urlencoded v0.7.0
[INFO] [stderr]     Checking actix-router v0.2.6
[INFO] [stderr]     Checking chrono v0.4.19
[INFO] [stderr]     Checking diesel v1.4.5
[INFO] [stderr]     Checking actix-http v2.2.0
[INFO] [stderr]     Checking validator v0.12.0
[INFO] [stderr]     Checking awc v2.0.3
[INFO] [stderr]     Checking actix-web v3.3.2
[INFO] [stderr]     Checking actix-identity v0.3.1
[INFO] [stderr]  Documenting project-manager-server-diesel v0.1.0 (/opt/rustwide/workdir)
[INFO] [stdout] error: cannot find macro `json` in this scope
[INFO] [stdout]   --> src/errors.rs:35:16
[INFO] [stdout]    |
[INFO] [stdout] 35 |           Json(json!({ "errors": errors })),
[INFO] [stdout]    |                ^^^^
[INFO] [stdout]    |
[INFO] [stdout]    = note: consider importing this macro:
[INFO] [stdout]            serde_json::json
[INFO] [stdout] 
[INFO] [stdout] 
[INFO] [stdout] error: cannot find macro `json` in this scope
[INFO] [stdout]   --> src/errors.rs:26:24
[INFO] [stdout]    |
[INFO] [stdout] 26 |       let mut errors = json!({});
[INFO] [stdout]    |                        ^^^^
[INFO] [stdout]    |
[INFO] [stdout]    = note: consider importing this macro:
[INFO] [stdout]            serde_json::json
[INFO] [stdout] 
[INFO] [stdout] 
[INFO] [stdout] error[E0433]: failed to resolve: use of undeclared crate or module `response`
[INFO] [stdout]   --> src/errors.rs:23:41
[INFO] [stdout]    |
[INFO] [stdout] 23 |   fn respond_to(self, req: &Request) -> response::Result<'r> {
[INFO] [stdout]    |                                         ^^^^^^^^ use of undeclared crate or module `response`
[INFO] [stdout] 
[INFO] [stdout] 
[INFO] [stdout] error[E0405]: cannot find trait `Responder` in this scope
[INFO] [stdout]   --> src/errors.rs:22:10
[INFO] [stdout]    |
[INFO] [stdout] 22 | impl<'r> Responder<'r> for Errors {
[INFO] [stdout]    |          ^^^^^^^^^ not found in this scope
[INFO] [stdout]    |
[INFO] [stdout] help: consider importing one of these items
[INFO] [stdout]    |
[INFO] [stdout] 1  | use actix_web::Responder;
[INFO] [stdout]    |
[INFO] [stdout] 1  | use crate::Responder;
[INFO] [stdout]    |
[INFO] [stdout] 
[INFO] [stdout] 
[INFO] [stdout] error[E0412]: cannot find type `Request` in this scope
[INFO] [stdout]   --> src/errors.rs:23:29
[INFO] [stdout]    |
[INFO] [stdout] 23 |   fn respond_to(self, req: &Request) -> response::Result<'r> {
[INFO] [stdout]    |                             ^^^^^^^ not found in this scope
[INFO] [stdout] 
[INFO] [stdout] 
[INFO] [stdout] error: Compilation failed, aborting rustdoc
[INFO] [stdout] 
[INFO] [stdout] 
[INFO] [stdout] error: aborting due to 6 previous errors
[INFO] [stdout] 
[INFO] [stdout] 
[INFO] [stdout] Some errors have detailed explanations: E0405, E0412, E0433.
[INFO] [stdout] 
[INFO] [stdout] For more information about an error, try `rustc --explain E0405`.
[INFO] [stdout] 
[INFO] [stderr] error: could not document `project-manager-server-diesel`
[INFO] [stderr] 
[INFO] [stderr] Caused by:
[INFO] [stderr]   process didn't exit successfully: `rustdoc --edition=2018 --crate-type bin --crate-name project_manager_server_diesel src/main.rs -o /opt/rustwide/target/doc --error-format=json --json=diagnostic-rendered-ansi --document-private-items -L dependency=/opt/rustwide/target/debug/deps --extern actix_identity=/opt/rustwide/target/debug/deps/libactix_identity-5eb87c1750271945.rmeta --extern actix_web=/opt/rustwide/target/debug/deps/libactix_web-adad4a1a86c0f4b6.rmeta --extern anyhow=/opt/rustwide/target/debug/deps/libanyhow-2bb0455753a8f12d.rmeta --extern async_std=/opt/rustwide/target/debug/deps/libasync_std-c3c7dfacc3889794.rmeta --extern chrono=/opt/rustwide/target/debug/deps/libchrono-ed8fece63c51da25.rmeta --extern derive_more=/opt/rustwide/target/debug/deps/libderive_more-f6a870b03a7fb241.so --extern diesel=/opt/rustwide/target/debug/deps/libdiesel-96a3c59a1b771d32.rmeta --extern dotenv=/opt/rustwide/target/debug/deps/libdotenv-fac2af56d99fafd7.rmeta --extern futures=/opt/rustwide/target/debug/deps/libfutures-ef564a01437f4e0c.rmeta --extern paw=/opt/rustwide/target/debug/deps/libpaw-1de10bb92f4e4540.rmeta --extern serde=/opt/rustwide/target/debug/deps/libserde-8f9706c23b4c9d0d.rmeta --extern serde_json=/opt/rustwide/target/debug/deps/libserde_json-1a3f5731a7b1dcc1.rmeta --extern structopt=/opt/rustwide/target/debug/deps/libstructopt-33049c5fa71d633b.rmeta --extern validator=/opt/rustwide/target/debug/deps/libvalidator-d4bca776906fd672.rmeta --cap-lints=warn --crate-version 0.1.0` (exit status: 1)
[INFO] running `Command { std: "docker" "inspect" "fa80d1b6feb1ac0caf84a052883463fb0ef0d06800ac235769d931b1f335dbb5", kill_on_drop: false }`
[INFO] running `Command { std: "docker" "rm" "-f" "fa80d1b6feb1ac0caf84a052883463fb0ef0d06800ac235769d931b1f335dbb5", kill_on_drop: false }`
[INFO] [stdout] fa80d1b6feb1ac0caf84a052883463fb0ef0d06800ac235769d931b1f335dbb5
