[INFO] cloning repository https://github.com/uniphil/contact-sheet
[INFO] running `Command { std: "git" "-c" "credential.helper=" "-c" "credential.helper=/workspace/cargo-home/bin/git-credential-null" "clone" "--bare" "https://github.com/uniphil/contact-sheet" "/workspace/cache/git-repos/https%3A%2F%2Fgithub.com%2Funiphil%2Fcontact-sheet", kill_on_drop: false }`
[INFO] [stderr] Cloning into bare repository '/workspace/cache/git-repos/https%3A%2F%2Fgithub.com%2Funiphil%2Fcontact-sheet'...
[INFO] running `Command { std: "git" "rev-parse" "HEAD", kill_on_drop: false }`
[INFO] [stdout] 86dd514eba481acc50486a28ab52ee876fbcd529
[INFO] documenting uniphil/contact-sheet against beta-2021-08-01 for beta-1.55-rustdoc-1
[INFO] running `Command { std: "git" "clone" "/workspace/cache/git-repos/https%3A%2F%2Fgithub.com%2Funiphil%2Fcontact-sheet" "/workspace/builds/worker-3/source", kill_on_drop: false }`
[INFO] [stderr] Cloning into '/workspace/builds/worker-3/source'...
[INFO] [stderr] done.
[INFO] validating manifest of git repo https://github.com/uniphil/contact-sheet on toolchain beta-2021-08-01
[INFO] running `Command { std: "/workspace/cargo-home/bin/cargo" "+beta-2021-08-01" "metadata" "--manifest-path" "Cargo.toml" "--no-deps", kill_on_drop: false }`
[INFO] started tweaking git repo https://github.com/uniphil/contact-sheet
[INFO] finished tweaking git repo https://github.com/uniphil/contact-sheet
[INFO] tweaked toml for git repo https://github.com/uniphil/contact-sheet written to /workspace/builds/worker-3/source/Cargo.toml
[INFO] crate git repo https://github.com/uniphil/contact-sheet already has a lockfile, it will not be regenerated
[INFO] running `Command { std: "/workspace/cargo-home/bin/cargo" "+beta-2021-08-01" "fetch" "--manifest-path" "Cargo.toml", kill_on_drop: false }`
[INFO] [stderr]  Downloading crates ...
[INFO] [stderr]   Downloaded base64 v0.5.2
[INFO] [stderr]   Downloaded term-painter v0.2.3
[INFO] [stderr]   Downloaded backtrace-sys v0.1.11
[INFO] [stderr]   Downloaded slug v0.1.2
[INFO] [stderr]   Downloaded unicode-bidi v0.3.3
[INFO] [stderr]   Downloaded state v0.2.2
[INFO] [stderr]   Downloaded gcc v0.3.50
[INFO] [stderr]   Downloaded openssl-sys v0.9.13
[INFO] [stderr]   Downloaded postgres-shared v0.2.1
[INFO] [stderr]   Downloaded postgres v0.14.1
[INFO] [stderr]   Downloaded schannel v0.1.5
[INFO] [stderr]   Downloaded version_check v0.1.2
[INFO] [stderr]   Downloaded num_cpus v1.5.1
[INFO] [stderr]   Downloaded r2d2 v0.7.2
[INFO] [stderr]   Downloaded rocket_codegen v0.2.8
[INFO] [stderr]   Downloaded serde_codegen_internals v0.14.2
[INFO] [stderr]   Downloaded security-framework v0.1.14
[INFO] [stderr]   Downloaded hyper-native-tls v0.2.3
[INFO] [stderr]   Downloaded native-tls v0.1.2
[INFO] [stderr]   Downloaded humansize v1.0.1
[INFO] [stderr]   Downloaded unidecode v0.2.0
[INFO] [stderr]   Downloaded r2d2_postgres v0.12.0
[INFO] [stderr]   Downloaded security-framework-sys v0.1.14
[INFO] [stderr]   Downloaded serde_urlencoded v0.4.3
[INFO] [stderr]   Downloaded tera v0.7.2
[INFO] [stderr]   Downloaded hyper v0.10.11
[INFO] [stderr]   Downloaded rocket_contrib v0.2.8
[INFO] [stderr]   Downloaded rocket v0.2.8
[INFO] [stderr]   Downloaded openssl v0.9.13
[INFO] [stderr]   Downloaded serde_derive v0.9.15
[INFO] [stderr]   Downloaded url v1.4.1
[INFO] [stderr]   Downloaded libflate v0.1.7
[INFO] [stderr]   Downloaded md5 v0.3.4
[INFO] [stderr]   Downloaded reqwest v0.5.2
[INFO] [stderr]   Downloaded idna v0.1.2
[INFO] [stderr]   Downloaded postgres-protocol v0.2.2
[INFO] [stderr]   Downloaded pest v0.4.1
[INFO] [stderr]   Downloaded postgres-derive v0.3.1
[INFO] [stderr]   Downloaded redox_syscall v0.1.18
[INFO] [stderr]   Downloaded cookie v0.6.2
[INFO] running `Command { std: "docker" "create" "-v" "/var/lib/crater-agent-workspace/builds/worker-3/target:/opt/rustwide/target:rw,Z" "-v" "/var/lib/crater-agent-workspace/builds/worker-3/source:/opt/rustwide/workdir:ro,Z" "-v" "/var/lib/crater-agent-workspace/cargo-home:/opt/rustwide/cargo-home:ro,Z" "-v" "/var/lib/crater-agent-workspace/rustup-home:/opt/rustwide/rustup-home:ro,Z" "-e" "SOURCE_DIR=/opt/rustwide/workdir" "-e" "CARGO_TARGET_DIR=/opt/rustwide/target" "-e" "CARGO_HOME=/opt/rustwide/cargo-home" "-e" "RUSTUP_HOME=/opt/rustwide/rustup-home" "-w" "/opt/rustwide/workdir" "-m" "1610612736" "--user" "0:0" "--network" "none" "ghcr.io/rust-lang/crates-build-env/linux@sha256:34b6a614d2c27851fe6cbf88fbd1137609cefab8b10d0615aaeb6fd47975d74e" "/opt/rustwide/cargo-home/bin/cargo" "+beta-2021-08-01" "metadata" "--no-deps" "--format-version=1", kill_on_drop: false }`
[INFO] [stdout] 371d7a6e1364690aa47eaf5f3755fd6d788893f96283a06268a85b47ab295f84
[INFO] running `Command { std: "docker" "start" "-a" "371d7a6e1364690aa47eaf5f3755fd6d788893f96283a06268a85b47ab295f84", kill_on_drop: false }`
[INFO] running `Command { std: "docker" "inspect" "371d7a6e1364690aa47eaf5f3755fd6d788893f96283a06268a85b47ab295f84", kill_on_drop: false }`
[INFO] running `Command { std: "docker" "rm" "-f" "371d7a6e1364690aa47eaf5f3755fd6d788893f96283a06268a85b47ab295f84", kill_on_drop: false }`
[INFO] [stdout] 371d7a6e1364690aa47eaf5f3755fd6d788893f96283a06268a85b47ab295f84
[INFO] running `Command { std: "docker" "create" "-v" "/var/lib/crater-agent-workspace/builds/worker-3/target:/opt/rustwide/target:rw,Z" "-v" "/var/lib/crater-agent-workspace/builds/worker-3/source:/opt/rustwide/workdir:ro,Z" "-v" "/var/lib/crater-agent-workspace/cargo-home:/opt/rustwide/cargo-home:ro,Z" "-v" "/var/lib/crater-agent-workspace/rustup-home:/opt/rustwide/rustup-home:ro,Z" "-e" "SOURCE_DIR=/opt/rustwide/workdir" "-e" "CARGO_TARGET_DIR=/opt/rustwide/target" "-e" "CARGO_INCREMENTAL=0" "-e" "RUST_BACKTRACE=full" "-e" "RUSTDOCFLAGS=--cap-lints=warn" "-e" "CARGO_HOME=/opt/rustwide/cargo-home" "-e" "RUSTUP_HOME=/opt/rustwide/rustup-home" "-w" "/opt/rustwide/workdir" "-m" "1610612736" "--user" "0:0" "--network" "none" "ghcr.io/rust-lang/crates-build-env/linux@sha256:34b6a614d2c27851fe6cbf88fbd1137609cefab8b10d0615aaeb6fd47975d74e" "/opt/rustwide/cargo-home/bin/cargo" "+beta-2021-08-01" "doc" "--frozen" "--no-deps" "--document-private-items" "--message-format=json", kill_on_drop: false }`
[INFO] [stdout] af4950b430d929f9116648151424c11efc0a1ab6b65d5f440665ed2b1569e0a7
[INFO] running `Command { std: "docker" "start" "-a" "af4950b430d929f9116648151424c11efc0a1ab6b65d5f440665ed2b1569e0a7", kill_on_drop: false }`
[INFO] [stderr]     Blocking waiting for file lock on package cache
[INFO] [stderr]     Blocking waiting for file lock on package cache
[INFO] [stderr]     Blocking waiting for file lock on package cache
[INFO] [stderr]     Checking libc v0.2.23
[INFO] [stderr]    Compiling version_check v0.1.2
[INFO] [stderr]    Compiling gcc v0.3.50
[INFO] [stderr]    Compiling semver v0.1.20
[INFO] [stderr]     Checking byteorder v1.0.0
[INFO] [stderr]     Checking matches v0.1.4
[INFO] [stderr]     Checking num-traits v0.1.37
[INFO] [stderr]     Checking serde v0.9.15
[INFO] [stderr]     Checking unicode-normalization v0.1.4
[INFO] [stderr]     Checking log v0.3.8
[INFO] [stderr]    Compiling ansi_term v0.9.0
[INFO] [stderr]    Compiling pkg-config v0.3.9
[INFO] [stderr]     Checking lazy_static v0.2.8
[INFO] [stderr]     Checking rustc-demangle v0.1.4
[INFO] [stderr]     Checking itoa v0.3.1
[INFO] [stderr]     Checking httparse v1.2.3
[INFO] [stderr]    Compiling openssl v0.9.13
[INFO] [stderr]     Checking dtoa v0.4.1
[INFO] [stderr]     Checking siphasher v0.2.2
[INFO] [stderr]     Checking cfg-if v0.1.0
[INFO] [stderr]    Compiling unicode-xid v0.0.4
[INFO] [stderr]     Checking antidote v1.0.0
[INFO] [stderr]     Checking foreign-types v0.2.0
[INFO] [stderr]     Checking md5 v0.3.4
[INFO] [stderr]    Compiling quote v0.3.15
[INFO] [stderr]     Checking bitflags v0.9.1
[INFO] [stderr]     Checking fallible-iterator v0.1.3
[INFO] [stderr]     Checking term v0.4.5
[INFO] [stderr]     Checking regex-syntax v0.4.1
[INFO] [stderr]     Checking hex v0.2.0
[INFO] [stderr]     Checking unidecode v0.2.0
[INFO] [stderr]    Compiling state v0.2.2
[INFO] [stderr]     Checking toml v0.2.1
[INFO] [stderr]     Checking glob v0.2.11
[INFO] [stderr]     Checking pest v0.4.1
[INFO] [stderr]     Checking bufstream v0.1.3
[INFO] [stdout] error[E0557]: feature has been removed
[INFO] [stdout]  --> /opt/rustwide/cargo-home/registry/src/github.com-1ecc6299db9ec823/state-0.2.2/src/lib.rs:1:12
[INFO] [stdout]   |
[INFO] [stdout] 1 | #![feature(const_fn)]
[INFO] [stdout]   |            ^^^^^^^^ feature has been removed
[INFO] [stdout]   |
[INFO] [stdout]   = note: split into finer-grained feature gates
[INFO] [stdout] 
[INFO] [stdout] 
[INFO] [stdout] error[E0554]: `#![feature]` may not be used on the beta release channel
[INFO] [stdout]  --> /opt/rustwide/cargo-home/registry/src/github.com-1ecc6299db9ec823/state-0.2.2/src/lib.rs:1:1
[INFO] [stdout]   |
[INFO] [stdout] 1 | #![feature(const_fn)]
[INFO] [stdout]   | ^^^^^^^^^^^^^^^^^^^^^
[INFO] [stdout] 
[INFO] [stdout] 
[INFO] [stderr]     Checking humansize v1.0.1
[INFO] [stderr]     Checking unreachable v0.1.1
[INFO] [stderr]     Checking unicode-bidi v0.3.3
[INFO] [stderr]    Compiling rustc_version v0.1.7
[INFO] [stdout] error[E0557]: feature has been removed
[INFO] [stdout]  --> /opt/rustwide/cargo-home/registry/src/github.com-1ecc6299db9ec823/state-0.2.2/src/lib.rs:1:12
[INFO] [stdout]   |
[INFO] [stdout] 1 | #![feature(const_fn)]
[INFO] [stdout]   |            ^^^^^^^^ feature has been removed
[INFO] [stdout]   |
[INFO] [stdout]   = note: split into finer-grained feature gates
[INFO] [stdout] 
[INFO] [stdout] 
[INFO] [stdout] error[E0554]: `#![feature]` may not be used on the beta release channel
[INFO] [stdout]  --> /opt/rustwide/cargo-home/registry/src/github.com-1ecc6299db9ec823/state-0.2.2/src/lib.rs:1:1
[INFO] [stdout]   |
[INFO] [stdout] 1 | #![feature(const_fn)]
[INFO] [stdout]   | ^^^^^^^^^^^^^^^^^^^^^
[INFO] [stdout] 
[INFO] [stdout] 
[INFO] [stderr]     Checking base64 v0.5.2
[INFO] [stdout] error: aborting due to 2 previous errors
[INFO] [stdout] 
[INFO] [stdout] 
[INFO] [stdout] Some errors have detailed explanations: E0554, E0557.
[INFO] [stdout] 
[INFO] [stdout] For more information about an error, try `rustc --explain E0554`.
[INFO] [stdout] 
[INFO] [stderr] error: could not compile `state` due to 3 previous errors
[INFO] [stderr] warning: build failed, waiting for other jobs to finish...
[INFO] [stdout] error: aborting due to 2 previous errors
[INFO] [stdout] 
[INFO] [stdout] 
[INFO] [stdout] Some errors have detailed explanations: E0554, E0557.
[INFO] [stdout] 
[INFO] [stdout] For more information about an error, try `rustc --explain E0554`.
[INFO] [stdout] 
[INFO] [stderr] error: build failed
[INFO] running `Command { std: "docker" "inspect" "af4950b430d929f9116648151424c11efc0a1ab6b65d5f440665ed2b1569e0a7", kill_on_drop: false }`
[INFO] running `Command { std: "docker" "rm" "-f" "af4950b430d929f9116648151424c11efc0a1ab6b65d5f440665ed2b1569e0a7", kill_on_drop: false }`
[INFO] [stdout] af4950b430d929f9116648151424c11efc0a1ab6b65d5f440665ed2b1569e0a7
