[INFO] cloning repository https://github.com/umurgdk/soundlines
[INFO] running `Command { std: "git" "-c" "credential.helper=" "-c" "credential.helper=/workspace/cargo-home/bin/git-credential-null" "clone" "--bare" "https://github.com/umurgdk/soundlines" "/workspace/cache/git-repos/https%3A%2F%2Fgithub.com%2Fumurgdk%2Fsoundlines", kill_on_drop: false }`
[INFO] [stderr] Cloning into bare repository '/workspace/cache/git-repos/https%3A%2F%2Fgithub.com%2Fumurgdk%2Fsoundlines'...
[INFO] running `Command { std: "git" "rev-parse" "HEAD", kill_on_drop: false }`
[INFO] [stdout] 6bbd84705f543bd07366b7839e15954db07fd13e
[INFO] documenting umurgdk/soundlines against beta-2021-08-01 for beta-1.55-rustdoc-1
[INFO] running `Command { std: "git" "clone" "/workspace/cache/git-repos/https%3A%2F%2Fgithub.com%2Fumurgdk%2Fsoundlines" "/workspace/builds/worker-4/source", kill_on_drop: false }`
[INFO] [stderr] Cloning into '/workspace/builds/worker-4/source'...
[INFO] [stderr] done.
[INFO] validating manifest of git repo https://github.com/umurgdk/soundlines on toolchain beta-2021-08-01
[INFO] running `Command { std: "/workspace/cargo-home/bin/cargo" "+beta-2021-08-01" "metadata" "--manifest-path" "Cargo.toml" "--no-deps", kill_on_drop: false }`
[INFO] started tweaking git repo https://github.com/umurgdk/soundlines
[INFO] finished tweaking git repo https://github.com/umurgdk/soundlines
[INFO] tweaked toml for git repo https://github.com/umurgdk/soundlines written to /workspace/builds/worker-4/source/Cargo.toml
[INFO] crate git repo https://github.com/umurgdk/soundlines already has a lockfile, it will not be regenerated
[INFO] running `Command { std: "/workspace/cargo-home/bin/cargo" "+beta-2021-08-01" "fetch" "--manifest-path" "Cargo.toml", kill_on_drop: false }`
[INFO] [stderr]     Updating git repository `https://github.com/rapiditynetworks/rust-postgis.git`
[INFO] [stderr]     Updating git repository `https://github.com/umurgdk/twitter-rs`
[INFO] [stderr]     Blocking waiting for file lock on package cache
[INFO] [stderr]  Downloading crates ...
[INFO] [stderr]   Downloaded r2d2_postgres v0.13.0
[INFO] [stderr]   Downloaded rocket_contrib v0.3.3
[INFO] [stderr]   Downloaded state v0.3.2
[INFO] [stderr]   Downloaded jsonwebtoken v2.0.3
[INFO] [stderr]   Downloaded rocket_codegen v0.3.3
[INFO] [stderr]   Downloaded cron v0.4.0
[INFO] [stderr]   Downloaded parse-zoneinfo v0.1.0
[INFO] [stderr]   Downloaded unicase v2.0.0
[INFO] [stderr]   Downloaded either v1.2.0
[INFO] [stderr]   Downloaded job_scheduler v1.0.4
[INFO] [stderr]   Downloaded chrono-tz v0.4.1
[INFO] [stderr]   Downloaded yansi v0.3.4
[INFO] [stderr]   Downloaded ordermap v0.2.12
[INFO] [stderr]   Downloaded pear v0.0.10
[INFO] [stderr]   Downloaded futures v0.1.16
[INFO] [stderr]   Downloaded pear_codegen v0.0.10
[INFO] [stderr]   Downloaded cgmath v0.15.0
[INFO] [stderr]   Downloaded schannel v0.1.8
[INFO] [stderr]   Downloaded rayon-core v1.2.1
[INFO] [stderr]   Downloaded cookie v0.9.1
[INFO] [stderr]   Downloaded noise v0.4.1
[INFO] [stderr]   Downloaded itertools v0.6.4
[INFO] [stderr]   Downloaded native-tls v0.1.4
[INFO] [stderr]   Downloaded rocket v0.3.3
[INFO] [stderr]   Downloaded openssl v0.9.19
[INFO] [stderr]   Downloaded geo v0.4.13
[INFO] running `Command { std: "docker" "create" "-v" "/var/lib/crater-agent-workspace/builds/worker-4/target:/opt/rustwide/target:rw,Z" "-v" "/var/lib/crater-agent-workspace/builds/worker-4/source:/opt/rustwide/workdir:ro,Z" "-v" "/var/lib/crater-agent-workspace/cargo-home:/opt/rustwide/cargo-home:ro,Z" "-v" "/var/lib/crater-agent-workspace/rustup-home:/opt/rustwide/rustup-home:ro,Z" "-e" "SOURCE_DIR=/opt/rustwide/workdir" "-e" "CARGO_TARGET_DIR=/opt/rustwide/target" "-e" "CARGO_HOME=/opt/rustwide/cargo-home" "-e" "RUSTUP_HOME=/opt/rustwide/rustup-home" "-w" "/opt/rustwide/workdir" "-m" "1610612736" "--user" "0:0" "--network" "none" "ghcr.io/rust-lang/crates-build-env/linux@sha256:34b6a614d2c27851fe6cbf88fbd1137609cefab8b10d0615aaeb6fd47975d74e" "/opt/rustwide/cargo-home/bin/cargo" "+beta-2021-08-01" "metadata" "--no-deps" "--format-version=1", kill_on_drop: false }`
[INFO] [stdout] 7d153504db8b71dd4b0366b2a4b63eff622182dc300da6fe700d2bc9ab0ceffc
[INFO] running `Command { std: "docker" "start" "-a" "7d153504db8b71dd4b0366b2a4b63eff622182dc300da6fe700d2bc9ab0ceffc", kill_on_drop: false }`
[INFO] running `Command { std: "docker" "inspect" "7d153504db8b71dd4b0366b2a4b63eff622182dc300da6fe700d2bc9ab0ceffc", kill_on_drop: false }`
[INFO] running `Command { std: "docker" "rm" "-f" "7d153504db8b71dd4b0366b2a4b63eff622182dc300da6fe700d2bc9ab0ceffc", kill_on_drop: false }`
[INFO] [stdout] 7d153504db8b71dd4b0366b2a4b63eff622182dc300da6fe700d2bc9ab0ceffc
[INFO] running `Command { std: "docker" "create" "-v" "/var/lib/crater-agent-workspace/builds/worker-4/target:/opt/rustwide/target:rw,Z" "-v" "/var/lib/crater-agent-workspace/builds/worker-4/source:/opt/rustwide/workdir:ro,Z" "-v" "/var/lib/crater-agent-workspace/cargo-home:/opt/rustwide/cargo-home:ro,Z" "-v" "/var/lib/crater-agent-workspace/rustup-home:/opt/rustwide/rustup-home:ro,Z" "-e" "SOURCE_DIR=/opt/rustwide/workdir" "-e" "CARGO_TARGET_DIR=/opt/rustwide/target" "-e" "CARGO_INCREMENTAL=0" "-e" "RUST_BACKTRACE=full" "-e" "RUSTDOCFLAGS=--cap-lints=warn" "-e" "CARGO_HOME=/opt/rustwide/cargo-home" "-e" "RUSTUP_HOME=/opt/rustwide/rustup-home" "-w" "/opt/rustwide/workdir" "-m" "1610612736" "--user" "0:0" "--network" "none" "ghcr.io/rust-lang/crates-build-env/linux@sha256:34b6a614d2c27851fe6cbf88fbd1137609cefab8b10d0615aaeb6fd47975d74e" "/opt/rustwide/cargo-home/bin/cargo" "+beta-2021-08-01" "doc" "--frozen" "--no-deps" "--document-private-items" "--message-format=json", kill_on_drop: false }`
[INFO] [stdout] 3f3082e057bcb28d9d6d904eb3dd54690e99591abec672c1518227ba761cf191
[INFO] running `Command { std: "docker" "start" "-a" "3f3082e057bcb28d9d6d904eb3dd54690e99591abec672c1518227ba761cf191", kill_on_drop: false }`
[INFO] [stderr]     Checking libc v0.2.31
[INFO] [stderr]     Checking num-traits v0.1.40
[INFO] [stderr]    Compiling cc v1.0.0
[INFO] [stderr]     Checking matches v0.1.6
[INFO] [stderr]     Checking lazy_static v0.2.9
[INFO] [stderr]     Checking unicode-normalization v0.1.5
[INFO] [stderr]     Checking byteorder v1.1.0
[INFO] [stderr]     Checking serde v1.0.15
[INFO] [stderr]    Compiling rayon-core v1.2.1
[INFO] [stderr]     Checking log v0.3.8
[INFO] [stderr]    Compiling typenum v1.9.0
[INFO] [stderr]     Checking odds v0.2.25
[INFO] [stderr]     Checking byte-tools v0.2.0
[INFO] [stderr]    Compiling scopeguard v0.3.2
[INFO] [stderr]    Compiling either v1.2.0
[INFO] [stderr]    Compiling futures v0.1.16
[INFO] [stderr]     Checking rustc-demangle v0.1.5
[INFO] [stderr]     Checking constant_time_eq v0.1.3
[INFO] [stderr]    Compiling gcc v0.3.54
[INFO] [stderr]     Checking antidote v1.0.0
[INFO] [stderr]     Checking percent-encoding v1.0.0
[INFO] [stderr]     Checking siphasher v0.2.2
[INFO] [stderr]    Compiling winapi v0.2.8
[INFO] [stderr]     Checking md5 v0.3.5
[INFO] [stderr]     Checking fallible-iterator v0.1.3
[INFO] [stderr]     Checking traitobject v0.1.0
[INFO] [stderr]    Compiling yansi v0.3.4
[INFO] [stderr]     Checking hex v0.2.0
[INFO] [stderr]     Checking typeable v0.1.2
[INFO] [stderr]     Checking httparse v1.2.3
[INFO] [stderr]    Compiling utf8-ranges v0.1.3
[INFO] [stderr]     Checking regex-syntax v0.4.1
[INFO] [stderr]    Compiling regex-syntax v0.3.9
[INFO] [stdout] error[E0554]: `#![feature]` may not be used on the beta release channel
[INFO] [stdout]  --> /opt/rustwide/cargo-home/registry/src/github.com-1ecc6299db9ec823/yansi-0.3.4/src/lib.rs:1:32
[INFO] [stdout]   |
[INFO] [stdout] 1 | #![cfg_attr(feature="nightly", feature(const_atomic_bool_new))]
[INFO] [stdout]   |                                ^^^^^^^^^^^^^^^^^^^^^^^^^^^^^^
[INFO] [stdout] 
[INFO] [stdout] 
[INFO] [stderr]     Checking byteorder v0.5.3
[INFO] [stderr]     Checking untrusted v0.5.1
[INFO] [stderr]    Compiling openssl v0.9.19
[INFO] [stderr]    Compiling pear_codegen v0.0.10
[INFO] [stderr]     Checking foreign-types v0.2.0
[INFO] [stderr]     Checking nom v2.1.0
[INFO] [stderr]    Compiling safemem v0.2.0
[INFO] [stdout] error[E0557]: feature has been removed
[INFO] [stdout]  --> /opt/rustwide/cargo-home/registry/src/github.com-1ecc6299db9ec823/pear_codegen-0.0.10/src/lib.rs:1:45
[INFO] [stdout]   |
[INFO] [stdout] 1 | #![feature(plugin_registrar, rustc_private, quote)]
[INFO] [stdout]   |                                             ^^^^^ feature has been removed
[INFO] [stdout] 
[INFO] [stdout] 
[INFO] [stderr]     Checking pear v0.0.10
[INFO] [stderr] error: could not compile `yansi` due to 2 previous errors
[INFO] [stdout] error: aborting due to previous error
[INFO] [stdout] 
[INFO] [stdout] 
[INFO] [stderr] warning: build failed, waiting for other jobs to finish...
[INFO] [stdout] For more information about this error, try `rustc --explain E0554`.
[INFO] [stdout] 
[INFO] [stdout] error[E0462]: found staticlib `rustc` instead of rlib or dylib
[INFO] [stdout]  --> /opt/rustwide/cargo-home/registry/src/github.com-1ecc6299db9ec823/pear_codegen-0.0.10/src/lib.rs:3:1
[INFO] [stdout]   |
[INFO] [stdout] 3 | extern crate rustc;
[INFO] [stdout]   | ^^^^^^^^^^^^^^^^^^^
[INFO] [stdout]   |
[INFO] [stdout]   = help: please recompile that crate using --crate-type lib
[INFO] [stdout]   = note: the following crate versions were found:
[INFO] [stdout]           crate `rustc`: /opt/rustwide/rustup-home/toolchains/beta-2021-08-01-x86_64-unknown-linux-gnu/lib/rustlib/x86_64-unknown-linux-gnu/lib/librustc-beta_rt.asan.a
[INFO] [stdout]           crate `rustc`: /opt/rustwide/rustup-home/toolchains/beta-2021-08-01-x86_64-unknown-linux-gnu/lib/rustlib/x86_64-unknown-linux-gnu/lib/librustc-beta_rt.tsan.a
[INFO] [stdout]           crate `rustc`: /opt/rustwide/rustup-home/toolchains/beta-2021-08-01-x86_64-unknown-linux-gnu/lib/rustlib/x86_64-unknown-linux-gnu/lib/librustc-beta_rt.msan.a
[INFO] [stdout]           crate `rustc`: /opt/rustwide/rustup-home/toolchains/beta-2021-08-01-x86_64-unknown-linux-gnu/lib/rustlib/x86_64-unknown-linux-gnu/lib/librustc-beta_rt.lsan.a
[INFO] [stdout] 
[INFO] [stdout] 
[INFO] [stdout] error: aborting due to 2 previous errors
[INFO] [stdout] 
[INFO] [stdout] 
[INFO] [stdout] For more information about this error, try `rustc --explain E0557`.
[INFO] [stdout] 
[INFO] [stderr] error: build failed
[INFO] running `Command { std: "docker" "inspect" "3f3082e057bcb28d9d6d904eb3dd54690e99591abec672c1518227ba761cf191", kill_on_drop: false }`
[INFO] running `Command { std: "docker" "rm" "-f" "3f3082e057bcb28d9d6d904eb3dd54690e99591abec672c1518227ba761cf191", kill_on_drop: false }`
[INFO] [stdout] 3f3082e057bcb28d9d6d904eb3dd54690e99591abec672c1518227ba761cf191
