[INFO] cloning repository https://github.com/ukchukx/rust_auth_service
[INFO] running `Command { std: "git" "-c" "credential.helper=" "-c" "credential.helper=/workspace/cargo-home/bin/git-credential-null" "clone" "--bare" "https://github.com/ukchukx/rust_auth_service" "/workspace/cache/git-repos/https%3A%2F%2Fgithub.com%2Fukchukx%2Frust_auth_service", kill_on_drop: false }`
[INFO] [stderr] Cloning into bare repository '/workspace/cache/git-repos/https%3A%2F%2Fgithub.com%2Fukchukx%2Frust_auth_service'...
[INFO] running `Command { std: "git" "rev-parse" "HEAD", kill_on_drop: false }`
[INFO] [stdout] 6afc124b197be4986b94b32dd3e8448ac5095850
[INFO] documenting ukchukx/rust_auth_service against beta-2021-08-01 for beta-1.55-rustdoc-1
[INFO] running `Command { std: "git" "clone" "/workspace/cache/git-repos/https%3A%2F%2Fgithub.com%2Fukchukx%2Frust_auth_service" "/workspace/builds/worker-4/source", kill_on_drop: false }`
[INFO] [stderr] Cloning into '/workspace/builds/worker-4/source'...
[INFO] [stderr] done.
[INFO] validating manifest of git repo https://github.com/ukchukx/rust_auth_service on toolchain beta-2021-08-01
[INFO] running `Command { std: "/workspace/cargo-home/bin/cargo" "+beta-2021-08-01" "metadata" "--manifest-path" "Cargo.toml" "--no-deps", kill_on_drop: false }`
[INFO] started tweaking git repo https://github.com/ukchukx/rust_auth_service
[INFO] finished tweaking git repo https://github.com/ukchukx/rust_auth_service
[INFO] tweaked toml for git repo https://github.com/ukchukx/rust_auth_service written to /workspace/builds/worker-4/source/Cargo.toml
[INFO] crate git repo https://github.com/ukchukx/rust_auth_service already has a lockfile, it will not be regenerated
[INFO] running `Command { std: "/workspace/cargo-home/bin/cargo" "+beta-2021-08-01" "fetch" "--manifest-path" "Cargo.toml", kill_on_drop: false }`
[INFO] [stderr]     Blocking waiting for file lock on package cache
[INFO] [stderr]     Updating git repository `https://github.com/lettre/lettre`
[INFO] [stderr]  Downloading crates ...
[INFO] [stderr]   Downloaded encoding-index-singlebyte v1.20141219.5
[INFO] [stderr]   Downloaded termios v0.3.2
[INFO] [stderr]   Downloaded futures-util v0.3.4
[INFO] [stderr]   Downloaded pq-sys v0.4.6
[INFO] [stderr]   Downloaded termcolor v1.1.0
[INFO] [stderr]   Downloaded arrayvec v0.4.12
[INFO] [stderr]   Downloaded hashbrown v0.1.8
[INFO] [stderr]   Downloaded cexpr v0.3.6
[INFO] [stderr]   Downloaded clang-sys v0.26.4
[INFO] [stderr]   Downloaded actix-files v0.2.1
[INFO] [stderr]   Downloaded env_logger v0.6.2
[INFO] [stderr]   Downloaded crossbeam-channel v0.4.2
[INFO] [stderr]   Downloaded derive_more v0.99.5
[INFO] [stderr]   Downloaded diesel v1.4.4
[INFO] [stderr]   Downloaded widestring v0.4.0
[INFO] [stderr]   Downloaded match_cfg v0.1.0
[INFO] [stderr]   Downloaded actix-testing v1.0.0
[INFO] [stderr]   Downloaded native-tls v0.2.4
[INFO] [stderr]   Downloaded core-foundation-sys v0.7.0
[INFO] [stderr]   Downloaded backoff v0.1.6
[INFO] [stderr]   Downloaded actix v0.9.0
[INFO] [stderr]   Downloaded lexical-core v0.6.2
[INFO] [stderr]   Downloaded actix-cors v0.2.0
[INFO] [stderr]   Downloaded syntect v3.2.0
[INFO] [stderr]   Downloaded futures-task v0.3.4
[INFO] [stderr]   Downloaded unicode-segmentation v1.6.0
[INFO] [stderr]   Downloaded argonautica v0.2.0
[INFO] [stderr]   Downloaded h2 v0.2.4
[INFO] [stderr]   Downloaded http v0.2.1
[INFO] [stderr]   Downloaded time-macros-impl v0.1.0
[INFO] [stderr]   Downloaded instant v0.1.2
[INFO] [stderr]   Downloaded redis-async v0.6.2
[INFO] [stderr]   Downloaded ascii_utils v0.9.3
[INFO] [stderr]   Downloaded time v0.2.9
[INFO] [stderr]   Downloaded time-macros v0.1.0
[INFO] [stderr]   Downloaded vcpkg v0.2.8
[INFO] [stderr]   Downloaded openssl-sys v0.9.55
[INFO] [stderr]   Downloaded wasm-bindgen-backend v0.2.60
[INFO] [stderr]   Downloaded actix-macros v0.1.1
[INFO] [stderr]   Downloaded enum-as-inner v0.3.2
[INFO] [stderr]   Downloaded socket2 v0.3.12
[INFO] [stderr]   Downloaded mac v0.1.1
[INFO] [stderr]   Downloaded yarte v0.7.0
[INFO] [stderr]   Downloaded futures v0.3.4
[INFO] [stderr]   Downloaded openssl v0.10.29
[INFO] [stderr]   Downloaded parking_lot_core v0.7.0
[INFO] [stderr]   Downloaded web-sys v0.3.37
[INFO] [stderr]   Downloaded redox_users v0.3.4
[INFO] [stderr]   Downloaded resolv-conf v0.6.3
[INFO] [stderr]   Downloaded actix_derive v0.5.0
[INFO] [stderr]   Downloaded async-trait v0.1.30
[INFO] [stderr]   Downloaded r2d2 v0.8.8
[INFO] [stderr]   Downloaded bytestring v0.1.5
[INFO] [stderr]   Downloaded linked-hash-map v0.5.2
[INFO] [stderr]   Downloaded version_check v0.9.1
[INFO] [stderr]   Downloaded phf_codegen v0.8.0
[INFO] [stderr]   Downloaded precomputed-hash v0.1.1
[INFO] [stderr]   Downloaded new_debug_unreachable v1.0.4
[INFO] [stderr]   Downloaded brotli2 v0.3.2
[INFO] [stderr]   Downloaded base-x v0.2.6
[INFO] [stderr]   Downloaded actix-connect v1.0.2
[INFO] [stderr]   Downloaded ring v0.16.12
[INFO] [stderr]   Downloaded prettyprint v0.7.0
[INFO] [stderr]   Downloaded v_escape_derive v0.5.6
[INFO] [stderr]   Downloaded regex-syntax v0.6.17
[INFO] [stderr]   Downloaded regex v1.3.6
[INFO] [stderr]   Downloaded itoa v0.4.5
[INFO] [stderr]   Downloaded darling_macro v0.9.0
[INFO] [stderr]   Downloaded encoding-index-simpchinese v1.20141219.5
[INFO] [stderr]   Downloaded line-wrap v0.1.1
[INFO] [stderr]   Downloaded unicode-width v0.1.7
[INFO] [stderr]   Downloaded yarte_html v0.7.0
[INFO] [stderr]   Downloaded dtoa v0.4.5
[INFO] [stderr]   Downloaded actix-threadpool v0.3.1
[INFO] [stderr]   Downloaded trust-dns-proto v0.18.0-alpha.2
[INFO] [stderr]   Downloaded actix-redis v0.8.1
[INFO] [stderr]   Downloaded mio-uds v0.6.7
[INFO] [stderr]   Downloaded pin-project-internal v0.4.8
[INFO] [stderr]   Downloaded unicode-normalization v0.1.12
[INFO] [stderr]   Downloaded onig_sys v69.1.0
[INFO] [stderr]   Downloaded actix-session v0.3.0
[INFO] [stderr]   Downloaded encoding-index-korean v1.20141219.5
[INFO] [stderr]   Downloaded actix-service v1.0.5
[INFO] [stderr]   Downloaded actix-codec v0.2.0
[INFO] [stderr]   Downloaded parking_lot v0.10.0
[INFO] [stderr]   Downloaded flate2 v1.0.14
[INFO] [stderr]   Downloaded v_htmlescape v0.4.5
[INFO] [stderr]   Downloaded directories v1.0.2
[INFO] [stderr]   Downloaded onig v4.3.3
[INFO] [stderr]   Downloaded toolchain_find v0.1.4
[INFO] [stderr]   Downloaded yarte_helpers v0.7.0
[INFO] [stderr]   Downloaded indexmap v1.3.2
[INFO] [stderr]   Downloaded pin-project-lite v0.1.4
[INFO] [stderr]   Downloaded derive_builder v0.7.2
[INFO] [stderr]   Downloaded encoding_rs v0.8.22
[INFO] [stderr]   Downloaded ansi_colours v1.0.1
[INFO] [stderr]   Downloaded plist v0.4.2
[INFO] [stderr]   Downloaded shell-words v0.1.0
[INFO] [stderr]   Downloaded encoding-index-tradchinese v1.20141219.5
[INFO] [stderr]   Downloaded remove_dir_all v0.5.2
[INFO] [stderr]   Downloaded lru-cache v0.1.2
[INFO] [stderr]   Downloaded serde_urlencoded v0.6.1
[INFO] [stderr]   Downloaded url v2.1.1
[INFO] [stderr]   Downloaded pin-utils v0.1.0-alpha.4
[INFO] [stderr]   Downloaded smallvec v1.3.0
[INFO] [stderr]   Downloaded annotate-snippets v0.6.1
[INFO] [stderr]   Downloaded yaml-rust v0.4.3
[INFO] [stderr]   Downloaded bincode v1.2.1
[INFO] [stderr]   Downloaded v_eval v0.2.0
[INFO] [stderr]   Downloaded serde_json v1.0.51
[INFO] [stderr]   Downloaded yarte_hir v0.7.0
[INFO] [stderr]   Downloaded serde v1.0.106
[INFO] [stderr]   Downloaded v_escape v0.7.4
[INFO] [stderr]   Downloaded tokio-util v0.2.0
[INFO] [stderr]   Downloaded actix-utils v1.0.6
[INFO] [stderr]   Downloaded bytes v0.5.4
[INFO] [stderr]   Downloaded pin-project v0.4.8
[INFO] [stderr]   Downloaded schannel v0.1.18
[INFO] [stderr]   Downloaded core-foundation v0.7.0
[INFO] [stderr]   Downloaded security-framework v0.4.2
[INFO] [stderr]   Downloaded security-framework-sys v0.4.2
[INFO] [stderr]   Downloaded untrusted v0.7.0
[INFO] [stderr]   Downloaded wasm-bindgen-shared v0.2.60
[INFO] [stderr]   Downloaded futures-io v0.3.4
[INFO] [stderr]   Downloaded futures-macro v0.3.4
[INFO] [stderr]   Downloaded futures-sink v0.3.4
[INFO] [stderr]   Downloaded proc-macro-hack v0.5.15
[INFO] [stderr]   Downloaded proc-macro-nested v0.1.4
[INFO] [stderr]   Downloaded hermit-abi v0.1.10
[INFO] [stderr]   Downloaded clicolors-control v1.0.1
[INFO] [stderr]   Downloaded darling_core v0.9.0
[INFO] [stderr]   Downloaded actix-server v1.0.2
[INFO] [stderr]   Downloaded lock_api v0.3.3
[INFO] [stderr]   Downloaded console v0.7.7
[INFO] [stderr]   Downloaded darling v0.9.0
[INFO] [stderr]   Downloaded scheduled-thread-pool v0.2.4
[INFO] [stderr]   Downloaded actix-router v0.2.4
[INFO] [stderr]   Downloaded actix-web-codegen v0.2.1
[INFO] [stderr]   Downloaded actix-tls v1.0.0
[INFO] [stderr]   Downloaded winreg v0.6.2
[INFO] [stderr]   Downloaded hostname v0.3.1
[INFO] [stderr]   Downloaded encoding-index-japanese v1.20141219.5
[INFO] [stderr]   Downloaded jobserver v0.1.21
[INFO] [stderr]   Downloaded pkg-config v0.3.17
[INFO] [stderr]   Downloaded xml-rs v0.8.2
[INFO] [stderr]   Downloaded yarte_dom v0.7.0
[INFO] [stderr]   Downloaded arrayvec v0.5.1
[INFO] [stderr]   Downloaded blake2b_simd v0.5.10
[INFO] [stderr]   Downloaded rust-argon2 v0.7.0
[INFO] [stderr]   Downloaded aho-corasick v0.7.10
[INFO] [stderr]   Downloaded winapi-util v0.1.4
[INFO] [stderr]   Downloaded ryu v1.0.3
[INFO] [stderr]   Downloaded string_cache v0.8.0
[INFO] [stderr]   Downloaded yarte_codegen v0.7.0
[INFO] [stderr]   Downloaded ipconfig v0.2.1
[INFO] [stderr]   Downloaded siphasher v0.3.2
[INFO] [stderr]   Downloaded yarte_parser v0.7.0
[INFO] [stderr]   Downloaded yarte_derive v0.7.0
[INFO] [stderr]   Downloaded futf v0.1.4
[INFO] [stderr]   Downloaded tendril v0.4.1
[INFO] [stderr]   Downloaded markup5ever v0.10.0
[INFO] [stderr]   Downloaded serde_derive v1.0.106
[INFO] [stderr]   Downloaded memchr v2.3.3
[INFO] [stderr]   Downloaded bufstream v0.1.4
[INFO] [stderr]   Downloaded copyless v0.1.4
[INFO] [stderr]   Downloaded standback v0.2.2
[INFO] [stderr]   Downloaded bindgen v0.48.1
[INFO] [stderr]   Downloaded tempdir v0.3.7
[INFO] [stderr]   Downloaded nom v5.1.1
[INFO] [stderr]   Downloaded futures-cpupool v0.1.8
[INFO] [stderr]   Downloaded brotli-sys v0.3.2
[INFO] [stderr]   Downloaded encode_unicode v0.3.6
[INFO] [stderr]   Downloaded phf v0.8.0
[INFO] [stderr]   Downloaded rand_pcg v0.2.1
[INFO] [stderr]   Downloaded phf_generator v0.8.0
[INFO] [stderr]   Downloaded phf_shared v0.8.0
[INFO] [stderr]   Downloaded string_cache_codegen v0.5.1
[INFO] [stderr]   Downloaded utf-8 v0.7.5
[INFO] [stderr]   Downloaded fast_chemail v0.9.6
[INFO] [stderr]   Downloaded nodrop v0.1.14
[INFO] [stderr]   Downloaded rustversion v1.0.2
[INFO] [stderr]   Downloaded chrono v0.4.11
[INFO] [stderr]   Downloaded js-sys v0.3.37
[INFO] [stderr]   Downloaded bumpalo v3.2.1
[INFO] [stderr]   Downloaded wasm-bindgen-macro-support v0.2.60
[INFO] [stderr]   Downloaded wasm-bindgen-macro v0.2.60
[INFO] [stderr]   Downloaded wasm-bindgen v0.2.60
[INFO] [stderr]   Downloaded arc-swap v0.4.5
[INFO] [stderr]   Downloaded which v2.0.1
[INFO] [stderr]   Downloaded futures v0.1.29
[INFO] [stderr]   Downloaded static_assertions v0.3.4
[INFO] [stderr]   Downloaded actix-http v1.0.1
[INFO] [stderr]   Downloaded threadpool v1.7.1
[INFO] [stderr]   Downloaded tokio v0.2.17
[INFO] [stderr]   Downloaded mio v0.6.21
[INFO] [stderr]   Downloaded actix-rt v1.1.0
[INFO] [stderr]   Downloaded signal-hook-registry v1.2.0
[INFO] [stderr]   Downloaded awc v1.0.1
[INFO] [stderr]   Downloaded futures-executor v0.3.4
[INFO] [stderr]   Downloaded email v0.0.20
[INFO] [stderr]   Downloaded trust-dns-resolver v0.18.0-alpha.2
[INFO] [stderr]   Downloaded actix-web v2.0.0
[INFO] [stderr]   Downloaded futures-channel v0.3.4
[INFO] [stderr]   Downloaded futures-core v0.3.4
[INFO] [stderr]   Downloaded content_inspector v0.2.4
[INFO] [stderr]   Downloaded derive_builder_core v0.5.0
[INFO] [stderr]   Downloaded error-chain v0.12.2
[INFO] [stderr]   Downloaded encoding_index_tests v0.1.4
[INFO] [stderr]   Downloaded encoding v0.2.33
[INFO] [stderr]   Downloaded nom v4.2.3
[INFO] running `Command { std: "docker" "create" "-v" "/var/lib/crater-agent-workspace/builds/worker-4/target:/opt/rustwide/target:rw,Z" "-v" "/var/lib/crater-agent-workspace/builds/worker-4/source:/opt/rustwide/workdir:ro,Z" "-v" "/var/lib/crater-agent-workspace/cargo-home:/opt/rustwide/cargo-home:ro,Z" "-v" "/var/lib/crater-agent-workspace/rustup-home:/opt/rustwide/rustup-home:ro,Z" "-e" "SOURCE_DIR=/opt/rustwide/workdir" "-e" "CARGO_TARGET_DIR=/opt/rustwide/target" "-e" "CARGO_HOME=/opt/rustwide/cargo-home" "-e" "RUSTUP_HOME=/opt/rustwide/rustup-home" "-w" "/opt/rustwide/workdir" "-m" "1610612736" "--user" "0:0" "--network" "none" "ghcr.io/rust-lang/crates-build-env/linux@sha256:34b6a614d2c27851fe6cbf88fbd1137609cefab8b10d0615aaeb6fd47975d74e" "/opt/rustwide/cargo-home/bin/cargo" "+beta-2021-08-01" "metadata" "--no-deps" "--format-version=1", kill_on_drop: false }`
[INFO] [stderr] WARNING: Your kernel does not support swap limit capabilities or the cgroup is not mounted. Memory limited without swap.
[INFO] [stdout] 4ff2fffdb9c190bcc0a4567ca8979870714c33325a9f54f26167ae3d9842c613
[INFO] running `Command { std: "docker" "start" "-a" "4ff2fffdb9c190bcc0a4567ca8979870714c33325a9f54f26167ae3d9842c613", kill_on_drop: false }`
[INFO] running `Command { std: "docker" "inspect" "4ff2fffdb9c190bcc0a4567ca8979870714c33325a9f54f26167ae3d9842c613", kill_on_drop: false }`
[INFO] running `Command { std: "docker" "rm" "-f" "4ff2fffdb9c190bcc0a4567ca8979870714c33325a9f54f26167ae3d9842c613", kill_on_drop: false }`
[INFO] [stdout] 4ff2fffdb9c190bcc0a4567ca8979870714c33325a9f54f26167ae3d9842c613
[INFO] running `Command { std: "docker" "create" "-v" "/var/lib/crater-agent-workspace/builds/worker-4/target:/opt/rustwide/target:rw,Z" "-v" "/var/lib/crater-agent-workspace/builds/worker-4/source:/opt/rustwide/workdir:ro,Z" "-v" "/var/lib/crater-agent-workspace/cargo-home:/opt/rustwide/cargo-home:ro,Z" "-v" "/var/lib/crater-agent-workspace/rustup-home:/opt/rustwide/rustup-home:ro,Z" "-e" "SOURCE_DIR=/opt/rustwide/workdir" "-e" "CARGO_TARGET_DIR=/opt/rustwide/target" "-e" "CARGO_INCREMENTAL=0" "-e" "RUST_BACKTRACE=full" "-e" "RUSTDOCFLAGS=--cap-lints=warn" "-e" "CARGO_HOME=/opt/rustwide/cargo-home" "-e" "RUSTUP_HOME=/opt/rustwide/rustup-home" "-w" "/opt/rustwide/workdir" "-m" "1610612736" "--user" "0:0" "--network" "none" "ghcr.io/rust-lang/crates-build-env/linux@sha256:34b6a614d2c27851fe6cbf88fbd1137609cefab8b10d0615aaeb6fd47975d74e" "/opt/rustwide/cargo-home/bin/cargo" "+beta-2021-08-01" "doc" "--frozen" "--no-deps" "--document-private-items" "--message-format=json", kill_on_drop: false }`
[INFO] [stderr] WARNING: Your kernel does not support swap limit capabilities or the cgroup is not mounted. Memory limited without swap.
[INFO] [stdout] c80d4ed01322e651e36c5861d7f4fcaee2101ca4883e9364fd848a3d0cef8b71
[INFO] running `Command { std: "docker" "start" "-a" "c80d4ed01322e651e36c5861d7f4fcaee2101ca4883e9364fd848a3d0cef8b71", kill_on_drop: false }`
[INFO] [stderr]    Compiling proc-macro2 v1.0.10
[INFO] [stderr]    Compiling syn v1.0.17
[INFO] [stderr]    Compiling mac v0.1.1
[INFO] [stderr]    Compiling utf-8 v0.7.5
[INFO] [stderr]    Compiling smallvec v1.3.0
[INFO] [stderr]    Compiling scopeguard v1.1.0
[INFO] [stderr]    Compiling xml-rs v0.8.2
[INFO] [stderr]    Compiling derive_builder v0.7.2
[INFO] [stderr]    Compiling standback v0.2.2
[INFO] [stderr]    Compiling shell-words v0.1.0
[INFO] [stderr]     Checking lock_api v0.3.3
[INFO] [stderr]    Compiling error-chain v0.12.2
[INFO] [stderr]    Compiling annotate-snippets v0.6.1
[INFO] [stderr]    Compiling line-wrap v0.1.1
[INFO] [stderr]    Compiling phf v0.8.0
[INFO] [stderr]    Compiling jobserver v0.1.21
[INFO] [stderr]     Checking parking_lot_core v0.7.0
[INFO] [stderr]    Compiling getrandom v0.1.14
[INFO] [stderr]     Checking hostname v0.3.1
[INFO] [stderr]     Checking socket2 v0.3.12
[INFO] [stderr]    Compiling atty v0.2.14
[INFO] [stderr]    Compiling clicolors-control v1.0.1
[INFO] [stderr]    Compiling termios v0.3.2
[INFO] [stderr]    Compiling rand v0.4.6
[INFO] [stderr]     Checking rand_os v0.1.3
[INFO] [stderr]    Compiling directories v1.0.2
[INFO] [stderr]    Compiling dirs v1.0.5
[INFO] [stderr]    Compiling content_inspector v0.2.4
[INFO] [stderr]     Checking flate2 v1.0.14
[INFO] [stderr]    Compiling futf v0.1.4
[INFO] [stderr]     Checking threadpool v1.7.1
[INFO] [stderr]     Checking futures-cpupool v0.1.8
[INFO] [stderr]    Compiling cc v1.0.50
[INFO] [stderr]     Checking resolv-conf v0.6.3
[INFO] [stderr]    Compiling rand_core v0.5.1
[INFO] [stderr]     Checking regex v1.3.6
[INFO] [stderr]    Compiling cexpr v0.3.6
[INFO] [stderr]     Checking parking_lot v0.10.0
[INFO] [stderr]    Compiling clap v2.33.0
[INFO] [stderr]     Checking rand_pcg v0.2.1
[INFO] [stderr]     Checking rand v0.6.5
[INFO] [stderr]    Compiling tendril v0.4.1
[INFO] [stderr]    Compiling tempdir v0.3.7
[INFO] [stderr]    Compiling darling_core v0.9.0
[INFO] [stderr]     Checking lexical-core v0.6.2
[INFO] [stderr]     Checking tokio v0.2.17
[INFO] [stderr]    Compiling rand_chacha v0.2.2
[INFO] [stderr]    Compiling mime_guess v2.0.3
[INFO] [stderr]     Checking rand v0.7.3
[INFO] [stderr]     Checking scheduled-thread-pool v0.2.4
[INFO] [stdout] error[E0308]: mismatched types
[INFO] [stdout]   --> /opt/rustwide/cargo-home/registry/src/github.com-1ecc6299db9ec823/lexical-core-0.6.2/src/atof/algorithm/bhcomp.rs:62:24
[INFO] [stdout]    |
[INFO] [stdout] 62 |     let bytes = bits / Limb::BITS;
[INFO] [stdout]    |                        ^^^^^^^^^^ expected `usize`, found `u32`
[INFO] [stdout] 
[INFO] [stdout] 
[INFO] [stdout] error[E0277]: cannot divide `usize` by `u32`
[INFO] [stdout]   --> /opt/rustwide/cargo-home/registry/src/github.com-1ecc6299db9ec823/lexical-core-0.6.2/src/atof/algorithm/bhcomp.rs:62:22
[INFO] [stdout]    |
[INFO] [stdout] 62 |     let bytes = bits / Limb::BITS;
[INFO] [stdout]    |                      ^ no implementation for `usize / u32`
[INFO] [stdout]    |
[INFO] [stdout]    = help: the trait `Div<u32>` is not implemented for `usize`
[INFO] [stdout] 
[INFO] [stdout] 
[INFO] [stdout] error[E0308]: mismatched types
[INFO] [stdout]    --> /opt/rustwide/cargo-home/registry/src/github.com-1ecc6299db9ec823/lexical-core-0.6.2/src/atof/algorithm/bigcomp.rs:158:55
[INFO] [stdout]     |
[INFO] [stdout] 158 |     let nlz = den.leading_zeros().wrapping_sub(wlz) & (u32::BITS - 1);
[INFO] [stdout]     |                                                       ^^^^^^^^^^^^^^^ expected `usize`, found `u32`
[INFO] [stdout] 
[INFO] [stdout] 
[INFO] [stdout] error[E0277]: no implementation for `usize & u32`
[INFO] [stdout]    --> /opt/rustwide/cargo-home/registry/src/github.com-1ecc6299db9ec823/lexical-core-0.6.2/src/atof/algorithm/bigcomp.rs:158:53
[INFO] [stdout]     |
[INFO] [stdout] 158 |     let nlz = den.leading_zeros().wrapping_sub(wlz) & (u32::BITS - 1);
[INFO] [stdout]     |                                                     ^ no implementation for `usize & u32`
[INFO] [stdout]     |
[INFO] [stdout]     = help: the trait `BitAnd<u32>` is not implemented for `usize`
[INFO] [stdout] 
[INFO] [stdout] 
[INFO] [stdout] error[E0308]: mismatched types
[INFO] [stdout]    --> /opt/rustwide/cargo-home/registry/src/github.com-1ecc6299db9ec823/lexical-core-0.6.2/src/atof/algorithm/bigcomp.rs:176:40
[INFO] [stdout]     |
[INFO] [stdout] 176 |         let (q, r) = shift.ceil_divmod(Limb::BITS);
[INFO] [stdout]     |                                        ^^^^^^^^^^ expected `usize`, found `u32`
[INFO] [stdout]     |
[INFO] [stdout] help: you can convert a `u32` to a `usize` and panic if the converted value doesn't fit
[INFO] [stdout]     |
[INFO] [stdout] 176 |         let (q, r) = shift.ceil_divmod(Limb::BITS.try_into().unwrap());
[INFO] [stdout]     |                                        ^^^^^^^^^^^^^^^^^^^^^^^^^^^^^^
[INFO] [stdout] 
[INFO] [stdout] 
[INFO] [stderr]    Compiling quote v1.0.3
[INFO] [stderr]     Checking r2d2 v0.8.8
[INFO] [stdout] error[E0308]: mismatched types
[INFO] [stdout]     --> /opt/rustwide/cargo-home/registry/src/github.com-1ecc6299db9ec823/lexical-core-0.6.2/src/atof/algorithm/math.rs:1049:42
[INFO] [stdout]      |
[INFO] [stdout] 1049 |     let mut count = index.saturating_mul(Limb::BITS);
[INFO] [stdout]      |                                          ^^^^^^^^^^ expected `usize`, found `u32`
[INFO] [stdout]      |
[INFO] [stdout] help: you can convert a `u32` to a `usize` and panic if the converted value doesn't fit
[INFO] [stdout]      |
[INFO] [stdout] 1049 |     let mut count = index.saturating_mul(Limb::BITS.try_into().unwrap());
[INFO] [stdout]      |                                          ^^^^^^^^^^^^^^^^^^^^^^^^^^^^^^
[INFO] [stdout] 
[INFO] [stdout] 
[INFO] [stdout] error[E0308]: mismatched types
[INFO] [stdout]     --> /opt/rustwide/cargo-home/registry/src/github.com-1ecc6299db9ec823/lexical-core-0.6.2/src/atof/algorithm/math.rs:1064:28
[INFO] [stdout]      |
[INFO] [stdout] 1064 |     Limb::BITS.checked_mul(x.len())
[INFO] [stdout]      |                            ^^^^^^^ expected `u32`, found `usize`
[INFO] [stdout]      |
[INFO] [stdout] help: you can convert a `usize` to a `u32` and panic if the converted value doesn't fit
[INFO] [stdout]      |
[INFO] [stdout] 1064 |     Limb::BITS.checked_mul(x.len().try_into().unwrap())
[INFO] [stdout]      |                            ^^^^^^^^^^^^^^^^^^^^^^^^^^^
[INFO] [stdout] 
[INFO] [stdout] 
[INFO] [stdout] error[E0308]: mismatched types
[INFO] [stdout]     --> /opt/rustwide/cargo-home/registry/src/github.com-1ecc6299db9ec823/lexical-core-0.6.2/src/atof/algorithm/math.rs:1065:22
[INFO] [stdout]      |
[INFO] [stdout] 1065 |         .map(|v| v - nlz)
[INFO] [stdout]      |                      ^^^ expected `u32`, found `usize`
[INFO] [stdout] 
[INFO] [stdout] 
[INFO] [stdout] error[E0277]: cannot subtract `usize` from `u32`
[INFO] [stdout]     --> /opt/rustwide/cargo-home/registry/src/github.com-1ecc6299db9ec823/lexical-core-0.6.2/src/atof/algorithm/math.rs:1065:20
[INFO] [stdout]      |
[INFO] [stdout] 1065 |         .map(|v| v - nlz)
[INFO] [stdout]      |                    ^ no implementation for `u32 - usize`
[INFO] [stdout]      |
[INFO] [stdout]      = help: the trait `Sub<usize>` is not implemented for `u32`
[INFO] [stdout] 
[INFO] [stdout] 
[INFO] [stdout] error[E0308]: mismatched types
[INFO] [stdout]     --> /opt/rustwide/cargo-home/registry/src/github.com-1ecc6299db9ec823/lexical-core-0.6.2/src/atof/algorithm/math.rs:1066:20
[INFO] [stdout]      |
[INFO] [stdout] 1066 |         .unwrap_or(usize::max_value())
[INFO] [stdout]      |                    ^^^^^^^^^^^^^^^^^^ expected `u32`, found `usize`
[INFO] [stdout]      |
[INFO] [stdout] help: you can convert a `usize` to a `u32` and panic if the converted value doesn't fit
[INFO] [stdout]      |
[INFO] [stdout] 1066 |         .unwrap_or(usize::max_value().try_into().unwrap())
[INFO] [stdout]      |                    ^^^^^^^^^^^^^^^^^^^^^^^^^^^^^^^^^^^^^^
[INFO] [stdout] 
[INFO] [stdout] 
[INFO] [stdout] error[E0308]: mismatched types
[INFO] [stdout]     --> /opt/rustwide/cargo-home/registry/src/github.com-1ecc6299db9ec823/lexical-core-0.6.2/src/atof/algorithm/math.rs:1064:5
[INFO] [stdout]      |
[INFO] [stdout] 1060 |   pub fn bit_length(x: &[Limb]) -> usize {
[INFO] [stdout]      |                                    ----- expected `usize` because of return type
[INFO] [stdout] ...
[INFO] [stdout] 1064 | /     Limb::BITS.checked_mul(x.len())
[INFO] [stdout] 1065 | |         .map(|v| v - nlz)
[INFO] [stdout] 1066 | |         .unwrap_or(usize::max_value())
[INFO] [stdout]      | |______________________________________^ expected `usize`, found `u32`
[INFO] [stdout]      |
[INFO] [stdout] help: you can convert a `u32` to a `usize` and panic if the converted value doesn't fit
[INFO] [stdout]      |
[INFO] [stdout] 1064 |     Limb::BITS.checked_mul(x.len())
[INFO] [stdout] 1065 |         .map(|v| v - nlz)
[INFO] [stdout] 1066 |         .unwrap_or(usize::max_value()).try_into().unwrap()
[INFO] [stdout]      |
[INFO] [stdout] 
[INFO] [stdout] 
[INFO] [stdout] error[E0308]: mismatched types
[INFO] [stdout]     --> /opt/rustwide/cargo-home/registry/src/github.com-1ecc6299db9ec823/lexical-core-0.6.2/src/atof/algorithm/math.rs:1091:23
[INFO] [stdout]      |
[INFO] [stdout] 1091 |     debug_assert!(n < bits && n != 0);
[INFO] [stdout]      |                       ^^^^ expected `usize`, found `u32`
[INFO] [stdout]      |
[INFO] [stdout] help: you can convert a `u32` to a `usize` and panic if the converted value doesn't fit
[INFO] [stdout]      |
[INFO] [stdout] 1091 |     debug_assert!(n < bits.try_into().unwrap() && n != 0);
[INFO] [stdout]      |                       ^^^^^^^^^^^^^^^^^^^^^^^^
[INFO] [stdout] 
[INFO] [stdout] 
[INFO] [stdout] error[E0308]: mismatched types
[INFO] [stdout]     --> /opt/rustwide/cargo-home/registry/src/github.com-1ecc6299db9ec823/lexical-core-0.6.2/src/atof/algorithm/math.rs:1098:25
[INFO] [stdout]      |
[INFO] [stdout] 1098 |     let lshift = bits - n;
[INFO] [stdout]      |                         ^ expected `u32`, found `usize`
[INFO] [stdout] 
[INFO] [stdout] 
[INFO] [stdout] error[E0277]: cannot subtract `usize` from `u32`
[INFO] [stdout]     --> /opt/rustwide/cargo-home/registry/src/github.com-1ecc6299db9ec823/lexical-core-0.6.2/src/atof/algorithm/math.rs:1098:23
[INFO] [stdout]      |
[INFO] [stdout] 1098 |     let lshift = bits - n;
[INFO] [stdout]      |                       ^ no implementation for `u32 - usize`
[INFO] [stdout]      |
[INFO] [stdout]      = help: the trait `Sub<usize>` is not implemented for `u32`
[INFO] [stdout] 
[INFO] [stdout] 
[INFO] [stdout] error[E0308]: mismatched types
[INFO] [stdout]     --> /opt/rustwide/cargo-home/registry/src/github.com-1ecc6299db9ec823/lexical-core-0.6.2/src/atof/algorithm/math.rs:1140:19
[INFO] [stdout]      |
[INFO] [stdout] 1140 |     let rem = n % bits;
[INFO] [stdout]      |                   ^^^^ expected `usize`, found `u32`
[INFO] [stdout] 
[INFO] [stdout] 
[INFO] [stdout] error[E0277]: cannot mod `usize` by `u32`
[INFO] [stdout]     --> /opt/rustwide/cargo-home/registry/src/github.com-1ecc6299db9ec823/lexical-core-0.6.2/src/atof/algorithm/math.rs:1140:17
[INFO] [stdout]      |
[INFO] [stdout] 1140 |     let rem = n % bits;
[INFO] [stdout]      |                 ^ no implementation for `usize % u32`
[INFO] [stdout]      |
[INFO] [stdout]      = help: the trait `Rem<u32>` is not implemented for `usize`
[INFO] [stdout] 
[INFO] [stdout] 
[INFO] [stdout] error[E0308]: mismatched types
[INFO] [stdout]     --> /opt/rustwide/cargo-home/registry/src/github.com-1ecc6299db9ec823/lexical-core-0.6.2/src/atof/algorithm/math.rs:1141:19
[INFO] [stdout]      |
[INFO] [stdout] 1141 |     let div = n / bits;
[INFO] [stdout]      |                   ^^^^ expected `usize`, found `u32`
[INFO] [stdout] 
[INFO] [stdout] 
[INFO] [stdout] error[E0277]: cannot divide `usize` by `u32`
[INFO] [stdout]     --> /opt/rustwide/cargo-home/registry/src/github.com-1ecc6299db9ec823/lexical-core-0.6.2/src/atof/algorithm/math.rs:1141:17
[INFO] [stdout]      |
[INFO] [stdout] 1141 |     let div = n / bits;
[INFO] [stdout]      |                 ^ no implementation for `usize / u32`
[INFO] [stdout]      |
[INFO] [stdout]      = help: the trait `Div<u32>` is not implemented for `usize`
[INFO] [stdout] 
[INFO] [stdout] 
[INFO] [stdout] error[E0308]: mismatched types
[INFO] [stdout]     --> /opt/rustwide/cargo-home/registry/src/github.com-1ecc6299db9ec823/lexical-core-0.6.2/src/atof/algorithm/math.rs:1197:23
[INFO] [stdout]      |
[INFO] [stdout] 1197 |     debug_assert!(n < bits);
[INFO] [stdout]      |                       ^^^^ expected `usize`, found `u32`
[INFO] [stdout]      |
[INFO] [stdout] help: you can convert a `u32` to a `usize` and panic if the converted value doesn't fit
[INFO] [stdout]      |
[INFO] [stdout] 1197 |     debug_assert!(n < bits.try_into().unwrap());
[INFO] [stdout]      |                       ^^^^^^^^^^^^^^^^^^^^^^^^
[INFO] [stdout] 
[INFO] [stdout] 
[INFO] [stdout] error[E0308]: mismatched types
[INFO] [stdout]     --> /opt/rustwide/cargo-home/registry/src/github.com-1ecc6299db9ec823/lexical-core-0.6.2/src/atof/algorithm/math.rs:1207:25
[INFO] [stdout]      |
[INFO] [stdout] 1207 |     let rshift = bits - n;
[INFO] [stdout]      |                         ^ expected `u32`, found `usize`
[INFO] [stdout] 
[INFO] [stdout] 
[INFO] [stdout] error[E0277]: cannot subtract `usize` from `u32`
[INFO] [stdout]     --> /opt/rustwide/cargo-home/registry/src/github.com-1ecc6299db9ec823/lexical-core-0.6.2/src/atof/algorithm/math.rs:1207:23
[INFO] [stdout]      |
[INFO] [stdout] 1207 |     let rshift = bits - n;
[INFO] [stdout]      |                       ^ no implementation for `u32 - usize`
[INFO] [stdout]      |
[INFO] [stdout]      = help: the trait `Sub<usize>` is not implemented for `u32`
[INFO] [stdout] 
[INFO] [stdout] 
[INFO] [stdout] error[E0308]: mismatched types
[INFO] [stdout]     --> /opt/rustwide/cargo-home/registry/src/github.com-1ecc6299db9ec823/lexical-core-0.6.2/src/atof/algorithm/math.rs:1259:19
[INFO] [stdout]      |
[INFO] [stdout] 1259 |     let rem = n % bits;
[INFO] [stdout]      |                   ^^^^ expected `usize`, found `u32`
[INFO] [stdout] 
[INFO] [stdout] 
[INFO] [stdout] error[E0277]: cannot mod `usize` by `u32`
[INFO] [stdout]     --> /opt/rustwide/cargo-home/registry/src/github.com-1ecc6299db9ec823/lexical-core-0.6.2/src/atof/algorithm/math.rs:1259:17
[INFO] [stdout]      |
[INFO] [stdout] 1259 |     let rem = n % bits;
[INFO] [stdout]      |                 ^ no implementation for `usize % u32`
[INFO] [stdout]      |
[INFO] [stdout]      = help: the trait `Rem<u32>` is not implemented for `usize`
[INFO] [stdout] 
[INFO] [stdout] 
[INFO] [stdout] error[E0308]: mismatched types
[INFO] [stdout]     --> /opt/rustwide/cargo-home/registry/src/github.com-1ecc6299db9ec823/lexical-core-0.6.2/src/atof/algorithm/math.rs:1260:19
[INFO] [stdout]      |
[INFO] [stdout] 1260 |     let div = n / bits;
[INFO] [stdout]      |                   ^^^^ expected `usize`, found `u32`
[INFO] [stdout] 
[INFO] [stdout] 
[INFO] [stdout] error[E0277]: cannot divide `usize` by `u32`
[INFO] [stdout]     --> /opt/rustwide/cargo-home/registry/src/github.com-1ecc6299db9ec823/lexical-core-0.6.2/src/atof/algorithm/math.rs:1260:17
[INFO] [stdout]      |
[INFO] [stdout] 1260 |     let div = n / bits;
[INFO] [stdout]      |                 ^ no implementation for `usize / u32`
[INFO] [stdout]      |
[INFO] [stdout]      = help: the trait `Div<u32>` is not implemented for `usize`
[INFO] [stdout] 
[INFO] [stdout] 
[INFO] [stderr]     Checking env_logger v0.7.1
[INFO] [stdout] error[E0308]: mismatched types
[INFO] [stdout]     --> /opt/rustwide/cargo-home/registry/src/github.com-1ecc6299db9ec823/lexical-core-0.6.2/src/atof/algorithm/math.rs:2071:27
[INFO] [stdout]      |
[INFO] [stdout] 2071 |     let rs = Limb::BITS - s;
[INFO] [stdout]      |                           ^ expected `u32`, found `usize`
[INFO] [stdout] 
[INFO] [stdout] 
[INFO] [stdout] error[E0277]: cannot subtract `usize` from `u32`
[INFO] [stdout]     --> /opt/rustwide/cargo-home/registry/src/github.com-1ecc6299db9ec823/lexical-core-0.6.2/src/atof/algorithm/math.rs:2071:25
[INFO] [stdout]      |
[INFO] [stdout] 2071 |     let rs = Limb::BITS - s;
[INFO] [stdout]      |                         ^ no implementation for `u32 - usize`
[INFO] [stdout]      |
[INFO] [stdout]      = help: the trait `Sub<usize>` is not implemented for `u32`
[INFO] [stdout] 
[INFO] [stdout] 
[INFO] [stderr]     Checking backoff v0.1.6
[INFO] [stdout] error: aborting due to 27 previous errors
[INFO] [stdout] 
[INFO] [stdout] 
[INFO] [stdout] Some errors have detailed explanations: E0277, E0308.
[INFO] [stdout] 
[INFO] [stdout] For more information about an error, try `rustc --explain E0277`.
[INFO] [stdout] 
[INFO] [stderr] error: could not compile `lexical-core` due to 28 previous errors
[INFO] [stderr] warning: build failed, waiting for other jobs to finish...
[INFO] [stderr] error: build failed
[INFO] running `Command { std: "docker" "inspect" "c80d4ed01322e651e36c5861d7f4fcaee2101ca4883e9364fd848a3d0cef8b71", kill_on_drop: false }`
[INFO] running `Command { std: "docker" "rm" "-f" "c80d4ed01322e651e36c5861d7f4fcaee2101ca4883e9364fd848a3d0cef8b71", kill_on_drop: false }`
[INFO] [stdout] c80d4ed01322e651e36c5861d7f4fcaee2101ca4883e9364fd848a3d0cef8b71
