[INFO] cloning repository https://github.com/udzura/container-tracers
[INFO] running `Command { std: "git" "-c" "credential.helper=" "-c" "credential.helper=/workspace/cargo-home/bin/git-credential-null" "clone" "--bare" "https://github.com/udzura/container-tracers" "/workspace/cache/git-repos/https%3A%2F%2Fgithub.com%2Fudzura%2Fcontainer-tracers", kill_on_drop: false }`
[INFO] [stderr] Cloning into bare repository '/workspace/cache/git-repos/https%3A%2F%2Fgithub.com%2Fudzura%2Fcontainer-tracers'...
[INFO] running `Command { std: "git" "rev-parse" "HEAD", kill_on_drop: false }`
[INFO] [stdout] 0e3ab67bd47fc1e1f43af868742e9188c5568adb
[INFO] documenting udzura/container-tracers against 1.54.0 for beta-1.55-rustdoc-1
[INFO] running `Command { std: "git" "clone" "/workspace/cache/git-repos/https%3A%2F%2Fgithub.com%2Fudzura%2Fcontainer-tracers" "/workspace/builds/worker-5/source", kill_on_drop: false }`
[INFO] [stderr] Cloning into '/workspace/builds/worker-5/source'...
[INFO] [stderr] done.
[INFO] validating manifest of git repo https://github.com/udzura/container-tracers on toolchain 1.54.0
[INFO] running `Command { std: "/workspace/cargo-home/bin/cargo" "+1.54.0" "metadata" "--manifest-path" "Cargo.toml" "--no-deps", kill_on_drop: false }`
[INFO] started tweaking git repo https://github.com/udzura/container-tracers
[INFO] finished tweaking git repo https://github.com/udzura/container-tracers
[INFO] tweaked toml for git repo https://github.com/udzura/container-tracers written to /workspace/builds/worker-5/source/Cargo.toml
[INFO] crate git repo https://github.com/udzura/container-tracers already has a lockfile, it will not be regenerated
[INFO] running `Command { std: "/workspace/cargo-home/bin/cargo" "+1.54.0" "fetch" "--manifest-path" "Cargo.toml", kill_on_drop: false }`
[INFO] [stderr]     Blocking waiting for file lock on package cache
[INFO] [stderr]     Blocking waiting for file lock on package cache
[INFO] running `Command { std: "docker" "create" "-v" "/var/lib/crater-agent-workspace/builds/worker-5/target:/opt/rustwide/target:rw,Z" "-v" "/var/lib/crater-agent-workspace/builds/worker-5/source:/opt/rustwide/workdir:ro,Z" "-v" "/var/lib/crater-agent-workspace/cargo-home:/opt/rustwide/cargo-home:ro,Z" "-v" "/var/lib/crater-agent-workspace/rustup-home:/opt/rustwide/rustup-home:ro,Z" "-e" "SOURCE_DIR=/opt/rustwide/workdir" "-e" "CARGO_TARGET_DIR=/opt/rustwide/target" "-e" "CARGO_HOME=/opt/rustwide/cargo-home" "-e" "RUSTUP_HOME=/opt/rustwide/rustup-home" "-w" "/opt/rustwide/workdir" "-m" "1610612736" "--user" "0:0" "--network" "none" "ghcr.io/rust-lang/crates-build-env/linux@sha256:34b6a614d2c27851fe6cbf88fbd1137609cefab8b10d0615aaeb6fd47975d74e" "/opt/rustwide/cargo-home/bin/cargo" "+1.54.0" "metadata" "--no-deps" "--format-version=1", kill_on_drop: false }`
[INFO] [stdout] 279d7f041445a2ed4514621bdcf305cc7afa95f8c6fa75fdf77b603adb15795f
[INFO] [stderr] WARNING: Your kernel does not support swap limit capabilities or the cgroup is not mounted. Memory limited without swap.
[INFO] running `Command { std: "docker" "start" "-a" "279d7f041445a2ed4514621bdcf305cc7afa95f8c6fa75fdf77b603adb15795f", kill_on_drop: false }`
[INFO] running `Command { std: "docker" "inspect" "279d7f041445a2ed4514621bdcf305cc7afa95f8c6fa75fdf77b603adb15795f", kill_on_drop: false }`
[INFO] running `Command { std: "docker" "rm" "-f" "279d7f041445a2ed4514621bdcf305cc7afa95f8c6fa75fdf77b603adb15795f", kill_on_drop: false }`
[INFO] [stdout] 279d7f041445a2ed4514621bdcf305cc7afa95f8c6fa75fdf77b603adb15795f
[INFO] running `Command { std: "docker" "create" "-v" "/var/lib/crater-agent-workspace/builds/worker-5/target:/opt/rustwide/target:rw,Z" "-v" "/var/lib/crater-agent-workspace/builds/worker-5/source:/opt/rustwide/workdir:ro,Z" "-v" "/var/lib/crater-agent-workspace/cargo-home:/opt/rustwide/cargo-home:ro,Z" "-v" "/var/lib/crater-agent-workspace/rustup-home:/opt/rustwide/rustup-home:ro,Z" "-e" "SOURCE_DIR=/opt/rustwide/workdir" "-e" "CARGO_TARGET_DIR=/opt/rustwide/target" "-e" "CARGO_INCREMENTAL=0" "-e" "RUST_BACKTRACE=full" "-e" "RUSTDOCFLAGS=--cap-lints=warn" "-e" "CARGO_HOME=/opt/rustwide/cargo-home" "-e" "RUSTUP_HOME=/opt/rustwide/rustup-home" "-w" "/opt/rustwide/workdir" "-m" "1610612736" "--user" "0:0" "--network" "none" "ghcr.io/rust-lang/crates-build-env/linux@sha256:34b6a614d2c27851fe6cbf88fbd1137609cefab8b10d0615aaeb6fd47975d74e" "/opt/rustwide/cargo-home/bin/cargo" "+1.54.0" "doc" "--frozen" "--no-deps" "--document-private-items" "--message-format=json", kill_on_drop: false }`
[INFO] [stdout] 020dc8942967e00d0e32066eea79f17b4d9a3e0dcf6ed5a734060780c51f8621
[INFO] [stderr] WARNING: Your kernel does not support swap limit capabilities or the cgroup is not mounted. Memory limited without swap.
[INFO] running `Command { std: "docker" "start" "-a" "020dc8942967e00d0e32066eea79f17b4d9a3e0dcf6ed5a734060780c51f8621", kill_on_drop: false }`
[INFO] [stderr]    Compiling syn v1.0.69
[INFO] [stderr]     Checking drawille v0.2.3
[INFO] [stderr]    Compiling vsprintf v1.0.3
[INFO] [stderr]    Compiling libbpf-sys v0.2.0-3
[INFO] [stderr]    Compiling nc v0.6.2
[INFO] [stderr]     Checking meval v0.2.0
[INFO] [stderr]     Checking nix v0.17.0
[INFO] [stderr]     Checking time v0.1.44
[INFO] [stderr]    Compiling proc-macro-error-attr v1.0.4
[INFO] [stderr]     Checking clap v2.33.3
[INFO] [stderr]     Checking ctrlc v3.1.9
[INFO] [stderr]     Checking chrono v0.4.19
[INFO] [stderr]    Compiling proc-macro-error v1.0.4
[INFO] [stderr]    Compiling num_enum_derive v0.5.1
[INFO] [stderr]    Compiling structopt-derive v0.4.14
[INFO] [stderr]    Compiling derivative v2.2.0
[INFO] [stderr]    Compiling thiserror-impl v1.0.24
[INFO] [stderr]    Compiling strum_macros v0.18.0
[INFO] [stderr]     Checking thiserror v1.0.24
[INFO] [stderr]     Checking structopt v0.3.21
[INFO] [stderr]     Checking textplots v0.6.0
[INFO] [stderr]     Checking num_enum v0.5.1
[INFO] [stderr]     Checking libbpf-rs v0.7.2 (https://github.com/libbpf/libbpf-rs.git#ffbbeb90)
[INFO] [stderr]  Documenting unsharesnoop v0.1.0 (/opt/rustwide/workdir/unsharesnoop)
[INFO] [stderr]  Documenting constat v0.1.0 (/opt/rustwide/workdir/constat)
[INFO] [stderr]  Documenting conbiograph v0.1.0 (/opt/rustwide/workdir/conbiograph)
[INFO] [stdout] error[E0583]: file not found for module `bpf`
[INFO] [stdout]   --> conbiograph/src/main.rs:13:1
[INFO] [stdout]    |
[INFO] [stdout] 13 | mod bpf;
[INFO] [stdout]    | ^^^^^^^^
[INFO] [stdout]    |
[INFO] [stdout]    = help: to create the module `bpf`, create file "conbiograph/src/bpf.rs" or "conbiograph/src/bpf/mod.rs"
[INFO] [stdout] 
[INFO] [stdout] 
[INFO] [stdout] error[E0583]: file not found for module `bpf`
[INFO] [stdout]   --> unsharesnoop/src/main.rs:14:1
[INFO] [stdout]    |
[INFO] [stdout] 14 | mod bpf;
[INFO] [stdout]    | ^^^^^^^^
[INFO] [stdout]    |
[INFO] [stdout]    = help: to create the module `bpf`, create file "unsharesnoop/src/bpf.rs" or "unsharesnoop/src/bpf/mod.rs"
[INFO] [stdout] 
[INFO] [stdout] 
[INFO] [stdout] error[E0583]: file not found for module `bpf`
[INFO] [stdout]   --> constat/src/main.rs:14:1
[INFO] [stdout]    |
[INFO] [stdout] 14 | mod bpf;
[INFO] [stdout]    | ^^^^^^^^
[INFO] [stdout]    |
[INFO] [stdout]    = help: to create the module `bpf`, create file "constat/src/bpf.rs" or "constat/src/bpf/mod.rs"
[INFO] [stdout] 
[INFO] [stdout] 
[INFO] [stdout] error: Compilation failed, aborting rustdoc
[INFO] [stdout] 
[INFO] [stdout] 
[INFO] [stdout] error: aborting due to 2 previous errors
[INFO] [stdout] 
[INFO] [stdout] 
[INFO] [stdout] For more information about this error, try `rustc --explain E0583`.
[INFO] [stdout] 
[INFO] [stderr] error: could not document `unsharesnoop`
[INFO] [stderr] 
[INFO] [stderr] Caused by:
[INFO] [stderr]   process didn't exit successfully: `rustdoc --edition=2018 --crate-type bin --crate-name unsharesnoop unsharesnoop/src/main.rs -o /opt/rustwide/target/doc --error-format=json --json=diagnostic-rendered-ansi --document-private-items -L dependency=/opt/rustwide/target/debug/deps --extern anyhow=/opt/rustwide/target/debug/deps/libanyhow-ed234740686b5bee.rmeta --extern bitflags=/opt/rustwide/target/debug/deps/libbitflags-c759f8d07719039e.rmeta --extern chrono=/opt/rustwide/target/debug/deps/libchrono-12839498045db9bc.rmeta --extern ctrlc=/opt/rustwide/target/debug/deps/libctrlc-77d3cf22bbce0a15.rmeta --extern lazy_static=/opt/rustwide/target/debug/deps/liblazy_static-acd7d23482fe8b54.rmeta --extern libbpf_rs=/opt/rustwide/target/debug/deps/liblibbpf_rs-1fe7e1369b6b4c49.rmeta --extern libc=/opt/rustwide/target/debug/deps/liblibc-e3a2cbe7bfa2cbc3.rmeta --extern nix=/opt/rustwide/target/debug/deps/libnix-d20829a1a46f8459.rmeta --extern plain=/opt/rustwide/target/debug/deps/libplain-1886a1e51db12209.rmeta --extern structopt=/opt/rustwide/target/debug/deps/libstructopt-5bc634fc4fb8c9aa.rmeta --cap-lints=warn --crate-version 0.1.0` (exit status: 1)
[INFO] [stderr] warning: build failed, waiting for other jobs to finish...
[INFO] [stdout] error: Compilation failed, aborting rustdoc
[INFO] [stdout] 
[INFO] [stdout] 
[INFO] [stdout] error: Compilation failed, aborting rustdoc
[INFO] [stdout] 
[INFO] [stdout] 
[INFO] [stdout] error: aborting due to 2 previous errors
[INFO] [stdout] 
[INFO] [stdout] 
[INFO] [stdout] error: aborting due to 2 previous errors
[INFO] [stdout] 
[INFO] [stdout] 
[INFO] [stdout] For more information about this error, try `rustc --explain E0583`.
[INFO] [stdout] 
[INFO] [stdout] For more information about this error, try `rustc --explain E0583`.
[INFO] [stdout] 
[INFO] [stderr] error: build failed
[INFO] running `Command { std: "docker" "inspect" "020dc8942967e00d0e32066eea79f17b4d9a3e0dcf6ed5a734060780c51f8621", kill_on_drop: false }`
[INFO] running `Command { std: "docker" "rm" "-f" "020dc8942967e00d0e32066eea79f17b4d9a3e0dcf6ed5a734060780c51f8621", kill_on_drop: false }`
[INFO] [stdout] 020dc8942967e00d0e32066eea79f17b4d9a3e0dcf6ed5a734060780c51f8621
