[INFO] cloning repository https://github.com/tthorn/GuessingGame
[INFO] running `Command { std: "git" "-c" "credential.helper=" "-c" "credential.helper=/workspace/cargo-home/bin/git-credential-null" "clone" "--bare" "https://github.com/tthorn/GuessingGame" "/workspace/cache/git-repos/https%3A%2F%2Fgithub.com%2Ftthorn%2FGuessingGame", kill_on_drop: false }`
[INFO] [stderr] Cloning into bare repository '/workspace/cache/git-repos/https%3A%2F%2Fgithub.com%2Ftthorn%2FGuessingGame'...
[INFO] running `Command { std: "git" "rev-parse" "HEAD", kill_on_drop: false }`
[INFO] [stdout] 7c6c690a62e2cdf3ed8c2accb18f09d8e71c6dad
[INFO] documenting tthorn/GuessingGame against beta-2021-08-01 for beta-1.55-rustdoc-1
[INFO] running `Command { std: "git" "clone" "/workspace/cache/git-repos/https%3A%2F%2Fgithub.com%2Ftthorn%2FGuessingGame" "/workspace/builds/worker-6/source", kill_on_drop: false }`
[INFO] [stderr] Cloning into '/workspace/builds/worker-6/source'...
[INFO] [stderr] done.
[INFO] validating manifest of git repo https://github.com/tthorn/GuessingGame on toolchain beta-2021-08-01
[INFO] running `Command { std: "/workspace/cargo-home/bin/cargo" "+beta-2021-08-01" "metadata" "--manifest-path" "Cargo.toml" "--no-deps", kill_on_drop: false }`
[INFO] started tweaking git repo https://github.com/tthorn/GuessingGame
[INFO] finished tweaking git repo https://github.com/tthorn/GuessingGame
[INFO] tweaked toml for git repo https://github.com/tthorn/GuessingGame written to /workspace/builds/worker-6/source/Cargo.toml
[INFO] crate git repo https://github.com/tthorn/GuessingGame already has a lockfile, it will not be regenerated
[INFO] running `Command { std: "/workspace/cargo-home/bin/cargo" "+beta-2021-08-01" "fetch" "--manifest-path" "Cargo.toml", kill_on_drop: false }`
[INFO] running `Command { std: "docker" "create" "-v" "/var/lib/crater-agent-workspace/builds/worker-6/target:/opt/rustwide/target:rw,Z" "-v" "/var/lib/crater-agent-workspace/builds/worker-6/source:/opt/rustwide/workdir:ro,Z" "-v" "/var/lib/crater-agent-workspace/cargo-home:/opt/rustwide/cargo-home:ro,Z" "-v" "/var/lib/crater-agent-workspace/rustup-home:/opt/rustwide/rustup-home:ro,Z" "-e" "SOURCE_DIR=/opt/rustwide/workdir" "-e" "CARGO_TARGET_DIR=/opt/rustwide/target" "-e" "CARGO_HOME=/opt/rustwide/cargo-home" "-e" "RUSTUP_HOME=/opt/rustwide/rustup-home" "-w" "/opt/rustwide/workdir" "-m" "1610612736" "--user" "0:0" "--network" "none" "ghcr.io/rust-lang/crates-build-env/linux@sha256:34b6a614d2c27851fe6cbf88fbd1137609cefab8b10d0615aaeb6fd47975d74e" "/opt/rustwide/cargo-home/bin/cargo" "+beta-2021-08-01" "metadata" "--no-deps" "--format-version=1", kill_on_drop: false }`
[INFO] [stdout] 5421282acdcb6a527a20707b7b28b64ec7379246770e4ae9a85807477028b4d4
[INFO] [stderr] WARNING: Your kernel does not support swap limit capabilities or the cgroup is not mounted. Memory limited without swap.
[INFO] running `Command { std: "docker" "start" "-a" "5421282acdcb6a527a20707b7b28b64ec7379246770e4ae9a85807477028b4d4", kill_on_drop: false }`
[INFO] running `Command { std: "docker" "inspect" "5421282acdcb6a527a20707b7b28b64ec7379246770e4ae9a85807477028b4d4", kill_on_drop: false }`
[INFO] running `Command { std: "docker" "rm" "-f" "5421282acdcb6a527a20707b7b28b64ec7379246770e4ae9a85807477028b4d4", kill_on_drop: false }`
[INFO] [stdout] 5421282acdcb6a527a20707b7b28b64ec7379246770e4ae9a85807477028b4d4
[INFO] running `Command { std: "docker" "create" "-v" "/var/lib/crater-agent-workspace/builds/worker-6/target:/opt/rustwide/target:rw,Z" "-v" "/var/lib/crater-agent-workspace/builds/worker-6/source:/opt/rustwide/workdir:ro,Z" "-v" "/var/lib/crater-agent-workspace/cargo-home:/opt/rustwide/cargo-home:ro,Z" "-v" "/var/lib/crater-agent-workspace/rustup-home:/opt/rustwide/rustup-home:ro,Z" "-e" "SOURCE_DIR=/opt/rustwide/workdir" "-e" "CARGO_TARGET_DIR=/opt/rustwide/target" "-e" "CARGO_INCREMENTAL=0" "-e" "RUST_BACKTRACE=full" "-e" "RUSTDOCFLAGS=--cap-lints=warn" "-e" "CARGO_HOME=/opt/rustwide/cargo-home" "-e" "RUSTUP_HOME=/opt/rustwide/rustup-home" "-w" "/opt/rustwide/workdir" "-m" "1610612736" "--user" "0:0" "--network" "none" "ghcr.io/rust-lang/crates-build-env/linux@sha256:34b6a614d2c27851fe6cbf88fbd1137609cefab8b10d0615aaeb6fd47975d74e" "/opt/rustwide/cargo-home/bin/cargo" "+beta-2021-08-01" "doc" "--frozen" "--no-deps" "--document-private-items" "--message-format=json", kill_on_drop: false }`
[INFO] [stderr] WARNING: Your kernel does not support swap limit capabilities or the cgroup is not mounted. Memory limited without swap.
[INFO] [stdout] 6935f2d132743791ddc5d8cb19e6ff410ee7cd1b2f6f9939e0b657e40910ac1b
[INFO] running `Command { std: "docker" "start" "-a" "6935f2d132743791ddc5d8cb19e6ff410ee7cd1b2f6f9939e0b657e40910ac1b", kill_on_drop: false }`
[INFO] [stderr]  Documenting GuessingGame v0.0.1 (/opt/rustwide/workdir)
[INFO] [stdout] error: invalid suffix `u` for number literal
[INFO] [stdout]  --> src/main.rs:9:19
[INFO] [stdout]   |
[INFO] [stdout] 9 |   let mut lower = 1u;
[INFO] [stdout]   |                   ^^ invalid suffix `u`
[INFO] [stdout]   |
[INFO] [stdout]   = help: the suffix must be one of the numeric types (`u32`, `isize`, `f32`, etc.)
[INFO] [stdout] 
[INFO] [stdout] 
[INFO] [stdout] error: invalid suffix `u` for number literal
[INFO] [stdout]   --> src/main.rs:12:43
[INFO] [stdout]    |
[INFO] [stdout] 12 |   let toGuess = (rand::random::<uint>() % 100u) + 1u;
[INFO] [stdout]    |                                           ^^^^ invalid suffix `u`
[INFO] [stdout]    |
[INFO] [stdout]    = help: the suffix must be one of the numeric types (`u32`, `isize`, `f32`, etc.)
[INFO] [stdout] 
[INFO] [stdout] 
[INFO] [stdout] error: invalid suffix `u` for number literal
[INFO] [stdout]   --> src/main.rs:12:51
[INFO] [stdout]    |
[INFO] [stdout] 12 |   let toGuess = (rand::random::<uint>() % 100u) + 1u;
[INFO] [stdout]    |                                                   ^^ invalid suffix `u`
[INFO] [stdout]    |
[INFO] [stdout]    = help: the suffix must be one of the numeric types (`u32`, `isize`, `f32`, etc.)
[INFO] [stdout] 
[INFO] [stdout] 
[INFO] [stdout] error: expected one of `.`, `;`, `?`, `}`, or an operator, found keyword `return`
[INFO] [stdout]   --> src/main.rs:27:7
[INFO] [stdout]    |
[INFO] [stdout] 26 |       println!("Please input a number.")
[INFO] [stdout]    |                                         - expected one of `.`, `;`, `?`, `}`, or an operator
[INFO] [stdout] 27 |       return;
[INFO] [stdout]    |       ^^^^^^ unexpected token
[INFO] [stdout] 
[INFO] [stdout] 
[INFO] [stdout] error[E0432]: unresolved import `std::rand`
[INFO] [stdout]  --> src/main.rs:4:5
[INFO] [stdout]   |
[INFO] [stdout] 4 | use std::rand;
[INFO] [stdout]   |     ^^^^^^^^^ no `rand` in the root
[INFO] [stdout] 
[INFO] [stdout] 
[INFO] [stdout] error[E0412]: cannot find type `uint` in this scope
[INFO] [stdout]   --> src/main.rs:47:15
[INFO] [stdout]    |
[INFO] [stdout] 47 | fn compare(a: uint, b: uint) -> Ordering {
[INFO] [stdout]    |               ^^^^ not found in this scope
[INFO] [stdout] 
[INFO] [stdout] 
[INFO] [stdout] error[E0412]: cannot find type `uint` in this scope
[INFO] [stdout]   --> src/main.rs:47:24
[INFO] [stdout]    |
[INFO] [stdout] 47 | fn compare(a: uint, b: uint) -> Ordering {
[INFO] [stdout]    |                        ^^^^ not found in this scope
[INFO] [stdout] 
[INFO] [stdout] 
[INFO] [stdout] error[E0412]: cannot find type `Ordering` in this scope
[INFO] [stdout]   --> src/main.rs:47:33
[INFO] [stdout]    |
[INFO] [stdout] 47 | fn compare(a: uint, b: uint) -> Ordering {
[INFO] [stdout]    |                                 ^^^^^^^^ not found in this scope
[INFO] [stdout]    |
[INFO] [stdout] help: consider importing one of these items
[INFO] [stdout]    |
[INFO] [stdout] 3  | use std::cmp::Ordering;
[INFO] [stdout]    |
[INFO] [stdout] 3  | use std::sync::atomic::Ordering;
[INFO] [stdout]    |
[INFO] [stdout] 
[INFO] [stdout] 
[INFO] [stdout] error: Compilation failed, aborting rustdoc
[INFO] [stdout] 
[INFO] [stdout] 
[INFO] [stdout] error: aborting due to 9 previous errors
[INFO] [stdout] 
[INFO] [stdout] 
[INFO] [stdout] Some errors have detailed explanations: E0412, E0432.
[INFO] [stdout] 
[INFO] [stdout] For more information about an error, try `rustc --explain E0412`.
[INFO] [stdout] 
[INFO] [stderr] error: could not document `GuessingGame`
[INFO] [stderr] 
[INFO] [stderr] Caused by:
[INFO] [stderr]   process didn't exit successfully: `rustdoc --crate-type bin --crate-name GuessingGame src/main.rs -o /opt/rustwide/target/doc --error-format=json --json=diagnostic-rendered-ansi --document-private-items -L dependency=/opt/rustwide/target/debug/deps --cap-lints=warn --crate-version 0.0.1` (exit status: 1)
[INFO] running `Command { std: "docker" "inspect" "6935f2d132743791ddc5d8cb19e6ff410ee7cd1b2f6f9939e0b657e40910ac1b", kill_on_drop: false }`
[INFO] running `Command { std: "docker" "rm" "-f" "6935f2d132743791ddc5d8cb19e6ff410ee7cd1b2f6f9939e0b657e40910ac1b", kill_on_drop: false }`
[INFO] [stdout] 6935f2d132743791ddc5d8cb19e6ff410ee7cd1b2f6f9939e0b657e40910ac1b
