[INFO] cloning repository https://github.com/tslwn/xw
[INFO] running `Command { std: "git" "-c" "credential.helper=" "-c" "credential.helper=/workspace/cargo-home/bin/git-credential-null" "clone" "--bare" "https://github.com/tslwn/xw" "/workspace/cache/git-repos/https%3A%2F%2Fgithub.com%2Ftslwn%2Fxw", kill_on_drop: false }`
[INFO] [stderr] Cloning into bare repository '/workspace/cache/git-repos/https%3A%2F%2Fgithub.com%2Ftslwn%2Fxw'...
[INFO] running `Command { std: "git" "rev-parse" "HEAD", kill_on_drop: false }`
[INFO] [stdout] 4e2e888011168f68afd4d1796a5af80e86c3e4e1
[INFO] documenting tslwn/xw against 1.54.0 for beta-1.55-rustdoc-1
[INFO] running `Command { std: "git" "clone" "/workspace/cache/git-repos/https%3A%2F%2Fgithub.com%2Ftslwn%2Fxw" "/workspace/builds/worker-2/source", kill_on_drop: false }`
[INFO] [stderr] Cloning into '/workspace/builds/worker-2/source'...
[INFO] [stderr] done.
[INFO] validating manifest of git repo https://github.com/tslwn/xw on toolchain 1.54.0
[INFO] running `Command { std: "/workspace/cargo-home/bin/cargo" "+1.54.0" "metadata" "--manifest-path" "Cargo.toml" "--no-deps", kill_on_drop: false }`
[INFO] started tweaking git repo https://github.com/tslwn/xw
[INFO] finished tweaking git repo https://github.com/tslwn/xw
[INFO] tweaked toml for git repo https://github.com/tslwn/xw written to /workspace/builds/worker-2/source/Cargo.toml
[INFO] crate git repo https://github.com/tslwn/xw already has a lockfile, it will not be regenerated
[INFO] running `Command { std: "/workspace/cargo-home/bin/cargo" "+1.54.0" "fetch" "--manifest-path" "Cargo.toml", kill_on_drop: false }`
[INFO] [stderr]     Blocking waiting for file lock on package cache
[INFO] running `Command { std: "docker" "create" "-v" "/var/lib/crater-agent-workspace/builds/worker-2/target:/opt/rustwide/target:rw,Z" "-v" "/var/lib/crater-agent-workspace/builds/worker-2/source:/opt/rustwide/workdir:ro,Z" "-v" "/var/lib/crater-agent-workspace/cargo-home:/opt/rustwide/cargo-home:ro,Z" "-v" "/var/lib/crater-agent-workspace/rustup-home:/opt/rustwide/rustup-home:ro,Z" "-e" "SOURCE_DIR=/opt/rustwide/workdir" "-e" "CARGO_TARGET_DIR=/opt/rustwide/target" "-e" "CARGO_HOME=/opt/rustwide/cargo-home" "-e" "RUSTUP_HOME=/opt/rustwide/rustup-home" "-w" "/opt/rustwide/workdir" "-m" "1610612736" "--user" "0:0" "--network" "none" "ghcr.io/rust-lang/crates-build-env/linux@sha256:34b6a614d2c27851fe6cbf88fbd1137609cefab8b10d0615aaeb6fd47975d74e" "/opt/rustwide/cargo-home/bin/cargo" "+1.54.0" "metadata" "--no-deps" "--format-version=1", kill_on_drop: false }`
[INFO] [stdout] 91d4174c11fda6b98d127ebb39544891a04b6eca6ed808729cdf816170d6f6ac
[INFO] [stderr] WARNING: Your kernel does not support swap limit capabilities or the cgroup is not mounted. Memory limited without swap.
[INFO] running `Command { std: "docker" "start" "-a" "91d4174c11fda6b98d127ebb39544891a04b6eca6ed808729cdf816170d6f6ac", kill_on_drop: false }`
[INFO] running `Command { std: "docker" "inspect" "91d4174c11fda6b98d127ebb39544891a04b6eca6ed808729cdf816170d6f6ac", kill_on_drop: false }`
[INFO] running `Command { std: "docker" "rm" "-f" "91d4174c11fda6b98d127ebb39544891a04b6eca6ed808729cdf816170d6f6ac", kill_on_drop: false }`
[INFO] [stdout] 91d4174c11fda6b98d127ebb39544891a04b6eca6ed808729cdf816170d6f6ac
[INFO] running `Command { std: "docker" "create" "-v" "/var/lib/crater-agent-workspace/builds/worker-2/target:/opt/rustwide/target:rw,Z" "-v" "/var/lib/crater-agent-workspace/builds/worker-2/source:/opt/rustwide/workdir:ro,Z" "-v" "/var/lib/crater-agent-workspace/cargo-home:/opt/rustwide/cargo-home:ro,Z" "-v" "/var/lib/crater-agent-workspace/rustup-home:/opt/rustwide/rustup-home:ro,Z" "-e" "SOURCE_DIR=/opt/rustwide/workdir" "-e" "CARGO_TARGET_DIR=/opt/rustwide/target" "-e" "CARGO_INCREMENTAL=0" "-e" "RUST_BACKTRACE=full" "-e" "RUSTDOCFLAGS=--cap-lints=warn" "-e" "CARGO_HOME=/opt/rustwide/cargo-home" "-e" "RUSTUP_HOME=/opt/rustwide/rustup-home" "-w" "/opt/rustwide/workdir" "-m" "1610612736" "--user" "0:0" "--network" "none" "ghcr.io/rust-lang/crates-build-env/linux@sha256:34b6a614d2c27851fe6cbf88fbd1137609cefab8b10d0615aaeb6fd47975d74e" "/opt/rustwide/cargo-home/bin/cargo" "+1.54.0" "doc" "--frozen" "--no-deps" "--document-private-items" "--message-format=json", kill_on_drop: false }`
[INFO] [stdout] bdd07b7eee791ee42d4bc0c805a82c820103310f043d09c183fdb37f55e13d33
[INFO] [stderr] WARNING: Your kernel does not support swap limit capabilities or the cgroup is not mounted. Memory limited without swap.
[INFO] running `Command { std: "docker" "start" "-a" "bdd07b7eee791ee42d4bc0c805a82c820103310f043d09c183fdb37f55e13d33", kill_on_drop: false }`
[INFO] [stderr]    Compiling tokio v1.6.1
[INFO] [stderr]     Checking actix-utils v3.0.0
[INFO] [stderr]    Compiling libc v0.2.95
[INFO] [stderr]    Compiling crossbeam-utils v0.8.5
[INFO] [stderr]     Checking getrandom v0.2.3
[INFO] [stderr]     Checking dirs-sys v0.3.6
[INFO] [stderr]     Checking ring v0.16.20
[INFO] [stderr]    Compiling futures-channel v0.3.15
[INFO] [stderr]     Checking actix-service v2.0.0
[INFO] [stderr]     Checking brotli-sys v0.3.2
[INFO] [stderr]     Checking flate2 v1.0.20
[INFO] [stderr]    Compiling actix-macros v0.2.0
[INFO] [stderr]    Compiling url v2.2.2
[INFO] [stderr]    Compiling actix-web-codegen v0.5.0-beta.2
[INFO] [stderr]     Checking futures-util v0.3.15
[INFO] [stderr]     Checking serde v1.0.126
[INFO] [stderr]    Compiling thiserror v1.0.25
[INFO] [stderr]     Checking time v0.2.26
[INFO] [stderr]     Checking brotli2 v0.3.2
[INFO] [stderr]     Checking ahash v0.7.4
[INFO] [stderr]     Checking rand_core v0.6.2
[INFO] [stderr]     Checking dirs v3.0.2
[INFO] [stderr]    Compiling crossbeam-channel v0.5.1
[INFO] [stderr]    Compiling crossbeam-queue v0.3.2
[INFO] [stderr]    Compiling parking_lot_core v0.8.3
[INFO] [stderr]    Compiling num_cpus v1.13.0
[INFO] [stderr]    Compiling mio v0.7.11
[INFO] [stderr]    Compiling signal-hook-registry v1.4.0
[INFO] [stderr]     Checking rand_chacha v0.3.0
[INFO] [stderr]     Checking hashbrown v0.11.2
[INFO] [stderr]     Checking webpki v0.21.4
[INFO] [stderr]     Checking sct v0.6.1
[INFO] [stderr]    Compiling parking_lot v0.11.1
[INFO] [stderr]     Checking cookie v0.15.0
[INFO] [stderr]     Checking rand v0.8.3
[INFO] [stderr]     Checking webpki-roots v0.21.1
[INFO] [stderr]     Checking rustls v0.19.1
[INFO] [stderr]     Checking hashlink v0.7.0
[INFO] [stderr]     Checking local-channel v0.1.2
[INFO] [stderr]     Checking futures-executor v0.3.15
[INFO] [stderr]     Checking futures v0.3.15
[INFO] [stderr]     Checking serde_json v1.0.64
[INFO] [stderr]     Checking actix-router v0.2.7
[INFO] [stderr]     Checking serde_urlencoded v0.7.0
[INFO] [stderr]     Checking tokio-util v0.6.7
[INFO] [stderr]     Checking actix-rt v2.2.0
[INFO] [stderr]     Checking tokio-rustls v0.22.0
[INFO] [stderr]     Checking tokio-stream v0.1.6
[INFO] [stderr]     Checking actix-server v2.0.0-beta.5
[INFO] [stderr]     Checking sqlx-rt v0.5.5
[INFO] [stderr]     Checking actix-codec v0.4.0
[INFO] [stderr]     Checking h2 v0.3.3
[INFO] [stderr]     Checking sqlx-core v0.5.5
[INFO] [stderr]     Checking actix-tls v3.0.0-beta.5
[INFO] [stderr]     Checking actix-http v3.0.0-beta.6
[INFO] [stderr]     Checking actix-web v4.0.0-beta.6
[INFO] [stderr]    Compiling sqlx-macros v0.5.5
[INFO] [stderr]     Checking sqlx v0.5.5
[INFO] [stderr]  Documenting api v0.1.0 (/opt/rustwide/workdir/api)
[INFO] [stdout] error: error communicating with the server: Cannot assign requested address (os error 99)
[INFO] [stdout]   --> api/src/clues/model.rs:48:22
[INFO] [stdout]    |
[INFO] [stdout] 48 |           let result = sqlx::query_as!(
[INFO] [stdout]    |  ______________________^
[INFO] [stdout] 49 | |             Clue,
[INFO] [stdout] 50 | |             "SELECT id, answer, clue, notes FROM api.clue ORDER BY id"
[INFO] [stdout] 51 | |         )
[INFO] [stdout]    | |_________^
[INFO] [stdout]    |
[INFO] [stdout]    = note: this error originates in the macro `$crate::sqlx_macros::expand_query` (in Nightly builds, run with -Z macro-backtrace for more info)
[INFO] [stdout] 
[INFO] [stdout] 
[INFO] [stdout] error: error communicating with the server: Cannot assign requested address (os error 99)
[INFO] [stdout]   --> api/src/clues/model.rs:62:22
[INFO] [stdout]    |
[INFO] [stdout] 62 |           let result = sqlx::query_as!(
[INFO] [stdout]    |  ______________________^
[INFO] [stdout] 63 | |             Clue,
[INFO] [stdout] 64 | |             "
[INFO] [stdout] 65 | |                 SELECT id, answer, clue, notes
[INFO] [stdout] ...  |
[INFO] [stdout] 70 | |             search_query
[INFO] [stdout] 71 | |         )
[INFO] [stdout]    | |_________^
[INFO] [stdout]    |
[INFO] [stdout]    = note: this error originates in the macro `$crate::sqlx_macros::expand_query` (in Nightly builds, run with -Z macro-backtrace for more info)
[INFO] [stdout] 
[INFO] [stdout] 
[INFO] [stdout] error: error communicating with the server: Cannot assign requested address (os error 99)
[INFO] [stdout]   --> api/src/clues/model.rs:79:22
[INFO] [stdout]    |
[INFO] [stdout] 79 |           let result = sqlx::query_as!(
[INFO] [stdout]    |  ______________________^
[INFO] [stdout] 80 | |             Clue,
[INFO] [stdout] 81 | |             "SELECT id, answer, clue, notes FROM api.clue WHERE id = $1",
[INFO] [stdout] 82 | |             &id
[INFO] [stdout] 83 | |         )
[INFO] [stdout]    | |_________^
[INFO] [stdout]    |
[INFO] [stdout]    = note: this error originates in the macro `$crate::sqlx_macros::expand_query` (in Nightly builds, run with -Z macro-backtrace for more info)
[INFO] [stdout] 
[INFO] [stdout] 
[INFO] [stdout] error: error communicating with the server: Cannot assign requested address (os error 99)
[INFO] [stdout]    --> api/src/clues/model.rs:94:22
[INFO] [stdout]     |
[INFO] [stdout] 94  |           let result = sqlx::query_as!(
[INFO] [stdout]     |  ______________________^
[INFO] [stdout] 95  | |             Clue,
[INFO] [stdout] 96  | |             "INSERT INTO api.clue (answer, clue, notes) VALUES ($1, $2, $3) RETURNING id, answer, clue, notes",
[INFO] [stdout] 97  | |             create_clue_dto.answer,
[INFO] [stdout] 98  | |             create_clue_dto.clue,
[INFO] [stdout] 99  | |             create_clue_dto.notes,
[INFO] [stdout] 100 | |         )
[INFO] [stdout]     | |_________^
[INFO] [stdout]     |
[INFO] [stdout]     = note: this error originates in the macro `$crate::sqlx_macros::expand_query` (in Nightly builds, run with -Z macro-backtrace for more info)
[INFO] [stdout] 
[INFO] [stdout] 
[INFO] [stdout] error: error communicating with the server: Cannot assign requested address (os error 99)
[INFO] [stdout]    --> api/src/clues/model.rs:112:22
[INFO] [stdout]     |
[INFO] [stdout] 112 |           let result = sqlx::query_as!(
[INFO] [stdout]     |  ______________________^
[INFO] [stdout] 113 | |             Clue,
[INFO] [stdout] 114 | |             "UPDATE api.clue SET answer = $2, clue = $3, notes = $4 WHERE id = $1 RETURNING id, answer, clue, notes",
[INFO] [stdout] 115 | |             &id,
[INFO] [stdout] ...   |
[INFO] [stdout] 118 | |             update_clue_dto.notes,
[INFO] [stdout] 119 | |         )
[INFO] [stdout]     | |_________^
[INFO] [stdout]     |
[INFO] [stdout]     = note: this error originates in the macro `$crate::sqlx_macros::expand_query` (in Nightly builds, run with -Z macro-backtrace for more info)
[INFO] [stdout] 
[INFO] [stdout] 
[INFO] [stdout] error: error communicating with the server: Cannot assign requested address (os error 99)
[INFO] [stdout]    --> api/src/clues/model.rs:127:22
[INFO] [stdout]     |
[INFO] [stdout] 127 |           let result = sqlx::query_as!(
[INFO] [stdout]     |  ______________________^
[INFO] [stdout] 128 | |             Clue,
[INFO] [stdout] 129 | |             "DELETE FROM api.clue WHERE id = $1 RETURNING id, answer, clue, notes",
[INFO] [stdout] 130 | |             &id,
[INFO] [stdout] 131 | |         )
[INFO] [stdout]     | |_________^
[INFO] [stdout]     |
[INFO] [stdout]     = note: this error originates in the macro `$crate::sqlx_macros::expand_query` (in Nightly builds, run with -Z macro-backtrace for more info)
[INFO] [stdout] 
[INFO] [stdout] 
[INFO] [stdout] error: Compilation failed, aborting rustdoc
[INFO] [stdout] 
[INFO] [stdout] 
[INFO] [stdout] error: aborting due to 7 previous errors
[INFO] [stdout] 
[INFO] [stdout] 
[INFO] [stderr] error: could not document `api`
[INFO] [stderr] 
[INFO] [stderr] Caused by:
[INFO] [stderr]   process didn't exit successfully: `rustdoc --edition=2018 --crate-type bin --crate-name api api/src/main.rs -o /opt/rustwide/target/doc --error-format=json --json=diagnostic-rendered-ansi --document-private-items -L dependency=/opt/rustwide/target/debug/deps --extern actix_web=/opt/rustwide/target/debug/deps/libactix_web-d8494c88aea916a1.rmeta --extern anyhow=/opt/rustwide/target/debug/deps/libanyhow-ed234740686b5bee.rmeta --extern dotenv=/opt/rustwide/target/debug/deps/libdotenv-fac2af56d99fafd7.rmeta --extern futures=/opt/rustwide/target/debug/deps/libfutures-fb0c73a7c51afc09.rmeta --extern serde=/opt/rustwide/target/debug/deps/libserde-e0dd98eb4654ccfb.rmeta --extern serde_json=/opt/rustwide/target/debug/deps/libserde_json-3a1d78f9a5755934.rmeta --extern sqlx=/opt/rustwide/target/debug/deps/libsqlx-f73bcfd350c776b7.rmeta --extern thiserror=/opt/rustwide/target/debug/deps/libthiserror-65df04d6efb4d642.rmeta --cap-lints=warn --crate-version 0.1.0` (exit status: 1)
[INFO] running `Command { std: "docker" "inspect" "bdd07b7eee791ee42d4bc0c805a82c820103310f043d09c183fdb37f55e13d33", kill_on_drop: false }`
[INFO] running `Command { std: "docker" "rm" "-f" "bdd07b7eee791ee42d4bc0c805a82c820103310f043d09c183fdb37f55e13d33", kill_on_drop: false }`
[INFO] [stdout] bdd07b7eee791ee42d4bc0c805a82c820103310f043d09c183fdb37f55e13d33
