[INFO] cloning repository https://github.com/tostaylo/rs_stock_portfolio
[INFO] running `Command { std: "git" "-c" "credential.helper=" "-c" "credential.helper=/workspace/cargo-home/bin/git-credential-null" "clone" "--bare" "https://github.com/tostaylo/rs_stock_portfolio" "/workspace/cache/git-repos/https%3A%2F%2Fgithub.com%2Ftostaylo%2Frs_stock_portfolio", kill_on_drop: false }`
[INFO] [stderr] Cloning into bare repository '/workspace/cache/git-repos/https%3A%2F%2Fgithub.com%2Ftostaylo%2Frs_stock_portfolio'...
[INFO] running `Command { std: "git" "rev-parse" "HEAD", kill_on_drop: false }`
[INFO] [stdout] 9e11efa581938cace53137c6bdc7f9ff7a9247ac
[INFO] documenting tostaylo/rs_stock_portfolio against 1.54.0 for beta-1.55-rustdoc-1
[INFO] running `Command { std: "git" "clone" "/workspace/cache/git-repos/https%3A%2F%2Fgithub.com%2Ftostaylo%2Frs_stock_portfolio" "/workspace/builds/worker-9/source", kill_on_drop: false }`
[INFO] [stderr] Cloning into '/workspace/builds/worker-9/source'...
[INFO] [stderr] done.
[INFO] validating manifest of git repo https://github.com/tostaylo/rs_stock_portfolio on toolchain 1.54.0
[INFO] running `Command { std: "/workspace/cargo-home/bin/cargo" "+1.54.0" "metadata" "--manifest-path" "Cargo.toml" "--no-deps", kill_on_drop: false }`
[INFO] started tweaking git repo https://github.com/tostaylo/rs_stock_portfolio
[INFO] finished tweaking git repo https://github.com/tostaylo/rs_stock_portfolio
[INFO] tweaked toml for git repo https://github.com/tostaylo/rs_stock_portfolio written to /workspace/builds/worker-9/source/Cargo.toml
[INFO] crate git repo https://github.com/tostaylo/rs_stock_portfolio already has a lockfile, it will not be regenerated
[INFO] running `Command { std: "/workspace/cargo-home/bin/cargo" "+1.54.0" "fetch" "--manifest-path" "Cargo.toml", kill_on_drop: false }`
[INFO] running `Command { std: "docker" "create" "-v" "/var/lib/crater-agent-workspace/builds/worker-9/target:/opt/rustwide/target:rw,Z" "-v" "/var/lib/crater-agent-workspace/builds/worker-9/source:/opt/rustwide/workdir:ro,Z" "-v" "/var/lib/crater-agent-workspace/cargo-home:/opt/rustwide/cargo-home:ro,Z" "-v" "/var/lib/crater-agent-workspace/rustup-home:/opt/rustwide/rustup-home:ro,Z" "-e" "SOURCE_DIR=/opt/rustwide/workdir" "-e" "CARGO_TARGET_DIR=/opt/rustwide/target" "-e" "CARGO_HOME=/opt/rustwide/cargo-home" "-e" "RUSTUP_HOME=/opt/rustwide/rustup-home" "-w" "/opt/rustwide/workdir" "-m" "1610612736" "--user" "0:0" "--network" "none" "ghcr.io/rust-lang/crates-build-env/linux@sha256:34b6a614d2c27851fe6cbf88fbd1137609cefab8b10d0615aaeb6fd47975d74e" "/opt/rustwide/cargo-home/bin/cargo" "+1.54.0" "metadata" "--no-deps" "--format-version=1", kill_on_drop: false }`
[INFO] [stderr] WARNING: Your kernel does not support swap limit capabilities or the cgroup is not mounted. Memory limited without swap.
[INFO] [stdout] 333ce4c174450222b4debf7aeec4f8dc6c042a214a5b4fb9e5379dcfc04d3a5b
[INFO] running `Command { std: "docker" "start" "-a" "333ce4c174450222b4debf7aeec4f8dc6c042a214a5b4fb9e5379dcfc04d3a5b", kill_on_drop: false }`
[INFO] running `Command { std: "docker" "inspect" "333ce4c174450222b4debf7aeec4f8dc6c042a214a5b4fb9e5379dcfc04d3a5b", kill_on_drop: false }`
[INFO] running `Command { std: "docker" "rm" "-f" "333ce4c174450222b4debf7aeec4f8dc6c042a214a5b4fb9e5379dcfc04d3a5b", kill_on_drop: false }`
[INFO] [stdout] 333ce4c174450222b4debf7aeec4f8dc6c042a214a5b4fb9e5379dcfc04d3a5b
[INFO] running `Command { std: "docker" "create" "-v" "/var/lib/crater-agent-workspace/builds/worker-9/target:/opt/rustwide/target:rw,Z" "-v" "/var/lib/crater-agent-workspace/builds/worker-9/source:/opt/rustwide/workdir:ro,Z" "-v" "/var/lib/crater-agent-workspace/cargo-home:/opt/rustwide/cargo-home:ro,Z" "-v" "/var/lib/crater-agent-workspace/rustup-home:/opt/rustwide/rustup-home:ro,Z" "-e" "SOURCE_DIR=/opt/rustwide/workdir" "-e" "CARGO_TARGET_DIR=/opt/rustwide/target" "-e" "CARGO_INCREMENTAL=0" "-e" "RUST_BACKTRACE=full" "-e" "RUSTDOCFLAGS=--cap-lints=warn" "-e" "CARGO_HOME=/opt/rustwide/cargo-home" "-e" "RUSTUP_HOME=/opt/rustwide/rustup-home" "-w" "/opt/rustwide/workdir" "-m" "1610612736" "--user" "0:0" "--network" "none" "ghcr.io/rust-lang/crates-build-env/linux@sha256:34b6a614d2c27851fe6cbf88fbd1137609cefab8b10d0615aaeb6fd47975d74e" "/opt/rustwide/cargo-home/bin/cargo" "+1.54.0" "doc" "--frozen" "--no-deps" "--document-private-items" "--message-format=json", kill_on_drop: false }`
[INFO] [stdout] 19a48efabe8d3dc5873556ad4b4a0a25ce55e6f85cd50fb689fb21d77f714296
[INFO] [stderr] WARNING: Your kernel does not support swap limit capabilities or the cgroup is not mounted. Memory limited without swap.
[INFO] running `Command { std: "docker" "start" "-a" "19a48efabe8d3dc5873556ad4b4a0a25ce55e6f85cd50fb689fb21d77f714296", kill_on_drop: false }`
[INFO] [stderr]    Compiling syn v1.0.16
[INFO] [stderr]    Compiling ring v0.13.5
[INFO] [stderr]    Compiling unicode-normalization v0.1.12
[INFO] [stderr]    Compiling rocket_codegen v0.4.4
[INFO] [stderr]    Compiling rocket v0.4.4
[INFO] [stderr]    Compiling pear_codegen v0.1.2
[INFO] [stderr]     Checking idna v0.1.5
[INFO] [stderr]     Checking inotify-sys v0.1.3
[INFO] [stderr]     Checking filetime v0.2.8
[INFO] [stderr]    Compiling num_cpus v1.12.0
[INFO] [stderr]     Checking futures-util v0.3.4
[INFO] [stderr]     Checking openssl-sys v0.9.54
[INFO] [stderr]    Compiling native-tls v0.2.4
[INFO] [stderr]    Compiling mime v0.2.6
[INFO] [stderr]    Compiling devise_core v0.2.0
[INFO] [stderr]     Checking mio-extras v2.0.6
[INFO] [stdout] error[E0554]: `#![feature]` may not be used on the stable release channel
[INFO] [stdout]  --> /opt/rustwide/cargo-home/registry/src/github.com-1ecc6299db9ec823/devise_core-0.2.0/src/lib.rs:1:1
[INFO] [stdout]   |
[INFO] [stdout] 1 | #![feature(proc_macro_diagnostic, proc_macro_span)]
[INFO] [stdout]   | ^^^^^^^^^^^^^^^^^^^^^^^^^^^^^^^^^^^^^^^^^^^^^^^^^^^
[INFO] [stdout] 
[INFO] [stdout] 
[INFO] [stdout] error[E0554]: `#![feature]` may not be used on the stable release channel
[INFO] [stdout]  --> /opt/rustwide/cargo-home/registry/src/github.com-1ecc6299db9ec823/devise_core-0.2.0/src/lib.rs:2:1
[INFO] [stdout]   |
[INFO] [stdout] 2 | #![feature(crate_visibility_modifier)]
[INFO] [stdout]   | ^^^^^^^^^^^^^^^^^^^^^^^^^^^^^^^^^^^^^^
[INFO] [stdout] 
[INFO] [stdout] 
[INFO] [stdout] error[E0554]: `#![feature]` may not be used on the stable release channel
[INFO] [stdout]  --> /opt/rustwide/cargo-home/registry/src/github.com-1ecc6299db9ec823/devise_core-0.2.0/src/lib.rs:3:1
[INFO] [stdout]   |
[INFO] [stdout] 3 | #![feature(concat_idents)]
[INFO] [stdout]   | ^^^^^^^^^^^^^^^^^^^^^^^^^^
[INFO] [stdout] 
[INFO] [stdout] 
[INFO] [stderr]     Checking inotify v0.7.0
[INFO] [stdout] error: aborting due to 3 previous errors
[INFO] [stdout] 
[INFO] [stdout] 
[INFO] [stdout] For more information about this error, try `rustc --explain E0554`.
[INFO] [stdout] 
[INFO] [stderr] error: could not compile `devise_core`
[INFO] [stderr] 
[INFO] [stderr] To learn more, run the command again with --verbose.
[INFO] [stderr] warning: build failed, waiting for other jobs to finish...
[INFO] [stderr] error: build failed
[INFO] running `Command { std: "docker" "inspect" "19a48efabe8d3dc5873556ad4b4a0a25ce55e6f85cd50fb689fb21d77f714296", kill_on_drop: false }`
[INFO] running `Command { std: "docker" "rm" "-f" "19a48efabe8d3dc5873556ad4b4a0a25ce55e6f85cd50fb689fb21d77f714296", kill_on_drop: false }`
[INFO] [stdout] 19a48efabe8d3dc5873556ad4b4a0a25ce55e6f85cd50fb689fb21d77f714296
