[INFO] cloning repository https://github.com/tonyb983/rust-advent
[INFO] running `Command { std: "git" "-c" "credential.helper=" "-c" "credential.helper=/workspace/cargo-home/bin/git-credential-null" "clone" "--bare" "https://github.com/tonyb983/rust-advent" "/workspace/cache/git-repos/https%3A%2F%2Fgithub.com%2Ftonyb983%2Frust-advent", kill_on_drop: false }`
[INFO] [stderr] Cloning into bare repository '/workspace/cache/git-repos/https%3A%2F%2Fgithub.com%2Ftonyb983%2Frust-advent'...
[INFO] running `Command { std: "git" "rev-parse" "HEAD", kill_on_drop: false }`
[INFO] [stdout] ad6d08cca88451ba94e08d6c00f921b30c9af258
[INFO] documenting tonyb983/rust-advent against 1.54.0 for beta-1.55-rustdoc-1
[INFO] running `Command { std: "git" "clone" "/workspace/cache/git-repos/https%3A%2F%2Fgithub.com%2Ftonyb983%2Frust-advent" "/workspace/builds/worker-13/source", kill_on_drop: false }`
[INFO] [stderr] Cloning into '/workspace/builds/worker-13/source'...
[INFO] [stderr] done.
[INFO] validating manifest of git repo https://github.com/tonyb983/rust-advent on toolchain 1.54.0
[INFO] running `Command { std: "/workspace/cargo-home/bin/cargo" "+1.54.0" "metadata" "--manifest-path" "Cargo.toml" "--no-deps", kill_on_drop: false }`
[INFO] started tweaking git repo https://github.com/tonyb983/rust-advent
[INFO] finished tweaking git repo https://github.com/tonyb983/rust-advent
[INFO] tweaked toml for git repo https://github.com/tonyb983/rust-advent written to /workspace/builds/worker-13/source/Cargo.toml
[INFO] crate git repo https://github.com/tonyb983/rust-advent already has a lockfile, it will not be regenerated
[INFO] running `Command { std: "/workspace/cargo-home/bin/cargo" "+1.54.0" "fetch" "--manifest-path" "Cargo.toml", kill_on_drop: false }`
[INFO] [stderr]     Blocking waiting for file lock on package cache
[INFO] running `Command { std: "docker" "create" "-v" "/var/lib/crater-agent-workspace/builds/worker-13/target:/opt/rustwide/target:rw,Z" "-v" "/var/lib/crater-agent-workspace/builds/worker-13/source:/opt/rustwide/workdir:ro,Z" "-v" "/var/lib/crater-agent-workspace/cargo-home:/opt/rustwide/cargo-home:ro,Z" "-v" "/var/lib/crater-agent-workspace/rustup-home:/opt/rustwide/rustup-home:ro,Z" "-e" "SOURCE_DIR=/opt/rustwide/workdir" "-e" "CARGO_TARGET_DIR=/opt/rustwide/target" "-e" "CARGO_HOME=/opt/rustwide/cargo-home" "-e" "RUSTUP_HOME=/opt/rustwide/rustup-home" "-w" "/opt/rustwide/workdir" "-m" "1610612736" "--user" "0:0" "--network" "none" "ghcr.io/rust-lang/crates-build-env/linux@sha256:34b6a614d2c27851fe6cbf88fbd1137609cefab8b10d0615aaeb6fd47975d74e" "/opt/rustwide/cargo-home/bin/cargo" "+1.54.0" "metadata" "--no-deps" "--format-version=1", kill_on_drop: false }`
[INFO] [stdout] d00ce50bfc09d03999445afe94386240a05f8ea7a819c17bda94596e7c67a1ac
[INFO] [stderr] WARNING: Your kernel does not support swap limit capabilities or the cgroup is not mounted. Memory limited without swap.
[INFO] running `Command { std: "docker" "start" "-a" "d00ce50bfc09d03999445afe94386240a05f8ea7a819c17bda94596e7c67a1ac", kill_on_drop: false }`
[INFO] running `Command { std: "docker" "inspect" "d00ce50bfc09d03999445afe94386240a05f8ea7a819c17bda94596e7c67a1ac", kill_on_drop: false }`
[INFO] running `Command { std: "docker" "rm" "-f" "d00ce50bfc09d03999445afe94386240a05f8ea7a819c17bda94596e7c67a1ac", kill_on_drop: false }`
[INFO] [stdout] d00ce50bfc09d03999445afe94386240a05f8ea7a819c17bda94596e7c67a1ac
[INFO] running `Command { std: "docker" "create" "-v" "/var/lib/crater-agent-workspace/builds/worker-13/target:/opt/rustwide/target:rw,Z" "-v" "/var/lib/crater-agent-workspace/builds/worker-13/source:/opt/rustwide/workdir:ro,Z" "-v" "/var/lib/crater-agent-workspace/cargo-home:/opt/rustwide/cargo-home:ro,Z" "-v" "/var/lib/crater-agent-workspace/rustup-home:/opt/rustwide/rustup-home:ro,Z" "-e" "SOURCE_DIR=/opt/rustwide/workdir" "-e" "CARGO_TARGET_DIR=/opt/rustwide/target" "-e" "CARGO_INCREMENTAL=0" "-e" "RUST_BACKTRACE=full" "-e" "RUSTDOCFLAGS=--cap-lints=warn" "-e" "CARGO_HOME=/opt/rustwide/cargo-home" "-e" "RUSTUP_HOME=/opt/rustwide/rustup-home" "-w" "/opt/rustwide/workdir" "-m" "1610612736" "--user" "0:0" "--network" "none" "ghcr.io/rust-lang/crates-build-env/linux@sha256:34b6a614d2c27851fe6cbf88fbd1137609cefab8b10d0615aaeb6fd47975d74e" "/opt/rustwide/cargo-home/bin/cargo" "+1.54.0" "doc" "--frozen" "--no-deps" "--document-private-items" "--message-format=json", kill_on_drop: false }`
[INFO] [stdout] 9d7dda0d3df47765f8d243cc35a923dbbded2263c8158f8f650600f73baaa30b
[INFO] [stderr] WARNING: Your kernel does not support swap limit capabilities or the cgroup is not mounted. Memory limited without swap.
[INFO] running `Command { std: "docker" "start" "-a" "9d7dda0d3df47765f8d243cc35a923dbbded2263c8158f8f650600f73baaa30b", kill_on_drop: false }`
[INFO] [stderr]  Documenting runner v0.1.0 (/opt/rustwide/workdir/crates/runner)
[INFO] [stderr]     Checking common v0.1.0 (/opt/rustwide/workdir/crates/common)
[INFO] [stderr]  Documenting common v0.1.0 (/opt/rustwide/workdir/crates/common)
[INFO] [stdout] error: expected item, found `;`
[INFO] [stdout]  --> crates/common/src/advent.rs:9:2
[INFO] [stdout]   |
[INFO] [stdout] 9 | };
[INFO] [stdout]   |  ^ help: remove this semicolon
[INFO] [stdout]   |
[INFO] [stdout]   = help: trait declarations are not followed by a semicolon
[INFO] [stdout] 
[INFO] [stdout] 
[INFO] [stdout] error: expected item, found `;`
[INFO] [stdout]   --> crates/common/src/advent.rs:16:2
[INFO] [stdout]    |
[INFO] [stdout] 16 | };
[INFO] [stdout]    |  ^ help: remove this semicolon
[INFO] [stdout]    |
[INFO] [stdout]    = help: trait declarations are not followed by a semicolon
[INFO] [stdout] 
[INFO] [stdout] 
[INFO] [stdout] error[E0583]: file not found for module `advent`
[INFO] [stdout]  --> crates/common/src/utils/terminal.rs:6:1
[INFO] [stdout]   |
[INFO] [stdout] 6 | pub mod advent;
[INFO] [stdout]   | ^^^^^^^^^^^^^^^
[INFO] [stdout]   |
[INFO] [stdout]   = help: to create the module `advent`, create file "crates/common/src/utils/terminal/advent.rs" or "crates/common/src/utils/terminal/advent/mod.rs"
[INFO] [stdout] 
[INFO] [stdout] 
[INFO] [stdout] error[E0412]: cannot find type `Input` in this scope
[INFO] [stdout]  --> crates/common/src/advent.rs:6:20
[INFO] [stdout]   |
[INFO] [stdout] 6 |     fn create(input: &Input) -> Self;
[INFO] [stdout]   |                       ^^^^^ help: you might have meant to use the associated type: `Self::Input`
[INFO] [stdout] 
[INFO] [stdout] 
[INFO] [stdout] error[E0412]: cannot find type `Output` in this scope
[INFO] [stdout]  --> crates/common/src/advent.rs:8:30
[INFO] [stdout]   |
[INFO] [stdout] 8 |     fn run(&mut self) -> Result<Output>;
[INFO] [stdout]   |                                 ^^^^^^
[INFO] [stdout]   |
[INFO] [stdout] help: you might have meant to use the associated type
[INFO] [stdout]   |
[INFO] [stdout] 8 |     fn run(&mut self) -> Result<Self::Output>;
[INFO] [stdout]   |                                 ^^^^^^^^^^^^
[INFO] [stdout] help: consider importing this struct
[INFO] [stdout]   |
[INFO] [stdout] 1 | use std::process::Output;
[INFO] [stdout]   |
[INFO] [stdout] 
[INFO] [stdout] 
[INFO] [stdout] error: expected item, found `;`
[INFO] [stdout]  --> crates/common/src/advent.rs:9:2
[INFO] [stdout]   |
[INFO] [stdout] 9 | };
[INFO] [stdout]   |  ^ help: remove this semicolon
[INFO] [stdout]   |
[INFO] [stdout]   = help: trait declarations are not followed by a semicolon
[INFO] [stdout] 
[INFO] [stdout] 
[INFO] [stdout] error: expected item, found `;`
[INFO] [stdout]   --> crates/common/src/advent.rs:16:2
[INFO] [stdout]    |
[INFO] [stdout] 16 | };
[INFO] [stdout]    |  ^ help: remove this semicolon
[INFO] [stdout]    |
[INFO] [stdout]    = help: trait declarations are not followed by a semicolon
[INFO] [stdout] 
[INFO] [stdout] 
[INFO] [stdout] error[E0583]: file not found for module `advent`
[INFO] [stdout]  --> crates/common/src/utils/terminal.rs:6:1
[INFO] [stdout]   |
[INFO] [stdout] 6 | pub mod advent;
[INFO] [stdout]   | ^^^^^^^^^^^^^^^
[INFO] [stdout]   |
[INFO] [stdout]   = help: to create the module `advent`, create file "crates/common/src/utils/terminal/advent.rs" or "crates/common/src/utils/terminal/advent/mod.rs"
[INFO] [stdout] 
[INFO] [stdout] 
[INFO] [stdout] error[E0412]: cannot find type `Input` in this scope
[INFO] [stdout]   --> crates/common/src/advent.rs:13:20
[INFO] [stdout]    |
[INFO] [stdout] 11 | pub trait AdventPuzzleGen<TInput=(), TOutput=()> {
[INFO] [stdout]    |                           ------ similarly named type parameter `TInput` defined here
[INFO] [stdout] 12 |     fn default() -> Self;
[INFO] [stdout] 13 |     fn create(input: &Input) -> Self;
[INFO] [stdout]    |                       ^^^^^ help: a type parameter with a similar name exists: `TInput`
[INFO] [stdout] 
[INFO] [stdout] 
[INFO] [stdout] error: Compilation failed, aborting rustdoc
[INFO] [stdout] 
[INFO] [stdout] 
[INFO] [stdout] error: aborting due to 7 previous errors
[INFO] [stdout] 
[INFO] [stdout] 
[INFO] [stdout] Some errors have detailed explanations: E0412, E0583.
[INFO] [stdout] 
[INFO] [stdout] For more information about an error, try `rustc --explain E0412`.
[INFO] [stdout] 
[INFO] [stderr] error: could not document `common`
[INFO] [stderr] 
[INFO] [stderr] Caused by:
[INFO] [stderr]   process didn't exit successfully: `rustdoc --edition=2018 --crate-type lib --crate-name common crates/common/src/lib.rs -o /opt/rustwide/target/doc --error-format=json --json=diagnostic-rendered-ansi --document-private-items -L dependency=/opt/rustwide/target/debug/deps --extern ansi_term=/opt/rustwide/target/debug/deps/libansi_term-fd7abddf7181542f.rmeta --extern lazy_static=/opt/rustwide/target/debug/deps/liblazy_static-acd7d23482fe8b54.rmeta --cap-lints=warn --crate-version 0.1.0` (exit status: 1)
[INFO] [stderr] warning: build failed, waiting for other jobs to finish...
[INFO] [stdout] error[E0412]: cannot find type `Input` in this scope
[INFO] [stdout]  --> crates/common/src/advent.rs:6:20
[INFO] [stdout]   |
[INFO] [stdout] 6 |     fn create(input: &Input) -> Self;
[INFO] [stdout]   |                       ^^^^^ help: you might have meant to use the associated type: `Self::Input`
[INFO] [stdout] 
[INFO] [stdout] 
[INFO] [stdout] error[E0412]: cannot find type `Output` in this scope
[INFO] [stdout]  --> crates/common/src/advent.rs:8:30
[INFO] [stdout]   |
[INFO] [stdout] 8 |     fn run(&mut self) -> Result<Output>;
[INFO] [stdout]   |                                 ^^^^^^
[INFO] [stdout]   |
[INFO] [stdout] help: you might have meant to use the associated type
[INFO] [stdout]   |
[INFO] [stdout] 8 |     fn run(&mut self) -> Result<Self::Output>;
[INFO] [stdout]   |                                 ^^^^^^^^^^^^
[INFO] [stdout] help: consider importing this struct
[INFO] [stdout]   |
[INFO] [stdout] 1 | use std::process::Output;
[INFO] [stdout]   |
[INFO] [stdout] 
[INFO] [stdout] 
[INFO] [stdout] error[E0412]: cannot find type `Input` in this scope
[INFO] [stdout]   --> crates/common/src/advent.rs:13:20
[INFO] [stdout]    |
[INFO] [stdout] 11 | pub trait AdventPuzzleGen<TInput=(), TOutput=()> {
[INFO] [stdout]    |                           ------ similarly named type parameter `TInput` defined here
[INFO] [stdout] 12 |     fn default() -> Self;
[INFO] [stdout] 13 |     fn create(input: &Input) -> Self;
[INFO] [stdout]    |                       ^^^^^ help: a type parameter with a similar name exists: `TInput`
[INFO] [stdout] 
[INFO] [stdout] 
[INFO] [stdout] error[E0107]: this enum takes 2 generic arguments but 1 generic argument was supplied
[INFO] [stdout]    --> crates/common/src/advent.rs:8:23
[INFO] [stdout]     |
[INFO] [stdout] 8   |     fn run(&mut self) -> Result<Output>;
[INFO] [stdout]     |                          ^^^^^^ ------ supplied 1 generic argument
[INFO] [stdout]     |                          |
[INFO] [stdout]     |                          expected 2 generic arguments
[INFO] [stdout]     |
[INFO] [stdout] note: enum defined here, with 2 generic parameters: `T`, `E`
[INFO] [stdout] help: add missing generic argument
[INFO] [stdout]     |
[INFO] [stdout] 8   |     fn run(&mut self) -> Result<Output, E>;
[INFO] [stdout]     |                                       ^^^
[INFO] [stdout] 
[INFO] [stdout] 
[INFO] [stdout] error[E0107]: this enum takes 2 generic arguments but 1 generic argument was supplied
[INFO] [stdout]    --> crates/common/src/advent.rs:15:23
[INFO] [stdout]     |
[INFO] [stdout] 15  |     fn run(&mut self) -> Result<TOutput>;
[INFO] [stdout]     |                          ^^^^^^ ------- supplied 1 generic argument
[INFO] [stdout]     |                          |
[INFO] [stdout]     |                          expected 2 generic arguments
[INFO] [stdout]     |
[INFO] [stdout] note: enum defined here, with 2 generic parameters: `T`, `E`
[INFO] [stdout] help: add missing generic argument
[INFO] [stdout]     |
[INFO] [stdout] 15  |     fn run(&mut self) -> Result<TOutput, E>;
[INFO] [stdout]     |                                        ^^^
[INFO] [stdout] 
[INFO] [stdout] 
[INFO] [stdout] error: aborting due to 8 previous errors
[INFO] [stdout] 
[INFO] [stdout] 
[INFO] [stdout] Some errors have detailed explanations: E0107, E0412, E0583.
[INFO] [stdout] 
[INFO] [stdout] For more information about an error, try `rustc --explain E0107`.
[INFO] [stdout] 
[INFO] [stderr] error: build failed
[INFO] running `Command { std: "docker" "inspect" "9d7dda0d3df47765f8d243cc35a923dbbded2263c8158f8f650600f73baaa30b", kill_on_drop: false }`
[INFO] running `Command { std: "docker" "rm" "-f" "9d7dda0d3df47765f8d243cc35a923dbbded2263c8158f8f650600f73baaa30b", kill_on_drop: false }`
[INFO] [stdout] 9d7dda0d3df47765f8d243cc35a923dbbded2263c8158f8f650600f73baaa30b
