[INFO] cloning repository https://github.com/tolerable-tech/etcd-nginx
[INFO] running `Command { std: "git" "-c" "credential.helper=" "-c" "credential.helper=/workspace/cargo-home/bin/git-credential-null" "clone" "--bare" "https://github.com/tolerable-tech/etcd-nginx" "/workspace/cache/git-repos/https%3A%2F%2Fgithub.com%2Ftolerable-tech%2Fetcd-nginx", kill_on_drop: false }`
[INFO] [stderr] Cloning into bare repository '/workspace/cache/git-repos/https%3A%2F%2Fgithub.com%2Ftolerable-tech%2Fetcd-nginx'...
[INFO] running `Command { std: "git" "rev-parse" "HEAD", kill_on_drop: false }`
[INFO] [stdout] cb6d47fe941cf02b9d21dcb4836b78daa74d6c2a
[INFO] documenting tolerable-tech/etcd-nginx against beta-2021-08-01 for beta-1.55-rustdoc-1
[INFO] running `Command { std: "git" "clone" "/workspace/cache/git-repos/https%3A%2F%2Fgithub.com%2Ftolerable-tech%2Fetcd-nginx" "/workspace/builds/worker-10/source", kill_on_drop: false }`
[INFO] [stderr] Cloning into '/workspace/builds/worker-10/source'...
[INFO] [stderr] done.
[INFO] validating manifest of git repo https://github.com/tolerable-tech/etcd-nginx on toolchain beta-2021-08-01
[INFO] running `Command { std: "/workspace/cargo-home/bin/cargo" "+beta-2021-08-01" "metadata" "--manifest-path" "Cargo.toml" "--no-deps", kill_on_drop: false }`
[INFO] started tweaking git repo https://github.com/tolerable-tech/etcd-nginx
[INFO] finished tweaking git repo https://github.com/tolerable-tech/etcd-nginx
[INFO] tweaked toml for git repo https://github.com/tolerable-tech/etcd-nginx written to /workspace/builds/worker-10/source/Cargo.toml
[INFO] crate git repo https://github.com/tolerable-tech/etcd-nginx already has a lockfile, it will not be regenerated
[INFO] running `Command { std: "/workspace/cargo-home/bin/cargo" "+beta-2021-08-01" "fetch" "--manifest-path" "Cargo.toml", kill_on_drop: false }`
[INFO] [stderr]  Downloading crates ...
[INFO] [stderr] warning: TOML file found which contains invalid syntax and will soon not parse
[INFO] [stderr] at `/workspace/cargo-home/registry/src/github.com-1ecc6299db9ec823/url-0.5.9/Cargo.toml`.
[INFO] [stderr] 
[INFO] [stderr] The TOML spec requires newlines after table definitions (e.g., `[a] b = 1` is
[INFO] [stderr] invalid), but this file has a table header which does not have a newline after
[INFO] [stderr] it. A newline needs to be added and this warning will soon become a hard error
[INFO] [stderr] in the future.
[INFO] [stderr]   Downloaded syntex v0.38.0
[INFO] [stderr]   Downloaded serde_json v0.7.1
[INFO] [stderr]   Downloaded openssl-sys v0.7.14
[INFO] [stderr]   Downloaded gcc v0.3.28
[INFO] [stderr]   Downloaded regex v0.1.73
[INFO] [stderr]   Downloaded chrono v0.2.22
[INFO] [stderr]   Downloaded syntex_pos v0.38.0
[INFO] [stderr]   Downloaded url v1.1.1
[INFO] [stderr]   Downloaded num v0.1.32
[INFO] [stderr]   Downloaded term v0.2.14
[INFO] [stderr]   Downloaded syntex v0.33.0
[INFO] [stderr]   Downloaded serde v0.7.7
[INFO] [stderr]   Downloaded mustache v0.7.0
[INFO] [stderr]   Downloaded num-traits v0.1.32
[INFO] [stderr]   Downloaded libc v0.2.13
[INFO] [stderr]   Downloaded mime v0.2.1
[INFO] [stderr]   Downloaded aster v0.21.1
[INFO] [stderr]   Downloaded syntex_syntax v0.38.0
[INFO] [stderr]   Downloaded quasi_codegen v0.15.0
[INFO] [stderr]   Downloaded syntex_errors v0.38.0
[INFO] [stderr]   Downloaded aho-corasick v0.5.2
[INFO] [stderr]   Downloaded uuid v0.2.2
[INFO] [stderr]   Downloaded regex-syntax v0.3.4
[INFO] [stderr]   Downloaded quasi v0.15.0
[INFO] [stderr]   Downloaded serde_codegen_internals v0.3.0
[INFO] [stderr]   Downloaded serde_codegen v0.7.14
[INFO] [stderr]   Downloaded syntex_syntax v0.33.0
[INFO] [stderr]   Downloaded thread_local v0.2.6
[INFO] [stderr]   Downloaded etcd v0.5.4
[INFO] running `Command { std: "docker" "create" "-v" "/var/lib/crater-agent-workspace/builds/worker-10/target:/opt/rustwide/target:rw,Z" "-v" "/var/lib/crater-agent-workspace/builds/worker-10/source:/opt/rustwide/workdir:ro,Z" "-v" "/var/lib/crater-agent-workspace/cargo-home:/opt/rustwide/cargo-home:ro,Z" "-v" "/var/lib/crater-agent-workspace/rustup-home:/opt/rustwide/rustup-home:ro,Z" "-e" "SOURCE_DIR=/opt/rustwide/workdir" "-e" "CARGO_TARGET_DIR=/opt/rustwide/target" "-e" "CARGO_HOME=/opt/rustwide/cargo-home" "-e" "RUSTUP_HOME=/opt/rustwide/rustup-home" "-w" "/opt/rustwide/workdir" "-m" "1610612736" "--user" "0:0" "--network" "none" "ghcr.io/rust-lang/crates-build-env/linux@sha256:34b6a614d2c27851fe6cbf88fbd1137609cefab8b10d0615aaeb6fd47975d74e" "/opt/rustwide/cargo-home/bin/cargo" "+beta-2021-08-01" "metadata" "--no-deps" "--format-version=1", kill_on_drop: false }`
[INFO] [stdout] a3470dfd20c386e98745c884af190285cd85dc3b98c3a379dfad8e070794dcdb
[INFO] [stderr] WARNING: Your kernel does not support swap limit capabilities or the cgroup is not mounted. Memory limited without swap.
[INFO] running `Command { std: "docker" "start" "-a" "a3470dfd20c386e98745c884af190285cd85dc3b98c3a379dfad8e070794dcdb", kill_on_drop: false }`
[INFO] running `Command { std: "docker" "inspect" "a3470dfd20c386e98745c884af190285cd85dc3b98c3a379dfad8e070794dcdb", kill_on_drop: false }`
[INFO] running `Command { std: "docker" "rm" "-f" "a3470dfd20c386e98745c884af190285cd85dc3b98c3a379dfad8e070794dcdb", kill_on_drop: false }`
[INFO] [stdout] a3470dfd20c386e98745c884af190285cd85dc3b98c3a379dfad8e070794dcdb
[INFO] running `Command { std: "docker" "create" "-v" "/var/lib/crater-agent-workspace/builds/worker-10/target:/opt/rustwide/target:rw,Z" "-v" "/var/lib/crater-agent-workspace/builds/worker-10/source:/opt/rustwide/workdir:ro,Z" "-v" "/var/lib/crater-agent-workspace/cargo-home:/opt/rustwide/cargo-home:ro,Z" "-v" "/var/lib/crater-agent-workspace/rustup-home:/opt/rustwide/rustup-home:ro,Z" "-e" "SOURCE_DIR=/opt/rustwide/workdir" "-e" "CARGO_TARGET_DIR=/opt/rustwide/target" "-e" "CARGO_INCREMENTAL=0" "-e" "RUST_BACKTRACE=full" "-e" "RUSTDOCFLAGS=--cap-lints=warn" "-e" "CARGO_HOME=/opt/rustwide/cargo-home" "-e" "RUSTUP_HOME=/opt/rustwide/rustup-home" "-w" "/opt/rustwide/workdir" "-m" "1610612736" "--user" "0:0" "--network" "none" "ghcr.io/rust-lang/crates-build-env/linux@sha256:34b6a614d2c27851fe6cbf88fbd1137609cefab8b10d0615aaeb6fd47975d74e" "/opt/rustwide/cargo-home/bin/cargo" "+beta-2021-08-01" "doc" "--frozen" "--no-deps" "--document-private-items" "--message-format=json", kill_on_drop: false }`
[INFO] [stdout] 2df5dbafd41e1f0d4b7f3f2c2d7b2db535a47108e634df7f1e2aeb27ca3b2bc1
[INFO] [stderr] WARNING: Your kernel does not support swap limit capabilities or the cgroup is not mounted. Memory limited without swap.
[INFO] running `Command { std: "docker" "start" "-a" "2df5dbafd41e1f0d4b7f3f2c2d7b2db535a47108e634df7f1e2aeb27ca3b2bc1", kill_on_drop: false }`
[INFO] [stderr]     Blocking waiting for file lock on package cache
[INFO] [stderr] warning: TOML file found which contains invalid syntax and will soon not parse
[INFO] [stderr] at `/opt/rustwide/cargo-home/registry/src/github.com-1ecc6299db9ec823/url-0.5.9/Cargo.toml`.
[INFO] [stderr] 
[INFO] [stderr] The TOML spec requires newlines after table definitions (e.g., `[a] b = 1` is
[INFO] [stderr] invalid), but this file has a table header which does not have a newline after
[INFO] [stderr] it. A newline needs to be added and this warning will soon become a hard error
[INFO] [stderr] in the future.
[INFO] [stderr]     Checking libc v0.2.13
[INFO] [stderr]    Compiling winapi v0.2.7
[INFO] [stderr]    Compiling rustc-serialize v0.3.19
[INFO] [stderr]    Compiling gcc v0.3.28
[INFO] [stderr]     Checking matches v0.1.2
[INFO] [stderr]     Checking unicode-normalization v0.1.2
[INFO] [stderr]     Checking lazy_static v0.2.1
[INFO] [stderr]     Checking httparse v1.1.2
[INFO] [stderr]     Checking serde v0.7.7
[INFO] [stderr]     Checking regex-syntax v0.3.4
[INFO] [stderr]     Checking getopts v0.2.14
[INFO] [stderr]    Compiling openssl-sys v0.7.14
[INFO] [stderr]     Checking mime v0.2.1
[INFO] [stderr]     Checking num-iter v0.1.32
[INFO] [stderr]    Compiling kernel32-sys v0.2.2
[INFO] [stderr]     Checking unicode-bidi v0.2.3
[INFO] [stdout] error[E0642]: patterns aren't allowed in functions without bodies
[INFO] [stdout]    --> /opt/rustwide/cargo-home/registry/src/github.com-1ecc6299db9ec823/rustc-serialize-0.3.19/src/serialize.rs:147:45
[INFO] [stdout]     |
[INFO] [stdout] 147 | ...                   &f_name: &str,
[INFO] [stdout]     |                       ^^^^^^^ pattern not allowed in function without body
[INFO] [stdout] 
[INFO] [stdout] 
[INFO] [stdout] error[E0642]: patterns aren't allowed in functions without bodies
[INFO] [stdout]    --> /opt/rustwide/cargo-home/registry/src/github.com-1ecc6299db9ec823/rustc-serialize-0.3.19/src/serialize.rs:147:45
[INFO] [stdout]     |
[INFO] [stdout] 147 | ...                   &f_name: &str,
[INFO] [stdout]     |                       ^^^^^^^ pattern not allowed in function without body
[INFO] [stdout] 
[INFO] [stdout] 
[INFO] [stdout] error[E0503]: cannot use `state` because it was mutably borrowed
[INFO] [stdout]     --> /opt/rustwide/cargo-home/registry/src/github.com-1ecc6299db9ec823/getopts-0.2.14/src/lib.rs:1008:33
[INFO] [stdout]      |
[INFO] [stdout] 955  |     let mut machine = |cont: &mut bool, (i, c): (usize, char)| {
[INFO] [stdout]      |                       ---------------------------------------- borrow of `state` occurs here
[INFO] [stdout] ...
[INFO] [stdout] 959  |         state = match (state, whitespace, limit) {
[INFO] [stdout]      |         ----- borrow occurs due to use of `state` in closure
[INFO] [stdout] ...
[INFO] [stdout] 1008 |     while cont && match state { B | C => true, A => false } {
[INFO] [stdout]      |                                 ^ use of borrowed `state`
[INFO] [stdout] 1009 |         machine(&mut cont, (fake_i, ' '));
[INFO] [stdout]      |         ------- borrow later used here
[INFO] [stdout] 
[INFO] [stdout] 
[INFO] [stdout] error: aborting due to previous error
[INFO] [stdout] 
[INFO] [stdout] 
[INFO] [stdout] For more information about this error, try `rustc --explain E0503`.
[INFO] [stdout] 
[INFO] [stderr] error: could not compile `getopts` due to 2 previous errors
[INFO] [stderr] warning: build failed, waiting for other jobs to finish...
[INFO] [stdout] error: aborting due to previous error
[INFO] [stdout] 
[INFO] [stdout] 
[INFO] [stdout] For more information about this error, try `rustc --explain E0642`.
[INFO] [stdout] 
[INFO] [stdout] error: aborting due to previous error
[INFO] [stdout] 
[INFO] [stdout] 
[INFO] [stdout] For more information about this error, try `rustc --explain E0642`.
[INFO] [stdout] 
[INFO] [stderr] error: build failed
[INFO] running `Command { std: "docker" "inspect" "2df5dbafd41e1f0d4b7f3f2c2d7b2db535a47108e634df7f1e2aeb27ca3b2bc1", kill_on_drop: false }`
[INFO] running `Command { std: "docker" "rm" "-f" "2df5dbafd41e1f0d4b7f3f2c2d7b2db535a47108e634df7f1e2aeb27ca3b2bc1", kill_on_drop: false }`
[INFO] [stdout] 2df5dbafd41e1f0d4b7f3f2c2d7b2db535a47108e634df7f1e2aeb27ca3b2bc1
