[INFO] cloning repository https://github.com/tobratland/learning-to-fly
[INFO] running `Command { std: "git" "-c" "credential.helper=" "-c" "credential.helper=/workspace/cargo-home/bin/git-credential-null" "clone" "--bare" "https://github.com/tobratland/learning-to-fly" "/workspace/cache/git-repos/https%3A%2F%2Fgithub.com%2Ftobratland%2Flearning-to-fly", kill_on_drop: false }`
[INFO] [stderr] Cloning into bare repository '/workspace/cache/git-repos/https%3A%2F%2Fgithub.com%2Ftobratland%2Flearning-to-fly'...
[INFO] running `Command { std: "git" "rev-parse" "HEAD", kill_on_drop: false }`
[INFO] [stdout] 5a6e6134253720ec0ce54905cf08e2ee862f4722
[INFO] documenting tobratland/learning-to-fly against 1.54.0 for beta-1.55-rustdoc-1
[INFO] running `Command { std: "git" "clone" "/workspace/cache/git-repos/https%3A%2F%2Fgithub.com%2Ftobratland%2Flearning-to-fly" "/workspace/builds/worker-14/source", kill_on_drop: false }`
[INFO] [stderr] Cloning into '/workspace/builds/worker-14/source'...
[INFO] [stderr] done.
[INFO] validating manifest of git repo https://github.com/tobratland/learning-to-fly on toolchain 1.54.0
[INFO] running `Command { std: "/workspace/cargo-home/bin/cargo" "+1.54.0" "metadata" "--manifest-path" "Cargo.toml" "--no-deps", kill_on_drop: false }`
[INFO] removed /workspace/builds/worker-14/source/rust-toolchain.toml
[INFO] started tweaking git repo https://github.com/tobratland/learning-to-fly
[INFO] finished tweaking git repo https://github.com/tobratland/learning-to-fly
[INFO] tweaked toml for git repo https://github.com/tobratland/learning-to-fly written to /workspace/builds/worker-14/source/Cargo.toml
[INFO] crate git repo https://github.com/tobratland/learning-to-fly already has a lockfile, it will not be regenerated
[INFO] running `Command { std: "/workspace/cargo-home/bin/cargo" "+1.54.0" "fetch" "--manifest-path" "Cargo.toml", kill_on_drop: false }`
[INFO] running `Command { std: "docker" "create" "-v" "/var/lib/crater-agent-workspace/builds/worker-14/target:/opt/rustwide/target:rw,Z" "-v" "/var/lib/crater-agent-workspace/builds/worker-14/source:/opt/rustwide/workdir:ro,Z" "-v" "/var/lib/crater-agent-workspace/cargo-home:/opt/rustwide/cargo-home:ro,Z" "-v" "/var/lib/crater-agent-workspace/rustup-home:/opt/rustwide/rustup-home:ro,Z" "-e" "SOURCE_DIR=/opt/rustwide/workdir" "-e" "CARGO_TARGET_DIR=/opt/rustwide/target" "-e" "CARGO_HOME=/opt/rustwide/cargo-home" "-e" "RUSTUP_HOME=/opt/rustwide/rustup-home" "-w" "/opt/rustwide/workdir" "-m" "1610612736" "--user" "0:0" "--network" "none" "ghcr.io/rust-lang/crates-build-env/linux@sha256:34b6a614d2c27851fe6cbf88fbd1137609cefab8b10d0615aaeb6fd47975d74e" "/opt/rustwide/cargo-home/bin/cargo" "+1.54.0" "metadata" "--no-deps" "--format-version=1", kill_on_drop: false }`
[INFO] [stderr] WARNING: Your kernel does not support swap limit capabilities or the cgroup is not mounted. Memory limited without swap.
[INFO] [stdout] 614434dbc486ce178dce3f90be23b5efd9719f5dbf08ac137abde35bbb8644c4
[INFO] running `Command { std: "docker" "start" "-a" "614434dbc486ce178dce3f90be23b5efd9719f5dbf08ac137abde35bbb8644c4", kill_on_drop: false }`
[INFO] running `Command { std: "docker" "inspect" "614434dbc486ce178dce3f90be23b5efd9719f5dbf08ac137abde35bbb8644c4", kill_on_drop: false }`
[INFO] running `Command { std: "docker" "rm" "-f" "614434dbc486ce178dce3f90be23b5efd9719f5dbf08ac137abde35bbb8644c4", kill_on_drop: false }`
[INFO] [stdout] 614434dbc486ce178dce3f90be23b5efd9719f5dbf08ac137abde35bbb8644c4
[INFO] running `Command { std: "docker" "create" "-v" "/var/lib/crater-agent-workspace/builds/worker-14/target:/opt/rustwide/target:rw,Z" "-v" "/var/lib/crater-agent-workspace/builds/worker-14/source:/opt/rustwide/workdir:ro,Z" "-v" "/var/lib/crater-agent-workspace/cargo-home:/opt/rustwide/cargo-home:ro,Z" "-v" "/var/lib/crater-agent-workspace/rustup-home:/opt/rustwide/rustup-home:ro,Z" "-e" "SOURCE_DIR=/opt/rustwide/workdir" "-e" "CARGO_TARGET_DIR=/opt/rustwide/target" "-e" "CARGO_INCREMENTAL=0" "-e" "RUST_BACKTRACE=full" "-e" "RUSTDOCFLAGS=--cap-lints=warn" "-e" "CARGO_HOME=/opt/rustwide/cargo-home" "-e" "RUSTUP_HOME=/opt/rustwide/rustup-home" "-w" "/opt/rustwide/workdir" "-m" "1610612736" "--user" "0:0" "--network" "none" "ghcr.io/rust-lang/crates-build-env/linux@sha256:34b6a614d2c27851fe6cbf88fbd1137609cefab8b10d0615aaeb6fd47975d74e" "/opt/rustwide/cargo-home/bin/cargo" "+1.54.0" "doc" "--frozen" "--no-deps" "--document-private-items" "--message-format=json", kill_on_drop: false }`
[INFO] [stdout] d60024c1897bb98643abde79b9b78f5fd8defe11449ffddba79c841b9e6e2dbe
[INFO] [stderr] WARNING: Your kernel does not support swap limit capabilities or the cgroup is not mounted. Memory limited without swap.
[INFO] running `Command { std: "docker" "start" "-a" "d60024c1897bb98643abde79b9b78f5fd8defe11449ffddba79c841b9e6e2dbe", kill_on_drop: false }`
[INFO] [stderr]     Blocking waiting for file lock on package cache
[INFO] [stderr]    Compiling wasm-bindgen-shared v0.2.74
[INFO] [stderr]    Compiling bumpalo v3.7.0
[INFO] [stderr]    Compiling wasm-bindgen v0.2.74
[INFO] [stderr]     Checking getrandom v0.2.3
[INFO] [stderr]     Checking approx v0.4.0
[INFO] [stderr]     Checking num-complex v0.3.1
[INFO] [stderr]     Checking serde_json v1.0.64
[INFO] [stderr]     Checking rand_core v0.6.3
[INFO] [stderr]     Checking rand_chacha v0.3.1
[INFO] [stderr]     Checking simba v0.4.0
[INFO] [stderr]    Compiling wasm-bindgen-backend v0.2.74
[INFO] [stderr]     Checking rand v0.8.4
[INFO] [stderr]    Compiling wasm-bindgen-macro-support v0.2.74
[INFO] [stderr]     Checking neural-network v0.1.0 (/opt/rustwide/workdir/libs/neural-network)
[INFO] [stderr]     Checking genetic-algorithm v0.1.0 (/opt/rustwide/workdir/libs/genetic-algorithm)
[INFO] [stderr]  Documenting neural-network v0.1.0 (/opt/rustwide/workdir/libs/neural-network)
[INFO] [stderr]  Documenting genetic-algorithm v0.1.0 (/opt/rustwide/workdir/libs/genetic-algorithm)
[INFO] [stdout] error[E0554]: `#![feature]` may not be used on the stable release channel
[INFO] [stdout]  --> libs/neural-network/src/lib.rs:1:1
[INFO] [stdout]   |
[INFO] [stdout] 1 | #![feature(crate_visibility_modifier)]
[INFO] [stdout]   | ^^^^^^^^^^^^^^^^^^^^^^^^^^^^^^^^^^^^^^
[INFO] [stdout] 
[INFO] [stdout] 
[INFO] [stdout] warning: unused import: `rand::thread_rng`
[INFO] [stdout]  --> libs/neural-network/src/lib.rs:2:5
[INFO] [stdout]   |
[INFO] [stdout] 2 | use rand::thread_rng;
[INFO] [stdout]   |     ^^^^^^^^^^^^^^^^
[INFO] [stdout]   |
[INFO] [stdout]   = note: `#[warn(unused_imports)]` on by default
[INFO] [stdout] 
[INFO] [stdout] 
[INFO] [stdout] warning: unused import: `rand::SeedableRng`
[INFO] [stdout]  --> libs/neural-network/src/lib.rs:4:5
[INFO] [stdout]   |
[INFO] [stdout] 4 | use rand::SeedableRng;
[INFO] [stdout]   |     ^^^^^^^^^^^^^^^^^
[INFO] [stdout] 
[INFO] [stdout] 
[INFO] [stdout] warning: unused import: `rand_chacha::ChaCha8Rng`
[INFO] [stdout]  --> libs/neural-network/src/lib.rs:5:5
[INFO] [stdout]   |
[INFO] [stdout] 5 | use rand_chacha::ChaCha8Rng;
[INFO] [stdout]   |     ^^^^^^^^^^^^^^^^^^^^^^^
[INFO] [stdout] 
[INFO] [stdout] 
[INFO] [stdout] error[E0554]: `#![feature]` may not be used on the stable release channel
[INFO] [stdout]  --> libs/neural-network/src/lib.rs:1:1
[INFO] [stdout]   |
[INFO] [stdout] 1 | #![feature(crate_visibility_modifier)]
[INFO] [stdout]   | ^^^^^^^^^^^^^^^^^^^^^^^^^^^^^^^^^^^^^^
[INFO] [stdout] 
[INFO] [stdout] 
[INFO] [stdout] error: Compilation failed, aborting rustdoc
[INFO] [stdout] 
[INFO] [stdout] 
[INFO] [stdout] error: aborting due to 2 previous errors
[INFO] [stdout] 
[INFO] [stdout] 
[INFO] [stdout] For more information about this error, try `rustc --explain E0554`.
[INFO] [stdout] 
[INFO] [stderr] error: could not document `neural-network`
[INFO] [stderr] 
[INFO] [stderr] Caused by:
[INFO] [stderr]   process didn't exit successfully: `rustdoc --edition=2018 --crate-type lib --crate-name neural_network libs/neural-network/src/lib.rs -o /opt/rustwide/target/doc --error-format=json --json=diagnostic-rendered-ansi --document-private-items -L dependency=/opt/rustwide/target/debug/deps --extern rand=/opt/rustwide/target/debug/deps/librand-ce29b3338820566f.rmeta --extern rand_chacha=/opt/rustwide/target/debug/deps/librand_chacha-8809a60f76630744.rmeta --cap-lints=warn --crate-version 0.1.0` (exit status: 1)
[INFO] [stderr] warning: build failed, waiting for other jobs to finish...
[INFO] [stdout] error[E0554]: `#![feature]` may not be used on the stable release channel
[INFO] [stdout]  --> libs/genetic-algorithm/src/lib.rs:1:1
[INFO] [stdout]   |
[INFO] [stdout] 1 | #![feature(min_type_alias_impl_trait)]
[INFO] [stdout]   | ^^^^^^^^^^^^^^^^^^^^^^^^^^^^^^^^^^^^^^
[INFO] [stdout] 
[INFO] [stdout] 
[INFO] [stdout] warning: unused import: `rand::SeedableRng`
[INFO] [stdout]  --> libs/genetic-algorithm/src/lib.rs:5:5
[INFO] [stdout]   |
[INFO] [stdout] 5 | use rand::SeedableRng;
[INFO] [stdout]   |     ^^^^^^^^^^^^^^^^^
[INFO] [stdout]   |
[INFO] [stdout]   = note: `#[warn(unused_imports)]` on by default
[INFO] [stdout] 
[INFO] [stdout] 
[INFO] [stdout] warning: unused import: `rand_chacha::ChaCha8Rng`
[INFO] [stdout]  --> libs/genetic-algorithm/src/lib.rs:6:5
[INFO] [stdout]   |
[INFO] [stdout] 6 | use rand_chacha::ChaCha8Rng;
[INFO] [stdout]   |     ^^^^^^^^^^^^^^^^^^^^^^^
[INFO] [stdout] 
[INFO] [stdout] 
[INFO] [stdout] error: aborting due to previous error; 3 warnings emitted
[INFO] [stdout] 
[INFO] [stdout] 
[INFO] [stdout] For more information about this error, try `rustc --explain E0554`.
[INFO] [stdout] 
[INFO] [stdout] error[E0554]: `#![feature]` may not be used on the stable release channel
[INFO] [stdout]  --> libs/genetic-algorithm/src/lib.rs:1:1
[INFO] [stdout]   |
[INFO] [stdout] 1 | #![feature(min_type_alias_impl_trait)]
[INFO] [stdout]   | ^^^^^^^^^^^^^^^^^^^^^^^^^^^^^^^^^^^^^^
[INFO] [stdout] 
[INFO] [stdout] 
[INFO] [stdout] error: Compilation failed, aborting rustdoc
[INFO] [stdout] 
[INFO] [stdout] 
[INFO] [stdout] error: aborting due to 2 previous errors
[INFO] [stdout] 
[INFO] [stdout] 
[INFO] [stdout] For more information about this error, try `rustc --explain E0554`.
[INFO] [stdout] 
[INFO] [stdout] error: aborting due to previous error; 2 warnings emitted
[INFO] [stdout] 
[INFO] [stdout] 
[INFO] [stdout] For more information about this error, try `rustc --explain E0554`.
[INFO] [stdout] 
[INFO] [stderr] error: build failed
[INFO] running `Command { std: "docker" "inspect" "d60024c1897bb98643abde79b9b78f5fd8defe11449ffddba79c841b9e6e2dbe", kill_on_drop: false }`
[INFO] running `Command { std: "docker" "rm" "-f" "d60024c1897bb98643abde79b9b78f5fd8defe11449ffddba79c841b9e6e2dbe", kill_on_drop: false }`
[INFO] [stdout] d60024c1897bb98643abde79b9b78f5fd8defe11449ffddba79c841b9e6e2dbe
