[INFO] cloning repository https://github.com/thiskevinwang/diesel_demo
[INFO] running `Command { std: "git" "-c" "credential.helper=" "-c" "credential.helper=/workspace/cargo-home/bin/git-credential-null" "clone" "--bare" "https://github.com/thiskevinwang/diesel_demo" "/workspace/cache/git-repos/https%3A%2F%2Fgithub.com%2Fthiskevinwang%2Fdiesel_demo", kill_on_drop: false }`
[INFO] [stderr] Cloning into bare repository '/workspace/cache/git-repos/https%3A%2F%2Fgithub.com%2Fthiskevinwang%2Fdiesel_demo'...
[INFO] running `Command { std: "git" "rev-parse" "HEAD", kill_on_drop: false }`
[INFO] [stdout] c1b73647bc477e246252597b3ab0841df812e4e7
[INFO] documenting thiskevinwang/diesel_demo against 1.54.0 for beta-1.55-rustdoc-1
[INFO] running `Command { std: "git" "clone" "/workspace/cache/git-repos/https%3A%2F%2Fgithub.com%2Fthiskevinwang%2Fdiesel_demo" "/workspace/builds/worker-14/source", kill_on_drop: false }`
[INFO] [stderr] Cloning into '/workspace/builds/worker-14/source'...
[INFO] [stderr] done.
[INFO] validating manifest of git repo https://github.com/thiskevinwang/diesel_demo on toolchain 1.54.0
[INFO] running `Command { std: "/workspace/cargo-home/bin/cargo" "+1.54.0" "metadata" "--manifest-path" "Cargo.toml" "--no-deps", kill_on_drop: false }`
[INFO] started tweaking git repo https://github.com/thiskevinwang/diesel_demo
[INFO] finished tweaking git repo https://github.com/thiskevinwang/diesel_demo
[INFO] tweaked toml for git repo https://github.com/thiskevinwang/diesel_demo written to /workspace/builds/worker-14/source/Cargo.toml
[INFO] crate git repo https://github.com/thiskevinwang/diesel_demo already has a lockfile, it will not be regenerated
[INFO] running `Command { std: "/workspace/cargo-home/bin/cargo" "+1.54.0" "fetch" "--manifest-path" "Cargo.toml", kill_on_drop: false }`
[INFO] [stderr]     Blocking waiting for file lock on package cache
[INFO] [stderr]     Blocking waiting for file lock on package cache
[INFO] running `Command { std: "docker" "create" "-v" "/var/lib/crater-agent-workspace/builds/worker-14/target:/opt/rustwide/target:rw,Z" "-v" "/var/lib/crater-agent-workspace/builds/worker-14/source:/opt/rustwide/workdir:ro,Z" "-v" "/var/lib/crater-agent-workspace/cargo-home:/opt/rustwide/cargo-home:ro,Z" "-v" "/var/lib/crater-agent-workspace/rustup-home:/opt/rustwide/rustup-home:ro,Z" "-e" "SOURCE_DIR=/opt/rustwide/workdir" "-e" "CARGO_TARGET_DIR=/opt/rustwide/target" "-e" "CARGO_HOME=/opt/rustwide/cargo-home" "-e" "RUSTUP_HOME=/opt/rustwide/rustup-home" "-w" "/opt/rustwide/workdir" "-m" "1610612736" "--user" "0:0" "--network" "none" "ghcr.io/rust-lang/crates-build-env/linux@sha256:34b6a614d2c27851fe6cbf88fbd1137609cefab8b10d0615aaeb6fd47975d74e" "/opt/rustwide/cargo-home/bin/cargo" "+1.54.0" "metadata" "--no-deps" "--format-version=1", kill_on_drop: false }`
[INFO] [stdout] 67c99c3ab011c504bf7d2a60223fafb7158ec4ebeba19059424ce0fb71fb54dd
[INFO] running `Command { std: "docker" "start" "-a" "67c99c3ab011c504bf7d2a60223fafb7158ec4ebeba19059424ce0fb71fb54dd", kill_on_drop: false }`
[INFO] running `Command { std: "docker" "inspect" "67c99c3ab011c504bf7d2a60223fafb7158ec4ebeba19059424ce0fb71fb54dd", kill_on_drop: false }`
[INFO] running `Command { std: "docker" "rm" "-f" "67c99c3ab011c504bf7d2a60223fafb7158ec4ebeba19059424ce0fb71fb54dd", kill_on_drop: false }`
[INFO] [stdout] 67c99c3ab011c504bf7d2a60223fafb7158ec4ebeba19059424ce0fb71fb54dd
[INFO] running `Command { std: "docker" "create" "-v" "/var/lib/crater-agent-workspace/builds/worker-14/target:/opt/rustwide/target:rw,Z" "-v" "/var/lib/crater-agent-workspace/builds/worker-14/source:/opt/rustwide/workdir:ro,Z" "-v" "/var/lib/crater-agent-workspace/cargo-home:/opt/rustwide/cargo-home:ro,Z" "-v" "/var/lib/crater-agent-workspace/rustup-home:/opt/rustwide/rustup-home:ro,Z" "-e" "SOURCE_DIR=/opt/rustwide/workdir" "-e" "CARGO_TARGET_DIR=/opt/rustwide/target" "-e" "CARGO_INCREMENTAL=0" "-e" "RUST_BACKTRACE=full" "-e" "RUSTDOCFLAGS=--cap-lints=warn" "-e" "CARGO_HOME=/opt/rustwide/cargo-home" "-e" "RUSTUP_HOME=/opt/rustwide/rustup-home" "-w" "/opt/rustwide/workdir" "-m" "1610612736" "--user" "0:0" "--network" "none" "ghcr.io/rust-lang/crates-build-env/linux@sha256:34b6a614d2c27851fe6cbf88fbd1137609cefab8b10d0615aaeb6fd47975d74e" "/opt/rustwide/cargo-home/bin/cargo" "+1.54.0" "doc" "--frozen" "--no-deps" "--document-private-items" "--message-format=json", kill_on_drop: false }`
[INFO] [stdout] 5a14bdf1a1c5d804b40bfcbaffc68ec2385f860bbbd506fc68fe41d8fc9f0fcc
[INFO] running `Command { std: "docker" "start" "-a" "5a14bdf1a1c5d804b40bfcbaffc68ec2385f860bbbd506fc68fe41d8fc9f0fcc", kill_on_drop: false }`
[INFO] [stderr]    Compiling syn v1.0.17
[INFO] [stderr]    Compiling proc-macro-hack v0.5.14
[INFO] [stderr]     Checking arc-swap v0.4.5
[INFO] [stderr]    Compiling backtrace-sys v0.1.34
[INFO] [stderr]     Checking num_cpus v1.12.0
[INFO] [stderr]     Checking parking_lot_core v0.7.0
[INFO] [stderr]     Checking hostname v0.3.1
[INFO] [stderr]     Checking socket2 v0.3.11
[INFO] [stderr]     Checking listenfd v0.3.3
[INFO] [stderr]     Checking mio v0.6.21
[INFO] [stderr]     Checking url v2.1.1
[INFO] [stderr]     Checking brotli-sys v0.3.2
[INFO] [stderr]     Checking flate2 v1.0.14
[INFO] [stderr]     Checking regex v1.3.5
[INFO] [stderr]     Checking generic-array v0.12.3
[INFO] [stderr]    Compiling diesel-derive-enum v0.4.4
[INFO] [stderr]     Checking dotenv v0.9.0
[INFO] [stderr]     Checking brotli2 v0.3.2
[INFO] [stderr]     Checking threadpool v1.7.1
[INFO] [stderr]     Checking resolv-conf v0.6.3
[INFO] [stderr]     Checking signal-hook-registry v1.2.0
[INFO] [stderr]     Checking parking_lot v0.10.0
[INFO] [stderr]     Checking block-cipher-trait v0.6.2
[INFO] [stderr]     Checking mio-uds v0.6.7
[INFO] [stderr]     Checking blowfish v0.4.0
[INFO] [stderr]     Checking tokio v0.2.13
[INFO] [stderr]     Checking bcrypt v0.7.0
[INFO] [stderr]     Checking backtrace v0.3.45
[INFO] [stderr]     Checking tokio-util v0.2.0
[INFO] [stderr]     Checking actix-codec v0.2.0
[INFO] [stderr]    Compiling synstructure v0.12.3
[INFO] [stderr]    Compiling futures-macro v0.3.4
[INFO] [stderr]    Compiling pin-project-internal v0.4.8
[INFO] [stderr]    Compiling derive_more v0.99.3
[INFO] [stderr]    Compiling actix-macros v0.1.1
[INFO] [stderr]    Compiling serde_derive v1.0.106
[INFO] [stderr]    Compiling async-trait v0.1.24
[INFO] [stderr]    Compiling enum-as-inner v0.3.2
[INFO] [stderr]    Compiling failure_derive v0.1.7
[INFO] [stderr]    Compiling thiserror-impl v1.0.13
[INFO] [stderr]    Compiling actix_derive v0.5.0
[INFO] [stderr]    Compiling diesel_derives v1.4.1
[INFO] [stderr]    Compiling actix-web-codegen v0.2.1
[INFO] [stderr]     Checking failure v0.1.7
[INFO] [stderr]     Checking futures-util v0.3.4
[INFO] [stderr]     Checking pin-project v0.4.8
[INFO] [stderr]     Checking thiserror v1.0.13
[INFO] [stderr]     Checking futures-executor v0.3.4
[INFO] [stderr]     Checking actix-service v1.0.5
[INFO] [stderr]     Checking h2 v0.2.2
[INFO] [stderr]     Checking futures v0.3.4
[INFO] [stderr]     Checking trust-dns-proto v0.18.0-alpha.2
[INFO] [stderr]     Checking trust-dns-proto v0.19.3
[INFO] [stderr]     Checking actix-threadpool v0.3.1
[INFO] [stderr]     Checking actix-rt v1.0.0
[INFO] [stderr]     Checking actix-utils v1.0.6
[INFO] [stderr]     Checking actix-server v1.0.2
[INFO] [stderr]     Checking actix-tls v1.0.0
[INFO] [stderr]     Checking trust-dns-resolver v0.19.3
[INFO] [stderr]     Checking trust-dns-resolver v0.18.0-alpha.2
[INFO] [stderr]     Checking actix-testing v1.0.0
[INFO] [stderr]     Checking actix-connect v1.0.2
[INFO] [stderr]     Checking actix v0.10.0-alpha.2
[INFO] [stderr]     Checking serde v1.0.106
[INFO] [stderr]     Checking chrono v0.4.11
[INFO] [stderr]     Checking serde_json v1.0.48
[INFO] [stderr]     Checking serde_urlencoded v0.6.1
[INFO] [stderr]     Checking actix-router v0.2.4
[INFO] [stderr]     Checking uuid v0.8.1
[INFO] [stderr]     Checking diesel v1.4.4
[INFO] [stderr]     Checking actix-http v1.0.1
[INFO] [stderr]     Checking awc v1.0.1
[INFO] [stderr]     Checking actix-web v2.0.0
[INFO] [stderr]     Checking rust_server v0.1.0 (/opt/rustwide/workdir)
[INFO] [stderr]  Documenting rust_server v0.1.0 (/opt/rustwide/workdir)
[INFO] [stdout] warning: unused imports: `Attempts`, `Comments`, `Reactions`
[INFO] [stdout]  --> src/models.rs:3:21
[INFO] [stdout]   |
[INFO] [stdout] 3 | use super::schema::{Attempts, Comments, Reactions, Users};
[INFO] [stdout]   |                     ^^^^^^^^  ^^^^^^^^  ^^^^^^^^^
[INFO] [stdout]   |
[INFO] [stdout]   = note: `#[warn(unused_imports)]` on by default
[INFO] [stdout] 
[INFO] [stdout] 
[INFO] [stdout] warning: unused import: `Deserialize`
[INFO] [stdout]  --> src/models.rs:4:13
[INFO] [stdout]   |
[INFO] [stdout] 4 | use serde::{Deserialize, Serialize};
[INFO] [stdout]   |             ^^^^^^^^^^^
[INFO] [stdout] 
[INFO] [stdout] 
[INFO] [stdout] warning: structure field `userId` should have a snake case name
[INFO] [stdout]   --> src/models.rs:16:9
[INFO] [stdout]    |
[INFO] [stdout] 16 |     pub userId: i32,
[INFO] [stdout]    |         ^^^^^^ help: convert the identifier to snake case: `user_id`
[INFO] [stdout]    |
[INFO] [stdout]    = note: `#[warn(non_snake_case)]` on by default
[INFO] [stdout] 
[INFO] [stdout] 
[INFO] [stdout] warning: structure field `userId` should have a snake case name
[INFO] [stdout]   --> src/models.rs:28:9
[INFO] [stdout]    |
[INFO] [stdout] 28 |     pub userId: i32,
[INFO] [stdout]    |         ^^^^^^ help: convert the identifier to snake case: `user_id`
[INFO] [stdout] 
[INFO] [stdout] 
[INFO] [stdout] warning: structure field `commentId` should have a snake case name
[INFO] [stdout]   --> src/models.rs:50:9
[INFO] [stdout]    |
[INFO] [stdout] 50 |     pub commentId: i32,
[INFO] [stdout]    |         ^^^^^^^^^ help: convert the identifier to snake case: `comment_id`
[INFO] [stdout] 
[INFO] [stdout] 
[INFO] [stdout] warning: structure field `userId` should have a snake case name
[INFO] [stdout]   --> src/models.rs:51:9
[INFO] [stdout]    |
[INFO] [stdout] 51 |     pub userId: i32,
[INFO] [stdout]    |         ^^^^^^ help: convert the identifier to snake case: `user_id`
[INFO] [stdout] 
[INFO] [stdout] 
[INFO] [stdout] warning: module `Attempts` should have a snake case name
[INFO] [stdout]  --> src/schema.rs:2:5
[INFO] [stdout]   |
[INFO] [stdout] 2 |     Attempts (id) {
[INFO] [stdout]   |     ^^^^^^^^ help: convert the identifier to snake case: `attempts`
[INFO] [stdout] 
[INFO] [stdout] 
[INFO] [stdout] warning: module `Comments` should have a snake case name
[INFO] [stdout]   --> src/schema.rs:16:5
[INFO] [stdout]    |
[INFO] [stdout] 16 |     Comments (id) {
[INFO] [stdout]    |     ^^^^^^^^ help: convert the identifier to snake case (notice the capitalization): `comments`
[INFO] [stdout] 
[INFO] [stdout] 
[INFO] [stdout] warning: module `Reactions` should have a snake case name
[INFO] [stdout]   --> src/schema.rs:30:5
[INFO] [stdout]    |
[INFO] [stdout] 30 |     Reactions (id) {
[INFO] [stdout]    |     ^^^^^^^^^ help: convert the identifier to snake case: `reactions`
[INFO] [stdout] 
[INFO] [stdout] 
[INFO] [stdout] warning: module `Users` should have a snake case name
[INFO] [stdout]   --> src/schema.rs:44:5
[INFO] [stdout]    |
[INFO] [stdout] 44 |     Users (id) {
[INFO] [stdout]    |     ^^^^^ help: convert the identifier to snake case (notice the capitalization): `users`
[INFO] [stdout] 
[INFO] [stdout] 
[INFO] [stdout] warning: 10 warnings emitted
[INFO] [stdout] 
[INFO] [stdout] 
[INFO] [stdout] error: mismatched closing delimiter: `}`
[INFO] [stdout]   --> src/bin/publish_post.rs:25:1
[INFO] [stdout]    |
[INFO] [stdout] 9  | fn main() {
[INFO] [stdout]    |           - closing delimiter possibly meant for this
[INFO] [stdout] ...
[INFO] [stdout] 21 |         .set(published.eq(true)
[INFO] [stdout]    |             - unclosed delimiter
[INFO] [stdout] ...
[INFO] [stdout] 25 | }
[INFO] [stdout]    | ^ mismatched closing delimiter
[INFO] [stdout] 
[INFO] [stdout] 
[INFO] [stdout] error: expected one of `)`, `,`, `.`, `?`, or an operator, found `;`
[INFO] [stdout]   --> src/bin/publish_post.rs:23:56
[INFO] [stdout]    |
[INFO] [stdout] 21 |         .set(published.eq(true)
[INFO] [stdout]    |             - unclosed delimiter
[INFO] [stdout] 22 |         .get_result::<Post>(&connection)
[INFO] [stdout] 23 |         .expect(&format!("Unable to find post {}", id));
[INFO] [stdout]    |                                                        ^ help: `)` may belong here
[INFO] [stdout] 
[INFO] [stdout] 
[INFO] [stdout] error: expected expression, found `)`
[INFO] [stdout]   --> src/bin/publish_post.rs:25:1
[INFO] [stdout]    |
[INFO] [stdout] 25 | }
[INFO] [stdout]    | ^ expected expression
[INFO] [stdout] 
[INFO] [stdout] 
[INFO] [stdout] error: unexpected token: `.`
[INFO] [stdout]   --> src/bin/actix-db.rs:62:13
[INFO] [stdout]    |
[INFO] [stdout] 62 |             .filter(published.eq(true))
[INFO] [stdout]    |             ^
[INFO] [stdout] 
[INFO] [stdout] 
[INFO] [stdout] error[E0433]: failed to resolve: could not find `posts` in `schema`
[INFO] [stdout]   --> src/bin/publish_post.rs:11:30
[INFO] [stdout]    |
[INFO] [stdout] 11 |     use rust_server::schema::posts::dsl::{posts, published};
[INFO] [stdout]    |                              ^^^^^ could not find `posts` in `schema`
[INFO] [stdout] 
[INFO] [stdout] 
[INFO] [stdout] error[E0432]: unresolved import `self::models::Post`
[INFO] [stdout]  --> src/bin/publish_post.rs:6:5
[INFO] [stdout]   |
[INFO] [stdout] 6 | use self::models::Post;
[INFO] [stdout]   |     ^^^^^^^^^^^^^^^^^^ no `Post` in `models`
[INFO] [stdout] 
[INFO] [stdout] 
[INFO] [stdout] error[E0433]: failed to resolve: could not find `posts` in `schema`
[INFO] [stdout]   --> src/bin/actix-db.rs:43:34
[INFO] [stdout]    |
[INFO] [stdout] 43 |         use rust_server::schema::posts::dsl::*;
[INFO] [stdout]    |                                  ^^^^^ could not find `posts` in `schema`
[INFO] [stdout] 
[INFO] [stdout] 
[INFO] [stdout] error[E0432]: unresolved import `schema::posts`
[INFO] [stdout]   --> src/bin/actix-db.rs:54:13
[INFO] [stdout]    |
[INFO] [stdout] 54 |         use schema::posts;
[INFO] [stdout]    |             ^^^^^^^^^^^^^ no `posts` in `schema`
[INFO] [stdout] 
[INFO] [stdout] 
[INFO] [stderr] error: could not document `rust_server`
[INFO] [stdout] error[E0412]: cannot find type `Post` in this scope
[INFO] [stdout]   --> src/bin/actix-db.rs:28:26
[INFO] [stdout]    |
[INFO] [stdout] 27 | impl Message for CreatePost {
[INFO] [stdout]    |     - help: you might be missing a type parameter: `<Post>`
[INFO] [stdout] 28 |     type Result = Result<Post, Error>;
[INFO] [stdout]    |                          ^^^^ not found in this scope
[INFO] [stdout] 
[INFO] [stdout] 
[INFO] [stderr] 
[INFO] [stdout] error[E0412]: cannot find type `Post` in this scope
[INFO] [stdout]   --> src/bin/actix-db.rs:40:26
[INFO] [stdout]    |
[INFO] [stdout] 39 | impl Handler<CreatePost> for DbExecutor {
[INFO] [stdout]    |     - help: you might be missing a type parameter: `<Post>`
[INFO] [stdout] 40 |     type Result = Result<Post, Error>;
[INFO] [stdout]    |                          ^^^^ not found in this scope
[INFO] [stdout] 
[INFO] [stdout] 
[INFO] [stderr] Caused by:
[INFO] [stdout] error[E0412]: cannot find type `HttpRequest` in this scope
[INFO] [stdout]   --> src/bin/actix-db.rs:76:16
[INFO] [stdout]    |
[INFO] [stdout] 76 | fn index(req: &HttpRequest<State>) -> Box<Future<Item = HttpResponse, Error = Error>> {
[INFO] [stdout]    |                ^^^^^^^^^^^ not found in this scope
[INFO] [stdout]    |
[INFO] [stdout] help: consider importing this struct
[INFO] [stdout]    |
[INFO] [stdout] 5  | use actix_web::HttpRequest;
[INFO] [stdout]    |
[INFO] [stdout] 
[INFO] [stdout] 
[INFO] [stderr]   process didn't exit successfully: `rustdoc --edition=2018 --crate-type bin --crate-name actix_db src/bin/actix-db.rs -o /opt/rustwide/target/doc --error-format=json --json=diagnostic-rendered-ansi --document-private-items -L dependency=/opt/rustwide/target/debug/deps --extern actix=/opt/rustwide/target/debug/deps/libactix-89737b45cb53bc30.rmeta --extern actix_rt=/opt/rustwide/target/debug/deps/libactix_rt-76e2a97e0a4bbc57.rmeta --extern actix_web=/opt/rustwide/target/debug/deps/libactix_web-e41a567afa0d0edf.rmeta --extern bcrypt=/opt/rustwide/target/debug/deps/libbcrypt-74e80d13607fcdea.rmeta --extern chrono=/opt/rustwide/target/debug/deps/libchrono-b6718a4edc820aa5.rmeta --extern diesel=/opt/rustwide/target/debug/deps/libdiesel-986cb299bcab5969.rmeta --extern diesel_derive_enum=/opt/rustwide/target/debug/deps/libdiesel_derive_enum-7c295d15aea14792.so --extern dotenv=/opt/rustwide/target/debug/deps/libdotenv-4eeb166d9771419f.rmeta --extern listenfd=/opt/rustwide/target/debug/deps/liblistenfd-13d10dc250d0f434.rmeta --extern rand=/opt/rustwide/target/debug/deps/librand-2b9cf981e3aee9fd.rmeta --extern rust_server=/opt/rustwide/target/debug/deps/librust_server-687a4f7903c640ab.rmeta --extern serde=/opt/rustwide/target/debug/deps/libserde-cf0f2aba6d74c903.rmeta --extern uuid=/opt/rustwide/target/debug/deps/libuuid-b1ecada085c25488.rmeta --cap-lints=warn --crate-version 0.1.0` (exit status: 1)
[INFO] [stdout] error[E0412]: cannot find type `HttpResponse` in this scope
[INFO] [stdout]    --> src/bin/actix-db.rs:76:57
[INFO] [stdout]     |
[INFO] [stdout] 76  | fn index(req: &HttpRequest<State>) -> Box<Future<Item = HttpResponse, Error = Error>> {
[INFO] [stdout]     |                                                         ^^^^^^^^^^^^
[INFO] [stdout]     | 
[INFO] [stdout]    ::: /opt/rustwide/cargo-home/registry/src/github.com-1ecc6299db9ec823/actix-0.10.0-alpha.2/src/handler.rs:512:1
[INFO] [stdout]     |
[INFO] [stdout] 512 | pub struct ActorResponse<A, I, E> {
[INFO] [stdout]     | --------------------------------- similarly named struct `ActorResponse` defined here
[INFO] [stdout]     |
[INFO] [stdout] help: a struct with a similar name exists
[INFO] [stdout]     |
[INFO] [stdout] 76  | fn index(req: &HttpRequest<State>) -> Box<Future<Item = ActorResponse, Error = Error>> {
[INFO] [stdout]     |                                                         ^^^^^^^^^^^^^
[INFO] [stdout] help: consider importing this struct
[INFO] [stdout]     |
[INFO] [stdout] 5   | use actix_web::HttpResponse;
[INFO] [stdout]     |
[INFO] [stdout] 
[INFO] [stdout] 
[INFO] [stderr] warning: build failed, waiting for other jobs to finish...
[INFO] [stdout] error: Compilation failed, aborting rustdoc
[INFO] [stdout] 
[INFO] [stdout] 
[INFO] [stdout] error: aborting due to 8 previous errors
[INFO] [stdout] 
[INFO] [stdout] 
[INFO] [stdout] Some errors have detailed explanations: E0412, E0432, E0433.
[INFO] [stdout] 
[INFO] [stdout] For more information about an error, try `rustc --explain E0412`.
[INFO] [stdout] 
[INFO] [stdout] error: Compilation failed, aborting rustdoc
[INFO] [stdout] 
[INFO] [stdout] 
[INFO] [stdout] error: aborting due to 6 previous errors
[INFO] [stdout] 
[INFO] [stdout] 
[INFO] [stdout] Some errors have detailed explanations: E0432, E0433.
[INFO] [stdout] 
[INFO] [stdout] For more information about an error, try `rustc --explain E0432`.
[INFO] [stdout] 
[INFO] [stderr] error: build failed
[INFO] running `Command { std: "docker" "inspect" "5a14bdf1a1c5d804b40bfcbaffc68ec2385f860bbbd506fc68fe41d8fc9f0fcc", kill_on_drop: false }`
[INFO] running `Command { std: "docker" "rm" "-f" "5a14bdf1a1c5d804b40bfcbaffc68ec2385f860bbbd506fc68fe41d8fc9f0fcc", kill_on_drop: false }`
[INFO] [stdout] 5a14bdf1a1c5d804b40bfcbaffc68ec2385f860bbbd506fc68fe41d8fc9f0fcc
