[INFO] cloning repository https://github.com/theduke/gitlord
[INFO] running `Command { std: "git" "-c" "credential.helper=" "-c" "credential.helper=/workspace/cargo-home/bin/git-credential-null" "clone" "--bare" "https://github.com/theduke/gitlord" "/workspace/cache/git-repos/https%3A%2F%2Fgithub.com%2Ftheduke%2Fgitlord", kill_on_drop: false }`
[INFO] [stderr] Cloning into bare repository '/workspace/cache/git-repos/https%3A%2F%2Fgithub.com%2Ftheduke%2Fgitlord'...
[INFO] running `Command { std: "git" "rev-parse" "HEAD", kill_on_drop: false }`
[INFO] [stdout] b399c481bf033d78885cf64fe8d3b0287ef4906b
[INFO] documenting theduke/gitlord against 1.54.0 for beta-1.55-rustdoc-1
[INFO] running `Command { std: "git" "clone" "/workspace/cache/git-repos/https%3A%2F%2Fgithub.com%2Ftheduke%2Fgitlord" "/workspace/builds/worker-0/source", kill_on_drop: false }`
[INFO] [stderr] Cloning into '/workspace/builds/worker-0/source'...
[INFO] [stderr] done.
[INFO] validating manifest of git repo https://github.com/theduke/gitlord on toolchain 1.54.0
[INFO] running `Command { std: "/workspace/cargo-home/bin/cargo" "+1.54.0" "metadata" "--manifest-path" "Cargo.toml" "--no-deps", kill_on_drop: false }`
[INFO] started tweaking git repo https://github.com/theduke/gitlord
[INFO] finished tweaking git repo https://github.com/theduke/gitlord
[INFO] tweaked toml for git repo https://github.com/theduke/gitlord written to /workspace/builds/worker-0/source/Cargo.toml
[INFO] crate git repo https://github.com/theduke/gitlord already has a lockfile, it will not be regenerated
[INFO] running `Command { std: "/workspace/cargo-home/bin/cargo" "+1.54.0" "fetch" "--manifest-path" "Cargo.toml", kill_on_drop: false }`
[INFO] running `Command { std: "docker" "create" "-v" "/var/lib/crater-agent-workspace/builds/worker-0/target:/opt/rustwide/target:rw,Z" "-v" "/var/lib/crater-agent-workspace/builds/worker-0/source:/opt/rustwide/workdir:ro,Z" "-v" "/var/lib/crater-agent-workspace/cargo-home:/opt/rustwide/cargo-home:ro,Z" "-v" "/var/lib/crater-agent-workspace/rustup-home:/opt/rustwide/rustup-home:ro,Z" "-e" "SOURCE_DIR=/opt/rustwide/workdir" "-e" "CARGO_TARGET_DIR=/opt/rustwide/target" "-e" "CARGO_HOME=/opt/rustwide/cargo-home" "-e" "RUSTUP_HOME=/opt/rustwide/rustup-home" "-w" "/opt/rustwide/workdir" "-m" "1610612736" "--user" "0:0" "--network" "none" "ghcr.io/rust-lang/crates-build-env/linux@sha256:34b6a614d2c27851fe6cbf88fbd1137609cefab8b10d0615aaeb6fd47975d74e" "/opt/rustwide/cargo-home/bin/cargo" "+1.54.0" "metadata" "--no-deps" "--format-version=1", kill_on_drop: false }`
[INFO] [stdout] 8574538cf2f9af3249f814ea2748b69c7c5697c254aa6afdfb9ad877ce5de450
[INFO] [stderr] WARNING: Your kernel does not support swap limit capabilities or the cgroup is not mounted. Memory limited without swap.
[INFO] running `Command { std: "docker" "start" "-a" "8574538cf2f9af3249f814ea2748b69c7c5697c254aa6afdfb9ad877ce5de450", kill_on_drop: false }`
[INFO] running `Command { std: "docker" "inspect" "8574538cf2f9af3249f814ea2748b69c7c5697c254aa6afdfb9ad877ce5de450", kill_on_drop: false }`
[INFO] running `Command { std: "docker" "rm" "-f" "8574538cf2f9af3249f814ea2748b69c7c5697c254aa6afdfb9ad877ce5de450", kill_on_drop: false }`
[INFO] [stdout] 8574538cf2f9af3249f814ea2748b69c7c5697c254aa6afdfb9ad877ce5de450
[INFO] running `Command { std: "docker" "create" "-v" "/var/lib/crater-agent-workspace/builds/worker-0/target:/opt/rustwide/target:rw,Z" "-v" "/var/lib/crater-agent-workspace/builds/worker-0/source:/opt/rustwide/workdir:ro,Z" "-v" "/var/lib/crater-agent-workspace/cargo-home:/opt/rustwide/cargo-home:ro,Z" "-v" "/var/lib/crater-agent-workspace/rustup-home:/opt/rustwide/rustup-home:ro,Z" "-e" "SOURCE_DIR=/opt/rustwide/workdir" "-e" "CARGO_TARGET_DIR=/opt/rustwide/target" "-e" "CARGO_INCREMENTAL=0" "-e" "RUST_BACKTRACE=full" "-e" "RUSTDOCFLAGS=--cap-lints=warn" "-e" "CARGO_HOME=/opt/rustwide/cargo-home" "-e" "RUSTUP_HOME=/opt/rustwide/rustup-home" "-w" "/opt/rustwide/workdir" "-m" "1610612736" "--user" "0:0" "--network" "none" "ghcr.io/rust-lang/crates-build-env/linux@sha256:34b6a614d2c27851fe6cbf88fbd1137609cefab8b10d0615aaeb6fd47975d74e" "/opt/rustwide/cargo-home/bin/cargo" "+1.54.0" "doc" "--frozen" "--no-deps" "--document-private-items" "--message-format=json", kill_on_drop: false }`
[INFO] [stdout] 07935022362fadf5ca99a66bb886ff1f43348d1375ceb61867e9868baf90f1df
[INFO] [stderr] WARNING: Your kernel does not support swap limit capabilities or the cgroup is not mounted. Memory limited without swap.
[INFO] running `Command { std: "docker" "start" "-a" "07935022362fadf5ca99a66bb886ff1f43348d1375ceb61867e9868baf90f1df", kill_on_drop: false }`
[INFO] [stderr]     Checking slog v2.1.1
[INFO] [stderr]     Checking trackable v0.2.10
[INFO] [stderr]     Checking futures-await-await-macro v0.1.0
[INFO] [stderr]    Compiling rand v0.4.2
[INFO] [stderr]     Checking toml v0.4.5
[INFO] [stderr]    Compiling proc-macro2 v0.1.10
[INFO] [stderr]    Compiling openssl v0.9.24
[INFO] [stderr]     Checking tokio-core v0.1.12
[INFO] [stderr]     Checking url v1.7.0
[INFO] [stderr]     Checking regex v0.2.6
[INFO] [stderr]     Checking chrono v0.4.0
[INFO] [stderr]     Checking backtrace v0.3.5
[INFO] [stderr] error: failed to run custom build command for `openssl v0.9.24`
[INFO] [stderr] 
[INFO] [stderr] Caused by:
[INFO] [stderr]   process didn't exit successfully: `/opt/rustwide/target/debug/build/openssl-51bb1243ada793c5/build-script-build` (exit status: 101)
[INFO] [stderr]   --- stderr
[INFO] [stderr]   thread 'main' panicked at 'Unable to detect OpenSSL version', /opt/rustwide/cargo-home/registry/src/github.com-1ecc6299db9ec823/openssl-0.9.24/build.rs:16:14
[INFO] [stderr]   stack backtrace:
[INFO] [stderr]      0:     0x563a57c03c10 - std::backtrace_rs::backtrace::libunwind::trace::h34055254b57d8e79
[INFO] [stderr]                                  at /rustc/a178d0322ce20e33eac124758e837cbd80a6f633/library/std/src/../../backtrace/src/backtrace/libunwind.rs:90:5
[INFO] [stderr]      1:     0x563a57c03c10 - std::backtrace_rs::backtrace::trace_unsynchronized::h8f1e3fbd9afff6ec
[INFO] [stderr]                                  at /rustc/a178d0322ce20e33eac124758e837cbd80a6f633/library/std/src/../../backtrace/src/backtrace/mod.rs:66:5
[INFO] [stderr]      2:     0x563a57c03c10 - std::sys_common::backtrace::_print_fmt::h3a99a796b770c360
[INFO] [stderr]                                  at /rustc/a178d0322ce20e33eac124758e837cbd80a6f633/library/std/src/sys_common/backtrace.rs:67:5
[INFO] [stderr]      3:     0x563a57c03c10 - <std::sys_common::backtrace::_print::DisplayBacktrace as core::fmt::Display>::fmt::h32d1f94a80615d18
[INFO] [stderr]                                  at /rustc/a178d0322ce20e33eac124758e837cbd80a6f633/library/std/src/sys_common/backtrace.rs:46:22
[INFO] [stderr]      4:     0x563a57c1d57c - core::fmt::write::h306731c068f7162c
[INFO] [stderr]                                  at /rustc/a178d0322ce20e33eac124758e837cbd80a6f633/library/core/src/fmt/mod.rs:1110:17
[INFO] [stderr]      5:     0x563a57c024f5 - std::io::Write::write_fmt::hd2fa90334eee2a21
[INFO] [stderr]                                  at /rustc/a178d0322ce20e33eac124758e837cbd80a6f633/library/std/src/io/mod.rs:1588:15
[INFO] [stderr]      6:     0x563a57c0583b - std::sys_common::backtrace::_print::h5abaa2601a852287
[INFO] [stderr]                                  at /rustc/a178d0322ce20e33eac124758e837cbd80a6f633/library/std/src/sys_common/backtrace.rs:49:5
[INFO] [stderr]      7:     0x563a57c0583b - std::sys_common::backtrace::print::h8d81445442bb638f
[INFO] [stderr]                                  at /rustc/a178d0322ce20e33eac124758e837cbd80a6f633/library/std/src/sys_common/backtrace.rs:36:9
[INFO] [stderr]      8:     0x563a57c0583b - std::panicking::default_hook::{{closure}}::hcfe804496a9fa747
[INFO] [stderr]                                  at /rustc/a178d0322ce20e33eac124758e837cbd80a6f633/library/std/src/panicking.rs:208:50
[INFO] [stderr]      9:     0x563a57c05311 - std::panicking::default_hook::hbea8e3ccf2ba8901
[INFO] [stderr]                                  at /rustc/a178d0322ce20e33eac124758e837cbd80a6f633/library/std/src/panicking.rs:225:9
[INFO] [stderr]     10:     0x563a57c05f04 - std::panicking::rust_panic_with_hook::h7ee9e1a2d0f8975a
[INFO] [stderr]                                  at /rustc/a178d0322ce20e33eac124758e837cbd80a6f633/library/std/src/panicking.rs:622:17
[INFO] [stderr]     11:     0x563a57bf3a4f - std::panicking::begin_panic::{{closure}}::h6de0169f65333f92
[INFO] [stderr]                                  at /rustc/a178d0322ce20e33eac124758e837cbd80a6f633/library/std/src/panicking.rs:542:9
[INFO] [stderr]     12:     0x563a57bf4288 - std::sys_common::backtrace::__rust_end_short_backtrace::haa0ea7fb2210f05a
[INFO] [stderr]                                  at /rustc/a178d0322ce20e33eac124758e837cbd80a6f633/library/std/src/sys_common/backtrace.rs:141:18
[INFO] [stderr]     13:     0x563a57bf3995 - std::panicking::begin_panic::hff3a715f88f110ff
[INFO] [stderr]                                  at /rustc/a178d0322ce20e33eac124758e837cbd80a6f633/library/std/src/panicking.rs:541:12
[INFO] [stderr]     14:     0x563a57bf1798 - build_script_build::main::h66a7c12f397fbf16
[INFO] [stderr]                                  at /opt/rustwide/cargo-home/registry/src/github.com-1ecc6299db9ec823/openssl-0.9.24/build.rs:16:14
[INFO] [stderr]     15:     0x563a57bf4c7b - core::ops::function::FnOnce::call_once::h878e07fbba05002b
[INFO] [stderr]                                  at /rustc/a178d0322ce20e33eac124758e837cbd80a6f633/library/core/src/ops/function.rs:227:5
[INFO] [stderr]     16:     0x563a57bf42ce - std::sys_common::backtrace::__rust_begin_short_backtrace::hd9de2885e17b5ff9
[INFO] [stderr]                                  at /rustc/a178d0322ce20e33eac124758e837cbd80a6f633/library/std/src/sys_common/backtrace.rs:125:18
[INFO] [stderr]     17:     0x563a57bf2801 - std::rt::lang_start::{{closure}}::ha03ae6deeb2c6079
[INFO] [stderr]                                  at /rustc/a178d0322ce20e33eac124758e837cbd80a6f633/library/std/src/rt.rs:49:18
[INFO] [stderr]     18:     0x563a57c06409 - core::ops::function::impls::<impl core::ops::function::FnOnce<A> for &F>::call_once::h2aabc384aab89b7b
[INFO] [stderr]                                  at /rustc/a178d0322ce20e33eac124758e837cbd80a6f633/library/core/src/ops/function.rs:259:13
[INFO] [stderr]     19:     0x563a57c06409 - std::panicking::try::do_call::hc5fcacb7a85fc7b1
[INFO] [stderr]                                  at /rustc/a178d0322ce20e33eac124758e837cbd80a6f633/library/std/src/panicking.rs:401:40
[INFO] [stderr]     20:     0x563a57c06409 - std::panicking::try::hb5d9603af3abbe3a
[INFO] [stderr]                                  at /rustc/a178d0322ce20e33eac124758e837cbd80a6f633/library/std/src/panicking.rs:365:19
[INFO] [stderr]     21:     0x563a57c06409 - std::panic::catch_unwind::h98fe6ac3925e64b4
[INFO] [stderr]                                  at /rustc/a178d0322ce20e33eac124758e837cbd80a6f633/library/std/src/panic.rs:434:14
[INFO] [stderr]     22:     0x563a57c06409 - std::rt::lang_start_internal::h22ac7383c516f93e
[INFO] [stderr]                                  at /rustc/a178d0322ce20e33eac124758e837cbd80a6f633/library/std/src/rt.rs:34:21
[INFO] [stderr]     23:     0x563a57bf27e0 - std::rt::lang_start::heeac903f38322445
[INFO] [stderr]                                  at /rustc/a178d0322ce20e33eac124758e837cbd80a6f633/library/std/src/rt.rs:48:5
[INFO] [stderr]     24:     0x563a57bf1eac - main
[INFO] [stderr]     25:     0x7fbdd129b0b3 - __libc_start_main
[INFO] [stderr]     26:     0x563a57bef73e - _start
[INFO] [stderr]     27:                0x0 - <unknown>
[INFO] [stderr] warning: build failed, waiting for other jobs to finish...
[INFO] [stdout] error[E0433]: failed to resolve: could not find `TokenNode` in `proc_macro`
[INFO] [stdout]    --> /opt/rustwide/cargo-home/registry/src/github.com-1ecc6299db9ec823/proc-macro2-0.1.10/src/unstable.rs:125:29
[INFO] [stdout]     |
[INFO] [stdout] 125 |                 proc_macro::TokenNode::Group(delim, s) => {
[INFO] [stdout]     |                             ^^^^^^^^^ could not find `TokenNode` in `proc_macro`
[INFO] [stdout] 
[INFO] [stdout] 
[INFO] [stdout] error[E0433]: failed to resolve: could not find `TokenNode` in `proc_macro`
[INFO] [stdout]    --> /opt/rustwide/cargo-home/registry/src/github.com-1ecc6299db9ec823/proc-macro2-0.1.10/src/unstable.rs:134:29
[INFO] [stdout]     |
[INFO] [stdout] 134 |                 proc_macro::TokenNode::Op(ch, kind) => {
[INFO] [stdout]     |                             ^^^^^^^^^ could not find `TokenNode` in `proc_macro`
[INFO] [stdout] 
[INFO] [stdout] 
[INFO] [stdout] error[E0433]: failed to resolve: could not find `TokenNode` in `proc_macro`
[INFO] [stdout]    --> /opt/rustwide/cargo-home/registry/src/github.com-1ecc6299db9ec823/proc-macro2-0.1.10/src/unstable.rs:141:29
[INFO] [stdout]     |
[INFO] [stdout] 141 |                 proc_macro::TokenNode::Term(s) => {
[INFO] [stdout]     |                             ^^^^^^^^^ could not find `TokenNode` in `proc_macro`
[INFO] [stdout] 
[INFO] [stdout] 
[INFO] [stdout] error[E0433]: failed to resolve: could not find `TokenNode` in `proc_macro`
[INFO] [stdout]    --> /opt/rustwide/cargo-home/registry/src/github.com-1ecc6299db9ec823/proc-macro2-0.1.10/src/unstable.rs:144:29
[INFO] [stdout]     |
[INFO] [stdout] 144 |                 proc_macro::TokenNode::Literal(l) => {
[INFO] [stdout]     |                             ^^^^^^^^^ could not find `TokenNode` in `proc_macro`
[INFO] [stdout] 
[INFO] [stdout] 
[INFO] [stdout] error[E0433]: failed to resolve: could not find `TokenNode` in `proc_macro`
[INFO] [stdout]    --> /opt/rustwide/cargo-home/registry/src/github.com-1ecc6299db9ec823/proc-macro2-0.1.10/src/unstable.rs:361:21
[INFO] [stdout]     |
[INFO] [stdout] 361 |         proc_macro::TokenNode::Literal(l) => l,
[INFO] [stdout]     |                     ^^^^^^^^^ could not find `TokenNode` in `proc_macro`
[INFO] [stdout] 
[INFO] [stdout] 
[INFO] [stdout] error[E0574]: expected struct, variant or union type, found enum `proc_macro::TokenTree`
[INFO] [stdout]   --> /opt/rustwide/cargo-home/registry/src/github.com-1ecc6299db9ec823/proc-macro2-0.1.10/src/unstable.rs:54:21
[INFO] [stdout]    |
[INFO] [stdout] 54 |         TokenStream(proc_macro::TokenTree {
[INFO] [stdout]    |                     ^^^^^^^^^^^^^^^^^^^^^ not a struct, variant or union type
[INFO] [stdout]    |
[INFO] [stdout] help: consider importing this struct instead
[INFO] [stdout]    |
[INFO] [stdout] 1  | use TokenTree;
[INFO] [stdout]    |
[INFO] [stdout] 
[INFO] [stdout] 
[INFO] [stdout] error[E0433]: failed to resolve: could not find `TokenNode` in `proc_macro`
[INFO] [stdout]    --> /opt/rustwide/cargo-home/registry/src/github.com-1ecc6299db9ec823/proc-macro2-0.1.10/src/unstable.rs:64:33
[INFO] [stdout]     |
[INFO] [stdout] 64  |                       proc_macro::TokenNode::Group(delim, (s.0).0)
[INFO] [stdout]     |                                   ^^^^^^^^^
[INFO] [stdout]     |
[INFO] [stdout] help: an enum with a similar name exists
[INFO] [stdout]     |
[INFO] [stdout] 64  |                     proc_macro::TokenTree::Group(delim, (s.0).0)
[INFO] [stdout]     |                                 ^^^^^^^^^
[INFO] [stdout] help: consider importing this enum
[INFO] [stdout]     |
[INFO] [stdout] 1   | use TokenNode;
[INFO] [stdout]     |
[INFO] [stdout] 
[INFO] [stdout] 
[INFO] [stdout] error[E0433]: failed to resolve: could not find `TokenNode` in `proc_macro`
[INFO] [stdout]    --> /opt/rustwide/cargo-home/registry/src/github.com-1ecc6299db9ec823/proc-macro2-0.1.10/src/unstable.rs:71:33
[INFO] [stdout]     |
[INFO] [stdout] 71  |                       proc_macro::TokenNode::Op(ch, kind)
[INFO] [stdout]     |                                   ^^^^^^^^^
[INFO] [stdout]     |
[INFO] [stdout] help: an enum with a similar name exists
[INFO] [stdout]     |
[INFO] [stdout] 71  |                     proc_macro::TokenTree::Op(ch, kind)
[INFO] [stdout]     |                                 ^^^^^^^^^
[INFO] [stdout] help: consider importing this enum
[INFO] [stdout]     |
[INFO] [stdout] 1   | use TokenNode;
[INFO] [stdout]     |
[INFO] [stdout] 
[INFO] [stdout] 
[INFO] [stdout] error[E0433]: failed to resolve: could not find `TokenNode` in `proc_macro`
[INFO] [stdout]    --> /opt/rustwide/cargo-home/registry/src/github.com-1ecc6299db9ec823/proc-macro2-0.1.10/src/unstable.rs:74:33
[INFO] [stdout]     |
[INFO] [stdout] 74  |                       proc_macro::TokenNode::Term((s.0).0)
[INFO] [stdout]     |                                   ^^^^^^^^^
[INFO] [stdout]     |
[INFO] [stdout] help: an enum with a similar name exists
[INFO] [stdout]     |
[INFO] [stdout] 74  |                     proc_macro::TokenTree::Term((s.0).0)
[INFO] [stdout]     |                                 ^^^^^^^^^
[INFO] [stdout] help: consider importing this enum
[INFO] [stdout]     |
[INFO] [stdout] 1   | use TokenNode;
[INFO] [stdout]     |
[INFO] [stdout] 
[INFO] [stdout] 
[INFO] [stdout] error[E0433]: failed to resolve: could not find `TokenNode` in `proc_macro`
[INFO] [stdout]    --> /opt/rustwide/cargo-home/registry/src/github.com-1ecc6299db9ec823/proc-macro2-0.1.10/src/unstable.rs:77:33
[INFO] [stdout]     |
[INFO] [stdout] 77  |                       proc_macro::TokenNode::Literal((l.0).0)
[INFO] [stdout]     |                                   ^^^^^^^^^
[INFO] [stdout]     |
[INFO] [stdout] help: an enum with a similar name exists
[INFO] [stdout]     |
[INFO] [stdout] 77  |                     proc_macro::TokenTree::Literal((l.0).0)
[INFO] [stdout]     |                                 ^^^^^^^^^
[INFO] [stdout] help: consider importing this enum
[INFO] [stdout]     |
[INFO] [stdout] 1   | use TokenNode;
[INFO] [stdout]     |
[INFO] [stdout] 
[INFO] [stdout] 
[INFO] [stdout] error[E0412]: cannot find type `TokenTreeIter` in crate `proc_macro`
[INFO] [stdout]    --> /opt/rustwide/cargo-home/registry/src/github.com-1ecc6299db9ec823/proc-macro2-0.1.10/src/unstable.rs:103:38
[INFO] [stdout]     |
[INFO] [stdout] 103 |   pub struct TokenTreeIter(proc_macro::TokenTreeIter);
[INFO] [stdout]     |                                        ^^^^^^^^^^^^^
[INFO] [stdout]     |
[INFO] [stdout] help: an enum with a similar name exists
[INFO] [stdout]     |
[INFO] [stdout] 103 | pub struct TokenTreeIter(proc_macro::TokenTree);
[INFO] [stdout]     |                                      ^^^^^^^^^
[INFO] [stdout] help: consider importing this struct
[INFO] [stdout]     |
[INFO] [stdout] 1   | use TokenTreeIter;
[INFO] [stdout]     |
[INFO] [stdout] 
[INFO] [stdout] 
[INFO] [stdout] error[E0412]: cannot find type `Term` in crate `proc_macro`
[INFO] [stdout]    --> /opt/rustwide/cargo-home/registry/src/github.com-1ecc6299db9ec823/proc-macro2-0.1.10/src/unstable.rs:270:29
[INFO] [stdout]     |
[INFO] [stdout] 270 | pub struct Term(proc_macro::Term);
[INFO] [stdout]     |                             ^^^^ not found in `proc_macro`
[INFO] [stdout]     |
[INFO] [stdout] help: consider importing this struct
[INFO] [stdout]     |
[INFO] [stdout] 1   | use Term;
[INFO] [stdout]     |
[INFO] [stdout] 
[INFO] [stdout] 
[INFO] [stdout] error[E0433]: failed to resolve: could not find `Term` in `proc_macro`
[INFO] [stdout]    --> /opt/rustwide/cargo-home/registry/src/github.com-1ecc6299db9ec823/proc-macro2-0.1.10/src/unstable.rs:274:26
[INFO] [stdout]     |
[INFO] [stdout] 274 |         Term(proc_macro::Term::intern(string))
[INFO] [stdout]     |                          ^^^^ not found in `proc_macro`
[INFO] [stdout]     |
[INFO] [stdout] help: consider importing this struct
[INFO] [stdout]     |
[INFO] [stdout] 1   | use Term;
[INFO] [stdout]     |
[INFO] [stdout] 
[INFO] [stdout] 
[INFO] [stdout] error[E0554]: `#![feature]` may not be used on the stable release channel
[INFO] [stdout]   --> /opt/rustwide/cargo-home/registry/src/github.com-1ecc6299db9ec823/proc-macro2-0.1.10/src/lib.rs:22:34
[INFO] [stdout]    |
[INFO] [stdout] 22 | #![cfg_attr(feature = "nightly", feature(proc_macro))]
[INFO] [stdout]    |                                  ^^^^^^^^^^^^^^^^^^^ help: remove the attribute
[INFO] [stdout]    |
[INFO] [stdout]    = help: the feature `proc_macro` has been stable since 1.29.0 and no longer requires an attribute to enable
[INFO] [stdout] 
[INFO] [stdout] 
[INFO] [stdout] error[E0599]: no function or associated item named `empty` found for struct `proc_macro::TokenStream` in the current scope
[INFO] [stdout]   --> /opt/rustwide/cargo-home/registry/src/github.com-1ecc6299db9ec823/proc-macro2-0.1.10/src/unstable.rs:18:46
[INFO] [stdout]    |
[INFO] [stdout] 18 |         TokenStream(proc_macro::TokenStream::empty())
[INFO] [stdout]    |                                              ^^^^^ function or associated item not found in `proc_macro::TokenStream`
[INFO] [stdout] 
[INFO] [stdout] 
[INFO] [stdout] error[E0658]: use of unstable library feature 'proc_macro_def_site'
[INFO] [stdout]    --> /opt/rustwide/cargo-home/registry/src/github.com-1ecc6299db9ec823/proc-macro2-0.1.10/src/unstable.rs:225:14
[INFO] [stdout]     |
[INFO] [stdout] 225 |         Span(proc_macro::Span::def_site())
[INFO] [stdout]     |              ^^^^^^^^^^^^^^^^^^^^^^^^^^
[INFO] [stdout]     |
[INFO] [stdout]     = note: see issue #54724 <https://github.com/rust-lang/rust/issues/54724> for more information
[INFO] [stdout] 
[INFO] [stdout] 
[INFO] [stdout] error[E0599]: no function or associated item named `float` found for struct `proc_macro::Literal` in the current scope
[INFO] [stdout]    --> /opt/rustwide/cargo-home/registry/src/github.com-1ecc6299db9ec823/proc-macro2-0.1.10/src/unstable.rs:318:38
[INFO] [stdout]     |
[INFO] [stdout] 318 |         Literal(proc_macro::Literal::float(s))
[INFO] [stdout]     |                                      ^^^^^ function or associated item not found in `proc_macro::Literal`
[INFO] [stdout] 
[INFO] [stdout] 
[INFO] [stdout] error[E0599]: no function or associated item named `integer` found for struct `proc_macro::Literal` in the current scope
[INFO] [stdout]    --> /opt/rustwide/cargo-home/registry/src/github.com-1ecc6299db9ec823/proc-macro2-0.1.10/src/unstable.rs:322:38
[INFO] [stdout]     |
[INFO] [stdout] 322 |         Literal(proc_macro::Literal::integer(s.into()))
[INFO] [stdout]     |                                      ^^^^^^^ function or associated item not found in `proc_macro::Literal`
[INFO] [stdout] 
[INFO] [stdout] 
[INFO] [stdout] error[E0609]: no field `kind` on type `proc_macro::TokenTree`
[INFO] [stdout]    --> /opt/rustwide/cargo-home/registry/src/github.com-1ecc6299db9ec823/proc-macro2-0.1.10/src/unstable.rs:360:46
[INFO] [stdout]     |
[INFO] [stdout] 360 |     match stream.into_iter().next().unwrap().kind {
[INFO] [stdout]     |                                              ^^^^
[INFO] [stdout] 
[INFO] [stdout] 
[INFO] [stdout] error[E0599]: no function or associated item named `u8` found for struct `proc_macro::Literal` in the current scope
[INFO] [stdout]    --> /opt/rustwide/cargo-home/registry/src/github.com-1ecc6299db9ec823/proc-macro2-0.1.10/src/unstable.rs:377:5
[INFO] [stdout]     |
[INFO] [stdout] 377 |     u8, u16, u32, u64, usize,
[INFO] [stdout]     |     ^^ function or associated item not found in `proc_macro::Literal`
[INFO] [stdout] 
[INFO] [stdout] 
[INFO] [stdout] error[E0599]: no function or associated item named `u16` found for struct `proc_macro::Literal` in the current scope
[INFO] [stdout]    --> /opt/rustwide/cargo-home/registry/src/github.com-1ecc6299db9ec823/proc-macro2-0.1.10/src/unstable.rs:377:9
[INFO] [stdout]     |
[INFO] [stdout] 377 |     u8, u16, u32, u64, usize,
[INFO] [stdout]     |         ^^^ function or associated item not found in `proc_macro::Literal`
[INFO] [stdout] 
[INFO] [stdout] 
[INFO] [stdout] error[E0599]: no function or associated item named `u32` found for struct `proc_macro::Literal` in the current scope
[INFO] [stdout]    --> /opt/rustwide/cargo-home/registry/src/github.com-1ecc6299db9ec823/proc-macro2-0.1.10/src/unstable.rs:377:14
[INFO] [stdout]     |
[INFO] [stdout] 377 |     u8, u16, u32, u64, usize,
[INFO] [stdout]     |              ^^^ function or associated item not found in `proc_macro::Literal`
[INFO] [stdout] 
[INFO] [stdout] 
[INFO] [stdout] error[E0599]: no function or associated item named `u64` found for struct `proc_macro::Literal` in the current scope
[INFO] [stdout]    --> /opt/rustwide/cargo-home/registry/src/github.com-1ecc6299db9ec823/proc-macro2-0.1.10/src/unstable.rs:377:19
[INFO] [stdout]     |
[INFO] [stdout] 377 |     u8, u16, u32, u64, usize,
[INFO] [stdout]     |                   ^^^ function or associated item not found in `proc_macro::Literal`
[INFO] [stdout] 
[INFO] [stdout] 
[INFO] [stdout] error[E0599]: no function or associated item named `usize` found for struct `proc_macro::Literal` in the current scope
[INFO] [stdout]    --> /opt/rustwide/cargo-home/registry/src/github.com-1ecc6299db9ec823/proc-macro2-0.1.10/src/unstable.rs:377:24
[INFO] [stdout]     |
[INFO] [stdout] 377 |     u8, u16, u32, u64, usize,
[INFO] [stdout]     |                        ^^^^^ function or associated item not found in `proc_macro::Literal`
[INFO] [stdout] 
[INFO] [stdout] 
[INFO] [stdout] error[E0599]: no function or associated item named `i8` found for struct `proc_macro::Literal` in the current scope
[INFO] [stdout]    --> /opt/rustwide/cargo-home/registry/src/github.com-1ecc6299db9ec823/proc-macro2-0.1.10/src/unstable.rs:378:5
[INFO] [stdout]     |
[INFO] [stdout] 378 |     i8, i16, i32, i64, isize,
[INFO] [stdout]     |     ^^ function or associated item not found in `proc_macro::Literal`
[INFO] [stdout] 
[INFO] [stdout] 
[INFO] [stdout] error[E0599]: no function or associated item named `i16` found for struct `proc_macro::Literal` in the current scope
[INFO] [stdout]    --> /opt/rustwide/cargo-home/registry/src/github.com-1ecc6299db9ec823/proc-macro2-0.1.10/src/unstable.rs:378:9
[INFO] [stdout]     |
[INFO] [stdout] 378 |     i8, i16, i32, i64, isize,
[INFO] [stdout]     |         ^^^ function or associated item not found in `proc_macro::Literal`
[INFO] [stdout] 
[INFO] [stdout] 
[INFO] [stdout] error[E0599]: no function or associated item named `i32` found for struct `proc_macro::Literal` in the current scope
[INFO] [stdout]    --> /opt/rustwide/cargo-home/registry/src/github.com-1ecc6299db9ec823/proc-macro2-0.1.10/src/unstable.rs:378:14
[INFO] [stdout]     |
[INFO] [stdout] 378 |     i8, i16, i32, i64, isize,
[INFO] [stdout]     |              ^^^ function or associated item not found in `proc_macro::Literal`
[INFO] [stdout] 
[INFO] [stdout] 
[INFO] [stdout] error[E0599]: no function or associated item named `i64` found for struct `proc_macro::Literal` in the current scope
[INFO] [stdout]    --> /opt/rustwide/cargo-home/registry/src/github.com-1ecc6299db9ec823/proc-macro2-0.1.10/src/unstable.rs:378:19
[INFO] [stdout]     |
[INFO] [stdout] 378 |     i8, i16, i32, i64, isize,
[INFO] [stdout]     |                   ^^^ function or associated item not found in `proc_macro::Literal`
[INFO] [stdout] 
[INFO] [stdout] 
[INFO] [stdout] error[E0599]: no function or associated item named `isize` found for struct `proc_macro::Literal` in the current scope
[INFO] [stdout]    --> /opt/rustwide/cargo-home/registry/src/github.com-1ecc6299db9ec823/proc-macro2-0.1.10/src/unstable.rs:378:24
[INFO] [stdout]     |
[INFO] [stdout] 378 |     i8, i16, i32, i64, isize,
[INFO] [stdout]     |                        ^^^^^ function or associated item not found in `proc_macro::Literal`
[INFO] [stdout] 
[INFO] [stdout] 
[INFO] [stdout] error[E0599]: no function or associated item named `f32` found for struct `proc_macro::Literal` in the current scope
[INFO] [stdout]    --> /opt/rustwide/cargo-home/registry/src/github.com-1ecc6299db9ec823/proc-macro2-0.1.10/src/unstable.rs:392:5
[INFO] [stdout]     |
[INFO] [stdout] 392 |     f32, f64,
[INFO] [stdout]     |     ^^^ function or associated item not found in `proc_macro::Literal`
[INFO] [stdout] 
[INFO] [stdout] 
[INFO] [stdout] error[E0599]: no function or associated item named `f64` found for struct `proc_macro::Literal` in the current scope
[INFO] [stdout]    --> /opt/rustwide/cargo-home/registry/src/github.com-1ecc6299db9ec823/proc-macro2-0.1.10/src/unstable.rs:392:10
[INFO] [stdout]     |
[INFO] [stdout] 392 |     f32, f64,
[INFO] [stdout]     |          ^^^ function or associated item not found in `proc_macro::Literal`
[INFO] [stdout] 
[INFO] [stdout] 
[INFO] [stdout] error: aborting due to 31 previous errors
[INFO] [stdout] 
[INFO] [stdout] 
[INFO] [stdout] Some errors have detailed explanations: E0412, E0433, E0554, E0574, E0599, E0609, E0658.
[INFO] [stdout] 
[INFO] [stdout] For more information about an error, try `rustc --explain E0412`.
[INFO] [stdout] 
[INFO] [stdout] error[E0713]: borrow may still be in use when destructor runs
[INFO] [stdout]    --> /opt/rustwide/cargo-home/registry/src/github.com-1ecc6299db9ec823/url-1.7.0/src/form_urlencoded.rs:261:40
[INFO] [stdout]     |
[INFO] [stdout] 259 | impl<'a> Target for ::UrlQuery<'a> {
[INFO] [stdout]     |      -- lifetime `'a` defined here
[INFO] [stdout] 260 |     fn as_mut_string(&mut self) -> &mut String { &mut self.url.serialization }
[INFO] [stdout] 261 |     fn finish(self) -> &'a mut ::Url { self.url }
[INFO] [stdout]     |                                        ^^^^^^^^ - here, drop of `self` needs exclusive access to `*self.url`, because the type `UrlQuery<'_>` implements the `Drop` trait
[INFO] [stdout]     |                                        |
[INFO] [stdout]     |                                        returning this value requires that `*self.url` is borrowed for `'a`
[INFO] [stdout] 
[INFO] [stdout] 
[INFO] [stdout] error: aborting due to previous error
[INFO] [stdout] 
[INFO] [stdout] 
[INFO] [stdout] For more information about this error, try `rustc --explain E0713`.
[INFO] [stdout] 
[INFO] [stderr] error: build failed
[INFO] running `Command { std: "docker" "inspect" "07935022362fadf5ca99a66bb886ff1f43348d1375ceb61867e9868baf90f1df", kill_on_drop: false }`
[INFO] running `Command { std: "docker" "rm" "-f" "07935022362fadf5ca99a66bb886ff1f43348d1375ceb61867e9868baf90f1df", kill_on_drop: false }`
[INFO] [stdout] 07935022362fadf5ca99a66bb886ff1f43348d1375ceb61867e9868baf90f1df
