[INFO] cloning repository https://github.com/thea603/wu
[INFO] running `Command { std: "git" "-c" "credential.helper=" "-c" "credential.helper=/workspace/cargo-home/bin/git-credential-null" "clone" "--bare" "https://github.com/thea603/wu" "/workspace/cache/git-repos/https%3A%2F%2Fgithub.com%2Fthea603%2Fwu", kill_on_drop: false }`
[INFO] [stderr] Cloning into bare repository '/workspace/cache/git-repos/https%3A%2F%2Fgithub.com%2Fthea603%2Fwu'...
[INFO] running `Command { std: "git" "rev-parse" "HEAD", kill_on_drop: false }`
[INFO] [stdout] 692d5529eb88e6d1fcc15b66e662b1072cf8963c
[INFO] documenting thea603/wu against beta-2021-08-01 for beta-1.55-rustdoc-1
[INFO] running `Command { std: "git" "clone" "/workspace/cache/git-repos/https%3A%2F%2Fgithub.com%2Fthea603%2Fwu" "/workspace/builds/worker-7/source", kill_on_drop: false }`
[INFO] [stderr] Cloning into '/workspace/builds/worker-7/source'...
[INFO] [stderr] done.
[INFO] validating manifest of git repo https://github.com/thea603/wu on toolchain beta-2021-08-01
[INFO] running `Command { std: "/workspace/cargo-home/bin/cargo" "+beta-2021-08-01" "metadata" "--manifest-path" "Cargo.toml" "--no-deps", kill_on_drop: false }`
[INFO] started tweaking git repo https://github.com/thea603/wu
[INFO] finished tweaking git repo https://github.com/thea603/wu
[INFO] tweaked toml for git repo https://github.com/thea603/wu written to /workspace/builds/worker-7/source/Cargo.toml
[INFO] crate git repo https://github.com/thea603/wu already has a lockfile, it will not be regenerated
[INFO] running `Command { std: "/workspace/cargo-home/bin/cargo" "+beta-2021-08-01" "fetch" "--manifest-path" "Cargo.toml", kill_on_drop: false }`
[INFO] [stderr]     Blocking waiting for file lock on package cache
[INFO] [stderr]  Downloading crates ...
[INFO] [stderr]   Downloaded percent-encoding v1.0.0
[INFO] [stderr]   Downloaded version_check v0.1.2
[INFO] [stderr]   Downloaded libc v0.2.24
[INFO] [stderr]   Downloaded num-iter v0.1.33
[INFO] [stderr]   Downloaded httparse v1.2.3
[INFO] [stderr]   Downloaded term v0.4.5
[INFO] [stderr]   Downloaded num-integer v0.1.34
[INFO] [stderr]   Downloaded separator v0.3.1
[INFO] [stderr]   Downloaded hex v0.2.0
[INFO] [stderr]   Downloaded advapi32-sys v0.1.2
[INFO] [stderr]   Downloaded kernel32-sys v0.1.4
[INFO] [stderr]   Downloaded redox_syscall v0.1.18
[INFO] [stderr]   Downloaded json v0.11.6
[INFO] [stderr]   Downloaded serde v1.0.8
[INFO] [stderr]   Downloaded scan_fmt v0.1.1
[INFO] [stderr]   Downloaded base64 v0.4.2
[INFO] [stderr]   Downloaded num v0.1.39
[INFO] [stderr]   Downloaded log v0.3.8
[INFO] [stderr]   Downloaded num_cpus v1.5.1
[INFO] [stderr]   Downloaded serde_codegen_internals v0.14.2
[INFO] [stderr]   Downloaded rocket v0.2.8
[INFO] [stderr]   Downloaded hyper v0.10.12
[INFO] [stderr]   Downloaded num-traits v0.1.39
[INFO] [stderr]   Downloaded idna v0.1.2
[INFO] [stderr]   Downloaded url v1.5.0
[INFO] [stderr]   Downloaded data-encoding v1.2.0
[INFO] [stderr]   Downloaded serde_derive v0.9.15
[INFO] [stderr]   Downloaded serde_json v0.9.10
[INFO] [stderr]   Downloaded cookie v0.6.2
[INFO] [stderr]   Downloaded chrono v0.3.1
[INFO] [stderr]   Downloaded term-painter v0.2.3
[INFO] [stderr]   Downloaded unicode-bidi v0.3.3
[INFO] [stderr]   Downloaded bufstream v0.1.3
[INFO] [stderr]   Downloaded winutil v0.1.0
[INFO] [stderr]   Downloaded bson v0.8.0
[INFO] [stderr]   Downloaded textnonce v0.6.0
[INFO] [stderr]   Downloaded state v0.2.2
[INFO] [stderr]   Downloaded hostname v0.1.3
[INFO] [stderr]   Downloaded semver v0.7.0
[INFO] [stderr]   Downloaded rocket_codegen v0.2.8
[INFO] [stderr]   Downloaded mongodb v0.3.0
[INFO] running `Command { std: "docker" "create" "-v" "/var/lib/crater-agent-workspace/builds/worker-7/target:/opt/rustwide/target:rw,Z" "-v" "/var/lib/crater-agent-workspace/builds/worker-7/source:/opt/rustwide/workdir:ro,Z" "-v" "/var/lib/crater-agent-workspace/cargo-home:/opt/rustwide/cargo-home:ro,Z" "-v" "/var/lib/crater-agent-workspace/rustup-home:/opt/rustwide/rustup-home:ro,Z" "-e" "SOURCE_DIR=/opt/rustwide/workdir" "-e" "CARGO_TARGET_DIR=/opt/rustwide/target" "-e" "CARGO_HOME=/opt/rustwide/cargo-home" "-e" "RUSTUP_HOME=/opt/rustwide/rustup-home" "-w" "/opt/rustwide/workdir" "-m" "1610612736" "--user" "0:0" "--network" "none" "ghcr.io/rust-lang/crates-build-env/linux@sha256:34b6a614d2c27851fe6cbf88fbd1137609cefab8b10d0615aaeb6fd47975d74e" "/opt/rustwide/cargo-home/bin/cargo" "+beta-2021-08-01" "metadata" "--no-deps" "--format-version=1", kill_on_drop: false }`
[INFO] [stdout] ea9bae91d72b4989064d52fbd292c50f501a1c688888570e4d854d3cdfbd25d6
[INFO] [stderr] WARNING: Your kernel does not support swap limit capabilities or the cgroup is not mounted. Memory limited without swap.
[INFO] running `Command { std: "docker" "start" "-a" "ea9bae91d72b4989064d52fbd292c50f501a1c688888570e4d854d3cdfbd25d6", kill_on_drop: false }`
[INFO] running `Command { std: "docker" "inspect" "ea9bae91d72b4989064d52fbd292c50f501a1c688888570e4d854d3cdfbd25d6", kill_on_drop: false }`
[INFO] running `Command { std: "docker" "rm" "-f" "ea9bae91d72b4989064d52fbd292c50f501a1c688888570e4d854d3cdfbd25d6", kill_on_drop: false }`
[INFO] [stdout] ea9bae91d72b4989064d52fbd292c50f501a1c688888570e4d854d3cdfbd25d6
[INFO] running `Command { std: "docker" "create" "-v" "/var/lib/crater-agent-workspace/builds/worker-7/target:/opt/rustwide/target:rw,Z" "-v" "/var/lib/crater-agent-workspace/builds/worker-7/source:/opt/rustwide/workdir:ro,Z" "-v" "/var/lib/crater-agent-workspace/cargo-home:/opt/rustwide/cargo-home:ro,Z" "-v" "/var/lib/crater-agent-workspace/rustup-home:/opt/rustwide/rustup-home:ro,Z" "-e" "SOURCE_DIR=/opt/rustwide/workdir" "-e" "CARGO_TARGET_DIR=/opt/rustwide/target" "-e" "CARGO_INCREMENTAL=0" "-e" "RUST_BACKTRACE=full" "-e" "RUSTDOCFLAGS=--cap-lints=warn" "-e" "CARGO_HOME=/opt/rustwide/cargo-home" "-e" "RUSTUP_HOME=/opt/rustwide/rustup-home" "-w" "/opt/rustwide/workdir" "-m" "1610612736" "--user" "0:0" "--network" "none" "ghcr.io/rust-lang/crates-build-env/linux@sha256:34b6a614d2c27851fe6cbf88fbd1137609cefab8b10d0615aaeb6fd47975d74e" "/opt/rustwide/cargo-home/bin/cargo" "+beta-2021-08-01" "doc" "--frozen" "--no-deps" "--document-private-items" "--message-format=json", kill_on_drop: false }`
[INFO] [stderr] WARNING: Your kernel does not support swap limit capabilities or the cgroup is not mounted. Memory limited without swap.
[INFO] [stdout] e92aecc10cb9b38a8ff87f149241ad3ff44b9d35e49ddbd156df546d03a1ddbe
[INFO] running `Command { std: "docker" "start" "-a" "e92aecc10cb9b38a8ff87f149241ad3ff44b9d35e49ddbd156df546d03a1ddbe", kill_on_drop: false }`
[INFO] [stderr]    Compiling ansi_term v0.9.0
[INFO] [stderr]    Compiling unicode-normalization v0.1.5
[INFO] [stderr]    Compiling percent-encoding v1.0.0
[INFO] [stderr]    Compiling byteorder v1.0.0
[INFO] [stderr]    Compiling term v0.4.5
[INFO] [stderr]    Compiling httparse v1.2.3
[INFO] [stderr]    Compiling state v0.2.2
[INFO] [stderr]     Checking data-encoding v1.2.0
[INFO] [stderr]     Checking scan_fmt v0.1.1
[INFO] [stderr]     Checking separator v0.3.1
[INFO] [stderr]     Checking toml v0.2.1
[INFO] [stderr]     Checking json v0.11.6
[INFO] [stderr]    Compiling unicode-bidi v0.3.3
[INFO] [stderr]    Compiling rust-crypto v0.2.36
[INFO] [stderr]    Compiling time v0.1.37
[INFO] [stderr]    Compiling mime v0.2.6
[INFO] [stdout] error[E0557]: feature has been removed
[INFO] [stdout]  --> /opt/rustwide/cargo-home/registry/src/github.com-1ecc6299db9ec823/state-0.2.2/src/lib.rs:1:12
[INFO] [stdout]   |
[INFO] [stdout] 1 | #![feature(const_fn)]
[INFO] [stdout]   |            ^^^^^^^^ feature has been removed
[INFO] [stdout]   |
[INFO] [stdout]   = note: split into finer-grained feature gates
[INFO] [stdout] 
[INFO] [stdout] 
[INFO] [stdout] error[E0554]: `#![feature]` may not be used on the beta release channel
[INFO] [stdout]  --> /opt/rustwide/cargo-home/registry/src/github.com-1ecc6299db9ec823/state-0.2.2/src/lib.rs:1:1
[INFO] [stdout]   |
[INFO] [stdout] 1 | #![feature(const_fn)]
[INFO] [stdout]   | ^^^^^^^^^^^^^^^^^^^^^
[INFO] [stdout] 
[INFO] [stdout] 
[INFO] [stdout] error[E0557]: feature has been removed
[INFO] [stdout]  --> /opt/rustwide/cargo-home/registry/src/github.com-1ecc6299db9ec823/state-0.2.2/src/lib.rs:1:12
[INFO] [stdout]   |
[INFO] [stdout] 1 | #![feature(const_fn)]
[INFO] [stdout]   |            ^^^^^^^^ feature has been removed
[INFO] [stdout]   |
[INFO] [stdout]   = note: split into finer-grained feature gates
[INFO] [stdout] 
[INFO] [stdout] 
[INFO] [stderr]    Compiling num_cpus v1.5.1
[INFO] [stdout] error: aborting due to 2 previous errors
[INFO] [stdout] 
[INFO] [stdout] 
[INFO] [stdout] Some errors have detailed explanations: E0554, E0557.
[INFO] [stdout] 
[INFO] [stdout] For more information about an error, try `rustc --explain E0554`.
[INFO] [stdout] 
[INFO] [stdout] error[E0554]: `#![feature]` may not be used on the beta release channel
[INFO] [stdout]  --> /opt/rustwide/cargo-home/registry/src/github.com-1ecc6299db9ec823/state-0.2.2/src/lib.rs:1:1
[INFO] [stdout]   |
[INFO] [stdout] 1 | #![feature(const_fn)]
[INFO] [stdout]   | ^^^^^^^^^^^^^^^^^^^^^
[INFO] [stdout] 
[INFO] [stdout] 
[INFO] [stderr] error: could not compile `state` due to 3 previous errors
[INFO] [stderr] warning: build failed, waiting for other jobs to finish...
[INFO] [stdout] error: aborting due to 2 previous errors
[INFO] [stdout] 
[INFO] [stdout] 
[INFO] [stdout] Some errors have detailed explanations: E0554, E0557.
[INFO] [stdout] 
[INFO] [stdout] For more information about an error, try `rustc --explain E0554`.
[INFO] [stdout] 
[INFO] [stderr] error: build failed
[INFO] running `Command { std: "docker" "inspect" "e92aecc10cb9b38a8ff87f149241ad3ff44b9d35e49ddbd156df546d03a1ddbe", kill_on_drop: false }`
[INFO] running `Command { std: "docker" "rm" "-f" "e92aecc10cb9b38a8ff87f149241ad3ff44b9d35e49ddbd156df546d03a1ddbe", kill_on_drop: false }`
[INFO] [stdout] e92aecc10cb9b38a8ff87f149241ad3ff44b9d35e49ddbd156df546d03a1ddbe
