[INFO] cloning repository https://github.com/theSeafarer/arduino_hal
[INFO] running `Command { std: "git" "-c" "credential.helper=" "-c" "credential.helper=/workspace/cargo-home/bin/git-credential-null" "clone" "--bare" "https://github.com/theSeafarer/arduino_hal" "/workspace/cache/git-repos/https%3A%2F%2Fgithub.com%2FtheSeafarer%2Farduino_hal", kill_on_drop: false }`
[INFO] [stderr] Cloning into bare repository '/workspace/cache/git-repos/https%3A%2F%2Fgithub.com%2FtheSeafarer%2Farduino_hal'...
[INFO] running `Command { std: "git" "rev-parse" "HEAD", kill_on_drop: false }`
[INFO] [stdout] 36fdeaa5b033a5431480453ce8b4ef836c1cbb34
[INFO] documenting theSeafarer/arduino_hal against 1.54.0 for beta-1.55-rustdoc-1
[INFO] running `Command { std: "git" "clone" "/workspace/cache/git-repos/https%3A%2F%2Fgithub.com%2FtheSeafarer%2Farduino_hal" "/workspace/builds/worker-3/source", kill_on_drop: false }`
[INFO] [stderr] Cloning into '/workspace/builds/worker-3/source'...
[INFO] [stderr] done.
[INFO] validating manifest of git repo https://github.com/theSeafarer/arduino_hal on toolchain 1.54.0
[INFO] running `Command { std: "/workspace/cargo-home/bin/cargo" "+1.54.0" "metadata" "--manifest-path" "Cargo.toml" "--no-deps", kill_on_drop: false }`
[INFO] started tweaking git repo https://github.com/theSeafarer/arduino_hal
[INFO] finished tweaking git repo https://github.com/theSeafarer/arduino_hal
[INFO] tweaked toml for git repo https://github.com/theSeafarer/arduino_hal written to /workspace/builds/worker-3/source/Cargo.toml
[INFO] crate git repo https://github.com/theSeafarer/arduino_hal already has a lockfile, it will not be regenerated
[INFO] running `Command { std: "/workspace/cargo-home/bin/cargo" "+1.54.0" "fetch" "--manifest-path" "Cargo.toml", kill_on_drop: false }`
[INFO] running `Command { std: "docker" "create" "-v" "/var/lib/crater-agent-workspace/builds/worker-3/target:/opt/rustwide/target:rw,Z" "-v" "/var/lib/crater-agent-workspace/builds/worker-3/source:/opt/rustwide/workdir:ro,Z" "-v" "/var/lib/crater-agent-workspace/cargo-home:/opt/rustwide/cargo-home:ro,Z" "-v" "/var/lib/crater-agent-workspace/rustup-home:/opt/rustwide/rustup-home:ro,Z" "-e" "SOURCE_DIR=/opt/rustwide/workdir" "-e" "CARGO_TARGET_DIR=/opt/rustwide/target" "-e" "CARGO_HOME=/opt/rustwide/cargo-home" "-e" "RUSTUP_HOME=/opt/rustwide/rustup-home" "-w" "/opt/rustwide/workdir" "-m" "1610612736" "--user" "0:0" "--network" "none" "ghcr.io/rust-lang/crates-build-env/linux@sha256:34b6a614d2c27851fe6cbf88fbd1137609cefab8b10d0615aaeb6fd47975d74e" "/opt/rustwide/cargo-home/bin/cargo" "+1.54.0" "metadata" "--no-deps" "--format-version=1", kill_on_drop: false }`
[INFO] [stdout] 367e3ba4650b43535cdfa6e69d2d69b9facd0fa0aa66f94995cd318fe570198b
[INFO] [stderr] WARNING: Your kernel does not support swap limit capabilities or the cgroup is not mounted. Memory limited without swap.
[INFO] running `Command { std: "docker" "start" "-a" "367e3ba4650b43535cdfa6e69d2d69b9facd0fa0aa66f94995cd318fe570198b", kill_on_drop: false }`
[INFO] running `Command { std: "docker" "inspect" "367e3ba4650b43535cdfa6e69d2d69b9facd0fa0aa66f94995cd318fe570198b", kill_on_drop: false }`
[INFO] running `Command { std: "docker" "rm" "-f" "367e3ba4650b43535cdfa6e69d2d69b9facd0fa0aa66f94995cd318fe570198b", kill_on_drop: false }`
[INFO] [stdout] 367e3ba4650b43535cdfa6e69d2d69b9facd0fa0aa66f94995cd318fe570198b
[INFO] running `Command { std: "docker" "create" "-v" "/var/lib/crater-agent-workspace/builds/worker-3/target:/opt/rustwide/target:rw,Z" "-v" "/var/lib/crater-agent-workspace/builds/worker-3/source:/opt/rustwide/workdir:ro,Z" "-v" "/var/lib/crater-agent-workspace/cargo-home:/opt/rustwide/cargo-home:ro,Z" "-v" "/var/lib/crater-agent-workspace/rustup-home:/opt/rustwide/rustup-home:ro,Z" "-e" "SOURCE_DIR=/opt/rustwide/workdir" "-e" "CARGO_TARGET_DIR=/opt/rustwide/target" "-e" "CARGO_INCREMENTAL=0" "-e" "RUST_BACKTRACE=full" "-e" "RUSTDOCFLAGS=--cap-lints=warn" "-e" "CARGO_HOME=/opt/rustwide/cargo-home" "-e" "RUSTUP_HOME=/opt/rustwide/rustup-home" "-w" "/opt/rustwide/workdir" "-m" "1610612736" "--user" "0:0" "--network" "none" "ghcr.io/rust-lang/crates-build-env/linux@sha256:34b6a614d2c27851fe6cbf88fbd1137609cefab8b10d0615aaeb6fd47975d74e" "/opt/rustwide/cargo-home/bin/cargo" "+1.54.0" "doc" "--frozen" "--no-deps" "--document-private-items" "--message-format=json", kill_on_drop: false }`
[INFO] [stderr] WARNING: Your kernel does not support swap limit capabilities or the cgroup is not mounted. Memory limited without swap.
[INFO] [stdout] 3b349ac7b5d0ea79c42bec4070fb89d878b26a22602ecfe39812c8c20e8d3ac1
[INFO] running `Command { std: "docker" "start" "-a" "3b349ac7b5d0ea79c42bec4070fb89d878b26a22602ecfe39812c8c20e8d3ac1", kill_on_drop: false }`
[INFO] [stderr]     Checking ux v0.1.2
[INFO] [stderr]     Checking embedded-hal v0.2.1
[INFO] [stderr]  Documenting arduino_hal v0.1.0 (/opt/rustwide/workdir)
[INFO] [stdout] error[E0554]: `#![feature]` may not be used on the stable release channel
[INFO] [stdout]  --> src/lib.rs:5:1
[INFO] [stdout]   |
[INFO] [stdout] 5 | #![feature(asm)]
[INFO] [stdout]   | ^^^^^^^^^^^^^^^^
[INFO] [stdout] 
[INFO] [stdout] 
[INFO] [stdout] error[E0554]: `#![feature]` may not be used on the stable release channel
[INFO] [stdout]  --> src/lib.rs:6:1
[INFO] [stdout]   |
[INFO] [stdout] 6 | #![feature(never_type)]
[INFO] [stdout]   | ^^^^^^^^^^^^^^^^^^^^^^^
[INFO] [stdout] 
[INFO] [stdout] 
[INFO] [stdout] error[E0554]: `#![feature]` may not be used on the stable release channel
[INFO] [stdout]  --> src/lib.rs:8:1
[INFO] [stdout]   |
[INFO] [stdout] 8 | #![feature(lang_items)]
[INFO] [stdout]   | ^^^^^^^^^^^^^^^^^^^^^^^
[INFO] [stdout] 
[INFO] [stdout] 
[INFO] [stdout] error: Compilation failed, aborting rustdoc
[INFO] [stdout] 
[INFO] [stdout] 
[INFO] [stdout] error: aborting due to 4 previous errors
[INFO] [stdout] 
[INFO] [stdout] 
[INFO] [stdout] For more information about this error, try `rustc --explain E0554`.
[INFO] [stdout] 
[INFO] [stderr] error: could not document `arduino_hal`
[INFO] [stderr] 
[INFO] [stderr] Caused by:
[INFO] [stderr]   process didn't exit successfully: `rustdoc --crate-type lib --crate-name arduino_hal src/lib.rs -o /opt/rustwide/target/doc --error-format=json --json=diagnostic-rendered-ansi --document-private-items -L dependency=/opt/rustwide/target/debug/deps --extern embedded_hal=/opt/rustwide/target/debug/deps/libembedded_hal-a32773f862a900ee.rmeta --extern nb=/opt/rustwide/target/debug/deps/libnb-99be1a29342ab165.rmeta --extern ux=/opt/rustwide/target/debug/deps/libux-c52067342b5579c6.rmeta --cap-lints=warn --crate-version 0.1.0` (exit status: 1)
[INFO] running `Command { std: "docker" "inspect" "3b349ac7b5d0ea79c42bec4070fb89d878b26a22602ecfe39812c8c20e8d3ac1", kill_on_drop: false }`
[INFO] running `Command { std: "docker" "rm" "-f" "3b349ac7b5d0ea79c42bec4070fb89d878b26a22602ecfe39812c8c20e8d3ac1", kill_on_drop: false }`
[INFO] [stdout] 3b349ac7b5d0ea79c42bec4070fb89d878b26a22602ecfe39812c8c20e8d3ac1
