[INFO] cloning repository https://github.com/thara/learn-wgpu
[INFO] running `Command { std: "git" "-c" "credential.helper=" "-c" "credential.helper=/workspace/cargo-home/bin/git-credential-null" "clone" "--bare" "https://github.com/thara/learn-wgpu" "/workspace/cache/git-repos/https%3A%2F%2Fgithub.com%2Fthara%2Flearn-wgpu", kill_on_drop: false }`
[INFO] [stderr] Cloning into bare repository '/workspace/cache/git-repos/https%3A%2F%2Fgithub.com%2Fthara%2Flearn-wgpu'...
[INFO] running `Command { std: "git" "rev-parse" "HEAD", kill_on_drop: false }`
[INFO] [stdout] 26dc2e01a5cb72525d597fca341363bdc8ab0891
[INFO] documenting thara/learn-wgpu against beta-2021-08-01 for beta-1.55-rustdoc-1
[INFO] running `Command { std: "git" "clone" "/workspace/cache/git-repos/https%3A%2F%2Fgithub.com%2Fthara%2Flearn-wgpu" "/workspace/builds/worker-3/source", kill_on_drop: false }`
[INFO] [stderr] Cloning into '/workspace/builds/worker-3/source'...
[INFO] [stderr] done.
[INFO] validating manifest of git repo https://github.com/thara/learn-wgpu on toolchain beta-2021-08-01
[INFO] running `Command { std: "/workspace/cargo-home/bin/cargo" "+beta-2021-08-01" "metadata" "--manifest-path" "Cargo.toml" "--no-deps", kill_on_drop: false }`
[INFO] started tweaking git repo https://github.com/thara/learn-wgpu
[INFO] finished tweaking git repo https://github.com/thara/learn-wgpu
[INFO] tweaked toml for git repo https://github.com/thara/learn-wgpu written to /workspace/builds/worker-3/source/Cargo.toml
[INFO] crate git repo https://github.com/thara/learn-wgpu already has a lockfile, it will not be regenerated
[INFO] running `Command { std: "/workspace/cargo-home/bin/cargo" "+beta-2021-08-01" "fetch" "--manifest-path" "Cargo.toml", kill_on_drop: false }`
[INFO] [stderr]  Downloading crates ...
[INFO] [stderr]   Downloaded shaderc v0.7.1
[INFO] [stderr]   Downloaded ordered-float v1.1.1
[INFO] [stderr]   Downloaded tobj v2.0.4
[INFO] [stderr]   Downloaded shaderc-sys v0.7.1
[INFO] running `Command { std: "docker" "create" "-v" "/var/lib/crater-agent-workspace/builds/worker-3/target:/opt/rustwide/target:rw,Z" "-v" "/var/lib/crater-agent-workspace/builds/worker-3/source:/opt/rustwide/workdir:ro,Z" "-v" "/var/lib/crater-agent-workspace/cargo-home:/opt/rustwide/cargo-home:ro,Z" "-v" "/var/lib/crater-agent-workspace/rustup-home:/opt/rustwide/rustup-home:ro,Z" "-e" "SOURCE_DIR=/opt/rustwide/workdir" "-e" "CARGO_TARGET_DIR=/opt/rustwide/target" "-e" "CARGO_HOME=/opt/rustwide/cargo-home" "-e" "RUSTUP_HOME=/opt/rustwide/rustup-home" "-w" "/opt/rustwide/workdir" "-m" "1610612736" "--user" "0:0" "--network" "none" "ghcr.io/rust-lang/crates-build-env/linux@sha256:34b6a614d2c27851fe6cbf88fbd1137609cefab8b10d0615aaeb6fd47975d74e" "/opt/rustwide/cargo-home/bin/cargo" "+beta-2021-08-01" "metadata" "--no-deps" "--format-version=1", kill_on_drop: false }`
[INFO] [stderr] WARNING: Your kernel does not support swap limit capabilities or the cgroup is not mounted. Memory limited without swap.
[INFO] [stdout] bd0c6efad7d2337f13f044e9a7bb7605ba7ea086a6eaf25b0e9dd261f5574f58
[INFO] running `Command { std: "docker" "start" "-a" "bd0c6efad7d2337f13f044e9a7bb7605ba7ea086a6eaf25b0e9dd261f5574f58", kill_on_drop: false }`
[INFO] running `Command { std: "docker" "inspect" "bd0c6efad7d2337f13f044e9a7bb7605ba7ea086a6eaf25b0e9dd261f5574f58", kill_on_drop: false }`
[INFO] running `Command { std: "docker" "rm" "-f" "bd0c6efad7d2337f13f044e9a7bb7605ba7ea086a6eaf25b0e9dd261f5574f58", kill_on_drop: false }`
[INFO] [stdout] bd0c6efad7d2337f13f044e9a7bb7605ba7ea086a6eaf25b0e9dd261f5574f58
[INFO] running `Command { std: "docker" "create" "-v" "/var/lib/crater-agent-workspace/builds/worker-3/target:/opt/rustwide/target:rw,Z" "-v" "/var/lib/crater-agent-workspace/builds/worker-3/source:/opt/rustwide/workdir:ro,Z" "-v" "/var/lib/crater-agent-workspace/cargo-home:/opt/rustwide/cargo-home:ro,Z" "-v" "/var/lib/crater-agent-workspace/rustup-home:/opt/rustwide/rustup-home:ro,Z" "-e" "SOURCE_DIR=/opt/rustwide/workdir" "-e" "CARGO_TARGET_DIR=/opt/rustwide/target" "-e" "CARGO_INCREMENTAL=0" "-e" "RUST_BACKTRACE=full" "-e" "RUSTDOCFLAGS=--cap-lints=warn" "-e" "CARGO_HOME=/opt/rustwide/cargo-home" "-e" "RUSTUP_HOME=/opt/rustwide/rustup-home" "-w" "/opt/rustwide/workdir" "-m" "1610612736" "--user" "0:0" "--network" "none" "ghcr.io/rust-lang/crates-build-env/linux@sha256:34b6a614d2c27851fe6cbf88fbd1137609cefab8b10d0615aaeb6fd47975d74e" "/opt/rustwide/cargo-home/bin/cargo" "+beta-2021-08-01" "doc" "--frozen" "--no-deps" "--document-private-items" "--message-format=json", kill_on_drop: false }`
[INFO] [stdout] 81b300cc9546a4fd3b2607188255f27a511ea476fe206a06c60fdcac3840783e
[INFO] [stderr] WARNING: Your kernel does not support swap limit capabilities or the cgroup is not mounted. Memory limited without swap.
[INFO] running `Command { std: "docker" "start" "-a" "81b300cc9546a4fd3b2607188255f27a511ea476fe206a06c60fdcac3840783e", kill_on_drop: false }`
[INFO] [stderr]     Blocking waiting for file lock on package cache
[INFO] [stderr]     Checking weezl v0.1.4
[INFO] [stderr]    Compiling cgmath v0.17.0
[INFO] [stderr]     Checking tobj v2.0.4
[INFO] [stderr]    Compiling libc v0.2.86
[INFO] [stderr]     Checking raw-window-handle v0.3.3
[INFO] [stderr]     Checking iovec v0.1.4
[INFO] [stderr]     Checking net2 v0.2.37
[INFO] [stderr]     Checking nix v0.14.1
[INFO] [stderr]     Checking parking_lot_core v0.8.3
[INFO] [stderr]     Checking num_cpus v1.13.0
[INFO] [stderr]     Checking khronos-egl v3.0.2
[INFO] [stderr]     Checking memmap v0.7.0
[INFO] [stderr]     Checking parking_lot_core v0.7.2
[INFO] [stderr]     Checking rand_os v0.1.3
[INFO] [stderr]     Checking approx v0.3.2
[INFO] [stderr]     Checking x11-dl v2.18.5
[INFO] [stderr]    Compiling thiserror-impl v1.0.23
[INFO] [stderr]    Compiling tracing-attributes v0.1.15
[INFO] [stderr]    Compiling futures-macro v0.3.12
[INFO] [stderr]    Compiling bytemuck_derive v1.0.1
[INFO] [stderr]     Checking env_logger v0.7.1
[INFO] [stderr]     Checking rand v0.6.5
[INFO] [stderr]     Checking parking_lot v0.10.2
[INFO] [stderr]     Checking mio v0.6.23
[INFO] [stderr]     Checking rayon-core v1.9.0
[INFO] [stderr]     Checking parking_lot v0.11.1
[INFO] [stderr]     Checking gif v0.11.1
[INFO] [stderr]     Checking rusttype v0.8.3
[INFO] [stderr]    Compiling jobserver v0.1.21
[INFO] [stderr]     Checking rayon v1.5.0
[INFO] [stderr]    Compiling cc v1.0.66
[INFO] [stderr]     Checking rusttype v0.7.9
[INFO] [stderr]     Checking mio-extras v2.0.6
[INFO] [stderr]     Checking andrew v0.2.1
[INFO] [stderr]    Compiling cmake v0.1.45
[INFO] [stderr]    Compiling spirv_cross v0.23.1
[INFO] [stderr]    Compiling shaderc-sys v0.7.1
[INFO] [stderr]     Checking thiserror v1.0.23
[INFO] [stderr]     Checking bytemuck v1.5.0
[INFO] [stderr]     Checking futures-util v0.3.12
[INFO] [stderr]     Checking tracing v0.1.23
[INFO] [stderr]     Checking naga v0.3.2
[INFO] [stderr]     Checking calloop v0.4.4
[INFO] [stderr]     Checking wayland-commons v0.23.6
[INFO] [stderr]     Checking jpeg-decoder v0.1.22
[INFO] [stderr]     Checking gpu-descriptor v0.1.1
[INFO] [stderr]     Checking gpu-alloc v0.3.0
[INFO] [stderr]     Checking wayland-client v0.23.6
[INFO] [stderr]     Checking tiff v0.6.1
[INFO] [stderr] error: could not compile `futures-util`
[INFO] [stderr] 
[INFO] [stderr] Caused by:
[INFO] [stderr]   process didn't exit successfully: `rustc --crate-name futures_util --edition=2018 /opt/rustwide/cargo-home/registry/src/github.com-1ecc6299db9ec823/futures-util-0.3.12/src/lib.rs --error-format=json --json=diagnostic-rendered-ansi --crate-type lib --emit=dep-info,metadata -C embed-bitcode=no -C debuginfo=2 --cfg 'feature="alloc"' --cfg 'feature="async-await"' --cfg 'feature="async-await-macro"' --cfg 'feature="channel"' --cfg 'feature="futures-channel"' --cfg 'feature="futures-io"' --cfg 'feature="futures-macro"' --cfg 'feature="futures-sink"' --cfg 'feature="io"' --cfg 'feature="memchr"' --cfg 'feature="proc-macro-hack"' --cfg 'feature="proc-macro-nested"' --cfg 'feature="sink"' --cfg 'feature="slab"' --cfg 'feature="std"' -C metadata=23b5fd5b47bb24d9 -C extra-filename=-23b5fd5b47bb24d9 --out-dir /opt/rustwide/target/debug/deps -L dependency=/opt/rustwide/target/debug/deps --extern futures_channel=/opt/rustwide/target/debug/deps/libfutures_channel-1fd7e15c66723110.rmeta --extern futures_core=/opt/rustwide/target/debug/deps/libfutures_core-287a6584e7f11cc8.rmeta --extern futures_io=/opt/rustwide/target/debug/deps/libfutures_io-b7f4d2876ac8ec11.rmeta --extern futures_macro=/opt/rustwide/target/debug/deps/libfutures_macro-7ebf74a9bd640d6c.so --extern futures_sink=/opt/rustwide/target/debug/deps/libfutures_sink-0f30b360d8d06a9b.rmeta --extern futures_task=/opt/rustwide/target/debug/deps/libfutures_task-da4967fe6ee9d191.rmeta --extern memchr=/opt/rustwide/target/debug/deps/libmemchr-ec119d52aa375da2.rmeta --extern pin_project_lite=/opt/rustwide/target/debug/deps/libpin_project_lite-89b48cfd201cd1a5.rmeta --extern pin_utils=/opt/rustwide/target/debug/deps/libpin_utils-7739f27f2950f8bd.rmeta --extern proc_macro_hack=/opt/rustwide/target/debug/deps/libproc_macro_hack-2d013e88341abd05.so --extern proc_macro_nested=/opt/rustwide/target/debug/deps/libproc_macro_nested-57a4900aeb9e0191.rmeta --extern slab=/opt/rustwide/target/debug/deps/libslab-097b40667de8b116.rmeta --cap-lints allow` (signal: 9, SIGKILL: kill)
[INFO] [stderr] warning: build failed, waiting for other jobs to finish...
[INFO] [stderr] The following warnings were emitted during compilation:
[INFO] [stderr] 
[INFO] [stderr] warning: src/wrapper.cpp:2: warning: ignoring #pragma warning  [-Wunknown-pragmas]
[INFO] [stderr] warning:     2 | #pragma warning(disable : 4996 4101)
[INFO] [stderr] warning:       | 
[INFO] [stderr] warning: c++: fatal error: Killed signal terminated program cc1plus
[INFO] [stderr] warning: compilation terminated.
[INFO] [stderr] warning: c++: fatal error: Killed signal terminated program cc1plus
[INFO] [stderr] warning: compilation terminated.
[INFO] [stderr] warning: c++: fatal error: Killed signal terminated program cc1plus
[INFO] [stderr] warning: compilation terminated.
[INFO] [stderr] warning: c++: fatal error: Killed signal terminated program cc1plus
[INFO] [stderr] warning: compilation terminated.
[INFO] [stderr] warning: c++: fatal error: Killed signal terminated program cc1plus
[INFO] [stderr] warning: compilation terminated.
[INFO] [stderr] warning: c++: fatal error: Killed signal terminated program cc1plus
[INFO] [stderr] warning: compilation terminated.
[INFO] [stderr] 
[INFO] [stderr] The following warnings were emitted during compilation:
[INFO] [stderr] 
[INFO] [stderr] warning: shaderc: searching for native shaderc libraries on system;  use '--features build-from-source' to force building from source code
[INFO] [stderr] warning: shaderc: cannot find native shaderc library on system; falling back to build from source
[INFO] [stderr] 
[INFO] [stderr] error: build failed
[INFO] running `Command { std: "docker" "inspect" "81b300cc9546a4fd3b2607188255f27a511ea476fe206a06c60fdcac3840783e", kill_on_drop: false }`
[INFO] running `Command { std: "docker" "rm" "-f" "81b300cc9546a4fd3b2607188255f27a511ea476fe206a06c60fdcac3840783e", kill_on_drop: false }`
[INFO] [stdout] 81b300cc9546a4fd3b2607188255f27a511ea476fe206a06c60fdcac3840783e
