[INFO] cloning repository https://github.com/tetcore/substrate-module-template
[INFO] running `Command { std: "git" "-c" "credential.helper=" "-c" "credential.helper=/workspace/cargo-home/bin/git-credential-null" "clone" "--bare" "https://github.com/tetcore/substrate-module-template" "/workspace/cache/git-repos/https%3A%2F%2Fgithub.com%2Ftetcore%2Fsubstrate-module-template", kill_on_drop: false }`
[INFO] [stderr] Cloning into bare repository '/workspace/cache/git-repos/https%3A%2F%2Fgithub.com%2Ftetcore%2Fsubstrate-module-template'...
[INFO] running `Command { std: "git" "rev-parse" "HEAD", kill_on_drop: false }`
[INFO] [stdout] 0f2b6b15aa3b7918f4bab7db6f70bdb38b0e02df
[INFO] documenting tetcore/substrate-module-template against beta-2021-08-01 for beta-1.55-rustdoc-1
[INFO] running `Command { std: "git" "clone" "/workspace/cache/git-repos/https%3A%2F%2Fgithub.com%2Ftetcore%2Fsubstrate-module-template" "/workspace/builds/worker-4/source", kill_on_drop: false }`
[INFO] [stderr] Cloning into '/workspace/builds/worker-4/source'...
[INFO] [stderr] done.
[INFO] validating manifest of git repo https://github.com/tetcore/substrate-module-template on toolchain beta-2021-08-01
[INFO] running `Command { std: "/workspace/cargo-home/bin/cargo" "+beta-2021-08-01" "metadata" "--manifest-path" "Cargo.toml" "--no-deps", kill_on_drop: false }`
[INFO] started tweaking git repo https://github.com/tetcore/substrate-module-template
[INFO] finished tweaking git repo https://github.com/tetcore/substrate-module-template
[INFO] tweaked toml for git repo https://github.com/tetcore/substrate-module-template written to /workspace/builds/worker-4/source/Cargo.toml
[INFO] crate git repo https://github.com/tetcore/substrate-module-template already has a lockfile, it will not be regenerated
[INFO] running `Command { std: "/workspace/cargo-home/bin/cargo" "+beta-2021-08-01" "fetch" "--manifest-path" "Cargo.toml", kill_on_drop: false }`
[INFO] [stderr]     Blocking waiting for file lock on package cache
[INFO] [stderr]     Blocking waiting for file lock on package cache
[INFO] [stderr]  Downloading crates ...
[INFO] [stderr]   Downloaded subtle v2.2.1
[INFO] [stderr]   Downloaded trie-db v0.15.2
[INFO] [stderr]   Downloaded ahash v0.2.16
[INFO] [stderr]   Downloaded fixed-hash v0.4.0
[INFO] [stderr]   Downloaded memory-db v0.15.2
[INFO] [stderr]   Downloaded synstructure v0.12.1
[INFO] [stderr]   Downloaded wasmi-validation v0.2.0
[INFO] [stderr]   Downloaded impl-trait-for-tuples v0.1.2
[INFO] [stderr]   Downloaded parity-wasm v0.40.3
[INFO] [stderr]   Downloaded uint v0.8.1
[INFO] [stderr]   Downloaded byte-slice-cast v0.3.2
[INFO] [stderr]   Downloaded parity-scale-codec v1.0.6
[INFO] [stderr]   Downloaded merlin v1.2.1
[INFO] [stderr]   Downloaded parity-util-mem v0.2.0
[INFO] [stderr]   Downloaded impl-serde v0.2.1
[INFO] [stderr]   Downloaded parity-scale-codec-derive v1.0.3
[INFO] [stderr]   Downloaded impl-codec v0.4.1
[INFO] [stderr]   Downloaded bitvec v0.14.0
[INFO] [stderr]   Downloaded toml v0.5.3
[INFO] [stderr]   Downloaded primitive-types v0.5.1
[INFO] [stderr]   Downloaded libsecp256k1 v0.3.1
[INFO] [stderr]   Downloaded wasmi v0.5.1
[INFO] [stderr]   Downloaded zeroize v0.10.1
[INFO] [stderr]   Downloaded hashbrown v0.6.1
[INFO] [stderr]   Downloaded cc v1.0.46
[INFO] [stderr]   Downloaded ed25519-dalek v0.9.1
[INFO] running `Command { std: "docker" "create" "-v" "/var/lib/crater-agent-workspace/builds/worker-4/target:/opt/rustwide/target:rw,Z" "-v" "/var/lib/crater-agent-workspace/builds/worker-4/source:/opt/rustwide/workdir:ro,Z" "-v" "/var/lib/crater-agent-workspace/cargo-home:/opt/rustwide/cargo-home:ro,Z" "-v" "/var/lib/crater-agent-workspace/rustup-home:/opt/rustwide/rustup-home:ro,Z" "-e" "SOURCE_DIR=/opt/rustwide/workdir" "-e" "CARGO_TARGET_DIR=/opt/rustwide/target" "-e" "CARGO_HOME=/opt/rustwide/cargo-home" "-e" "RUSTUP_HOME=/opt/rustwide/rustup-home" "-w" "/opt/rustwide/workdir" "-m" "1610612736" "--user" "0:0" "--network" "none" "ghcr.io/rust-lang/crates-build-env/linux@sha256:34b6a614d2c27851fe6cbf88fbd1137609cefab8b10d0615aaeb6fd47975d74e" "/opt/rustwide/cargo-home/bin/cargo" "+beta-2021-08-01" "metadata" "--no-deps" "--format-version=1", kill_on_drop: false }`
[INFO] [stderr] WARNING: Your kernel does not support swap limit capabilities or the cgroup is not mounted. Memory limited without swap.
[INFO] [stdout] 113669148fbccb4c13931ab56ab442e32b81fcd63fd4317e578752331c0fdb79
[INFO] running `Command { std: "docker" "start" "-a" "113669148fbccb4c13931ab56ab442e32b81fcd63fd4317e578752331c0fdb79", kill_on_drop: false }`
[INFO] running `Command { std: "docker" "inspect" "113669148fbccb4c13931ab56ab442e32b81fcd63fd4317e578752331c0fdb79", kill_on_drop: false }`
[INFO] running `Command { std: "docker" "rm" "-f" "113669148fbccb4c13931ab56ab442e32b81fcd63fd4317e578752331c0fdb79", kill_on_drop: false }`
[INFO] [stdout] 113669148fbccb4c13931ab56ab442e32b81fcd63fd4317e578752331c0fdb79
[INFO] running `Command { std: "docker" "create" "-v" "/var/lib/crater-agent-workspace/builds/worker-4/target:/opt/rustwide/target:rw,Z" "-v" "/var/lib/crater-agent-workspace/builds/worker-4/source:/opt/rustwide/workdir:ro,Z" "-v" "/var/lib/crater-agent-workspace/cargo-home:/opt/rustwide/cargo-home:ro,Z" "-v" "/var/lib/crater-agent-workspace/rustup-home:/opt/rustwide/rustup-home:ro,Z" "-e" "SOURCE_DIR=/opt/rustwide/workdir" "-e" "CARGO_TARGET_DIR=/opt/rustwide/target" "-e" "CARGO_INCREMENTAL=0" "-e" "RUST_BACKTRACE=full" "-e" "RUSTDOCFLAGS=--cap-lints=warn" "-e" "CARGO_HOME=/opt/rustwide/cargo-home" "-e" "RUSTUP_HOME=/opt/rustwide/rustup-home" "-w" "/opt/rustwide/workdir" "-m" "1610612736" "--user" "0:0" "--network" "none" "ghcr.io/rust-lang/crates-build-env/linux@sha256:34b6a614d2c27851fe6cbf88fbd1137609cefab8b10d0615aaeb6fd47975d74e" "/opt/rustwide/cargo-home/bin/cargo" "+beta-2021-08-01" "doc" "--frozen" "--no-deps" "--document-private-items" "--message-format=json", kill_on_drop: false }`
[INFO] [stdout] 7a923c11d3484559a3c33adf4639edfb457085183434dccc4849fd675345322c
[INFO] [stderr] WARNING: Your kernel does not support swap limit capabilities or the cgroup is not mounted. Memory limited without swap.
[INFO] running `Command { std: "docker" "start" "-a" "7a923c11d3484559a3c33adf4639edfb457085183434dccc4849fd675345322c", kill_on_drop: false }`
[INFO] [stderr]     Blocking waiting for file lock on package cache
[INFO] [stderr]    Compiling byteorder v1.3.2
[INFO] [stderr]    Compiling arrayvec v0.4.12
[INFO] [stderr]    Compiling subtle v2.2.1
[INFO] [stderr]     Checking rustc-hex v2.0.1
[INFO] [stderr]     Checking zeroize v0.9.3
[INFO] [stderr]     Checking parity-wasm v0.40.3
[INFO] [stderr]    Compiling clear_on_drop v0.2.3
[INFO] [stderr]    Compiling num-bigint v0.2.3
[INFO] [stderr]    Compiling getrandom v0.1.12
[INFO] [stderr]    Compiling sr-std v2.0.0 (https://github.com/paritytech/substrate.git?rev=d1cd01c74e8d5550396cb654f9a3f1b641efdf4c#d1cd01c7)
[INFO] [stderr]     Checking rand v0.5.6
[INFO] [stderr]    Compiling sr-io v2.0.0 (https://github.com/paritytech/substrate.git?rev=d1cd01c74e8d5550396cb654f9a3f1b641efdf4c#d1cd01c7)
[INFO] [stderr]     Checking backtrace-sys v0.1.32
[INFO] [stderr]    Compiling syn v1.0.5
[INFO] [stderr]     Checking rand v0.6.5
[INFO] [stderr]     Checking elastic-array v0.10.2
[INFO] [stderr]    Compiling srml-support-procedural-tools-derive v2.0.0 (https://github.com/paritytech/substrate.git?rev=d1cd01c74e8d5550396cb654f9a3f1b641efdf4c#d1cd01c7)
[INFO] [stderr]     Checking parking_lot_core v0.6.2
[INFO] [stderr]     Checking backtrace v0.3.40
[INFO] [stderr]     Checking hmac-drbg v0.2.0
[INFO] [stderr]     Checking rand_core v0.5.1
[INFO] [stderr]     Checking parking_lot v0.9.0
[INFO] [stderr]     Checking substrate-panic-handler v2.0.0 (https://github.com/paritytech/substrate.git?rev=d1cd01c74e8d5550396cb654f9a3f1b641efdf4c#d1cd01c7)
[INFO] [stderr]    Compiling rand_chacha v0.2.1
[INFO] [stderr]     Checking block-buffer v0.7.3
[INFO] [stderr]     Checking uint v0.8.1
[INFO] [stderr]     Checking fixed-hash v0.4.0
[INFO] [stderr]     Checking merlin v1.2.1
[INFO] [stderr]     Checking pbkdf2 v0.3.0
[INFO] [stderr]     Checking hashbrown v0.1.8
[INFO] [stderr]    Compiling rand v0.7.2
[INFO] [stderr]    Compiling curve25519-dalek v1.2.3
[INFO] [stderr]     Checking parking_lot_core v0.4.0
[INFO] [stderr]     Checking sha2 v0.8.0
[INFO] [stderr]     Checking wasmi-validation v0.2.0
[INFO] [stderr]     Checking blake2-rfc v0.2.18
[INFO] [stderr]     Checking libsecp256k1 v0.3.1
[INFO] [stderr]     Checking parking_lot v0.7.1
[INFO] [stderr]     Checking num-rational v0.2.2
[INFO] [stderr]     Checking twox-hash v1.5.0
[INFO] [stderr]     Checking once_cell v0.1.8
[INFO] [stderr]     Checking wasmi v0.5.1
[INFO] [stderr]    Compiling synstructure v0.12.1
[INFO] [stderr]    Compiling serde_derive v1.0.101
[INFO] [stderr]    Compiling proc-macro-hack v0.5.11
[INFO] [stderr]    Compiling failure_derive v0.1.6
[INFO] [stderr]    Compiling malloc_size_of_derive v0.1.1
[INFO] [stderr]    Compiling impl-trait-for-tuples v0.1.2
[INFO] [stderr]     Checking parity-util-mem v0.2.0
[INFO] [stderr]     Checking failure v0.1.6
[INFO] [stderr]    Compiling const-random-macro v0.1.6
[INFO] [stderr]    Compiling paste-impl v0.1.6
[INFO] [stderr]     Checking schnorrkel v0.8.5
[INFO] [stderr]     Checking ed25519-dalek v0.9.1
[INFO] [stderr]     Checking tiny-bip39 v0.6.2
[INFO] [stderr]     Checking const-random v0.1.6
[INFO] [stderr]     Checking substrate-bip39 v0.3.1
[INFO] [stderr]     Checking ahash v0.2.16
[INFO] [stderr]     Checking hashbrown v0.6.1
[INFO] [stderr]     Checking paste v0.1.6
[INFO] [stderr]     Checking trie-db v0.15.2
[INFO] [stderr]     Checking memory-db v0.15.2
[INFO] [stderr]    Compiling serde v1.0.101
[INFO] [stderr]     Checking impl-serde v0.2.1
[INFO] [stderr]    Compiling toml v0.5.3
[INFO] [stderr]     Checking substrate-primitives-storage v2.0.0 (https://github.com/paritytech/substrate.git?rev=d1cd01c74e8d5550396cb654f9a3f1b641efdf4c#d1cd01c7)
[INFO] [stderr]    Compiling proc-macro-crate v0.1.4
[INFO] [stderr]    Compiling srml-support-procedural-tools v2.0.0 (https://github.com/paritytech/substrate.git?rev=d1cd01c74e8d5550396cb654f9a3f1b641efdf4c#d1cd01c7)
[INFO] [stderr]    Compiling parity-scale-codec-derive v1.0.3
[INFO] [stderr]    Compiling sr-api-macros v2.0.0 (https://github.com/paritytech/substrate.git?rev=d1cd01c74e8d5550396cb654f9a3f1b641efdf4c#d1cd01c7)
[INFO] [stderr]     Checking parity-scale-codec v1.0.6
[INFO] [stderr]     Checking impl-codec v0.4.1
[INFO] [stderr]     Checking sr-arithmetic v2.0.0 (https://github.com/paritytech/substrate.git?rev=d1cd01c74e8d5550396cb654f9a3f1b641efdf4c#d1cd01c7)
[INFO] [stderr]     Checking primitive-types v0.5.1
[INFO] [stderr]     Checking substrate-externalities v2.0.0 (https://github.com/paritytech/substrate.git?rev=d1cd01c74e8d5550396cb654f9a3f1b641efdf4c#d1cd01c7)
[INFO] [stderr]    Compiling srml-support-procedural v2.0.0 (https://github.com/paritytech/substrate.git?rev=d1cd01c74e8d5550396cb654f9a3f1b641efdf4c#d1cd01c7)
[INFO] [stderr]     Checking substrate-primitives v2.0.0 (https://github.com/paritytech/substrate.git?rev=d1cd01c74e8d5550396cb654f9a3f1b641efdf4c#d1cd01c7)
[INFO] [stderr]     Checking substrate-trie v2.0.0 (https://github.com/paritytech/substrate.git?rev=d1cd01c74e8d5550396cb654f9a3f1b641efdf4c#d1cd01c7)
[INFO] [stderr]     Checking srml-metadata v2.0.0 (https://github.com/paritytech/substrate.git?rev=d1cd01c74e8d5550396cb654f9a3f1b641efdf4c#d1cd01c7)
[INFO] [stderr]     Checking substrate-state-machine v2.0.0 (https://github.com/paritytech/substrate.git?rev=d1cd01c74e8d5550396cb654f9a3f1b641efdf4c#d1cd01c7)
[INFO] [stderr]     Checking substrate-application-crypto v2.0.0 (https://github.com/paritytech/substrate.git?rev=d1cd01c74e8d5550396cb654f9a3f1b641efdf4c#d1cd01c7)
[INFO] [stdout] error: unexpected token
[INFO] [stdout]   --> /opt/rustwide/cargo-home/git/checkouts/substrate-7e08433d4c370a21/d1cd01c/core/application-crypto/src/lib.rs:57:45
[INFO] [stdout]    |
[INFO] [stdout] 57 |         $crate::app_crypto!($module::Pair, $module::Public, $module::Signature, $key_type);
[INFO] [stdout]    |                                                   ^^
[INFO] [stdout]    | 
[INFO] [stdout]   ::: /opt/rustwide/cargo-home/git/checkouts/substrate-7e08433d4c370a21/d1cd01c/core/application-crypto/src/ed25519.rs:25:5
[INFO] [stdout]    |
[INFO] [stdout] 25 |     crate::app_crypto!(super, ED25519);
[INFO] [stdout]    |     ----------------------------------- in this macro invocation
[INFO] [stdout]    |
[INFO] [stdout]    = note: this error originates in the macro `crate::app_crypto` (in Nightly builds, run with -Z macro-backtrace for more info)
[INFO] [stdout] 
[INFO] [stdout] 
[INFO] [stdout] error: unexpected token
[INFO] [stdout]   --> /opt/rustwide/cargo-home/git/checkouts/substrate-7e08433d4c370a21/d1cd01c/core/application-crypto/src/lib.rs:57:62
[INFO] [stdout]    |
[INFO] [stdout] 57 |         $crate::app_crypto!($module::Pair, $module::Public, $module::Signature, $key_type);
[INFO] [stdout]    |                                                                    ^^
[INFO] [stdout]    | 
[INFO] [stdout]   ::: /opt/rustwide/cargo-home/git/checkouts/substrate-7e08433d4c370a21/d1cd01c/core/application-crypto/src/ed25519.rs:25:5
[INFO] [stdout]    |
[INFO] [stdout] 25 |     crate::app_crypto!(super, ED25519);
[INFO] [stdout]    |     ----------------------------------- in this macro invocation
[INFO] [stdout]    |
[INFO] [stdout]    = note: this error originates in the macro `crate::app_crypto` (in Nightly builds, run with -Z macro-backtrace for more info)
[INFO] [stdout] 
[INFO] [stdout] 
[INFO] [stdout] error: unexpected token
[INFO] [stdout]   --> /opt/rustwide/cargo-home/git/checkouts/substrate-7e08433d4c370a21/d1cd01c/core/application-crypto/src/lib.rs:57:45
[INFO] [stdout]    |
[INFO] [stdout] 57 |         $crate::app_crypto!($module::Pair, $module::Public, $module::Signature, $key_type);
[INFO] [stdout]    |                                                   ^^
[INFO] [stdout]    | 
[INFO] [stdout]   ::: /opt/rustwide/cargo-home/git/checkouts/substrate-7e08433d4c370a21/d1cd01c/core/application-crypto/src/sr25519.rs:25:5
[INFO] [stdout]    |
[INFO] [stdout] 25 |     crate::app_crypto!(super, SR25519);
[INFO] [stdout]    |     ----------------------------------- in this macro invocation
[INFO] [stdout]    |
[INFO] [stdout]    = note: this error originates in the macro `crate::app_crypto` (in Nightly builds, run with -Z macro-backtrace for more info)
[INFO] [stdout] 
[INFO] [stdout] 
[INFO] [stdout] error: unexpected token
[INFO] [stdout]   --> /opt/rustwide/cargo-home/git/checkouts/substrate-7e08433d4c370a21/d1cd01c/core/application-crypto/src/lib.rs:57:62
[INFO] [stdout]    |
[INFO] [stdout] 57 |         $crate::app_crypto!($module::Pair, $module::Public, $module::Signature, $key_type);
[INFO] [stdout]    |                                                                    ^^
[INFO] [stdout]    | 
[INFO] [stdout]   ::: /opt/rustwide/cargo-home/git/checkouts/substrate-7e08433d4c370a21/d1cd01c/core/application-crypto/src/sr25519.rs:25:5
[INFO] [stdout]    |
[INFO] [stdout] 25 |     crate::app_crypto!(super, SR25519);
[INFO] [stdout]    |     ----------------------------------- in this macro invocation
[INFO] [stdout]    |
[INFO] [stdout]    = note: this error originates in the macro `crate::app_crypto` (in Nightly builds, run with -Z macro-backtrace for more info)
[INFO] [stdout] 
[INFO] [stdout] 
[INFO] [stdout] error[E0277]: the trait bound `ed25519::app::Public: WrapperTypeEncode` is not satisfied
[INFO] [stdout]    --> /opt/rustwide/cargo-home/git/checkouts/substrate-7e08433d4c370a21/d1cd01c/core/application-crypto/src/lib.rs:211:8
[INFO] [stdout]     |
[INFO] [stdout] 211 |         impl $crate::AppPublic for Public {
[INFO] [stdout]     |              ^^^^^^^^^^^^^^^^^ the trait `WrapperTypeEncode` is not implemented for `ed25519::app::Public`
[INFO] [stdout]     | 
[INFO] [stdout]    ::: /opt/rustwide/cargo-home/git/checkouts/substrate-7e08433d4c370a21/d1cd01c/core/application-crypto/src/traits.rs:54:93
[INFO] [stdout]     |
[INFO] [stdout] 54  | pub trait AppPublic: AppKey + Public + Ord + PartialOrd + Eq + PartialEq + MaybeDebugHash + codec::Codec {
[INFO] [stdout]     |                                                                                             ------------ required by this bound in `traits::AppPublic`
[INFO] [stdout]     | 
[INFO] [stdout]    ::: /opt/rustwide/cargo-home/git/checkouts/substrate-7e08433d4c370a21/d1cd01c/core/application-crypto/src/ed25519.rs:25:5
[INFO] [stdout]     |
[INFO] [stdout] 25  |     crate::app_crypto!(super, ED25519);
[INFO] [stdout]     |     ----------------------------------- in this macro invocation
[INFO] [stdout]     |
[INFO] [stdout]     = note: required because of the requirements on the impl of `Encode` for `ed25519::app::Public`
[INFO] [stdout]     = note: this error originates in the macro `$crate::app_crypto` (in Nightly builds, run with -Z macro-backtrace for more info)
[INFO] [stdout] 
[INFO] [stdout] 
[INFO] [stdout] error[E0277]: the trait bound `ed25519::app::Public: WrapperTypeDecode` is not satisfied
[INFO] [stdout]    --> /opt/rustwide/cargo-home/git/checkouts/substrate-7e08433d4c370a21/d1cd01c/core/application-crypto/src/lib.rs:211:8
[INFO] [stdout]     |
[INFO] [stdout] 211 |         impl $crate::AppPublic for Public {
[INFO] [stdout]     |              ^^^^^^^^^^^^^^^^^ the trait `WrapperTypeDecode` is not implemented for `ed25519::app::Public`
[INFO] [stdout]     | 
[INFO] [stdout]    ::: /opt/rustwide/cargo-home/git/checkouts/substrate-7e08433d4c370a21/d1cd01c/core/application-crypto/src/traits.rs:54:93
[INFO] [stdout]     |
[INFO] [stdout] 54  | pub trait AppPublic: AppKey + Public + Ord + PartialOrd + Eq + PartialEq + MaybeDebugHash + codec::Codec {
[INFO] [stdout]     |                                                                                             ------------ required by this bound in `traits::AppPublic`
[INFO] [stdout]     | 
[INFO] [stdout]    ::: /opt/rustwide/cargo-home/git/checkouts/substrate-7e08433d4c370a21/d1cd01c/core/application-crypto/src/ed25519.rs:25:5
[INFO] [stdout]     |
[INFO] [stdout] 25  |     crate::app_crypto!(super, ED25519);
[INFO] [stdout]     |     ----------------------------------- in this macro invocation
[INFO] [stdout]     |
[INFO] [stdout]     = note: required because of the requirements on the impl of `Decode` for `ed25519::app::Public`
[INFO] [stdout]     = note: this error originates in the macro `$crate::app_crypto` (in Nightly builds, run with -Z macro-backtrace for more info)
[INFO] [stdout] 
[INFO] [stdout] 
[INFO] [stdout] error[E0277]: the trait bound `sr25519::app::Public: WrapperTypeEncode` is not satisfied
[INFO] [stdout]    --> /opt/rustwide/cargo-home/git/checkouts/substrate-7e08433d4c370a21/d1cd01c/core/application-crypto/src/lib.rs:211:8
[INFO] [stdout]     |
[INFO] [stdout] 211 |         impl $crate::AppPublic for Public {
[INFO] [stdout]     |              ^^^^^^^^^^^^^^^^^ the trait `WrapperTypeEncode` is not implemented for `sr25519::app::Public`
[INFO] [stdout]     | 
[INFO] [stdout]    ::: /opt/rustwide/cargo-home/git/checkouts/substrate-7e08433d4c370a21/d1cd01c/core/application-crypto/src/traits.rs:54:93
[INFO] [stdout]     |
[INFO] [stdout] 54  | pub trait AppPublic: AppKey + Public + Ord + PartialOrd + Eq + PartialEq + MaybeDebugHash + codec::Codec {
[INFO] [stdout]     |                                                                                             ------------ required by this bound in `traits::AppPublic`
[INFO] [stdout]     | 
[INFO] [stdout]    ::: /opt/rustwide/cargo-home/git/checkouts/substrate-7e08433d4c370a21/d1cd01c/core/application-crypto/src/sr25519.rs:25:5
[INFO] [stdout]     |
[INFO] [stdout] 25  |     crate::app_crypto!(super, SR25519);
[INFO] [stdout]     |     ----------------------------------- in this macro invocation
[INFO] [stdout]     |
[INFO] [stdout]     = note: required because of the requirements on the impl of `Encode` for `sr25519::app::Public`
[INFO] [stdout]     = note: this error originates in the macro `$crate::app_crypto` (in Nightly builds, run with -Z macro-backtrace for more info)
[INFO] [stdout] 
[INFO] [stdout] 
[INFO] [stdout] error[E0277]: the trait bound `sr25519::app::Public: WrapperTypeDecode` is not satisfied
[INFO] [stdout]    --> /opt/rustwide/cargo-home/git/checkouts/substrate-7e08433d4c370a21/d1cd01c/core/application-crypto/src/lib.rs:211:8
[INFO] [stdout]     |
[INFO] [stdout] 211 |         impl $crate::AppPublic for Public {
[INFO] [stdout]     |              ^^^^^^^^^^^^^^^^^ the trait `WrapperTypeDecode` is not implemented for `sr25519::app::Public`
[INFO] [stdout]     | 
[INFO] [stdout]    ::: /opt/rustwide/cargo-home/git/checkouts/substrate-7e08433d4c370a21/d1cd01c/core/application-crypto/src/traits.rs:54:93
[INFO] [stdout]     |
[INFO] [stdout] 54  | pub trait AppPublic: AppKey + Public + Ord + PartialOrd + Eq + PartialEq + MaybeDebugHash + codec::Codec {
[INFO] [stdout]     |                                                                                             ------------ required by this bound in `traits::AppPublic`
[INFO] [stdout]     | 
[INFO] [stdout]    ::: /opt/rustwide/cargo-home/git/checkouts/substrate-7e08433d4c370a21/d1cd01c/core/application-crypto/src/sr25519.rs:25:5
[INFO] [stdout]     |
[INFO] [stdout] 25  |     crate::app_crypto!(super, SR25519);
[INFO] [stdout]     |     ----------------------------------- in this macro invocation
[INFO] [stdout]     |
[INFO] [stdout]     = note: required because of the requirements on the impl of `Decode` for `sr25519::app::Public`
[INFO] [stdout]     = note: this error originates in the macro `$crate::app_crypto` (in Nightly builds, run with -Z macro-backtrace for more info)
[INFO] [stdout] 
[INFO] [stdout] 
[INFO] [stdout] error: aborting due to 8 previous errors
[INFO] [stdout] 
[INFO] [stdout] 
[INFO] [stdout] For more information about this error, try `rustc --explain E0277`.
[INFO] [stdout] 
[INFO] [stderr] error: could not compile `substrate-application-crypto` due to 9 previous errors
[INFO] running `Command { std: "docker" "inspect" "7a923c11d3484559a3c33adf4639edfb457085183434dccc4849fd675345322c", kill_on_drop: false }`
[INFO] running `Command { std: "docker" "rm" "-f" "7a923c11d3484559a3c33adf4639edfb457085183434dccc4849fd675345322c", kill_on_drop: false }`
[INFO] [stdout] 7a923c11d3484559a3c33adf4639edfb457085183434dccc4849fd675345322c
