[INFO] cloning repository https://github.com/tetcoin-staging/parity-processbot
[INFO] running `Command { std: "git" "-c" "credential.helper=" "-c" "credential.helper=/workspace/cargo-home/bin/git-credential-null" "clone" "--bare" "https://github.com/tetcoin-staging/parity-processbot" "/workspace/cache/git-repos/https%3A%2F%2Fgithub.com%2Ftetcoin-staging%2Fparity-processbot", kill_on_drop: false }`
[INFO] [stderr] Cloning into bare repository '/workspace/cache/git-repos/https%3A%2F%2Fgithub.com%2Ftetcoin-staging%2Fparity-processbot'...
[INFO] running `Command { std: "git" "rev-parse" "HEAD", kill_on_drop: false }`
[INFO] [stdout] 7b48133f7766cf8b1f4040b63bb2dd008bac42cc
[INFO] documenting tetcoin-staging/parity-processbot against 1.54.0 for beta-1.55-rustdoc-1
[INFO] running `Command { std: "git" "clone" "/workspace/cache/git-repos/https%3A%2F%2Fgithub.com%2Ftetcoin-staging%2Fparity-processbot" "/workspace/builds/worker-0/source", kill_on_drop: false }`
[INFO] [stderr] Cloning into '/workspace/builds/worker-0/source'...
[INFO] [stderr] done.
[INFO] validating manifest of git repo https://github.com/tetcoin-staging/parity-processbot on toolchain 1.54.0
[INFO] running `Command { std: "/workspace/cargo-home/bin/cargo" "+1.54.0" "metadata" "--manifest-path" "Cargo.toml" "--no-deps", kill_on_drop: false }`
[INFO] removed /workspace/builds/worker-0/source/rust-toolchain
[INFO] started tweaking git repo https://github.com/tetcoin-staging/parity-processbot
[INFO] finished tweaking git repo https://github.com/tetcoin-staging/parity-processbot
[INFO] tweaked toml for git repo https://github.com/tetcoin-staging/parity-processbot written to /workspace/builds/worker-0/source/Cargo.toml
[INFO] crate git repo https://github.com/tetcoin-staging/parity-processbot already has a lockfile, it will not be regenerated
[INFO] running `Command { std: "/workspace/cargo-home/bin/cargo" "+1.54.0" "fetch" "--manifest-path" "Cargo.toml", kill_on_drop: false }`
[INFO] running `Command { std: "docker" "create" "-v" "/var/lib/crater-agent-workspace/builds/worker-0/target:/opt/rustwide/target:rw,Z" "-v" "/var/lib/crater-agent-workspace/builds/worker-0/source:/opt/rustwide/workdir:ro,Z" "-v" "/var/lib/crater-agent-workspace/cargo-home:/opt/rustwide/cargo-home:ro,Z" "-v" "/var/lib/crater-agent-workspace/rustup-home:/opt/rustwide/rustup-home:ro,Z" "-e" "SOURCE_DIR=/opt/rustwide/workdir" "-e" "CARGO_TARGET_DIR=/opt/rustwide/target" "-e" "CARGO_HOME=/opt/rustwide/cargo-home" "-e" "RUSTUP_HOME=/opt/rustwide/rustup-home" "-w" "/opt/rustwide/workdir" "-m" "1610612736" "--user" "0:0" "--network" "none" "ghcr.io/rust-lang/crates-build-env/linux@sha256:34b6a614d2c27851fe6cbf88fbd1137609cefab8b10d0615aaeb6fd47975d74e" "/opt/rustwide/cargo-home/bin/cargo" "+1.54.0" "metadata" "--no-deps" "--format-version=1", kill_on_drop: false }`
[INFO] [stderr] WARNING: Your kernel does not support swap limit capabilities or the cgroup is not mounted. Memory limited without swap.
[INFO] [stdout] 069e36efa19c29b2e80c0210aad6d7d2a00d547e68fe8661ee94499c14181b07
[INFO] running `Command { std: "docker" "start" "-a" "069e36efa19c29b2e80c0210aad6d7d2a00d547e68fe8661ee94499c14181b07", kill_on_drop: false }`
[INFO] running `Command { std: "docker" "inspect" "069e36efa19c29b2e80c0210aad6d7d2a00d547e68fe8661ee94499c14181b07", kill_on_drop: false }`
[INFO] running `Command { std: "docker" "rm" "-f" "069e36efa19c29b2e80c0210aad6d7d2a00d547e68fe8661ee94499c14181b07", kill_on_drop: false }`
[INFO] [stdout] 069e36efa19c29b2e80c0210aad6d7d2a00d547e68fe8661ee94499c14181b07
[INFO] running `Command { std: "docker" "create" "-v" "/var/lib/crater-agent-workspace/builds/worker-0/target:/opt/rustwide/target:rw,Z" "-v" "/var/lib/crater-agent-workspace/builds/worker-0/source:/opt/rustwide/workdir:ro,Z" "-v" "/var/lib/crater-agent-workspace/cargo-home:/opt/rustwide/cargo-home:ro,Z" "-v" "/var/lib/crater-agent-workspace/rustup-home:/opt/rustwide/rustup-home:ro,Z" "-e" "SOURCE_DIR=/opt/rustwide/workdir" "-e" "CARGO_TARGET_DIR=/opt/rustwide/target" "-e" "CARGO_INCREMENTAL=0" "-e" "RUST_BACKTRACE=full" "-e" "RUSTDOCFLAGS=--cap-lints=warn" "-e" "CARGO_HOME=/opt/rustwide/cargo-home" "-e" "RUSTUP_HOME=/opt/rustwide/rustup-home" "-w" "/opt/rustwide/workdir" "-m" "1610612736" "--user" "0:0" "--network" "none" "ghcr.io/rust-lang/crates-build-env/linux@sha256:34b6a614d2c27851fe6cbf88fbd1137609cefab8b10d0615aaeb6fd47975d74e" "/opt/rustwide/cargo-home/bin/cargo" "+1.54.0" "doc" "--frozen" "--no-deps" "--document-private-items" "--message-format=json", kill_on_drop: false }`
[INFO] [stdout] e76b68c0c7ef336b10eeb5661c78a3ffced6818283acec1a34d9f22087dcac49
[INFO] [stderr] WARNING: Your kernel does not support swap limit capabilities or the cgroup is not mounted. Memory limited without swap.
[INFO] running `Command { std: "docker" "start" "-a" "e76b68c0c7ef336b10eeb5661c78a3ffced6818283acec1a34d9f22087dcac49", kill_on_drop: false }`
[INFO] [stderr]     Blocking waiting for file lock on package cache
[INFO] [stderr]    Compiling syn v1.0.33
[INFO] [stderr]    Compiling wasm-bindgen v0.2.63
[INFO] [stderr]     Checking parking v1.0.2
[INFO] [stderr]    Compiling curl v0.4.30
[INFO] [stderr]    Compiling hyperx v1.0.0
[INFO] [stderr]     Checking base16 v0.2.1
[INFO] [stderr]    Compiling atty v0.2.14
[INFO] [stderr]    Compiling which v3.1.1
[INFO] [stderr]     Checking mio v0.6.22
[INFO] [stderr]    Compiling libloading v0.5.2
[INFO] [stderr]    Compiling curl-sys v0.4.32+curl-7.70.0
[INFO] [stderr]    Compiling ring v0.16.15
[INFO] [stderr]     Checking num-bigint v0.2.6
[INFO] [stderr]     Checking pem v0.8.1
[INFO] [stderr]     Checking env_logger v0.7.1
[INFO] [stderr]    Compiling openssl v0.10.29
[INFO] [stderr]    Compiling native-tls v0.2.4
[INFO] [stderr]    Compiling clap v2.33.1
[INFO] [stderr]     Checking mio-uds v0.6.8
[INFO] [stderr]    Compiling clang-sys v0.29.3
[INFO] [stderr]    Compiling bindgen v0.53.3
[INFO] [stderr]    Compiling wasm-bindgen-backend v0.2.63
[INFO] [stderr]    Compiling wasm-bindgen-macro-support v0.2.63
[INFO] [stderr]    Compiling serde_derive v1.0.114
[INFO] [stderr]    Compiling pin-project-internal v0.4.22
[INFO] [stderr]    Compiling futures-macro v0.3.5
[INFO] [stderr]    Compiling tokio-macros v0.2.5
[INFO] [stderr]    Compiling thiserror-impl v1.0.20
[INFO] [stderr]    Compiling snafu-derive v0.6.8
[INFO] [stderr]    Compiling wasm-bindgen-macro v0.2.63
[INFO] [stderr]     Checking tokio v0.2.21
[INFO] [stderr]     Checking thiserror v1.0.20
[INFO] [stderr]     Checking pin-project v0.4.22
[INFO] [stderr]    Compiling librocksdb-sys v6.7.4
[INFO] [stderr]     Checking futures-util v0.3.5
[INFO] [stderr]     Checking snafu v0.6.8
[INFO] [stderr]     Checking tokio-util v0.3.1
[INFO] [stderr]     Checking tokio-tls v0.3.1
[INFO] [stderr]     Checking serde v1.0.114
[INFO] [stderr]     Checking h2 v0.2.5
[INFO] [stderr]     Checking blocking v0.4.6
[INFO] [stderr]     Checking futures-executor v0.3.5
[INFO] [stderr]     Checking futures v0.3.5
[INFO] [stderr]     Checking smol v0.1.18
[INFO] [stderr]     Checking hyper v0.13.6
[INFO] [stderr]     Checking serde_json v1.0.55
[INFO] [stderr]     Checking chrono v0.4.11
[INFO] [stderr]     Checking serde_urlencoded v0.6.1
[INFO] [stderr]     Checking toml v0.5.6
[INFO] [stderr]     Checking bincode v1.3.1
[INFO] [stderr]     Checking serde_yaml v0.8.13
[INFO] [stderr]     Checking simple_asn1 v0.4.0
[INFO] [stderr]     Checking jsonwebtoken v7.1.2
[INFO] [stderr]     Checking js-sys v0.3.40
[INFO] [stderr]     Checking hyper-tls v0.4.1
[INFO] [stderr]     Checking reqwest v0.10.6
[INFO] [stderr]     Checking web-sys v0.3.40
[INFO] [stderr]     Checking gloo-timers v0.2.1
[INFO] [stderr]     Checking futures-timer v3.0.2
[INFO] [stderr]     Checking async-std v1.6.2
[INFO] [stderr] The following warnings were emitted during compilation:
[INFO] [stderr] 
[INFO] [stderr] warning: c++: fatal error: Killed signal terminated program cc1plus
[INFO] [stderr] warning: compilation terminated.
[INFO] [stderr] warning: c++: fatal error: Killed signal terminated program cc1plus
[INFO] [stderr] warning: compilation terminated.
[INFO] [stderr] warning: c++: fatal error: Killed signal terminated program cc1plus
[INFO] [stderr] warning: compilation terminated.
[INFO] [stderr] warning: c++: fatal error: Killed signal terminated program cc1plus
[INFO] [stderr] warning: compilation terminated.
[INFO] [stderr] warning: c++: fatal error: Killed signal terminated program cc1plus
[INFO] [stderr] warning: compilation terminated.
[INFO] [stderr] warning: c++: fatal error: Killed signal terminated program cc1plus
[INFO] [stderr] warning: compilation terminated.
[INFO] [stderr] warning: c++: fatal error: Killed signal terminated program cc1plus
[INFO] [stderr] warning: compilation terminated.
[INFO] [stderr] warning: c++: fatal error: Killed signal terminated program cc1plus
[INFO] [stderr] warning: compilation terminated.
[INFO] [stderr] warning: c++: fatal error: Killed signal terminated program cc1plus
[INFO] [stderr] warning: compilation terminated.
[INFO] [stderr] warning: c++: fatal error: Killed signal terminated program cc1plus
[INFO] [stderr] warning: compilation terminated.
[INFO] [stderr] warning: c++: fatal error: Killed signal terminated program cc1plus
[INFO] [stderr] warning: compilation terminated.
[INFO] [stderr] 
[INFO] [stderr] error: failed to run custom build command for `librocksdb-sys v6.7.4`
[INFO] [stderr] 
[INFO] [stderr] Caused by:
[INFO] [stderr]   process didn't exit successfully: `/opt/rustwide/target/debug/build/librocksdb-sys-48c055d22d29a55f/build-script-build` (exit status: 1)
[INFO] [stderr]   --- stdout
[INFO] [stderr]   cargo:rerun-if-changed=build.rs
[INFO] [stderr]   cargo:rerun-if-changed=rocksdb/
[INFO] [stderr]   TARGET = Some("x86_64-unknown-linux-gnu")
[INFO] [stderr]   OPT_LEVEL = Some("0")
[INFO] [stderr]   HOST = Some("x86_64-unknown-linux-gnu")
[INFO] [stderr]   CXX_x86_64-unknown-linux-gnu = None
[INFO] [stderr]   CXX_x86_64_unknown_linux_gnu = None
[INFO] [stderr]   HOST_CXX = None
[INFO] [stderr]   CXX = None
[INFO] [stderr]   CXXFLAGS_x86_64-unknown-linux-gnu = None
[INFO] [stderr]   CXXFLAGS_x86_64_unknown_linux_gnu = None
[INFO] [stderr]   HOST_CXXFLAGS = None
[INFO] [stderr]   CXXFLAGS = None
[INFO] [stderr]   CRATE_CC_NO_DEFAULTS = None
[INFO] [stderr]   DEBUG = Some("true")
[INFO] [stderr]   CARGO_CFG_TARGET_FEATURE = Some("fxsr,sse,sse2")
[INFO] [stderr]   CXX_x86_64-unknown-linux-gnu = None
[INFO] [stderr]   CXX_x86_64_unknown_linux_gnu = None
[INFO] [stderr]   HOST_CXX = None
[INFO] [stderr]   CXX = None
[INFO] [stderr]   CXXFLAGS_x86_64-unknown-linux-gnu = None
[INFO] [stderr]   CXXFLAGS_x86_64_unknown_linux_gnu = None
[INFO] [stderr]   HOST_CXXFLAGS = None
[INFO] [stderr]   CXXFLAGS = None
[INFO] [stderr]   CRATE_CC_NO_DEFAULTS = None
[INFO] [stderr]   CARGO_CFG_TARGET_FEATURE = Some("fxsr,sse,sse2")
[INFO] [stderr]   CXX_x86_64-unknown-linux-gnu = None
[INFO] [stderr]   CXX_x86_64_unknown_linux_gnu = None
[INFO] [stderr]   HOST_CXX = None
[INFO] [stderr]   CXX = None
[INFO] [stderr]   CXXFLAGS_x86_64-unknown-linux-gnu = None
[INFO] [stderr]   CXXFLAGS_x86_64_unknown_linux_gnu = None
[INFO] [stderr]   HOST_CXXFLAGS = None
[INFO] [stderr]   CXXFLAGS = None
[INFO] [stderr]   CRATE_CC_NO_DEFAULTS = None
[INFO] [stderr]   CARGO_CFG_TARGET_FEATURE = Some("fxsr,sse,sse2")
[INFO] [stderr]   CXX_x86_64-unknown-linux-gnu = None
[INFO] [stderr]   CXX_x86_64_unknown_linux_gnu = None
[INFO] [stderr]   HOST_CXX = None
[INFO] [stderr]   CXX = None
[INFO] [stderr]   CXXFLAGS_x86_64-unknown-linux-gnu = None
[INFO] [stderr]   CXXFLAGS_x86_64_unknown_linux_gnu = None
[INFO] [stderr]   HOST_CXXFLAGS = None
[INFO] [stderr]   CXXFLAGS = None
[INFO] [stderr]   CRATE_CC_NO_DEFAULTS = None
[INFO] [stderr]   CARGO_CFG_TARGET_FEATURE = Some("fxsr,sse,sse2")
[INFO] [stderr]   CXX_x86_64-unknown-linux-gnu = None
[INFO] [stderr]   CXX_x86_64_unknown_linux_gnu = None
[INFO] [stderr]   HOST_CXX = None
[INFO] [stderr]   CXX = None
[INFO] [stderr]   CXXFLAGS_x86_64-unknown-linux-gnu = None
[INFO] [stderr]   CXXFLAGS_x86_64_unknown_linux_gnu = None
[INFO] [stderr]   HOST_CXXFLAGS = None
[INFO] [stderr]   CXXFLAGS = None
[INFO] [stderr]   CRATE_CC_NO_DEFAULTS = None
[INFO] [stderr]   CARGO_CFG_TARGET_FEATURE = Some("fxsr,sse,sse2")
[INFO] [stderr]   running: "c++" "-O0" "-ffunction-sections" "-fdata-sections" "-fPIC" "-g" "-fno-omit-frame-pointer" "-m64" "-I" "rocksdb/include/" "-I" "rocksdb/" "-I" "rocksdb/third-party/gtest-1.8.1/fused-src/" "-I" "snappy/" "-I" "lz4/lib/" "-I" "zstd/lib/" "-I" "zstd/lib/dictBuilder/" "-I" "zlib/" "-I" "bzip2/" "-I" "." "-Wall" "-Wextra" "-std=c++11" "-Wno-unused-parameter" "-msse2" "-msse4.1" "-msse4.2" "-mpclmul" "-DSNAPPY=1" "-DLZ4=1" "-DZSTD=1" "-DZLIB=1" "-DBZIP2=1" "-DNDEBUG=1" "-DHAVE_PCLMUL=1" "-DHAVE_SSE42=1" "-DOS_LINUX=1" "-DROCKSDB_PLATFORM_POSIX=1" "-DROCKSDB_LIB_IO_POSIX=1" "-o" "/opt/rustwide/target/debug/build/librocksdb-sys-9a36fb407cd03ed1/out/rocksdb/db/compaction/compaction_job.o" "-c" "rocksdb/db/compaction/compaction_job.cc"
[INFO] [stderr]   running: "c++" "-O0" "-ffunction-sections" "-fdata-sections" "-fPIC" "-g" "-fno-omit-frame-pointer" "-m64" "-I" "rocksdb/include/" "-I" "rocksdb/" "-I" "rocksdb/third-party/gtest-1.8.1/fused-src/" "-I" "snappy/" "-I" "lz4/lib/" "-I" "zstd/lib/" "-I" "zstd/lib/dictBuilder/" "-I" "zlib/" "-I" "bzip2/" "-I" "." "-Wall" "-Wextra" "-std=c++11" "-Wno-unused-parameter" "-msse2" "-msse4.1" "-msse4.2" "-mpclmul" "-DSNAPPY=1" "-DLZ4=1" "-DZSTD=1" "-DZLIB=1" "-DBZIP2=1" "-DNDEBUG=1" "-DHAVE_PCLMUL=1" "-DHAVE_SSE42=1" "-DOS_LINUX=1" "-DROCKSDB_PLATFORM_POSIX=1" "-DROCKSDB_LIB_IO_POSIX=1" "-o" "/opt/rustwide/target/debug/build/librocksdb-sys-9a36fb407cd03ed1/out/rocksdb/db/column_family.o" "-c" "rocksdb/db/column_family.cc"
[INFO] [stderr]   running: "c++" "-O0" "-ffunction-sections" "-fdata-sections" "-fPIC" "-g" "-fno-omit-frame-pointer" "-m64" "-I" "rocksdb/include/" "-I" "rocksdb/" "-I" "rocksdb/third-party/gtest-1.8.1/fused-src/" "-I" "snappy/" "-I" "lz4/lib/" "-I" "zstd/lib/" "-I" "zstd/lib/dictBuilder/" "-I" "zlib/" "-I" "bzip2/" "-I" "." "-Wall" "-Wextra" "-std=c++11" "-Wno-unused-parameter" "-msse2" "-msse4.1" "-msse4.2" "-mpclmul" "-DSNAPPY=1" "-DLZ4=1" "-DZSTD=1" "-DZLIB=1" "-DBZIP2=1" "-DNDEBUG=1" "-DHAVE_PCLMUL=1" "-DHAVE_SSE42=1" "-DOS_LINUX=1" "-DROCKSDB_PLATFORM_POSIX=1" "-DROCKSDB_LIB_IO_POSIX=1" "-o" "/opt/rustwide/target/debug/build/librocksdb-sys-9a36fb407cd03ed1/out/rocksdb/db/compaction/compaction.o" "-c" "rocksdb/db/compaction/compaction.cc"
[INFO] [stderr]   running: "c++" "-O0" "-ffunction-sections" "-fdata-sections" "-fPIC" "-g" "-fno-omit-frame-pointer" "-m64" "-I" "rocksdb/include/" "-I" "rocksdb/" "-I" "rocksdb/third-party/gtest-1.8.1/fused-src/" "-I" "snappy/" "-I" "lz4/lib/" "-I" "zstd/lib/" "-I" "zstd/lib/dictBuilder/" "-I" "zlib/" "-I" "bzip2/" "-I" "." "-Wall" "-Wextra" "-std=c++11" "-Wno-unused-parameter" "-msse2" "-msse4.1" "-msse4.2" "-mpclmul" "-DSNAPPY=1" "-DLZ4=1" "-DZSTD=1" "-DZLIB=1" "-DBZIP2=1" "-DNDEBUG=1" "-DHAVE_PCLMUL=1" "-DHAVE_SSE42=1" "-DOS_LINUX=1" "-DROCKSDB_PLATFORM_POSIX=1" "-DROCKSDB_LIB_IO_POSIX=1" "-o" "/opt/rustwide/target/debug/build/librocksdb-sys-9a36fb407cd03ed1/out/rocksdb/db/compacted_db_impl.o" "-c" "rocksdb/db/compacted_db_impl.cc"
[INFO] [stderr]   running: "c++" "-O0" "-ffunction-sections" "-fdata-sections" "-fPIC" "-g" "-fno-omit-frame-pointer" "-m64" "-I" "rocksdb/include/" "-I" "rocksdb/" "-I" "rocksdb/third-party/gtest-1.8.1/fused-src/" "-I" "snappy/" "-I" "lz4/lib/" "-I" "zstd/lib/" "-I" "zstd/lib/dictBuilder/" "-I" "zlib/" "-I" "bzip2/" "-I" "." "-Wall" "-Wextra" "-std=c++11" "-Wno-unused-parameter" "-msse2" "-msse4.1" "-msse4.2" "-mpclmul" "-DSNAPPY=1" "-DLZ4=1" "-DZSTD=1" "-DZLIB=1" "-DBZIP2=1" "-DNDEBUG=1" "-DHAVE_PCLMUL=1" "-DHAVE_SSE42=1" "-DOS_LINUX=1" "-DROCKSDB_PLATFORM_POSIX=1" "-DROCKSDB_LIB_IO_POSIX=1" "-o" "/opt/rustwide/target/debug/build/librocksdb-sys-9a36fb407cd03ed1/out/rocksdb/db/compaction/compaction_picker.o" "-c" "rocksdb/db/compaction/compaction_picker.cc"
[INFO] [stderr]   running: "c++" "-O0" "-ffunction-sections" "-fdata-sections" "-fPIC" "-g" "-fno-omit-frame-pointer" "-m64" "-I" "rocksdb/include/" "-I" "rocksdb/" "-I" "rocksdb/third-party/gtest-1.8.1/fused-src/" "-I" "snappy/" "-I" "lz4/lib/" "-I" "zstd/lib/" "-I" "zstd/lib/dictBuilder/" "-I" "zlib/" "-I" "bzip2/" "-I" "." "-Wall" "-Wextra" "-std=c++11" "-Wno-unused-parameter" "-msse2" "-msse4.1" "-msse4.2" "-mpclmul" "-DSNAPPY=1" "-DLZ4=1" "-DZSTD=1" "-DZLIB=1" "-DBZIP2=1" "-DNDEBUG=1" "-DHAVE_PCLMUL=1" "-DHAVE_SSE42=1" "-DOS_LINUX=1" "-DROCKSDB_PLATFORM_POSIX=1" "-DROCKSDB_LIB_IO_POSIX=1" "-o" "/opt/rustwide/target/debug/build/librocksdb-sys-9a36fb407cd03ed1/out/rocksdb/db/compaction/compaction_picker_fifo.o" "-c" "rocksdb/db/compaction/compaction_picker_fifo.cc"
[INFO] [stderr]   running: "c++" "-O0" "-ffunction-sections" "-fdata-sections" "-fPIC" "-g" "-fno-omit-frame-pointer" "-m64" "-I" "rocksdb/include/" "-I" "rocksdb/" "-I" "rocksdb/third-party/gtest-1.8.1/fused-src/" "-I" "snappy/" "-I" "lz4/lib/" "-I" "zstd/lib/" "-I" "zstd/lib/dictBuilder/" "-I" "zlib/" "-I" "bzip2/" "-I" "." "-Wall" "-Wextra" "-std=c++11" "-Wno-unused-parameter" "-msse2" "-msse4.1" "-msse4.2" "-mpclmul" "-DSNAPPY=1" "-DLZ4=1" "-DZSTD=1" "-DZLIB=1" "-DBZIP2=1" "-DNDEBUG=1" "-DHAVE_PCLMUL=1" "-DHAVE_SSE42=1" "-DOS_LINUX=1" "-DROCKSDB_PLATFORM_POSIX=1" "-DROCKSDB_LIB_IO_POSIX=1" "-o" "/opt/rustwide/target/debug/build/librocksdb-sys-9a36fb407cd03ed1/out/rocksdb/db/c.o" "-c" "rocksdb/db/c.cc"
[INFO] [stderr]   running: "c++" "-O0" "-ffunction-sections" "-fdata-sections" "-fPIC" "-g" "-fno-omit-frame-pointer" "-m64" "-I" "rocksdb/include/" "-I" "rocksdb/" "-I" "rocksdb/third-party/gtest-1.8.1/fused-src/" "-I" "snappy/" "-I" "lz4/lib/" "-I" "zstd/lib/" "-I" "zstd/lib/dictBuilder/" "-I" "zlib/" "-I" "bzip2/" "-I" "." "-Wall" "-Wextra" "-std=c++11" "-Wno-unused-parameter" "-msse2" "-msse4.1" "-msse4.2" "-mpclmul" "-DSNAPPY=1" "-DLZ4=1" "-DZSTD=1" "-DZLIB=1" "-DBZIP2=1" "-DNDEBUG=1" "-DHAVE_PCLMUL=1" "-DHAVE_SSE42=1" "-DOS_LINUX=1" "-DROCKSDB_PLATFORM_POSIX=1" "-DROCKSDB_LIB_IO_POSIX=1" "-o" "/opt/rustwide/target/debug/build/librocksdb-sys-9a36fb407cd03ed1/out/rocksdb/db/compaction/compaction_iterator.o" "-c" "rocksdb/db/compaction/compaction_iterator.cc"
[INFO] [stderr]   running: "c++" "-O0" "-ffunction-sections" "-fdata-sections" "-fPIC" "-g" "-fno-omit-frame-pointer" "-m64" "-I" "rocksdb/include/" "-I" "rocksdb/" "-I" "rocksdb/third-party/gtest-1.8.1/fused-src/" "-I" "snappy/" "-I" "lz4/lib/" "-I" "zstd/lib/" "-I" "zstd/lib/dictBuilder/" "-I" "zlib/" "-I" "bzip2/" "-I" "." "-Wall" "-Wextra" "-std=c++11" "-Wno-unused-parameter" "-msse2" "-msse4.1" "-msse4.2" "-mpclmul" "-DSNAPPY=1" "-DLZ4=1" "-DZSTD=1" "-DZLIB=1" "-DBZIP2=1" "-DNDEBUG=1" "-DHAVE_PCLMUL=1" "-DHAVE_SSE42=1" "-DOS_LINUX=1" "-DROCKSDB_PLATFORM_POSIX=1" "-DROCKSDB_LIB_IO_POSIX=1" "-o" "/opt/rustwide/target/debug/build/librocksdb-sys-9a36fb407cd03ed1/out/rocksdb/db/builder.o" "-c" "rocksdb/db/builder.cc"
[INFO] [stderr]   running: "c++" "-O0" "-ffunction-sections" "-fdata-sections" "-fPIC" "-g" "-fno-omit-frame-pointer" "-m64" "-I" "rocksdb/include/" "-I" "rocksdb/" "-I" "rocksdb/third-party/gtest-1.8.1/fused-src/" "-I" "snappy/" "-I" "lz4/lib/" "-I" "zstd/lib/" "-I" "zstd/lib/dictBuilder/" "-I" "zlib/" "-I" "bzip2/" "-I" "." "-Wall" "-Wextra" "-std=c++11" "-Wno-unused-parameter" "-msse2" "-msse4.1" "-msse4.2" "-mpclmul" "-DSNAPPY=1" "-DLZ4=1" "-DZSTD=1" "-DZLIB=1" "-DBZIP2=1" "-DNDEBUG=1" "-DHAVE_PCLMUL=1" "-DHAVE_SSE42=1" "-DOS_LINUX=1" "-DROCKSDB_PLATFORM_POSIX=1" "-DROCKSDB_LIB_IO_POSIX=1" "-o" "/opt/rustwide/target/debug/build/librocksdb-sys-9a36fb407cd03ed1/out/rocksdb/cache/sharded_cache.o" "-c" "rocksdb/cache/sharded_cache.cc"
[INFO] [stderr]   running: "c++" "-O0" "-ffunction-sections" "-fdata-sections" "-fPIC" "-g" "-fno-omit-frame-pointer" "-m64" "-I" "rocksdb/include/" "-I" "rocksdb/" "-I" "rocksdb/third-party/gtest-1.8.1/fused-src/" "-I" "snappy/" "-I" "lz4/lib/" "-I" "zstd/lib/" "-I" "zstd/lib/dictBuilder/" "-I" "zlib/" "-I" "bzip2/" "-I" "." "-Wall" "-Wextra" "-std=c++11" "-Wno-unused-parameter" "-msse2" "-msse4.1" "-msse4.2" "-mpclmul" "-DSNAPPY=1" "-DLZ4=1" "-DZSTD=1" "-DZLIB=1" "-DBZIP2=1" "-DNDEBUG=1" "-DHAVE_PCLMUL=1" "-DHAVE_SSE42=1" "-DOS_LINUX=1" "-DROCKSDB_PLATFORM_POSIX=1" "-DROCKSDB_LIB_IO_POSIX=1" "-o" "/opt/rustwide/target/debug/build/librocksdb-sys-9a36fb407cd03ed1/out/rocksdb/cache/clock_cache.o" "-c" "rocksdb/cache/clock_cache.cc"
[INFO] [stderr]   running: "c++" "-O0" "-ffunction-sections" "-fdata-sections" "-fPIC" "-g" "-fno-omit-frame-pointer" "-m64" "-I" "rocksdb/include/" "-I" "rocksdb/" "-I" "rocksdb/third-party/gtest-1.8.1/fused-src/" "-I" "snappy/" "-I" "lz4/lib/" "-I" "zstd/lib/" "-I" "zstd/lib/dictBuilder/" "-I" "zlib/" "-I" "bzip2/" "-I" "." "-Wall" "-Wextra" "-std=c++11" "-Wno-unused-parameter" "-msse2" "-msse4.1" "-msse4.2" "-mpclmul" "-DSNAPPY=1" "-DLZ4=1" "-DZSTD=1" "-DZLIB=1" "-DBZIP2=1" "-DNDEBUG=1" "-DHAVE_PCLMUL=1" "-DHAVE_SSE42=1" "-DOS_LINUX=1" "-DROCKSDB_PLATFORM_POSIX=1" "-DROCKSDB_LIB_IO_POSIX=1" "-o" "/opt/rustwide/target/debug/build/librocksdb-sys-9a36fb407cd03ed1/out/rocksdb/db/arena_wrapped_db_iter.o" "-c" "rocksdb/db/arena_wrapped_db_iter.cc"
[INFO] [stderr]   running: "c++" "-O0" "-ffunction-sections" "-fdata-sections" "-fPIC" "-g" "-fno-omit-frame-pointer" "-m64" "-I" "rocksdb/include/" "-I" "rocksdb/" "-I" "rocksdb/third-party/gtest-1.8.1/fused-src/" "-I" "snappy/" "-I" "lz4/lib/" "-I" "zstd/lib/" "-I" "zstd/lib/dictBuilder/" "-I" "zlib/" "-I" "bzip2/" "-I" "." "-Wall" "-Wextra" "-std=c++11" "-Wno-unused-parameter" "-msse2" "-msse4.1" "-msse4.2" "-mpclmul" "-DSNAPPY=1" "-DLZ4=1" "-DZSTD=1" "-DZLIB=1" "-DBZIP2=1" "-DNDEBUG=1" "-DHAVE_PCLMUL=1" "-DHAVE_SSE42=1" "-DOS_LINUX=1" "-DROCKSDB_PLATFORM_POSIX=1" "-DROCKSDB_LIB_IO_POSIX=1" "-o" "/opt/rustwide/target/debug/build/librocksdb-sys-9a36fb407cd03ed1/out/rocksdb/cache/lru_cache.o" "-c" "rocksdb/cache/lru_cache.cc"
[INFO] [stderr]   running: "c++" "-O0" "-ffunction-sections" "-fdata-sections" "-fPIC" "-g" "-fno-omit-frame-pointer" "-m64" "-I" "rocksdb/include/" "-I" "rocksdb/" "-I" "rocksdb/third-party/gtest-1.8.1/fused-src/" "-I" "snappy/" "-I" "lz4/lib/" "-I" "zstd/lib/" "-I" "zstd/lib/dictBuilder/" "-I" "zlib/" "-I" "bzip2/" "-I" "." "-Wall" "-Wextra" "-std=c++11" "-Wno-unused-parameter" "-msse2" "-msse4.1" "-msse4.2" "-mpclmul" "-DSNAPPY=1" "-DLZ4=1" "-DZSTD=1" "-DZLIB=1" "-DBZIP2=1" "-DNDEBUG=1" "-DHAVE_PCLMUL=1" "-DHAVE_SSE42=1" "-DOS_LINUX=1" "-DROCKSDB_PLATFORM_POSIX=1" "-DROCKSDB_LIB_IO_POSIX=1" "-o" "/opt/rustwide/target/debug/build/librocksdb-sys-9a36fb407cd03ed1/out/rocksdb/db/compaction/compaction_picker_level.o" "-c" "rocksdb/db/compaction/compaction_picker_level.cc"
[INFO] [stderr]   exit status: 0
[INFO] [stderr]   running: "c++" "-O0" "-ffunction-sections" "-fdata-sections" "-fPIC" "-g" "-fno-omit-frame-pointer" "-m64" "-I" "rocksdb/include/" "-I" "rocksdb/" "-I" "rocksdb/third-party/gtest-1.8.1/fused-src/" "-I" "snappy/" "-I" "lz4/lib/" "-I" "zstd/lib/" "-I" "zstd/lib/dictBuilder/" "-I" "zlib/" "-I" "bzip2/" "-I" "." "-Wall" "-Wextra" "-std=c++11" "-Wno-unused-parameter" "-msse2" "-msse4.1" "-msse4.2" "-mpclmul" "-DSNAPPY=1" "-DLZ4=1" "-DZSTD=1" "-DZLIB=1" "-DBZIP2=1" "-DNDEBUG=1" "-DHAVE_PCLMUL=1" "-DHAVE_SSE42=1" "-DOS_LINUX=1" "-DROCKSDB_PLATFORM_POSIX=1" "-DROCKSDB_LIB_IO_POSIX=1" "-o" "/opt/rustwide/target/debug/build/librocksdb-sys-9a36fb407cd03ed1/out/rocksdb/db/compaction/compaction_picker_universal.o" "-c" "rocksdb/db/compaction/compaction_picker_universal.cc"
[INFO] [stderr]   exit status: 0
[INFO] [stderr]   running: "c++" "-O0" "-ffunction-sections" "-fdata-sections" "-fPIC" "-g" "-fno-omit-frame-pointer" "-m64" "-I" "rocksdb/include/" "-I" "rocksdb/" "-I" "rocksdb/third-party/gtest-1.8.1/fused-src/" "-I" "snappy/" "-I" "lz4/lib/" "-I" "zstd/lib/" "-I" "zstd/lib/dictBuilder/" "-I" "zlib/" "-I" "bzip2/" "-I" "." "-Wall" "-Wextra" "-std=c++11" "-Wno-unused-parameter" "-msse2" "-msse4.1" "-msse4.2" "-mpclmul" "-DSNAPPY=1" "-DLZ4=1" "-DZSTD=1" "-DZLIB=1" "-DBZIP2=1" "-DNDEBUG=1" "-DHAVE_PCLMUL=1" "-DHAVE_SSE42=1" "-DOS_LINUX=1" "-DROCKSDB_PLATFORM_POSIX=1" "-DROCKSDB_LIB_IO_POSIX=1" "-o" "/opt/rustwide/target/debug/build/librocksdb-sys-9a36fb407cd03ed1/out/rocksdb/db/convenience.o" "-c" "rocksdb/db/convenience.cc"
[INFO] [stderr]   exit status: 0
[INFO] [stderr]   running: "c++" "-O0" "-ffunction-sections" "-fdata-sections" "-fPIC" "-g" "-fno-omit-frame-pointer" "-m64" "-I" "rocksdb/include/" "-I" "rocksdb/" "-I" "rocksdb/third-party/gtest-1.8.1/fused-src/" "-I" "snappy/" "-I" "lz4/lib/" "-I" "zstd/lib/" "-I" "zstd/lib/dictBuilder/" "-I" "zlib/" "-I" "bzip2/" "-I" "." "-Wall" "-Wextra" "-std=c++11" "-Wno-unused-parameter" "-msse2" "-msse4.1" "-msse4.2" "-mpclmul" "-DSNAPPY=1" "-DLZ4=1" "-DZSTD=1" "-DZLIB=1" "-DBZIP2=1" "-DNDEBUG=1" "-DHAVE_PCLMUL=1" "-DHAVE_SSE42=1" "-DOS_LINUX=1" "-DROCKSDB_PLATFORM_POSIX=1" "-DROCKSDB_LIB_IO_POSIX=1" "-o" "/opt/rustwide/target/debug/build/librocksdb-sys-9a36fb407cd03ed1/out/rocksdb/db/db_filesnapshot.o" "-c" "rocksdb/db/db_filesnapshot.cc"
[INFO] [stderr]   cargo:warning=c++: fatal error: Killed signal terminated program cc1plus
[INFO] [stderr]   cargo:warning=compilation terminated.
[INFO] [stderr]   exit status: 1
[INFO] [stderr]   running: "c++" "-O0" "-ffunction-sections" "-fdata-sections" "-fPIC" "-g" "-fno-omit-frame-pointer" "-m64" "-I" "rocksdb/include/" "-I" "rocksdb/" "-I" "rocksdb/third-party/gtest-1.8.1/fused-src/" "-I" "snappy/" "-I" "lz4/lib/" "-I" "zstd/lib/" "-I" "zstd/lib/dictBuilder/" "-I" "zlib/" "-I" "bzip2/" "-I" "." "-Wall" "-Wextra" "-std=c++11" "-Wno-unused-parameter" "-msse2" "-msse4.1" "-msse4.2" "-mpclmul" "-DSNAPPY=1" "-DLZ4=1" "-DZSTD=1" "-DZLIB=1" "-DBZIP2=1" "-DNDEBUG=1" "-DHAVE_PCLMUL=1" "-DHAVE_SSE42=1" "-DOS_LINUX=1" "-DROCKSDB_PLATFORM_POSIX=1" "-DROCKSDB_LIB_IO_POSIX=1" "-o" "/opt/rustwide/target/debug/build/librocksdb-sys-9a36fb407cd03ed1/out/rocksdb/db/db_impl/db_impl.o" "-c" "rocksdb/db/db_impl/db_impl.cc"
[INFO] [stderr]   cargo:warning=c++: fatal error: Killed signal terminated program cc1plus
[INFO] [stderr]   cargo:warning=compilation terminated.
[INFO] [stderr]   cargo:warning=c++: fatal error: Killed signal terminated program cc1plus
[INFO] [stderr]   cargo:warning=compilation terminated.
[INFO] [stderr]   exit status: 1
[INFO] [stderr]   cargo:warning=c++: fatal error: Killed signal terminated program cc1plus
[INFO] [stderr]   cargo:warning=compilation terminated.
[INFO] [stderr]   exit status: 1
[INFO] [stderr]   exit status: 1
[INFO] [stderr]   cargo:warning=c++: fatal error: Killed signal terminated program cc1plus
[INFO] [stderr]   cargo:warning=compilation terminated.
[INFO] [stderr]   exit status: 1
[INFO] [stderr]   cargo:warning=c++: fatal error: Killed signal terminated program cc1plus
[INFO] [stderr]   cargo:warning=compilation terminated.
[INFO] [stderr]   exit status: 1
[INFO] [stderr]   cargo:warning=c++: fatal error: Killed signal terminated program cc1plus
[INFO] [stderr]   cargo:warning=compilation terminated.
[INFO] [stderr]   exit status: 1
[INFO] [stderr]   cargo:warning=c++: fatal error: Killed signal terminated program cc1plus
[INFO] [stderr]   cargo:warning=compilation terminated.
[INFO] [stderr]   exit status: 1
[INFO] [stderr]   cargo:warning=c++: fatal error: Killed signal terminated program cc1plus
[INFO] [stderr]   cargo:warning=compilation terminated.
[INFO] [stderr]   exit status: 1
[INFO] [stderr]   cargo:warning=c++: fatal error: Killed signal terminated program cc1plus
[INFO] [stderr]   cargo:warning=compilation terminated.
[INFO] [stderr]   exit status: 1
[INFO] [stderr]   cargo:warning=c++: fatal error: Killed signal terminated program cc1plus
[INFO] [stderr]   cargo:warning=compilation terminated.
[INFO] [stderr]   exit status: 1
[INFO] [stderr]   exit status: 0
[INFO] [stderr]   exit status: 0
[INFO] [stderr]   exit status: 0
[INFO] [stderr]   exit status: 0
[INFO] [stderr] 
[INFO] [stderr]   --- stderr
[INFO] [stderr]   error: 'rustfmt' is not installed for the toolchain '1.54.0-x86_64-unknown-linux-gnu'
[INFO] [stderr]   To install, run `rustup component add rustfmt --toolchain 1.54.0-x86_64-unknown-linux-gnu`
[INFO] [stderr]   Failed to run rustfmt: Internal rustfmt error (non-fatal, continuing)
[INFO] [stderr] 
[INFO] [stderr] 
[INFO] [stderr]   error occurred: Command "c++" "-O0" "-ffunction-sections" "-fdata-sections" "-fPIC" "-g" "-fno-omit-frame-pointer" "-m64" "-I" "rocksdb/include/" "-I" "rocksdb/" "-I" "rocksdb/third-party/gtest-1.8.1/fused-src/" "-I" "snappy/" "-I" "lz4/lib/" "-I" "zstd/lib/" "-I" "zstd/lib/dictBuilder/" "-I" "zlib/" "-I" "bzip2/" "-I" "." "-Wall" "-Wextra" "-std=c++11" "-Wno-unused-parameter" "-msse2" "-msse4.1" "-msse4.2" "-mpclmul" "-DSNAPPY=1" "-DLZ4=1" "-DZSTD=1" "-DZLIB=1" "-DBZIP2=1" "-DNDEBUG=1" "-DHAVE_PCLMUL=1" "-DHAVE_SSE42=1" "-DOS_LINUX=1" "-DROCKSDB_PLATFORM_POSIX=1" "-DROCKSDB_LIB_IO_POSIX=1" "-o" "/opt/rustwide/target/debug/build/librocksdb-sys-9a36fb407cd03ed1/out/rocksdb/db/arena_wrapped_db_iter.o" "-c" "rocksdb/db/arena_wrapped_db_iter.cc" with args "c++" did not execute successfully (status code exit status: 1).
[INFO] [stderr] 
[INFO] [stderr] 
[INFO] [stderr] warning: build failed, waiting for other jobs to finish...
[INFO] [stderr] error: build failed
[INFO] running `Command { std: "docker" "inspect" "e76b68c0c7ef336b10eeb5661c78a3ffced6818283acec1a34d9f22087dcac49", kill_on_drop: false }`
[INFO] running `Command { std: "docker" "rm" "-f" "e76b68c0c7ef336b10eeb5661c78a3ffced6818283acec1a34d9f22087dcac49", kill_on_drop: false }`
[INFO] [stdout] e76b68c0c7ef336b10eeb5661c78a3ffced6818283acec1a34d9f22087dcac49
