[INFO] cloning repository https://github.com/tensor-programming/st_alloc
[INFO] running `Command { std: "git" "-c" "credential.helper=" "-c" "credential.helper=/workspace/cargo-home/bin/git-credential-null" "clone" "--bare" "https://github.com/tensor-programming/st_alloc" "/workspace/cache/git-repos/https%3A%2F%2Fgithub.com%2Ftensor-programming%2Fst_alloc", kill_on_drop: false }`
[INFO] [stderr] Cloning into bare repository '/workspace/cache/git-repos/https%3A%2F%2Fgithub.com%2Ftensor-programming%2Fst_alloc'...
[INFO] running `Command { std: "git" "rev-parse" "HEAD", kill_on_drop: false }`
[INFO] [stdout] 849679a83e5d2efd038a85351cba31f839f5a1ac
[INFO] documenting tensor-programming/st_alloc against beta-2021-08-01 for beta-1.55-rustdoc-1
[INFO] running `Command { std: "git" "clone" "/workspace/cache/git-repos/https%3A%2F%2Fgithub.com%2Ftensor-programming%2Fst_alloc" "/workspace/builds/worker-1/source", kill_on_drop: false }`
[INFO] [stderr] Cloning into '/workspace/builds/worker-1/source'...
[INFO] [stderr] done.
[INFO] validating manifest of git repo https://github.com/tensor-programming/st_alloc on toolchain beta-2021-08-01
[INFO] running `Command { std: "/workspace/cargo-home/bin/cargo" "+beta-2021-08-01" "metadata" "--manifest-path" "Cargo.toml" "--no-deps", kill_on_drop: false }`
[INFO] started tweaking git repo https://github.com/tensor-programming/st_alloc
[INFO] finished tweaking git repo https://github.com/tensor-programming/st_alloc
[INFO] tweaked toml for git repo https://github.com/tensor-programming/st_alloc written to /workspace/builds/worker-1/source/Cargo.toml
[INFO] crate git repo https://github.com/tensor-programming/st_alloc already has a lockfile, it will not be regenerated
[INFO] running `Command { std: "/workspace/cargo-home/bin/cargo" "+beta-2021-08-01" "fetch" "--manifest-path" "Cargo.toml", kill_on_drop: false }`
[INFO] [stderr]     Updating crates.io index
[INFO] [stderr]  Downloading crates ...
[INFO] [stderr]   Downloaded sysconf v0.3.4
[INFO] [stderr]   Downloaded quickcheck v1.0.3
[INFO] running `Command { std: "docker" "create" "-v" "/var/lib/crater-agent-workspace/builds/worker-1/target:/opt/rustwide/target:rw,Z" "-v" "/var/lib/crater-agent-workspace/builds/worker-1/source:/opt/rustwide/workdir:ro,Z" "-v" "/var/lib/crater-agent-workspace/cargo-home:/opt/rustwide/cargo-home:ro,Z" "-v" "/var/lib/crater-agent-workspace/rustup-home:/opt/rustwide/rustup-home:ro,Z" "-e" "SOURCE_DIR=/opt/rustwide/workdir" "-e" "CARGO_TARGET_DIR=/opt/rustwide/target" "-e" "CARGO_HOME=/opt/rustwide/cargo-home" "-e" "RUSTUP_HOME=/opt/rustwide/rustup-home" "-w" "/opt/rustwide/workdir" "-m" "1610612736" "--user" "0:0" "--network" "none" "ghcr.io/rust-lang/crates-build-env/linux@sha256:34b6a614d2c27851fe6cbf88fbd1137609cefab8b10d0615aaeb6fd47975d74e" "/opt/rustwide/cargo-home/bin/cargo" "+beta-2021-08-01" "metadata" "--no-deps" "--format-version=1", kill_on_drop: false }`
[INFO] [stderr] WARNING: Your kernel does not support swap limit capabilities or the cgroup is not mounted. Memory limited without swap.
[INFO] [stdout] 8ceb74932049143c3d24637ba12794ca0ccf18aa556e57a59578899613a2eb58
[INFO] running `Command { std: "docker" "start" "-a" "8ceb74932049143c3d24637ba12794ca0ccf18aa556e57a59578899613a2eb58", kill_on_drop: false }`
[INFO] running `Command { std: "docker" "inspect" "8ceb74932049143c3d24637ba12794ca0ccf18aa556e57a59578899613a2eb58", kill_on_drop: false }`
[INFO] running `Command { std: "docker" "rm" "-f" "8ceb74932049143c3d24637ba12794ca0ccf18aa556e57a59578899613a2eb58", kill_on_drop: false }`
[INFO] [stdout] 8ceb74932049143c3d24637ba12794ca0ccf18aa556e57a59578899613a2eb58
[INFO] running `Command { std: "docker" "create" "-v" "/var/lib/crater-agent-workspace/builds/worker-1/target:/opt/rustwide/target:rw,Z" "-v" "/var/lib/crater-agent-workspace/builds/worker-1/source:/opt/rustwide/workdir:ro,Z" "-v" "/var/lib/crater-agent-workspace/cargo-home:/opt/rustwide/cargo-home:ro,Z" "-v" "/var/lib/crater-agent-workspace/rustup-home:/opt/rustwide/rustup-home:ro,Z" "-e" "SOURCE_DIR=/opt/rustwide/workdir" "-e" "CARGO_TARGET_DIR=/opt/rustwide/target" "-e" "CARGO_INCREMENTAL=0" "-e" "RUST_BACKTRACE=full" "-e" "RUSTDOCFLAGS=--cap-lints=warn" "-e" "CARGO_HOME=/opt/rustwide/cargo-home" "-e" "RUSTUP_HOME=/opt/rustwide/rustup-home" "-w" "/opt/rustwide/workdir" "-m" "1610612736" "--user" "0:0" "--network" "none" "ghcr.io/rust-lang/crates-build-env/linux@sha256:34b6a614d2c27851fe6cbf88fbd1137609cefab8b10d0615aaeb6fd47975d74e" "/opt/rustwide/cargo-home/bin/cargo" "+beta-2021-08-01" "doc" "--frozen" "--no-deps" "--document-private-items" "--message-format=json", kill_on_drop: false }`
[INFO] [stdout] 70efc81f3ff981a1a8cd79cf8407b98249ebb5bfdc58dc39ab3706ae1601f352
[INFO] [stderr] WARNING: Your kernel does not support swap limit capabilities or the cgroup is not mounted. Memory limited without swap.
[INFO] running `Command { std: "docker" "start" "-a" "70efc81f3ff981a1a8cd79cf8407b98249ebb5bfdc58dc39ab3706ae1601f352", kill_on_drop: false }`
[INFO] [stderr]    Compiling winapi v0.3.9
[INFO] [stderr]    Compiling getrandom v0.1.16
[INFO] [stderr]     Checking errno v0.2.7
[INFO] [stderr]     Checking sysconf v0.3.4
[INFO] [stderr]  Documenting allocator v0.1.0 (/opt/rustwide/workdir)
[INFO] [stdout] error[E0433]: failed to resolve: could not find `um` in `winapi`
[INFO] [stdout]    --> src/allocator.rs:166:21
[INFO] [stdout]     |
[INFO] [stdout] 166 |         use winapi::um::{
[INFO] [stdout]     |                     ^^ could not find `um` in `winapi`
[INFO] [stdout] 
[INFO] [stdout] 
[INFO] [stdout] error[E0433]: failed to resolve: could not find `um` in `winapi`
[INFO] [stdout]    --> src/allocator.rs:183:21
[INFO] [stdout]     |
[INFO] [stdout] 183 |         use winapi::um::winnt::MEM_RELEASE;
[INFO] [stdout]     |                     ^^ could not find `um` in `winapi`
[INFO] [stdout] 
[INFO] [stdout] 
[INFO] [stdout] error[E0433]: failed to resolve: could not find `um` in `winapi`
[INFO] [stdout]    --> src/allocator.rs:184:21
[INFO] [stdout]     |
[INFO] [stdout] 184 |         use winapi::um::{errhandlingapi::GetLastError, memoryapi::VirtualFree};
[INFO] [stdout]     |                     ^^ could not find `um` in `winapi`
[INFO] [stdout] 
[INFO] [stdout] 
[INFO] [stdout] error[E0433]: failed to resolve: could not find `shared` in `winapi`
[INFO] [stdout]    --> src/allocator.rs:197:21
[INFO] [stdout]     |
[INFO] [stdout] 197 |         use winapi::shared::minwindef::DWORD;
[INFO] [stdout]     |                     ^^^^^^ could not find `shared` in `winapi`
[INFO] [stdout] 
[INFO] [stdout] 
[INFO] [stdout] error[E0433]: failed to resolve: could not find `um` in `winapi`
[INFO] [stdout]    --> src/allocator.rs:198:21
[INFO] [stdout]     |
[INFO] [stdout] 198 |         use winapi::um::{errhandlingapi::GetLastError, memoryapi::VirtualProtect};
[INFO] [stdout]     |                     ^^ could not find `um` in `winapi`
[INFO] [stdout] 
[INFO] [stdout] 
[INFO] [stdout] error[E0433]: failed to resolve: could not find `um` in `winapi`
[INFO] [stdout]    --> src/allocator.rs:316:17
[INFO] [stdout]     |
[INFO] [stdout] 316 |     use winapi::um::{memoryapi::VirtualAlloc, winnt::MEM_COMMIT};
[INFO] [stdout]     |                 ^^ could not find `um` in `winapi`
[INFO] [stdout] 
[INFO] [stdout] 
[INFO] [stdout] error[E0433]: failed to resolve: could not find `um` in `winapi`
[INFO] [stdout]    --> src/allocator.rs:323:17
[INFO] [stdout]     |
[INFO] [stdout] 323 |     use winapi::um::{errhandlingapi::GetLastError, memoryapi::VirtualFree, winnt::MEM_DECOMMIT};
[INFO] [stdout]     |                 ^^ could not find `um` in `winapi`
[INFO] [stdout] 
[INFO] [stdout] 
[INFO] [stdout] error[E0433]: failed to resolve: could not find `shared` in `winapi`
[INFO] [stdout]    --> src/allocator.rs:338:9
[INFO] [stdout]     |
[INFO] [stdout] 338 |         shared::minwindef::DWORD,
[INFO] [stdout]     |         ^^^^^^ could not find `shared` in `winapi`
[INFO] [stdout] 
[INFO] [stdout] 
[INFO] [stdout] error[E0433]: failed to resolve: could not find `um` in `winapi`
[INFO] [stdout]    --> src/allocator.rs:339:9
[INFO] [stdout]     |
[INFO] [stdout] 339 |         um::{errhandlingapi::GetLastError, memoryapi::VirtualProtect},
[INFO] [stdout]     |         ^^ could not find `um` in `winapi`
[INFO] [stdout] 
[INFO] [stdout] 
[INFO] [stdout] error[E0433]: failed to resolve: could not find `um` in `winapi`
[INFO] [stdout]    --> src/allocator.rs:382:21
[INFO] [stdout]     |
[INFO] [stdout] 382 |         use winapi::um::memoryapi::VirtualQuery;
[INFO] [stdout]     |                     ^^ could not find `um` in `winapi`
[INFO] [stdout] 
[INFO] [stdout] 
[INFO] [stdout] error[E0433]: failed to resolve: could not find `shared` in `winapi`
[INFO] [stdout]   --> src/secure/alloc.rs:11:5
[INFO] [stdout]    |
[INFO] [stdout] 11 |     shared::{
[INFO] [stdout]    |     ^^^^^^ could not find `shared` in `winapi`
[INFO] [stdout] 
[INFO] [stdout] 
[INFO] [stdout] error[E0433]: failed to resolve: could not find `um` in `winapi`
[INFO] [stdout]   --> src/secure/alloc.rs:15:5
[INFO] [stdout]    |
[INFO] [stdout] 15 |     um::memoryapi::{VirtualLock, VirtualProtect, VirtualUnlock},
[INFO] [stdout]    |     ^^ could not find `um` in `winapi`
[INFO] [stdout] 
[INFO] [stdout] 
[INFO] [stdout] error[E0433]: failed to resolve: could not find `shared` in `winapi`
[INFO] [stdout]  --> src/secure/prot.rs:1:17
[INFO] [stdout]   |
[INFO] [stdout] 1 | pub use winapi::shared::minwindef::DWORD as Ty;
[INFO] [stdout]   |                 ^^^^^^ could not find `shared` in `winapi`
[INFO] [stdout] 
[INFO] [stdout] 
[INFO] [stdout] error[E0432]: unresolved import `winapi::um`
[INFO] [stdout]  --> src/permissions.rs:1:13
[INFO] [stdout]   |
[INFO] [stdout] 1 | use winapi::um::winnt;
[INFO] [stdout]   |             ^^ could not find `um` in `winapi`
[INFO] [stdout] 
[INFO] [stdout] 
[INFO] [stdout] error[E0433]: failed to resolve: could not find `um` in `winapi`
[INFO] [stdout]  --> src/secure/prot.rs:3:34
[INFO] [stdout]   |
[INFO] [stdout] 3 | pub const NoAccess: Ty = winapi::um::winnt::PAGE_NOACCESS;
[INFO] [stdout]   |                                  ^^ could not find `um` in `winapi`
[INFO] [stdout] 
[INFO] [stdout] 
[INFO] [stdout] error[E0433]: failed to resolve: could not find `um` in `winapi`
[INFO] [stdout]  --> src/secure/prot.rs:4:34
[INFO] [stdout]   |
[INFO] [stdout] 4 | pub const ReadOnly: Ty = winapi::um::winnt::PAGE_READONLY;
[INFO] [stdout]   |                                  ^^ could not find `um` in `winapi`
[INFO] [stdout] 
[INFO] [stdout] 
[INFO] [stdout] error[E0433]: failed to resolve: could not find `um` in `winapi`
[INFO] [stdout]  --> src/secure/prot.rs:5:35
[INFO] [stdout]   |
[INFO] [stdout] 5 | pub const ReadWrite: Ty = winapi::um::winnt::PAGE_READWRITE;
[INFO] [stdout]   |                                   ^^ could not find `um` in `winapi`
[INFO] [stdout] 
[INFO] [stdout] 
[INFO] [stdout] error[E0433]: failed to resolve: could not find `um` in `winapi`
[INFO] [stdout]  --> src/secure/prot.rs:6:35
[INFO] [stdout]   |
[INFO] [stdout] 6 | pub const WriteCopy: Ty = winapi::um::winnt::PAGE_WRITECOPY;
[INFO] [stdout]   |                                   ^^ could not find `um` in `winapi`
[INFO] [stdout] 
[INFO] [stdout] 
[INFO] [stdout] error[E0433]: failed to resolve: could not find `um` in `winapi`
[INFO] [stdout]  --> src/secure/prot.rs:7:33
[INFO] [stdout]   |
[INFO] [stdout] 7 | pub const Execute: Ty = winapi::um::winnt::PAGE_EXECUTE;
[INFO] [stdout]   |                                 ^^ could not find `um` in `winapi`
[INFO] [stdout] 
[INFO] [stdout] 
[INFO] [stdout] error[E0433]: failed to resolve: could not find `um` in `winapi`
[INFO] [stdout]  --> src/secure/prot.rs:8:34
[INFO] [stdout]   |
[INFO] [stdout] 8 | pub const ReadExec: Ty = winapi::um::winnt::PAGE_EXECUTE_READ;
[INFO] [stdout]   |                                  ^^ could not find `um` in `winapi`
[INFO] [stdout] 
[INFO] [stdout] 
[INFO] [stdout] error[E0433]: failed to resolve: could not find `um` in `winapi`
[INFO] [stdout]  --> src/secure/prot.rs:9:39
[INFO] [stdout]   |
[INFO] [stdout] 9 | pub const ReadWriteExec: Ty = winapi::um::winnt::PAGE_EXECUTE_READWRITE;
[INFO] [stdout]   |                                       ^^ could not find `um` in `winapi`
[INFO] [stdout] 
[INFO] [stdout] 
[INFO] [stdout] error[E0433]: failed to resolve: could not find `um` in `winapi`
[INFO] [stdout]   --> src/secure/prot.rs:10:39
[INFO] [stdout]    |
[INFO] [stdout] 10 | pub const WriteCopyExec: Ty = winapi::um::winnt::PAGE_EXECUTE_WRITECOPY;
[INFO] [stdout]    |                                       ^^ could not find `um` in `winapi`
[INFO] [stdout] 
[INFO] [stdout] 
[INFO] [stdout] error[E0433]: failed to resolve: could not find `um` in `winapi`
[INFO] [stdout]   --> src/secure/prot.rs:11:31
[INFO] [stdout]    |
[INFO] [stdout] 11 | pub const Guard: Ty = winapi::um::winnt::PAGE_GUARD;
[INFO] [stdout]    |                               ^^ could not find `um` in `winapi`
[INFO] [stdout] 
[INFO] [stdout] 
[INFO] [stdout] error[E0433]: failed to resolve: could not find `um` in `winapi`
[INFO] [stdout]   --> src/secure/prot.rs:12:33
[INFO] [stdout]    |
[INFO] [stdout] 12 | pub const NoCache: Ty = winapi::um::winnt::PAGE_NOCACHE;
[INFO] [stdout]    |                                 ^^ could not find `um` in `winapi`
[INFO] [stdout] 
[INFO] [stdout] 
[INFO] [stdout] error[E0433]: failed to resolve: could not find `um` in `winapi`
[INFO] [stdout]   --> src/secure/prot.rs:13:38
[INFO] [stdout]    |
[INFO] [stdout] 13 | pub const WriteCombine: Ty = winapi::um::winnt::PAGE_WRITECOMBINE;
[INFO] [stdout]    |                                      ^^ could not find `um` in `winapi`
[INFO] [stdout] 
[INFO] [stdout] 
[INFO] [stdout] error[E0433]: failed to resolve: could not find `um` in `winapi`
[INFO] [stdout]   --> src/secure/prot.rs:14:41
[INFO] [stdout]    |
[INFO] [stdout] 14 | pub const RevertToFileMap: Ty = winapi::um::winnt::PAGE_REVERT_TO_FILE_MAP;
[INFO] [stdout]    |                                         ^^ could not find `um` in `winapi`
[INFO] [stdout] 
[INFO] [stdout] 
[INFO] [stdout] error[E0433]: failed to resolve: could not find `um` in `winapi`
[INFO] [stdout]   --> src/secure/prot.rs:15:40
[INFO] [stdout]    |
[INFO] [stdout] 15 | pub const TargetsInvalid: Ty = winapi::um::winnt::PAGE_TARGETS_INVALID;
[INFO] [stdout]    |                                        ^^ could not find `um` in `winapi`
[INFO] [stdout] 
[INFO] [stdout] 
[INFO] [stdout] error[E0433]: failed to resolve: could not find `um` in `winapi`
[INFO] [stdout]   --> src/secure/prot.rs:16:41
[INFO] [stdout]    |
[INFO] [stdout] 16 | pub const TargetsNoUpdate: Ty = winapi::um::winnt::PAGE_TARGETS_NO_UPDATE;
[INFO] [stdout]    |                                         ^^ could not find `um` in `winapi`
[INFO] [stdout] 
[INFO] [stdout] 
[INFO] [stdout] error[E0412]: cannot find type `Ty` in module `prot`
[INFO] [stdout]   --> src/secure/alloc.rs:83:67
[INFO] [stdout]    |
[INFO] [stdout] 83 | pub unsafe fn mprotect<T: ?Sized>(memptr: NonNull<T>, prot: prot::Ty) -> bool {
[INFO] [stdout]    |                                                                   ^^ not found in `prot`
[INFO] [stdout] 
[INFO] [stdout] 
[INFO] [stdout] error[E0412]: cannot find type `Ty` in module `prot`
[INFO] [stdout]    --> src/secure/alloc.rs:109:63
[INFO] [stdout]     |
[INFO] [stdout] 109 | pub unsafe fn _mprotect(ptr: *mut u8, len: usize, prot: prot::Ty) -> bool {
[INFO] [stdout]     |                                                               ^^ not found in `prot`
[INFO] [stdout] 
[INFO] [stdout] 
[INFO] [stdout] error[E0412]: cannot find type `Ty` in this scope
[INFO] [stdout]  --> src/secure/prot.rs:3:21
[INFO] [stdout]   |
[INFO] [stdout] 3 | pub const NoAccess: Ty = winapi::um::winnt::PAGE_NOACCESS;
[INFO] [stdout]   |                     ^^ not found in this scope
[INFO] [stdout] 
[INFO] [stdout] 
[INFO] [stdout] error[E0412]: cannot find type `Ty` in this scope
[INFO] [stdout]  --> src/secure/prot.rs:4:21
[INFO] [stdout]   |
[INFO] [stdout] 4 | pub const ReadOnly: Ty = winapi::um::winnt::PAGE_READONLY;
[INFO] [stdout]   |                     ^^ not found in this scope
[INFO] [stdout] 
[INFO] [stdout] 
[INFO] [stdout] error[E0412]: cannot find type `Ty` in this scope
[INFO] [stdout]  --> src/secure/prot.rs:5:22
[INFO] [stdout]   |
[INFO] [stdout] 5 | pub const ReadWrite: Ty = winapi::um::winnt::PAGE_READWRITE;
[INFO] [stdout]   |                      ^^ not found in this scope
[INFO] [stdout] 
[INFO] [stdout] 
[INFO] [stdout] error[E0412]: cannot find type `Ty` in this scope
[INFO] [stdout]  --> src/secure/prot.rs:6:22
[INFO] [stdout]   |
[INFO] [stdout] 6 | pub const WriteCopy: Ty = winapi::um::winnt::PAGE_WRITECOPY;
[INFO] [stdout]   |                      ^^ not found in this scope
[INFO] [stdout] 
[INFO] [stdout] 
[INFO] [stdout] error[E0412]: cannot find type `Ty` in this scope
[INFO] [stdout]  --> src/secure/prot.rs:7:20
[INFO] [stdout]   |
[INFO] [stdout] 7 | pub const Execute: Ty = winapi::um::winnt::PAGE_EXECUTE;
[INFO] [stdout]   |                    ^^ not found in this scope
[INFO] [stdout] 
[INFO] [stdout] 
[INFO] [stdout] error[E0412]: cannot find type `Ty` in this scope
[INFO] [stdout]  --> src/secure/prot.rs:8:21
[INFO] [stdout]   |
[INFO] [stdout] 8 | pub const ReadExec: Ty = winapi::um::winnt::PAGE_EXECUTE_READ;
[INFO] [stdout]   |                     ^^ not found in this scope
[INFO] [stdout] 
[INFO] [stdout] 
[INFO] [stdout] error[E0412]: cannot find type `Ty` in this scope
[INFO] [stdout]  --> src/secure/prot.rs:9:26
[INFO] [stdout]   |
[INFO] [stdout] 9 | pub const ReadWriteExec: Ty = winapi::um::winnt::PAGE_EXECUTE_READWRITE;
[INFO] [stdout]   |                          ^^ not found in this scope
[INFO] [stdout] 
[INFO] [stdout] 
[INFO] [stdout] error[E0412]: cannot find type `Ty` in this scope
[INFO] [stdout]   --> src/secure/prot.rs:10:26
[INFO] [stdout]    |
[INFO] [stdout] 10 | pub const WriteCopyExec: Ty = winapi::um::winnt::PAGE_EXECUTE_WRITECOPY;
[INFO] [stdout]    |                          ^^ not found in this scope
[INFO] [stdout] 
[INFO] [stdout] 
[INFO] [stdout] error[E0412]: cannot find type `Ty` in this scope
[INFO] [stdout]   --> src/secure/prot.rs:11:18
[INFO] [stdout]    |
[INFO] [stdout] 11 | pub const Guard: Ty = winapi::um::winnt::PAGE_GUARD;
[INFO] [stdout]    |                  ^^ not found in this scope
[INFO] [stdout] 
[INFO] [stdout] 
[INFO] [stdout] error[E0412]: cannot find type `Ty` in this scope
[INFO] [stdout]   --> src/secure/prot.rs:12:20
[INFO] [stdout]    |
[INFO] [stdout] 12 | pub const NoCache: Ty = winapi::um::winnt::PAGE_NOCACHE;
[INFO] [stdout]    |                    ^^ not found in this scope
[INFO] [stdout] 
[INFO] [stdout] 
[INFO] [stdout] error[E0412]: cannot find type `Ty` in this scope
[INFO] [stdout]   --> src/secure/prot.rs:13:25
[INFO] [stdout]    |
[INFO] [stdout] 13 | pub const WriteCombine: Ty = winapi::um::winnt::PAGE_WRITECOMBINE;
[INFO] [stdout]    |                         ^^ not found in this scope
[INFO] [stdout] 
[INFO] [stdout] 
[INFO] [stdout] error[E0412]: cannot find type `Ty` in this scope
[INFO] [stdout]   --> src/secure/prot.rs:14:28
[INFO] [stdout]    |
[INFO] [stdout] 14 | pub const RevertToFileMap: Ty = winapi::um::winnt::PAGE_REVERT_TO_FILE_MAP;
[INFO] [stdout]    |                            ^^ not found in this scope
[INFO] [stdout] 
[INFO] [stdout] 
[INFO] [stdout] error[E0412]: cannot find type `Ty` in this scope
[INFO] [stdout]   --> src/secure/prot.rs:15:27
[INFO] [stdout]    |
[INFO] [stdout] 15 | pub const TargetsInvalid: Ty = winapi::um::winnt::PAGE_TARGETS_INVALID;
[INFO] [stdout]    |                           ^^ not found in this scope
[INFO] [stdout] 
[INFO] [stdout] 
[INFO] [stdout] error[E0412]: cannot find type `Ty` in this scope
[INFO] [stdout]   --> src/secure/prot.rs:16:28
[INFO] [stdout]    |
[INFO] [stdout] 16 | pub const TargetsNoUpdate: Ty = winapi::um::winnt::PAGE_TARGETS_NO_UPDATE;
[INFO] [stdout]    |                            ^^ not found in this scope
[INFO] [stdout] 
[INFO] [stdout] 
[INFO] [stdout] error: Compilation failed, aborting rustdoc
[INFO] [stdout] 
[INFO] [stdout] 
[INFO] [stdout] error: aborting due to 45 previous errors
[INFO] [stdout] 
[INFO] [stdout] 
[INFO] [stdout] Some errors have detailed explanations: E0412, E0432, E0433.
[INFO] [stdout] 
[INFO] [stdout] For more information about an error, try `rustc --explain E0412`.
[INFO] [stdout] 
[INFO] [stderr] error: could not document `allocator`
[INFO] [stderr] 
[INFO] [stderr] Caused by:
[INFO] [stderr]   process didn't exit successfully: `rustdoc --edition=2018 --crate-type lib --crate-name allocator src/lib.rs -o /opt/rustwide/target/doc --error-format=json --json=diagnostic-rendered-ansi --document-private-items -L dependency=/opt/rustwide/target/debug/deps --extern getrandom=/opt/rustwide/target/debug/deps/libgetrandom-854a397448d19a4e.rmeta --extern sysconf=/opt/rustwide/target/debug/deps/libsysconf-7f037b9b39e12b31.rmeta --extern winapi=/opt/rustwide/target/debug/deps/libwinapi-506ad549a95dcd06.rmeta --cap-lints=warn --crate-version 0.1.0` (exit status: 1)
[INFO] running `Command { std: "docker" "inspect" "70efc81f3ff981a1a8cd79cf8407b98249ebb5bfdc58dc39ab3706ae1601f352", kill_on_drop: false }`
[INFO] running `Command { std: "docker" "rm" "-f" "70efc81f3ff981a1a8cd79cf8407b98249ebb5bfdc58dc39ab3706ae1601f352", kill_on_drop: false }`
[INFO] [stdout] 70efc81f3ff981a1a8cd79cf8407b98249ebb5bfdc58dc39ab3706ae1601f352
