[INFO] cloning repository https://github.com/tarunwadhwa13/amp
[INFO] running `Command { std: "git" "-c" "credential.helper=" "-c" "credential.helper=/workspace/cargo-home/bin/git-credential-null" "clone" "--bare" "https://github.com/tarunwadhwa13/amp" "/workspace/cache/git-repos/https%3A%2F%2Fgithub.com%2Ftarunwadhwa13%2Famp", kill_on_drop: false }`
[INFO] [stderr] Cloning into bare repository '/workspace/cache/git-repos/https%3A%2F%2Fgithub.com%2Ftarunwadhwa13%2Famp'...
[INFO] running `Command { std: "git" "rev-parse" "HEAD", kill_on_drop: false }`
[INFO] [stdout] d80641a0893fcca01a6eaf8b85c3b4391b7fabc9
[INFO] documenting tarunwadhwa13/amp against 1.54.0 for beta-1.55-rustdoc-1
[INFO] running `Command { std: "git" "clone" "/workspace/cache/git-repos/https%3A%2F%2Fgithub.com%2Ftarunwadhwa13%2Famp" "/workspace/builds/worker-12/source", kill_on_drop: false }`
[INFO] [stderr] Cloning into '/workspace/builds/worker-12/source'...
[INFO] [stderr] done.
[INFO] validating manifest of git repo https://github.com/tarunwadhwa13/amp on toolchain 1.54.0
[INFO] running `Command { std: "/workspace/cargo-home/bin/cargo" "+1.54.0" "metadata" "--manifest-path" "Cargo.toml" "--no-deps", kill_on_drop: false }`
[INFO] started tweaking git repo https://github.com/tarunwadhwa13/amp
[INFO] finished tweaking git repo https://github.com/tarunwadhwa13/amp
[INFO] tweaked toml for git repo https://github.com/tarunwadhwa13/amp written to /workspace/builds/worker-12/source/Cargo.toml
[INFO] crate git repo https://github.com/tarunwadhwa13/amp already has a lockfile, it will not be regenerated
[INFO] running `Command { std: "/workspace/cargo-home/bin/cargo" "+1.54.0" "fetch" "--manifest-path" "Cargo.toml", kill_on_drop: false }`
[INFO] running `Command { std: "docker" "create" "-v" "/var/lib/crater-agent-workspace/builds/worker-12/target:/opt/rustwide/target:rw,Z" "-v" "/var/lib/crater-agent-workspace/builds/worker-12/source:/opt/rustwide/workdir:ro,Z" "-v" "/var/lib/crater-agent-workspace/cargo-home:/opt/rustwide/cargo-home:ro,Z" "-v" "/var/lib/crater-agent-workspace/rustup-home:/opt/rustwide/rustup-home:ro,Z" "-e" "SOURCE_DIR=/opt/rustwide/workdir" "-e" "CARGO_TARGET_DIR=/opt/rustwide/target" "-e" "CARGO_HOME=/opt/rustwide/cargo-home" "-e" "RUSTUP_HOME=/opt/rustwide/rustup-home" "-w" "/opt/rustwide/workdir" "-m" "1610612736" "--user" "0:0" "--network" "none" "ghcr.io/rust-lang/crates-build-env/linux@sha256:34b6a614d2c27851fe6cbf88fbd1137609cefab8b10d0615aaeb6fd47975d74e" "/opt/rustwide/cargo-home/bin/cargo" "+1.54.0" "metadata" "--no-deps" "--format-version=1", kill_on_drop: false }`
[INFO] [stdout] 491db0e944337083a9eedcf56294868734196a13d513e29f3da3d1afa7ba7288
[INFO] running `Command { std: "docker" "start" "-a" "491db0e944337083a9eedcf56294868734196a13d513e29f3da3d1afa7ba7288", kill_on_drop: false }`
[INFO] running `Command { std: "docker" "inspect" "491db0e944337083a9eedcf56294868734196a13d513e29f3da3d1afa7ba7288", kill_on_drop: false }`
[INFO] running `Command { std: "docker" "rm" "-f" "491db0e944337083a9eedcf56294868734196a13d513e29f3da3d1afa7ba7288", kill_on_drop: false }`
[INFO] [stdout] 491db0e944337083a9eedcf56294868734196a13d513e29f3da3d1afa7ba7288
[INFO] running `Command { std: "docker" "create" "-v" "/var/lib/crater-agent-workspace/builds/worker-12/target:/opt/rustwide/target:rw,Z" "-v" "/var/lib/crater-agent-workspace/builds/worker-12/source:/opt/rustwide/workdir:ro,Z" "-v" "/var/lib/crater-agent-workspace/cargo-home:/opt/rustwide/cargo-home:ro,Z" "-v" "/var/lib/crater-agent-workspace/rustup-home:/opt/rustwide/rustup-home:ro,Z" "-e" "SOURCE_DIR=/opt/rustwide/workdir" "-e" "CARGO_TARGET_DIR=/opt/rustwide/target" "-e" "CARGO_INCREMENTAL=0" "-e" "RUST_BACKTRACE=full" "-e" "RUSTDOCFLAGS=--cap-lints=warn" "-e" "CARGO_HOME=/opt/rustwide/cargo-home" "-e" "RUSTUP_HOME=/opt/rustwide/rustup-home" "-w" "/opt/rustwide/workdir" "-m" "1610612736" "--user" "0:0" "--network" "none" "ghcr.io/rust-lang/crates-build-env/linux@sha256:34b6a614d2c27851fe6cbf88fbd1137609cefab8b10d0615aaeb6fd47975d74e" "/opt/rustwide/cargo-home/bin/cargo" "+1.54.0" "doc" "--frozen" "--no-deps" "--document-private-items" "--message-format=json", kill_on_drop: false }`
[INFO] [stdout] 35120ca659464c20e42d40a9bee91afa0a55df9cafbba7337c10b9fbdebf983f
[INFO] running `Command { std: "docker" "start" "-a" "35120ca659464c20e42d40a9bee91afa0a55df9cafbba7337c10b9fbdebf983f", kill_on_drop: false }`
[INFO] [stderr]    Compiling syn v1.0.60
[INFO] [stderr]    Compiling libc v0.2.86
[INFO] [stderr]    Compiling serde_derive v1.0.125
[INFO] [stderr]    Compiling serde v1.0.125
[INFO] [stderr]    Compiling log v0.4.14
[INFO] [stderr]     Checking futures-core v0.3.13
[INFO] [stderr]     Checking futures-sink v0.3.13
[INFO] [stderr]     Checking futures-io v0.3.13
[INFO] [stderr]     Checking futures-task v0.3.13
[INFO] [stderr]     Checking once_cell v1.6.0
[INFO] [stderr]     Checking match_cfg v0.1.0
[INFO] [stderr]     Checking object v0.23.0
[INFO] [stderr]    Compiling cc v1.0.67
[INFO] [stderr]    Compiling serde_json v1.0.62
[INFO] [stderr]    Compiling httparse v1.3.5
[INFO] [stderr]    Compiling encoding_rs v0.8.28
[INFO] [stderr]    Compiling lexical-core v0.7.6
[INFO] [stderr]     Checking base64 v0.13.0
[INFO] [stderr]    Compiling anyhow v1.0.40
[INFO] [stderr]     Checking arrayvec v0.5.2
[INFO] [stderr]     Checking serde v0.8.23
[INFO] [stderr]     Checking arc-swap v0.4.8
[INFO] [stderr]     Checking log-mdc v0.1.0
[INFO] [stderr]     Checking rust-ini v0.13.0
[INFO] [stderr]     Checking humantime v2.1.0
[INFO] [stderr]    Compiling num-traits v0.2.14
[INFO] [stderr]    Compiling standback v0.2.15
[INFO] [stderr]     Checking tinyvec v1.1.1
[INFO] [stderr]     Checking tracing-core v0.1.17
[INFO] [stderr]    Compiling time v0.2.25
[INFO] [stderr]    Compiling cookie v0.14.3
[INFO] [stderr]    Compiling nom v5.1.2
[INFO] [stderr]     Checking http v0.2.3
[INFO] [stderr]     Checking lru-cache v0.1.2
[INFO] [stderr]     Checking yaml-rust v0.4.5
[INFO] [stderr]     Checking bytestring v1.0.0
[INFO] [stderr]     Checking fxhash v0.2.1
[INFO] [stderr]     Checking unsafe-any v0.4.2
[INFO] [stderr]     Checking sha-1 v0.9.4
[INFO] [stderr]     Checking futures-channel v0.3.13
[INFO] [stderr]     Checking thread_local v1.1.3
[INFO] [stderr]     Checking typemap v0.3.3
[INFO] [stderr]     Checking regex v1.4.3
[INFO] [stderr]     Checking unicode-normalization v0.1.17
[INFO] [stderr]    Compiling brotli-sys v0.3.2
[INFO] [stderr]     Checking net2 v0.2.37
[INFO] [stderr]     Checking iovec v0.1.4
[INFO] [stderr]     Checking signal-hook-registry v1.3.0
[INFO] [stderr]     Checking parking_lot_core v0.8.3
[INFO] [stderr]     Checking num_cpus v1.13.0
[INFO] [stderr]     Checking getrandom v0.1.16
[INFO] [stderr]     Checking hostname v0.3.1
[INFO] [stderr]     Checking flate2 v1.0.20
[INFO] [stderr]     Checking socket2 v0.3.19
[INFO] [stderr]     Checking time v0.1.44
[INFO] [stderr]     Checking thread-id v3.3.0
[INFO] [stderr]     Checking resolv-conf v0.7.0
[INFO] [stderr]     Checking rand_core v0.5.1
[INFO] [stderr]     Checking threadpool v1.8.1
[INFO] [stderr]     Checking idna v0.2.2
[INFO] [stderr]     Checking num-integer v0.1.44
[INFO] [stderr]     Checking ordered-float v2.2.0
[INFO] [stderr]     Checking num-traits v0.1.43
[INFO] [stderr]     Checking parking_lot v0.11.1
[INFO] [stderr]     Checking rand_chacha v0.2.2
[INFO] [stderr]     Checking serde-hjson v0.9.1
[INFO] [stderr]     Checking chrono v0.4.19
[INFO] [stderr]     Checking rand v0.7.3
[INFO] [stderr]     Checking url v2.2.1
[INFO] [stderr]     Checking backtrace v0.3.56
[INFO] [stderr]     Checking brotli2 v0.3.2
[INFO] [stderr]    Compiling futures-macro v0.3.13
[INFO] [stderr]    Compiling pin-project-internal v0.4.27
[INFO] [stderr]    Compiling derive_more v0.99.11
[INFO] [stderr]    Compiling actix-macros v0.1.3
[INFO] [stderr]    Compiling thiserror-impl v1.0.24
[INFO] [stderr]    Compiling pin-project-internal v1.0.5
[INFO] [stderr]    Compiling time-macros-impl v0.1.1
[INFO] [stderr]    Compiling enum-as-inner v0.3.3
[INFO] [stderr]    Compiling async-trait v0.1.42
[INFO] [stderr]    Compiling derivative v2.2.0
[INFO] [stderr]    Compiling actix-web-codegen v0.4.0
[INFO] [stderr]     Checking time-macros v0.1.1
[INFO] [stderr]     Checking futures-util v0.3.13
[INFO] [stderr]     Checking pin-project v1.0.5
[INFO] [stderr]     Checking thiserror v1.0.24
[INFO] [stderr]     Checking pin-project v0.4.27
[INFO] [stderr]     Checking actix-service v1.0.6
[INFO] [stderr]     Checking futures v0.3.13
[INFO] [stderr]     Checking serde_urlencoded v0.7.0
[INFO] [stderr]     Checking toml v0.5.8
[INFO] [stderr]     Checking serde-value v0.7.0
[INFO] [stderr]     Checking serde_yaml v0.8.17
[INFO] [stderr]     Checking mio v0.6.23
[INFO] [stderr]     Checking actix-threadpool v0.3.3
[INFO] [stderr]     Checking tracing v0.1.25
[INFO] [stderr]     Checking actix-router v0.2.7
[INFO] [stderr]     Checking tracing-futures v0.2.5
[INFO] [stderr]     Checking log4rs v1.0.0
[INFO] [stderr]     Checking config v0.11.0
[INFO] [stderr]     Checking mio-uds v0.6.8
[INFO] [stderr]     Checking tokio v0.2.25
[INFO] [stderr]     Checking tokio-util v0.3.1
[INFO] [stderr]     Checking actix-rt v1.1.1
[INFO] [stderr]     Checking trust-dns-proto v0.19.6
[INFO] [stderr]     Checking actix-codec v0.3.0
[INFO] [stderr]     Checking h2 v0.2.7
[INFO] [stderr]     Checking actix-utils v2.0.0
[INFO] [stderr]     Checking actix-server v1.0.4
[INFO] [stderr]     Checking actix-tls v2.0.0
[INFO] [stderr]     Checking actix-testing v1.0.1
[INFO] [stderr]     Checking trust-dns-resolver v0.19.6
[INFO] [stderr]     Checking actix-connect v2.0.0
[INFO] [stderr]     Checking actix-http v2.2.0
[INFO] [stderr]     Checking awc v2.0.3
[INFO] [stderr]     Checking actix-web v3.3.2
[INFO] [stderr]  Documenting amp v0.1.0 (/opt/rustwide/workdir)
[INFO] [stdout] error: expected type, found `)`
[INFO] [stdout]   --> src/alert_sources/zabbix.rs:32:33
[INFO] [stdout]    |
[INFO] [stdout] 32 |         fn get_zbx_authkey(zbx: ) -> Result<AuthKey> {
[INFO] [stdout]    |                                 ^ expected type
[INFO] [stdout] 
[INFO] [stdout] 
[INFO] [stdout] error: expected one of `!` or `[`, found `TODO`
[INFO] [stdout]   --> src/alert_sources/zabbix.rs:33:15
[INFO] [stdout]    |
[INFO] [stdout] 33 |             # TODO: explore possibility of re-using auth key for multiple sessions
[INFO] [stdout]    |               ^^^^ expected one of `!` or `[`
[INFO] [stdout] 
[INFO] [stdout] 
[INFO] [stdout] error: expected one of `:`, `@`, or `|`, found `,`
[INFO] [stdout]   --> src/alert_sources/zabbix.rs:52:39
[INFO] [stdout]    |
[INFO] [stdout] 52 |         fn query_zabbix(&self, payload, raise_exception: bool, headers) -> Result<T> {
[INFO] [stdout]    |                                       ^ expected one of `:`, `@`, or `|`
[INFO] [stdout]    |
[INFO] [stdout]    = note: anonymous parameters are removed in the 2018 edition (see RFC 1685)
[INFO] [stdout] help: if this is a parameter name, give it a type
[INFO] [stdout]    |
[INFO] [stdout] 52 |         fn query_zabbix(&self, payload: TypeName, raise_exception: bool, headers) -> Result<T> {
[INFO] [stdout]    |                                ^^^^^^^^^^^^^^^^^
[INFO] [stdout] help: if this is a type, explicitly ignore the parameter name
[INFO] [stdout]    |
[INFO] [stdout] 52 |         fn query_zabbix(&self, _: payload, raise_exception: bool, headers) -> Result<T> {
[INFO] [stdout]    |                                ^^^^^^^^^^
[INFO] [stdout] 
[INFO] [stdout] 
[INFO] [stdout] error: expected one of `:`, `@`, or `|`, found `)`
[INFO] [stdout]   --> src/alert_sources/zabbix.rs:52:71
[INFO] [stdout]    |
[INFO] [stdout] 52 |         fn query_zabbix(&self, payload, raise_exception: bool, headers) -> Result<T> {
[INFO] [stdout]    |                                                                       ^ expected one of `:`, `@`, or `|`
[INFO] [stdout]    |
[INFO] [stdout]    = note: anonymous parameters are removed in the 2018 edition (see RFC 1685)
[INFO] [stdout] help: if this is a parameter name, give it a type
[INFO] [stdout]    |
[INFO] [stdout] 52 |         fn query_zabbix(&self, payload, raise_exception: bool, headers: TypeName) -> Result<T> {
[INFO] [stdout]    |                                                                ^^^^^^^^^^^^^^^^^
[INFO] [stdout] help: if this is a type, explicitly ignore the parameter name
[INFO] [stdout]    |
[INFO] [stdout] 52 |         fn query_zabbix(&self, payload, raise_exception: bool, _: headers) -> Result<T> {
[INFO] [stdout]    |                                                                ^^^^^^^^^^
[INFO] [stdout] 
[INFO] [stdout] 
[INFO] [stdout] error: `self` parameter is only allowed in associated functions
[INFO] [stdout]   --> src/alert_sources/zabbix.rs:52:25
[INFO] [stdout]    |
[INFO] [stdout] 52 |         fn query_zabbix(&self, payload, raise_exception: bool, headers) -> Result<T> {
[INFO] [stdout]    |                         ^^^^^ not semantically valid as function parameter
[INFO] [stdout]    |
[INFO] [stdout]    = note: associated functions are those in `impl` or `trait` definitions
[INFO] [stdout] 
[INFO] [stdout] 
[INFO] [stdout] error[E0432]: unresolved import `base`
[INFO] [stdout]  --> src/alert_sources/zabbix.rs:6:5
[INFO] [stdout]   |
[INFO] [stdout] 6 | use base::AlertSource;
[INFO] [stdout]   |     ^^^^ help: a similar path exists: `super::base`
[INFO] [stdout] 
[INFO] [stdout] 
[INFO] [stdout] error[E0405]: cannot find trait `AlertSource` in this scope
[INFO] [stdout]   --> src/alert_sources/zabbix.rs:22:10
[INFO] [stdout]    |
[INFO] [stdout] 22 |     impl AlertSource for ZabbixHandler {
[INFO] [stdout]    |          ^^^^^^^^^^^ not found in this scope
[INFO] [stdout]    |
[INFO] [stdout] help: consider importing this trait
[INFO] [stdout]    |
[INFO] [stdout] 9  |     use crate::alert_sources::AlertSource;
[INFO] [stdout]    |
[INFO] [stdout] 
[INFO] [stdout] 
[INFO] [stdout] error[E0412]: cannot find type `AlertList` in this scope
[INFO] [stdout]   --> src/alert_sources/zabbix.rs:26:40
[INFO] [stdout]    |
[INFO] [stdout] 26 |         fn get_active_alerts(&self) -> AlertList {
[INFO] [stdout]    |                                        ^^^^^^^^^ not found in this scope
[INFO] [stdout]    |
[INFO] [stdout] help: consider importing this type alias
[INFO] [stdout]    |
[INFO] [stdout] 9  |     use crate::alert_sources::response::AlertList;
[INFO] [stdout]    |
[INFO] [stdout] 
[INFO] [stdout] 
[INFO] [stdout] error[E0412]: cannot find type `AuthKey` in this scope
[INFO] [stdout]   --> src/alert_sources/zabbix.rs:32:45
[INFO] [stdout]    |
[INFO] [stdout] 32 |         fn get_zbx_authkey(zbx: ) -> Result<AuthKey> {
[INFO] [stdout]    |                                             ^^^^^^^ not found in this scope
[INFO] [stdout]    |
[INFO] [stdout] help: consider importing this type alias
[INFO] [stdout]    |
[INFO] [stdout] 32 |         use crate::alert_sources::Zabbix::AuthKey;
[INFO] [stdout]    |
[INFO] [stdout] 
[INFO] [stdout] 
[INFO] [stdout] error[E0412]: cannot find type `T` in this scope
[INFO] [stdout]   --> src/alert_sources/zabbix.rs:52:83
[INFO] [stdout]    |
[INFO] [stdout] 52 |         fn query_zabbix(&self, payload, raise_exception: bool, headers) -> Result<T> {
[INFO] [stdout]    |                        - help: you might be missing a type parameter: `<T>`       ^ not found in this scope
[INFO] [stdout] 
[INFO] [stdout] 
[INFO] [stdout] error: Compilation failed, aborting rustdoc
[INFO] [stdout] 
[INFO] [stdout] 
[INFO] [stdout] error: aborting due to 11 previous errors
[INFO] [stdout] 
[INFO] [stdout] 
[INFO] [stdout] Some errors have detailed explanations: E0405, E0412, E0432.
[INFO] [stdout] 
[INFO] [stdout] For more information about an error, try `rustc --explain E0405`.
[INFO] [stdout] 
[INFO] [stderr] error: could not document `amp`
[INFO] [stderr] 
[INFO] [stderr] Caused by:
[INFO] [stderr]   process didn't exit successfully: `rustdoc --edition=2018 --crate-type lib --crate-name amp src/lib.rs -o /opt/rustwide/target/doc --error-format=json --json=diagnostic-rendered-ansi --document-private-items -L dependency=/opt/rustwide/target/debug/deps --extern actix_web=/opt/rustwide/target/debug/deps/libactix_web-d1ec65ce0feada40.rmeta --extern chrono=/opt/rustwide/target/debug/deps/libchrono-1e998ab930e1e53f.rmeta --extern config=/opt/rustwide/target/debug/deps/libconfig-87249c4e738886b1.rmeta --extern lazy_static=/opt/rustwide/target/debug/deps/liblazy_static-acd7d23482fe8b54.rmeta --extern log=/opt/rustwide/target/debug/deps/liblog-747da47ab2519175.rmeta --extern log4rs=/opt/rustwide/target/debug/deps/liblog4rs-d381b080876b8288.rmeta --extern serde=/opt/rustwide/target/debug/deps/libserde-944d4b0eb92e9017.rmeta --extern serde_json=/opt/rustwide/target/debug/deps/libserde_json-2c9869e36e9255b5.rmeta --cap-lints=warn --crate-version 0.1.0` (exit status: 1)
[INFO] running `Command { std: "docker" "inspect" "35120ca659464c20e42d40a9bee91afa0a55df9cafbba7337c10b9fbdebf983f", kill_on_drop: false }`
[INFO] running `Command { std: "docker" "rm" "-f" "35120ca659464c20e42d40a9bee91afa0a55df9cafbba7337c10b9fbdebf983f", kill_on_drop: false }`
[INFO] [stdout] 35120ca659464c20e42d40a9bee91afa0a55df9cafbba7337c10b9fbdebf983f
