[INFO] cloning repository https://github.com/tahmidsadik112/rust-async-await-examples
[INFO] running `Command { std: "git" "-c" "credential.helper=" "-c" "credential.helper=/workspace/cargo-home/bin/git-credential-null" "clone" "--bare" "https://github.com/tahmidsadik112/rust-async-await-examples" "/workspace/cache/git-repos/https%3A%2F%2Fgithub.com%2Ftahmidsadik112%2Frust-async-await-examples", kill_on_drop: false }`
[INFO] [stderr] Cloning into bare repository '/workspace/cache/git-repos/https%3A%2F%2Fgithub.com%2Ftahmidsadik112%2Frust-async-await-examples'...
[INFO] running `Command { std: "git" "rev-parse" "HEAD", kill_on_drop: false }`
[INFO] [stdout] 858988e00d47ddf9448194ebd63ba1dee4451625
[INFO] documenting tahmidsadik112/rust-async-await-examples against beta-2021-08-01 for beta-1.55-rustdoc-1
[INFO] running `Command { std: "git" "clone" "/workspace/cache/git-repos/https%3A%2F%2Fgithub.com%2Ftahmidsadik112%2Frust-async-await-examples" "/workspace/builds/worker-9/source", kill_on_drop: false }`
[INFO] [stderr] Cloning into '/workspace/builds/worker-9/source'...
[INFO] [stderr] done.
[INFO] validating manifest of git repo https://github.com/tahmidsadik112/rust-async-await-examples on toolchain beta-2021-08-01
[INFO] running `Command { std: "/workspace/cargo-home/bin/cargo" "+beta-2021-08-01" "metadata" "--manifest-path" "Cargo.toml" "--no-deps", kill_on_drop: false }`
[INFO] started tweaking git repo https://github.com/tahmidsadik112/rust-async-await-examples
[INFO] finished tweaking git repo https://github.com/tahmidsadik112/rust-async-await-examples
[INFO] tweaked toml for git repo https://github.com/tahmidsadik112/rust-async-await-examples written to /workspace/builds/worker-9/source/Cargo.toml
[INFO] crate git repo https://github.com/tahmidsadik112/rust-async-await-examples already has a lockfile, it will not be regenerated
[INFO] running `Command { std: "/workspace/cargo-home/bin/cargo" "+beta-2021-08-01" "fetch" "--manifest-path" "Cargo.toml", kill_on_drop: false }`
[INFO] [stderr]  Downloading crates ...
[INFO] [stderr]   Downloaded tokio-async-await v0.1.6
[INFO] [stderr]   Downloaded futures-preview v0.3.0-alpha.13
[INFO] running `Command { std: "docker" "create" "-v" "/var/lib/crater-agent-workspace/builds/worker-9/target:/opt/rustwide/target:rw,Z" "-v" "/var/lib/crater-agent-workspace/builds/worker-9/source:/opt/rustwide/workdir:ro,Z" "-v" "/var/lib/crater-agent-workspace/cargo-home:/opt/rustwide/cargo-home:ro,Z" "-v" "/var/lib/crater-agent-workspace/rustup-home:/opt/rustwide/rustup-home:ro,Z" "-e" "SOURCE_DIR=/opt/rustwide/workdir" "-e" "CARGO_TARGET_DIR=/opt/rustwide/target" "-e" "CARGO_HOME=/opt/rustwide/cargo-home" "-e" "RUSTUP_HOME=/opt/rustwide/rustup-home" "-w" "/opt/rustwide/workdir" "-m" "1610612736" "--user" "0:0" "--network" "none" "ghcr.io/rust-lang/crates-build-env/linux@sha256:34b6a614d2c27851fe6cbf88fbd1137609cefab8b10d0615aaeb6fd47975d74e" "/opt/rustwide/cargo-home/bin/cargo" "+beta-2021-08-01" "metadata" "--no-deps" "--format-version=1", kill_on_drop: false }`
[INFO] [stdout] fe49a0b9cc7e9e9925cea65a7c52b944965d64abf23ec05bcd03df62589a029d
[INFO] running `Command { std: "docker" "start" "-a" "fe49a0b9cc7e9e9925cea65a7c52b944965d64abf23ec05bcd03df62589a029d", kill_on_drop: false }`
[INFO] running `Command { std: "docker" "inspect" "fe49a0b9cc7e9e9925cea65a7c52b944965d64abf23ec05bcd03df62589a029d", kill_on_drop: false }`
[INFO] running `Command { std: "docker" "rm" "-f" "fe49a0b9cc7e9e9925cea65a7c52b944965d64abf23ec05bcd03df62589a029d", kill_on_drop: false }`
[INFO] [stdout] fe49a0b9cc7e9e9925cea65a7c52b944965d64abf23ec05bcd03df62589a029d
[INFO] running `Command { std: "docker" "create" "-v" "/var/lib/crater-agent-workspace/builds/worker-9/target:/opt/rustwide/target:rw,Z" "-v" "/var/lib/crater-agent-workspace/builds/worker-9/source:/opt/rustwide/workdir:ro,Z" "-v" "/var/lib/crater-agent-workspace/cargo-home:/opt/rustwide/cargo-home:ro,Z" "-v" "/var/lib/crater-agent-workspace/rustup-home:/opt/rustwide/rustup-home:ro,Z" "-e" "SOURCE_DIR=/opt/rustwide/workdir" "-e" "CARGO_TARGET_DIR=/opt/rustwide/target" "-e" "CARGO_INCREMENTAL=0" "-e" "RUST_BACKTRACE=full" "-e" "RUSTDOCFLAGS=--cap-lints=warn" "-e" "CARGO_HOME=/opt/rustwide/cargo-home" "-e" "RUSTUP_HOME=/opt/rustwide/rustup-home" "-w" "/opt/rustwide/workdir" "-m" "1610612736" "--user" "0:0" "--network" "none" "ghcr.io/rust-lang/crates-build-env/linux@sha256:34b6a614d2c27851fe6cbf88fbd1137609cefab8b10d0615aaeb6fd47975d74e" "/opt/rustwide/cargo-home/bin/cargo" "+beta-2021-08-01" "doc" "--frozen" "--no-deps" "--document-private-items" "--message-format=json", kill_on_drop: false }`
[INFO] [stdout] 0e0ef235f26b6f61176df5581d267ede74e34ac21786a40bbb764c29a23c387c
[INFO] running `Command { std: "docker" "start" "-a" "0e0ef235f26b6f61176df5581d267ede74e34ac21786a40bbb764c29a23c387c", kill_on_drop: false }`
[INFO] [stderr]    Compiling libc v0.2.50
[INFO] [stderr]     Checking cfg-if v0.1.7
[INFO] [stderr]     Checking futures v0.1.25
[INFO] [stderr]     Checking lazycell v1.2.1
[INFO] [stderr]    Compiling cc v1.0.31
[INFO] [stderr]     Checking either v1.5.1
[INFO] [stderr]    Compiling syn v0.15.29
[INFO] [stderr]    Compiling proc-macro-nested v0.1.3
[INFO] [stderr]    Compiling openssl v0.10.20
[INFO] [stderr]    Compiling httparse v1.3.3
[INFO] [stderr]     Checking pin-utils v0.1.0-alpha.4
[INFO] [stderr]     Checking try-lock v0.2.2
[INFO] [stderr]     Checking indexmap v1.0.2
[INFO] [stderr]     Checking string v0.1.3
[INFO] [stderr]    Compiling native-tls v0.2.2
[INFO] [stderr]     Checking rand_core v0.3.1
[INFO] [stderr]     Checking tokio-trace-core v0.1.0
[INFO] [stderr]     Checking log v0.4.6
[INFO] [stderr]     Checking crossbeam-utils v0.6.5
[INFO] [stdout] error[E0554]: `#![feature]` may not be used on the beta release channel
[INFO] [stdout]    --> /opt/rustwide/cargo-home/registry/src/github.com-1ecc6299db9ec823/futures-0.1.25/src/lib.rs:161:34
[INFO] [stdout]     |
[INFO] [stdout] 161 | #![cfg_attr(feature = "nightly", feature(pin))]
[INFO] [stdout]     |                                  ^^^^^^^^^^^^
[INFO] [stdout] 
[INFO] [stdout] 
[INFO] [stderr]     Checking rand_xorshift v0.1.1
[INFO] [stderr]     Checking rand_hc v0.1.0
[INFO] [stderr]     Checking rand_chacha v0.1.1
[INFO] [stderr]     Checking rand_isaac v0.1.1
[INFO] [stderr]     Checking futures-core-preview v0.3.0-alpha.13
[INFO] [stdout] error[E0554]: `#![feature]` may not be used on the beta release channel
[INFO] [stdout]  --> /opt/rustwide/cargo-home/registry/src/github.com-1ecc6299db9ec823/futures-core-preview-0.3.0-alpha.13/src/lib.rs:3:1
[INFO] [stdout]   |
[INFO] [stdout] 3 | #![feature(futures_api)]
[INFO] [stdout]   | ^^^^^^^^^^^^^^^^^^^^^^^^
[INFO] [stdout] 
[INFO] [stdout] 
[INFO] [stdout] error[E0053]: method `poll` has an incompatible type for trait
[INFO] [stdout]   --> /opt/rustwide/cargo-home/registry/src/github.com-1ecc6299db9ec823/futures-core-preview-0.3.0-alpha.13/src/future/future_obj.rs:64:42
[INFO] [stdout]    |
[INFO] [stdout] 64 |     fn poll(self: Pin<&mut Self>, waker: &Waker) -> Poll<T> {
[INFO] [stdout]    |                                          ^^^^^^
[INFO] [stdout]    |                                          |
[INFO] [stdout]    |                                          types differ in mutability
[INFO] [stdout]    |                                          help: change the parameter type to match the trait: `&mut Context<'_>`
[INFO] [stdout]    |
[INFO] [stdout]    = note: expected fn pointer `fn(std::pin::Pin<&mut future_obj::LocalFutureObj<'a, T>>, &mut Context<'_>) -> std::task::Poll<_>`
[INFO] [stdout]               found fn pointer `fn(std::pin::Pin<&mut future_obj::LocalFutureObj<'a, T>>, &std::task::Waker) -> std::task::Poll<_>`
[INFO] [stdout] 
[INFO] [stdout] 
[INFO] [stdout] error[E0053]: method `poll` has an incompatible type for trait
[INFO] [stdout]    --> /opt/rustwide/cargo-home/registry/src/github.com-1ecc6299db9ec823/futures-core-preview-0.3.0-alpha.13/src/future/future_obj.rs:114:42
[INFO] [stdout]     |
[INFO] [stdout] 114 |     fn poll(self: Pin<&mut Self>, waker: &Waker) -> Poll<T> {
[INFO] [stdout]     |                                          ^^^^^^
[INFO] [stdout]     |                                          |
[INFO] [stdout]     |                                          types differ in mutability
[INFO] [stdout]     |                                          help: change the parameter type to match the trait: `&mut Context<'_>`
[INFO] [stdout]     |
[INFO] [stdout]     = note: expected fn pointer `fn(std::pin::Pin<&mut future_obj::FutureObj<'a, T>>, &mut Context<'_>) -> std::task::Poll<_>`
[INFO] [stdout]                found fn pointer `fn(std::pin::Pin<&mut future_obj::FutureObj<'a, T>>, &std::task::Waker) -> std::task::Poll<_>`
[INFO] [stdout] 
[INFO] [stdout] 
[INFO] [stdout] error: aborting due to previous error
[INFO] [stdout] 
[INFO] [stdout] 
[INFO] [stdout] For more information about this error, try `rustc --explain E0554`.
[INFO] [stdout] 
[INFO] [stderr] error: could not compile `futures` due to 2 previous errors
[INFO] [stderr] warning: build failed, waiting for other jobs to finish...
[INFO] [stdout] error[E0308]: mismatched types
[INFO] [stdout]   --> /opt/rustwide/cargo-home/registry/src/github.com-1ecc6299db9ec823/futures-core-preview-0.3.0-alpha.13/src/future/mod.rs:86:19
[INFO] [stdout]    |
[INFO] [stdout] 86 |         self.poll(waker)
[INFO] [stdout]    |                   ^^^^^ types differ in mutability
[INFO] [stdout]    |
[INFO] [stdout]    = note: expected mutable reference `&mut Context<'_>`
[INFO] [stdout]                       found reference `&std::task::Waker`
[INFO] [stdout] 
[INFO] [stdout] 
[INFO] [stdout] error[E0308]: mismatched types
[INFO] [stdout]    --> /opt/rustwide/cargo-home/registry/src/github.com-1ecc6299db9ec823/futures-core-preview-0.3.0-alpha.13/src/future/future_obj.rs:118:44
[INFO] [stdout]     |
[INFO] [stdout] 118 |         LocalFutureObj::poll(pinned_field, waker)
[INFO] [stdout]     |                                            ^^^^^ types differ in mutability
[INFO] [stdout]     |
[INFO] [stdout]     = note: expected mutable reference `&mut Context<'_>`
[INFO] [stdout]                        found reference `&std::task::Waker`
[INFO] [stdout] 
[INFO] [stdout] 
[INFO] [stdout] error[E0308]: mismatched types
[INFO] [stdout]    --> /opt/rustwide/cargo-home/registry/src/github.com-1ecc6299db9ec823/futures-core-preview-0.3.0-alpha.13/src/future/future_obj.rs:165:20
[INFO] [stdout]     |
[INFO] [stdout] 165 |         F::poll(p, waker)
[INFO] [stdout]     |                    ^^^^^ types differ in mutability
[INFO] [stdout]     |
[INFO] [stdout]     = note: expected mutable reference `&mut Context<'_>`
[INFO] [stdout]                        found reference `&std::task::Waker`
[INFO] [stdout] 
[INFO] [stdout] 
[INFO] [stdout] error[E0308]: mismatched types
[INFO] [stdout]    --> /opt/rustwide/cargo-home/registry/src/github.com-1ecc6299db9ec823/futures-core-preview-0.3.0-alpha.13/src/future/future_obj.rs:182:25
[INFO] [stdout]     |
[INFO] [stdout] 182 |         F::poll(future, waker)
[INFO] [stdout]     |                         ^^^^^ types differ in mutability
[INFO] [stdout]     |
[INFO] [stdout]     = note: expected mutable reference `&mut Context<'_>`
[INFO] [stdout]                        found reference `&std::task::Waker`
[INFO] [stdout] 
[INFO] [stdout] 
[INFO] [stdout] error[E0308]: mismatched types
[INFO] [stdout]    --> /opt/rustwide/cargo-home/registry/src/github.com-1ecc6299db9ec823/futures-core-preview-0.3.0-alpha.13/src/future/future_obj.rs:203:26
[INFO] [stdout]     |
[INFO] [stdout] 203 |             F::poll(pin, waker)
[INFO] [stdout]     |                          ^^^^^ types differ in mutability
[INFO] [stdout]     |
[INFO] [stdout]     = note: expected mutable reference `&mut Context<'_>`
[INFO] [stdout]                        found reference `&std::task::Waker`
[INFO] [stdout] 
[INFO] [stdout] 
[INFO] [stdout] error[E0308]: mismatched types
[INFO] [stdout]    --> /opt/rustwide/cargo-home/registry/src/github.com-1ecc6299db9ec823/futures-core-preview-0.3.0-alpha.13/src/future/future_obj.rs:225:26
[INFO] [stdout]     |
[INFO] [stdout] 225 |             F::poll(pin, waker)
[INFO] [stdout]     |                          ^^^^^ types differ in mutability
[INFO] [stdout]     |
[INFO] [stdout]     = note: expected mutable reference `&mut Context<'_>`
[INFO] [stdout]                        found reference `&std::task::Waker`
[INFO] [stdout] 
[INFO] [stdout] 
[INFO] [stdout] error: aborting due to 9 previous errors
[INFO] [stdout] 
[INFO] [stdout] 
[INFO] [stdout] Some errors have detailed explanations: E0053, E0308, E0554.
[INFO] [stdout] 
[INFO] [stdout] For more information about an error, try `rustc --explain E0053`.
[INFO] [stdout] 
[INFO] [stderr] error: build failed
[INFO] running `Command { std: "docker" "inspect" "0e0ef235f26b6f61176df5581d267ede74e34ac21786a40bbb764c29a23c387c", kill_on_drop: false }`
[INFO] running `Command { std: "docker" "rm" "-f" "0e0ef235f26b6f61176df5581d267ede74e34ac21786a40bbb764c29a23c387c", kill_on_drop: false }`
[INFO] [stdout] 0e0ef235f26b6f61176df5581d267ede74e34ac21786a40bbb764c29a23c387c
