[INFO] cloning repository https://github.com/svevang/wof-tools
[INFO] running `Command { std: "git" "-c" "credential.helper=" "-c" "credential.helper=/workspace/cargo-home/bin/git-credential-null" "clone" "--bare" "https://github.com/svevang/wof-tools" "/workspace/cache/git-repos/https%3A%2F%2Fgithub.com%2Fsvevang%2Fwof-tools", kill_on_drop: false }`
[INFO] [stderr] Cloning into bare repository '/workspace/cache/git-repos/https%3A%2F%2Fgithub.com%2Fsvevang%2Fwof-tools'...
[INFO] running `Command { std: "git" "rev-parse" "HEAD", kill_on_drop: false }`
[INFO] [stdout] d8f218907085048544424c3f37a7c8d8f756f2a9
[INFO] documenting svevang/wof-tools against 1.54.0 for beta-1.55-rustdoc-1
[INFO] running `Command { std: "git" "clone" "/workspace/cache/git-repos/https%3A%2F%2Fgithub.com%2Fsvevang%2Fwof-tools" "/workspace/builds/worker-7/source", kill_on_drop: false }`
[INFO] [stderr] Cloning into '/workspace/builds/worker-7/source'...
[INFO] [stderr] done.
[INFO] validating manifest of git repo https://github.com/svevang/wof-tools on toolchain 1.54.0
[INFO] running `Command { std: "/workspace/cargo-home/bin/cargo" "+1.54.0" "metadata" "--manifest-path" "Cargo.toml" "--no-deps", kill_on_drop: false }`
[INFO] started tweaking git repo https://github.com/svevang/wof-tools
[INFO] finished tweaking git repo https://github.com/svevang/wof-tools
[INFO] tweaked toml for git repo https://github.com/svevang/wof-tools written to /workspace/builds/worker-7/source/Cargo.toml
[INFO] crate git repo https://github.com/svevang/wof-tools already has a lockfile, it will not be regenerated
[INFO] running `Command { std: "/workspace/cargo-home/bin/cargo" "+1.54.0" "fetch" "--manifest-path" "Cargo.toml", kill_on_drop: false }`
[INFO] running `Command { std: "docker" "create" "-v" "/var/lib/crater-agent-workspace/builds/worker-7/target:/opt/rustwide/target:rw,Z" "-v" "/var/lib/crater-agent-workspace/builds/worker-7/source:/opt/rustwide/workdir:ro,Z" "-v" "/var/lib/crater-agent-workspace/cargo-home:/opt/rustwide/cargo-home:ro,Z" "-v" "/var/lib/crater-agent-workspace/rustup-home:/opt/rustwide/rustup-home:ro,Z" "-e" "SOURCE_DIR=/opt/rustwide/workdir" "-e" "CARGO_TARGET_DIR=/opt/rustwide/target" "-e" "CARGO_HOME=/opt/rustwide/cargo-home" "-e" "RUSTUP_HOME=/opt/rustwide/rustup-home" "-w" "/opt/rustwide/workdir" "-m" "1610612736" "--user" "0:0" "--network" "none" "ghcr.io/rust-lang/crates-build-env/linux@sha256:34b6a614d2c27851fe6cbf88fbd1137609cefab8b10d0615aaeb6fd47975d74e" "/opt/rustwide/cargo-home/bin/cargo" "+1.54.0" "metadata" "--no-deps" "--format-version=1", kill_on_drop: false }`
[INFO] [stdout] a5dc994aad898cd21730a0058f077dfd1cb4a1c6e93507225497c4d6f8205d97
[INFO] [stderr] WARNING: Your kernel does not support swap limit capabilities or the cgroup is not mounted. Memory limited without swap.
[INFO] running `Command { std: "docker" "start" "-a" "a5dc994aad898cd21730a0058f077dfd1cb4a1c6e93507225497c4d6f8205d97", kill_on_drop: false }`
[INFO] running `Command { std: "docker" "inspect" "a5dc994aad898cd21730a0058f077dfd1cb4a1c6e93507225497c4d6f8205d97", kill_on_drop: false }`
[INFO] running `Command { std: "docker" "rm" "-f" "a5dc994aad898cd21730a0058f077dfd1cb4a1c6e93507225497c4d6f8205d97", kill_on_drop: false }`
[INFO] [stdout] a5dc994aad898cd21730a0058f077dfd1cb4a1c6e93507225497c4d6f8205d97
[INFO] running `Command { std: "docker" "create" "-v" "/var/lib/crater-agent-workspace/builds/worker-7/target:/opt/rustwide/target:rw,Z" "-v" "/var/lib/crater-agent-workspace/builds/worker-7/source:/opt/rustwide/workdir:ro,Z" "-v" "/var/lib/crater-agent-workspace/cargo-home:/opt/rustwide/cargo-home:ro,Z" "-v" "/var/lib/crater-agent-workspace/rustup-home:/opt/rustwide/rustup-home:ro,Z" "-e" "SOURCE_DIR=/opt/rustwide/workdir" "-e" "CARGO_TARGET_DIR=/opt/rustwide/target" "-e" "CARGO_INCREMENTAL=0" "-e" "RUST_BACKTRACE=full" "-e" "RUSTDOCFLAGS=--cap-lints=warn" "-e" "CARGO_HOME=/opt/rustwide/cargo-home" "-e" "RUSTUP_HOME=/opt/rustwide/rustup-home" "-w" "/opt/rustwide/workdir" "-m" "1610612736" "--user" "0:0" "--network" "none" "ghcr.io/rust-lang/crates-build-env/linux@sha256:34b6a614d2c27851fe6cbf88fbd1137609cefab8b10d0615aaeb6fd47975d74e" "/opt/rustwide/cargo-home/bin/cargo" "+1.54.0" "doc" "--frozen" "--no-deps" "--document-private-items" "--message-format=json", kill_on_drop: false }`
[INFO] [stdout] d45a8055885d6189ec73579f5d305464c7195556dd05594e5d1e6cb2ab3fbe0f
[INFO] [stderr] WARNING: Your kernel does not support swap limit capabilities or the cgroup is not mounted. Memory limited without swap.
[INFO] running `Command { std: "docker" "start" "-a" "d45a8055885d6189ec73579f5d305464c7195556dd05594e5d1e6cb2ab3fbe0f", kill_on_drop: false }`
[INFO] [stderr]    Compiling cgmath v0.16.0
[INFO] [stderr]     Checking smallvec v0.3.3
[INFO] [stderr]     Checking clamp v0.1.0
[INFO] [stderr]     Checking geo v0.0.4
[INFO] [stderr]     Checking rand v0.4.2
[INFO] [stderr]     Checking serde_json v1.0.9
[INFO] [stderr]    Compiling libz-sys v1.0.18
[INFO] [stderr]    Compiling openssl-sys v0.9.24
[INFO] [stderr]     Checking num-bigint v0.1.41
[INFO] [stderr]    Compiling libssh2-sys v0.2.6
[INFO] [stderr]    Compiling libgit2-sys v0.6.19
[INFO] [stderr]     Checking tempdir v0.3.5
[INFO] [stderr]     Checking url v1.6.0
[INFO] [stderr]     Checking regex v0.2.5
[INFO] [stderr]     Checking nalgebra v0.13.1
[INFO] [stderr]     Checking rayon v0.9.0
[INFO] [stderr] error: failed to run custom build command for `openssl-sys v0.9.24`
[INFO] [stderr] 
[INFO] [stderr] Caused by:
[INFO] [stderr]   process didn't exit successfully: `/opt/rustwide/target/debug/build/openssl-sys-cc53f8d0ddd3d3a0/build-script-build` (exit status: 101)
[INFO] [stderr]   --- stdout
[INFO] [stderr]   cargo:rerun-if-env-changed=X86_64_UNKNOWN_LINUX_GNU_OPENSSL_LIB_DIR
[INFO] [stderr]   cargo:rerun-if-env-changed=OPENSSL_LIB_DIR
[INFO] [stderr]   cargo:rerun-if-env-changed=X86_64_UNKNOWN_LINUX_GNU_OPENSSL_INCLUDE_DIR
[INFO] [stderr]   cargo:rerun-if-env-changed=OPENSSL_INCLUDE_DIR
[INFO] [stderr]   cargo:rerun-if-env-changed=X86_64_UNKNOWN_LINUX_GNU_OPENSSL_DIR
[INFO] [stderr]   cargo:rerun-if-env-changed=OPENSSL_DIR
[INFO] [stderr]   cargo:rustc-link-lib=ssl
[INFO] [stderr]   cargo:rustc-link-lib=crypto
[INFO] [stderr]   OPT_LEVEL = Some("0")
[INFO] [stderr]   TARGET = Some("x86_64-unknown-linux-gnu")
[INFO] [stderr]   HOST = Some("x86_64-unknown-linux-gnu")
[INFO] [stderr]   TARGET = Some("x86_64-unknown-linux-gnu")
[INFO] [stderr]   TARGET = Some("x86_64-unknown-linux-gnu")
[INFO] [stderr]   HOST = Some("x86_64-unknown-linux-gnu")
[INFO] [stderr]   CC_x86_64-unknown-linux-gnu = None
[INFO] [stderr]   CC_x86_64_unknown_linux_gnu = None
[INFO] [stderr]   HOST_CC = None
[INFO] [stderr]   CC = None
[INFO] [stderr]   HOST = Some("x86_64-unknown-linux-gnu")
[INFO] [stderr]   TARGET = Some("x86_64-unknown-linux-gnu")
[INFO] [stderr]   HOST = Some("x86_64-unknown-linux-gnu")
[INFO] [stderr]   CFLAGS_x86_64-unknown-linux-gnu = None
[INFO] [stderr]   CFLAGS_x86_64_unknown_linux_gnu = None
[INFO] [stderr]   HOST_CFLAGS = None
[INFO] [stderr]   CFLAGS = None
[INFO] [stderr]   DEBUG = Some("true")
[INFO] [stderr]   running: "cc" "-O0" "-ffunction-sections" "-fdata-sections" "-fPIC" "-g" "-m64" "-Wall" "-Wextra" "-E" "/opt/rustwide/target/debug/build/openssl-sys-b95c89f9c40619df/out/expando.c"
[INFO] [stderr]   exit status: 0
[INFO] [stderr]   cargo:rustc-cfg=osslconf="OPENSSL_NO_SSL3_METHOD"
[INFO] [stderr]   cargo:conf=OPENSSL_NO_SSL3_METHOD
[INFO] [stderr] 
[INFO] [stderr]   --- stderr
[INFO] [stderr]   thread 'main' panicked at '
[INFO] [stderr] 
[INFO] [stderr]   This crate is only compatible with OpenSSL 1.0.1, 1.0.2, and 1.1.0, or LibreSSL
[INFO] [stderr]   2.5 and 2.6.0, but a different version of OpenSSL was found. The build is now
[INFO] [stderr]   aborting due to this version mismatch.
[INFO] [stderr] 
[INFO] [stderr]   ', /opt/rustwide/cargo-home/registry/src/github.com-1ecc6299db9ec823/openssl-sys-0.9.24/build.rs:486:9
[INFO] [stderr]   stack backtrace:
[INFO] [stderr]      0:     0x55ac126c4460 - std::backtrace_rs::backtrace::libunwind::trace::h34055254b57d8e79
[INFO] [stderr]                                  at /rustc/a178d0322ce20e33eac124758e837cbd80a6f633/library/std/src/../../backtrace/src/backtrace/libunwind.rs:90:5
[INFO] [stderr]      1:     0x55ac126c4460 - std::backtrace_rs::backtrace::trace_unsynchronized::h8f1e3fbd9afff6ec
[INFO] [stderr]                                  at /rustc/a178d0322ce20e33eac124758e837cbd80a6f633/library/std/src/../../backtrace/src/backtrace/mod.rs:66:5
[INFO] [stderr]      2:     0x55ac126c4460 - std::sys_common::backtrace::_print_fmt::h3a99a796b770c360
[INFO] [stderr]                                  at /rustc/a178d0322ce20e33eac124758e837cbd80a6f633/library/std/src/sys_common/backtrace.rs:67:5
[INFO] [stderr]      3:     0x55ac126c4460 - <std::sys_common::backtrace::_print::DisplayBacktrace as core::fmt::Display>::fmt::h32d1f94a80615d18
[INFO] [stderr]                                  at /rustc/a178d0322ce20e33eac124758e837cbd80a6f633/library/std/src/sys_common/backtrace.rs:46:22
[INFO] [stderr]      4:     0x55ac126e334c - core::fmt::write::h306731c068f7162c
[INFO] [stderr]                                  at /rustc/a178d0322ce20e33eac124758e837cbd80a6f633/library/core/src/fmt/mod.rs:1110:17
[INFO] [stderr]      5:     0x55ac126c18b5 - std::io::Write::write_fmt::hd2fa90334eee2a21
[INFO] [stderr]                                  at /rustc/a178d0322ce20e33eac124758e837cbd80a6f633/library/std/src/io/mod.rs:1588:15
[INFO] [stderr]      6:     0x55ac126c655b - std::sys_common::backtrace::_print::h5abaa2601a852287
[INFO] [stderr]                                  at /rustc/a178d0322ce20e33eac124758e837cbd80a6f633/library/std/src/sys_common/backtrace.rs:49:5
[INFO] [stderr]      7:     0x55ac126c655b - std::sys_common::backtrace::print::h8d81445442bb638f
[INFO] [stderr]                                  at /rustc/a178d0322ce20e33eac124758e837cbd80a6f633/library/std/src/sys_common/backtrace.rs:36:9
[INFO] [stderr]      8:     0x55ac126c655b - std::panicking::default_hook::{{closure}}::hcfe804496a9fa747
[INFO] [stderr]                                  at /rustc/a178d0322ce20e33eac124758e837cbd80a6f633/library/std/src/panicking.rs:208:50
[INFO] [stderr]      9:     0x55ac126c6031 - std::panicking::default_hook::hbea8e3ccf2ba8901
[INFO] [stderr]                                  at /rustc/a178d0322ce20e33eac124758e837cbd80a6f633/library/std/src/panicking.rs:225:9
[INFO] [stderr]     10:     0x55ac126c6c24 - std::panicking::rust_panic_with_hook::h7ee9e1a2d0f8975a
[INFO] [stderr]                                  at /rustc/a178d0322ce20e33eac124758e837cbd80a6f633/library/std/src/panicking.rs:622:17
[INFO] [stderr]     11:     0x55ac12686913 - std::panicking::begin_panic::{{closure}}::h7c5363907e9364e6
[INFO] [stderr]                                  at /rustc/a178d0322ce20e33eac124758e837cbd80a6f633/library/std/src/panicking.rs:542:9
[INFO] [stderr]     12:     0x55ac126719c9 - std::sys_common::backtrace::__rust_end_short_backtrace::h2d28fbbd171ef315
[INFO] [stderr]                                  at /rustc/a178d0322ce20e33eac124758e837cbd80a6f633/library/std/src/sys_common/backtrace.rs:141:18
[INFO] [stderr]     13:     0x55ac12686849 - std::panicking::begin_panic::hd3bf6eb5093575b1
[INFO] [stderr]                                  at /rustc/a178d0322ce20e33eac124758e837cbd80a6f633/library/std/src/panicking.rs:541:12
[INFO] [stderr]     14:     0x55ac1264fd3d - build_script_build::validate_headers::hd7bb7ef503f56e45
[INFO] [stderr]                                  at /opt/rustwide/cargo-home/registry/src/github.com-1ecc6299db9ec823/openssl-sys-0.9.24/build.rs:486:9
[INFO] [stderr]     15:     0x55ac1264df15 - build_script_build::try_pkg_config::hfbe8d71ea8eb567d
[INFO] [stderr]                                  at /opt/rustwide/cargo-home/registry/src/github.com-1ecc6299db9ec823/openssl-sys-0.9.24/build.rs:241:5
[INFO] [stderr]     16:     0x55ac1264d040 - build_script_build::find_openssl_dir::hcfb43c081bdd865d
[INFO] [stderr]                                  at /opt/rustwide/cargo-home/registry/src/github.com-1ecc6299db9ec823/openssl-sys-0.9.24/build.rs:123:5
[INFO] [stderr]     17:     0x55ac1264cc83 - build_script_build::main::{{closure}}::hdda79f24d72e430f
[INFO] [stderr]                                  at /opt/rustwide/cargo-home/registry/src/github.com-1ecc6299db9ec823/openssl-sys-0.9.24/build.rs:59:64
[INFO] [stderr]     18:     0x55ac1265339d - core::option::Option<T>::unwrap_or_else::hd801c31f2f825834
[INFO] [stderr]                                  at /rustc/a178d0322ce20e33eac124758e837cbd80a6f633/library/core/src/option.rs:429:21
[INFO] [stderr]     19:     0x55ac1264bb9a - build_script_build::main::heeb1b35c1583fc1e
[INFO] [stderr]                                  at /opt/rustwide/cargo-home/registry/src/github.com-1ecc6299db9ec823/openssl-sys-0.9.24/build.rs:59:27
[INFO] [stderr]     20:     0x55ac1265b24b - core::ops::function::FnOnce::call_once::he7b76f05cd59c117
[INFO] [stderr]                                  at /rustc/a178d0322ce20e33eac124758e837cbd80a6f633/library/core/src/ops/function.rs:227:5
[INFO] [stderr]     21:     0x55ac1265dade - std::sys_common::backtrace::__rust_begin_short_backtrace::h504b10f755837ee4
[INFO] [stderr]                                  at /rustc/a178d0322ce20e33eac124758e837cbd80a6f633/library/std/src/sys_common/backtrace.rs:125:18
[INFO] [stderr]     22:     0x55ac12654b11 - std::rt::lang_start::{{closure}}::he5fcd16962a5d828
[INFO] [stderr]                                  at /rustc/a178d0322ce20e33eac124758e837cbd80a6f633/library/std/src/rt.rs:49:18
[INFO] [stderr]     23:     0x55ac126c7129 - core::ops::function::impls::<impl core::ops::function::FnOnce<A> for &F>::call_once::h2aabc384aab89b7b
[INFO] [stderr]                                  at /rustc/a178d0322ce20e33eac124758e837cbd80a6f633/library/core/src/ops/function.rs:259:13
[INFO] [stderr]     24:     0x55ac126c7129 - std::panicking::try::do_call::hc5fcacb7a85fc7b1
[INFO] [stderr]                                  at /rustc/a178d0322ce20e33eac124758e837cbd80a6f633/library/std/src/panicking.rs:401:40
[INFO] [stderr]     25:     0x55ac126c7129 - std::panicking::try::hb5d9603af3abbe3a
[INFO] [stderr]                                  at /rustc/a178d0322ce20e33eac124758e837cbd80a6f633/library/std/src/panicking.rs:365:19
[INFO] [stderr]     26:     0x55ac126c7129 - std::panic::catch_unwind::h98fe6ac3925e64b4
[INFO] [stderr]                                  at /rustc/a178d0322ce20e33eac124758e837cbd80a6f633/library/std/src/panic.rs:434:14
[INFO] [stderr]     27:     0x55ac126c7129 - std::rt::lang_start_internal::h22ac7383c516f93e
[INFO] [stderr]                                  at /rustc/a178d0322ce20e33eac124758e837cbd80a6f633/library/std/src/rt.rs:34:21
[INFO] [stderr]     28:     0x55ac12654af0 - std::rt::lang_start::h36b08f0ec5808a68
[INFO] [stderr]                                  at /rustc/a178d0322ce20e33eac124758e837cbd80a6f633/library/std/src/rt.rs:48:5
[INFO] [stderr]     29:     0x55ac12650c1c - main
[INFO] [stderr]     30:     0x7f5c219a50b3 - __libc_start_main
[INFO] [stderr]     31:     0x55ac12647a7e - _start
[INFO] [stderr]     32:                0x0 - <unknown>
[INFO] [stderr] warning: build failed, waiting for other jobs to finish...
[INFO] [stdout] error[E0713]: borrow may still be in use when destructor runs
[INFO] [stdout]    --> /opt/rustwide/cargo-home/registry/src/github.com-1ecc6299db9ec823/url-1.6.0/src/form_urlencoded.rs:261:40
[INFO] [stdout]     |
[INFO] [stdout] 259 | impl<'a> Target for ::UrlQuery<'a> {
[INFO] [stdout]     |      -- lifetime `'a` defined here
[INFO] [stdout] 260 |     fn as_mut_string(&mut self) -> &mut String { &mut self.url.serialization }
[INFO] [stdout] 261 |     fn finish(self) -> &'a mut ::Url { self.url }
[INFO] [stdout]     |                                        ^^^^^^^^ - here, drop of `self` needs exclusive access to `*self.url`, because the type `UrlQuery<'_>` implements the `Drop` trait
[INFO] [stdout]     |                                        |
[INFO] [stdout]     |                                        returning this value requires that `*self.url` is borrowed for `'a`
[INFO] [stdout] 
[INFO] [stdout] 
[INFO] [stdout] error: aborting due to previous error
[INFO] [stdout] 
[INFO] [stdout] 
[INFO] [stdout] For more information about this error, try `rustc --explain E0713`.
[INFO] [stdout] 
[INFO] [stdout] error[E0119]: conflicting implementations of trait `std::ops::Mul<&_>` for type `geometry::translation::Translation<_, _>`
[INFO] [stdout]    --> /opt/rustwide/cargo-home/registry/src/github.com-1ecc6299db9ec823/nalgebra-0.13.1/src/geometry/isometry_ops.rs:67:9
[INFO] [stdout]     |
[INFO] [stdout] 67  | /         impl<$($lives ,)* N: Real, D: DimName, R> $Op<$Rhs> for $Lhs
[INFO] [stdout] 68  | |             where R: AlgaRotation<Point<N, D>>,
[INFO] [stdout] 69  | |                   DefaultAllocator: Allocator<N, D> {
[INFO] [stdout] 70  | |             type Output = $Output;
[INFO] [stdout] ...   |
[INFO] [stdout] 75  | |             }
[INFO] [stdout] 76  | |         }
[INFO] [stdout]     | |         ^
[INFO] [stdout]     | |         |
[INFO] [stdout]     | |_________first implementation here
[INFO] [stdout]     |           conflicting implementation for `geometry::translation::Translation<_, _>`
[INFO] [stdout] ...
[INFO] [stdout] 281 | / isometry_binop_impl_all!(
[INFO] [stdout] 282 | |     Mul, mul;
[INFO] [stdout] 283 | |     self: Translation<N, D>, right: R, Output = Isometry<N, D, R>;
[INFO] [stdout] 284 | |     [val val] => Isometry::from_parts(self, right);
[INFO] [stdout] ...   |
[INFO] [stdout] 287 | |     [ref ref] => Isometry::from_parts(self.clone(), right.clone());
[INFO] [stdout] 288 | | );
[INFO] [stdout]     | |__- in this macro invocation
[INFO] [stdout]     |
[INFO] [stdout]     = note: downstream crates may implement trait `alga::linear::Rotation<geometry::point::Point<_, _>>` for type `&_`
[INFO] [stdout]     = note: this error originates in the macro `isometry_binop_impl` (in Nightly builds, run with -Z macro-backtrace for more info)
[INFO] [stdout] 
[INFO] [stdout] 
[INFO] [stdout] error[E0119]: conflicting implementations of trait `std::ops::Mul<&_>` for type `&geometry::translation::Translation<_, _>`
[INFO] [stdout]    --> /opt/rustwide/cargo-home/registry/src/github.com-1ecc6299db9ec823/nalgebra-0.13.1/src/geometry/isometry_ops.rs:67:9
[INFO] [stdout]     |
[INFO] [stdout] 67  | /         impl<$($lives ,)* N: Real, D: DimName, R> $Op<$Rhs> for $Lhs
[INFO] [stdout] 68  | |             where R: AlgaRotation<Point<N, D>>,
[INFO] [stdout] 69  | |                   DefaultAllocator: Allocator<N, D> {
[INFO] [stdout] 70  | |             type Output = $Output;
[INFO] [stdout] ...   |
[INFO] [stdout] 75  | |             }
[INFO] [stdout] 76  | |         }
[INFO] [stdout]     | |         ^
[INFO] [stdout]     | |         |
[INFO] [stdout]     | |_________first implementation here
[INFO] [stdout]     |           conflicting implementation for `&geometry::translation::Translation<_, _>`
[INFO] [stdout] ...
[INFO] [stdout] 281 | / isometry_binop_impl_all!(
[INFO] [stdout] 282 | |     Mul, mul;
[INFO] [stdout] 283 | |     self: Translation<N, D>, right: R, Output = Isometry<N, D, R>;
[INFO] [stdout] 284 | |     [val val] => Isometry::from_parts(self, right);
[INFO] [stdout] ...   |
[INFO] [stdout] 287 | |     [ref ref] => Isometry::from_parts(self.clone(), right.clone());
[INFO] [stdout] 288 | | );
[INFO] [stdout]     | |__- in this macro invocation
[INFO] [stdout]     |
[INFO] [stdout]     = note: downstream crates may implement trait `alga::linear::Rotation<geometry::point::Point<_, _>>` for type `&_`
[INFO] [stdout]     = note: this error originates in the macro `isometry_binop_impl` (in Nightly builds, run with -Z macro-backtrace for more info)
[INFO] [stdout] 
[INFO] [stdout] 
[INFO] [stdout] error: aborting due to 2 previous errors
[INFO] [stdout] 
[INFO] [stdout] 
[INFO] [stdout] For more information about this error, try `rustc --explain E0119`.
[INFO] [stdout] 
[INFO] [stderr] error: build failed
[INFO] running `Command { std: "docker" "inspect" "d45a8055885d6189ec73579f5d305464c7195556dd05594e5d1e6cb2ab3fbe0f", kill_on_drop: false }`
[INFO] running `Command { std: "docker" "rm" "-f" "d45a8055885d6189ec73579f5d305464c7195556dd05594e5d1e6cb2ab3fbe0f", kill_on_drop: false }`
[INFO] [stdout] d45a8055885d6189ec73579f5d305464c7195556dd05594e5d1e6cb2ab3fbe0f
