[INFO] cloning repository https://github.com/sribich/Steadfast
[INFO] running `Command { std: "git" "-c" "credential.helper=" "-c" "credential.helper=/workspace/cargo-home/bin/git-credential-null" "clone" "--bare" "https://github.com/sribich/Steadfast" "/workspace/cache/git-repos/https%3A%2F%2Fgithub.com%2Fsribich%2FSteadfast", kill_on_drop: false }`
[INFO] [stderr] Cloning into bare repository '/workspace/cache/git-repos/https%3A%2F%2Fgithub.com%2Fsribich%2FSteadfast'...
[INFO] running `Command { std: "git" "rev-parse" "HEAD", kill_on_drop: false }`
[INFO] [stdout] 8d6e5853c802c5289416db33864de5b112fb8911
[INFO] documenting sribich/Steadfast against 1.54.0 for beta-1.55-rustdoc-1
[INFO] running `Command { std: "git" "clone" "/workspace/cache/git-repos/https%3A%2F%2Fgithub.com%2Fsribich%2FSteadfast" "/workspace/builds/worker-14/source", kill_on_drop: false }`
[INFO] [stderr] Cloning into '/workspace/builds/worker-14/source'...
[INFO] [stderr] done.
[INFO] validating manifest of git repo https://github.com/sribich/Steadfast on toolchain 1.54.0
[INFO] running `Command { std: "/workspace/cargo-home/bin/cargo" "+1.54.0" "metadata" "--manifest-path" "Cargo.toml" "--no-deps", kill_on_drop: false }`
[INFO] started tweaking git repo https://github.com/sribich/Steadfast
[INFO] finished tweaking git repo https://github.com/sribich/Steadfast
[INFO] tweaked toml for git repo https://github.com/sribich/Steadfast written to /workspace/builds/worker-14/source/Cargo.toml
[INFO] crate git repo https://github.com/sribich/Steadfast already has a lockfile, it will not be regenerated
[INFO] running `Command { std: "/workspace/cargo-home/bin/cargo" "+1.54.0" "fetch" "--manifest-path" "Cargo.toml", kill_on_drop: false }`
[INFO] running `Command { std: "docker" "create" "-v" "/var/lib/crater-agent-workspace/builds/worker-14/target:/opt/rustwide/target:rw,Z" "-v" "/var/lib/crater-agent-workspace/builds/worker-14/source:/opt/rustwide/workdir:ro,Z" "-v" "/var/lib/crater-agent-workspace/cargo-home:/opt/rustwide/cargo-home:ro,Z" "-v" "/var/lib/crater-agent-workspace/rustup-home:/opt/rustwide/rustup-home:ro,Z" "-e" "SOURCE_DIR=/opt/rustwide/workdir" "-e" "CARGO_TARGET_DIR=/opt/rustwide/target" "-e" "CARGO_HOME=/opt/rustwide/cargo-home" "-e" "RUSTUP_HOME=/opt/rustwide/rustup-home" "-w" "/opt/rustwide/workdir" "-m" "1610612736" "--user" "0:0" "--network" "none" "ghcr.io/rust-lang/crates-build-env/linux@sha256:34b6a614d2c27851fe6cbf88fbd1137609cefab8b10d0615aaeb6fd47975d74e" "/opt/rustwide/cargo-home/bin/cargo" "+1.54.0" "metadata" "--no-deps" "--format-version=1", kill_on_drop: false }`
[INFO] [stdout] 51f2a9b60d36d54527f2c9a381ee3297d1577a58f76a63f80fd128c35719e914
[INFO] running `Command { std: "docker" "start" "-a" "51f2a9b60d36d54527f2c9a381ee3297d1577a58f76a63f80fd128c35719e914", kill_on_drop: false }`
[INFO] running `Command { std: "docker" "inspect" "51f2a9b60d36d54527f2c9a381ee3297d1577a58f76a63f80fd128c35719e914", kill_on_drop: false }`
[INFO] running `Command { std: "docker" "rm" "-f" "51f2a9b60d36d54527f2c9a381ee3297d1577a58f76a63f80fd128c35719e914", kill_on_drop: false }`
[INFO] [stdout] 51f2a9b60d36d54527f2c9a381ee3297d1577a58f76a63f80fd128c35719e914
[INFO] running `Command { std: "docker" "create" "-v" "/var/lib/crater-agent-workspace/builds/worker-14/target:/opt/rustwide/target:rw,Z" "-v" "/var/lib/crater-agent-workspace/builds/worker-14/source:/opt/rustwide/workdir:ro,Z" "-v" "/var/lib/crater-agent-workspace/cargo-home:/opt/rustwide/cargo-home:ro,Z" "-v" "/var/lib/crater-agent-workspace/rustup-home:/opt/rustwide/rustup-home:ro,Z" "-e" "SOURCE_DIR=/opt/rustwide/workdir" "-e" "CARGO_TARGET_DIR=/opt/rustwide/target" "-e" "CARGO_INCREMENTAL=0" "-e" "RUST_BACKTRACE=full" "-e" "RUSTDOCFLAGS=--cap-lints=warn" "-e" "CARGO_HOME=/opt/rustwide/cargo-home" "-e" "RUSTUP_HOME=/opt/rustwide/rustup-home" "-w" "/opt/rustwide/workdir" "-m" "1610612736" "--user" "0:0" "--network" "none" "ghcr.io/rust-lang/crates-build-env/linux@sha256:34b6a614d2c27851fe6cbf88fbd1137609cefab8b10d0615aaeb6fd47975d74e" "/opt/rustwide/cargo-home/bin/cargo" "+1.54.0" "doc" "--frozen" "--no-deps" "--document-private-items" "--message-format=json", kill_on_drop: false }`
[INFO] [stdout] eb3df332d4796b7ea0be2588aaf5a89e70118c02c002b1276c71557538b21afb
[INFO] running `Command { std: "docker" "start" "-a" "eb3df332d4796b7ea0be2588aaf5a89e70118c02c002b1276c71557538b21afb", kill_on_drop: false }`
[INFO] [stderr]    Compiling libc v0.2.93
[INFO] [stderr]    Compiling syn v1.0.69
[INFO] [stderr]     Checking lazycell v1.3.0
[INFO] [stderr]     Checking steadfast_defs v0.1.0 (/opt/rustwide/workdir/steadfast_defs)
[INFO] [stderr]     Checking regex-syntax v0.6.23
[INFO] [stderr]     Checking ansi_term v0.12.1
[INFO] [stderr]     Checking steadfast_allocator v0.1.0 (/opt/rustwide/workdir/steadfast_allocator)
[INFO] [stderr]  Documenting steadfast_allocator v0.1.0 (/opt/rustwide/workdir/steadfast_allocator)
[INFO] [stderr]  Documenting steadfast_defs v0.1.0 (/opt/rustwide/workdir/steadfast_defs)
[INFO] [stderr]     Checking walkdir v2.3.2
[INFO] [stderr]     Checking libloading v0.7.0
[INFO] [stderr]     Checking tracing-core v0.1.17
[INFO] [stderr]     Checking sharded-slab v0.1.1
[INFO] [stderr]     Checking serde_json v1.0.64
[INFO] [stdout] warning: unused variable: `layout`
[INFO] [stdout]   --> steadfast_allocator/src/alloc/unix.rs:40:44
[INFO] [stdout]    |
[INFO] [stdout] 40 |     unsafe fn realloc(&self, ptr: *mut u8, layout: Layout, new_size: usize) -> *mut u8 {
[INFO] [stdout]    |                                            ^^^^^^ help: if this is intentional, prefix it with an underscore: `_layout`
[INFO] [stdout]    |
[INFO] [stdout]    = note: `#[warn(unused_variables)]` on by default
[INFO] [stdout] 
[INFO] [stdout] 
[INFO] [stdout] warning: 1 warning emitted
[INFO] [stdout] 
[INFO] [stdout] 
[INFO] [stderr]     Checking tracing-log v0.1.2
[INFO] [stderr]     Checking tracing-serde v0.1.2
[INFO] [stderr]     Checking iovec v0.1.4
[INFO] [stderr]     Checking net2 v0.2.37
[INFO] [stderr]     Checking inotify-sys v0.1.5
[INFO] [stderr]     Checking filetime v0.2.14
[INFO] [stderr]     Checking chrono v0.4.19
[INFO] [stderr]     Checking inotify v0.7.1
[INFO] [stderr]     Checking mio v0.6.23
[INFO] [stderr]     Checking mio-extras v2.0.6
[INFO] [stderr]     Checking notify v4.0.15
[INFO] [stderr]     Checking regex-automata v0.1.9
[INFO] [stderr]     Checking regex v1.4.5
[INFO] [stderr]     Checking matchers v0.0.1
[INFO] [stderr]    Compiling thiserror-impl v1.0.24
[INFO] [stderr]    Compiling tracing-attributes v0.1.15
[INFO] [stderr]     Checking thiserror v1.0.24
[INFO] [stderr]     Checking steadfast_modules v0.1.0 (/opt/rustwide/workdir/steadfast_modules)
[INFO] [stderr]  Documenting steadfast_modules v0.1.0 (/opt/rustwide/workdir/steadfast_modules)
[INFO] [stderr]     Checking tracing v0.1.25
[INFO] [stdout] error[E0433]: failed to resolve: could not find `unix` in `libloading`
[INFO] [stdout]   --> steadfast_modules/src/lib.rs:18:30
[INFO] [stdout]    |
[INFO] [stdout] 18 | type Symbol<T> = libloading::unix::windows::Symbol<T>;
[INFO] [stdout]    |                              ^^^^ could not find `unix` in `libloading`
[INFO] [stdout] 
[INFO] [stdout] 
[INFO] [stdout] error: Compilation failed, aborting rustdoc
[INFO] [stdout] 
[INFO] [stdout] 
[INFO] [stdout] error: aborting due to 2 previous errors
[INFO] [stdout] 
[INFO] [stdout] 
[INFO] [stdout] For more information about this error, try `rustc --explain E0433`.
[INFO] [stdout] 
[INFO] [stderr] error: could not document `steadfast_modules`
[INFO] [stderr] 
[INFO] [stderr] Caused by:
[INFO] [stderr]   process didn't exit successfully: `rustdoc --edition=2018 --crate-type lib --crate-name steadfast_modules steadfast_modules/src/lib.rs -o /opt/rustwide/target/doc --error-format=json --json=diagnostic-rendered-ansi --document-private-items -L dependency=/opt/rustwide/target/debug/deps --extern libloading=/opt/rustwide/target/debug/deps/liblibloading-8bdd049c282f2060.rmeta --extern notify=/opt/rustwide/target/debug/deps/libnotify-0a23be5a46c5de13.rmeta --extern steadfast_defs=/opt/rustwide/target/debug/deps/libsteadfast_defs-ba58482ecbaaa5e4.rmeta --extern thiserror=/opt/rustwide/target/debug/deps/libthiserror-ba338b5466e747ad.rmeta --cap-lints=warn --crate-version 0.1.0` (exit status: 1)
[INFO] [stderr] warning: build failed, waiting for other jobs to finish...
[INFO] [stdout] error[E0433]: failed to resolve: could not find `unix` in `libloading`
[INFO] [stdout]   --> steadfast_modules/src/lib.rs:18:30
[INFO] [stdout]    |
[INFO] [stdout] 18 | type Symbol<T> = libloading::unix::windows::Symbol<T>;
[INFO] [stdout]    |                              ^^^^ could not find `unix` in `libloading`
[INFO] [stdout] 
[INFO] [stdout] 
[INFO] [stdout] error[E0392]: parameter `VTable` is never used
[INFO] [stdout]   --> steadfast_modules/src/lib.rs:28:19
[INFO] [stdout]    |
[INFO] [stdout] 28 | pub struct Module<VTable: Debug> {
[INFO] [stdout]    |                   ^^^^^^ unused parameter
[INFO] [stdout]    |
[INFO] [stdout]    = help: consider removing `VTable`, referring to it in a field, or using a marker such as `PhantomData`
[INFO] [stdout]    = help: if you intended `VTable` to be a const parameter, use `const VTable: usize` instead
[INFO] [stdout] 
[INFO] [stdout] 
[INFO] [stdout] error: aborting due to 2 previous errors
[INFO] [stdout] 
[INFO] [stdout] 
[INFO] [stdout] Some errors have detailed explanations: E0392, E0433.
[INFO] [stdout] 
[INFO] [stdout] For more information about an error, try `rustc --explain E0392`.
[INFO] [stdout] 
[INFO] [stderr] error: build failed
[INFO] running `Command { std: "docker" "inspect" "eb3df332d4796b7ea0be2588aaf5a89e70118c02c002b1276c71557538b21afb", kill_on_drop: false }`
[INFO] running `Command { std: "docker" "rm" "-f" "eb3df332d4796b7ea0be2588aaf5a89e70118c02c002b1276c71557538b21afb", kill_on_drop: false }`
[INFO] [stdout] eb3df332d4796b7ea0be2588aaf5a89e70118c02c002b1276c71557538b21afb
