[INFO] cloning repository https://github.com/spwilson2/xi-example-frontend
[INFO] running `Command { std: "git" "-c" "credential.helper=" "-c" "credential.helper=/workspace/cargo-home/bin/git-credential-null" "clone" "--bare" "https://github.com/spwilson2/xi-example-frontend" "/workspace/cache/git-repos/https%3A%2F%2Fgithub.com%2Fspwilson2%2Fxi-example-frontend", kill_on_drop: false }`
[INFO] [stderr] Cloning into bare repository '/workspace/cache/git-repos/https%3A%2F%2Fgithub.com%2Fspwilson2%2Fxi-example-frontend'...
[INFO] running `Command { std: "git" "rev-parse" "HEAD", kill_on_drop: false }`
[INFO] [stdout] d5f777d3add4f283e21dd16cd25e084c3078b2f1
[INFO] documenting spwilson2/xi-example-frontend against 1.54.0 for beta-1.55-rustdoc-1
[INFO] running `Command { std: "git" "clone" "/workspace/cache/git-repos/https%3A%2F%2Fgithub.com%2Fspwilson2%2Fxi-example-frontend" "/workspace/builds/worker-12/source", kill_on_drop: false }`
[INFO] [stderr] Cloning into '/workspace/builds/worker-12/source'...
[INFO] [stderr] done.
[INFO] validating manifest of git repo https://github.com/spwilson2/xi-example-frontend on toolchain 1.54.0
[INFO] running `Command { std: "/workspace/cargo-home/bin/cargo" "+1.54.0" "metadata" "--manifest-path" "Cargo.toml" "--no-deps", kill_on_drop: false }`
[INFO] started tweaking git repo https://github.com/spwilson2/xi-example-frontend
[INFO] finished tweaking git repo https://github.com/spwilson2/xi-example-frontend
[INFO] tweaked toml for git repo https://github.com/spwilson2/xi-example-frontend written to /workspace/builds/worker-12/source/Cargo.toml
[INFO] crate git repo https://github.com/spwilson2/xi-example-frontend already has a lockfile, it will not be regenerated
[INFO] running `Command { std: "/workspace/cargo-home/bin/cargo" "+1.54.0" "fetch" "--manifest-path" "Cargo.toml", kill_on_drop: false }`
[INFO] [stderr]     Blocking waiting for file lock on package cache
[INFO] [stderr]     Blocking waiting for file lock on package cache
[INFO] running `Command { std: "docker" "create" "-v" "/var/lib/crater-agent-workspace/builds/worker-12/target:/opt/rustwide/target:rw,Z" "-v" "/var/lib/crater-agent-workspace/builds/worker-12/source:/opt/rustwide/workdir:ro,Z" "-v" "/var/lib/crater-agent-workspace/cargo-home:/opt/rustwide/cargo-home:ro,Z" "-v" "/var/lib/crater-agent-workspace/rustup-home:/opt/rustwide/rustup-home:ro,Z" "-e" "SOURCE_DIR=/opt/rustwide/workdir" "-e" "CARGO_TARGET_DIR=/opt/rustwide/target" "-e" "CARGO_HOME=/opt/rustwide/cargo-home" "-e" "RUSTUP_HOME=/opt/rustwide/rustup-home" "-w" "/opt/rustwide/workdir" "-m" "1610612736" "--user" "0:0" "--network" "none" "ghcr.io/rust-lang/crates-build-env/linux@sha256:34b6a614d2c27851fe6cbf88fbd1137609cefab8b10d0615aaeb6fd47975d74e" "/opt/rustwide/cargo-home/bin/cargo" "+1.54.0" "metadata" "--no-deps" "--format-version=1", kill_on_drop: false }`
[INFO] [stdout] 2eca29d5e7aae19fa6836ce17f6bbb73a82e031e817ce7988466a3146dc042a6
[INFO] running `Command { std: "docker" "start" "-a" "2eca29d5e7aae19fa6836ce17f6bbb73a82e031e817ce7988466a3146dc042a6", kill_on_drop: false }`
[INFO] running `Command { std: "docker" "inspect" "2eca29d5e7aae19fa6836ce17f6bbb73a82e031e817ce7988466a3146dc042a6", kill_on_drop: false }`
[INFO] running `Command { std: "docker" "rm" "-f" "2eca29d5e7aae19fa6836ce17f6bbb73a82e031e817ce7988466a3146dc042a6", kill_on_drop: false }`
[INFO] [stdout] 2eca29d5e7aae19fa6836ce17f6bbb73a82e031e817ce7988466a3146dc042a6
[INFO] running `Command { std: "docker" "create" "-v" "/var/lib/crater-agent-workspace/builds/worker-12/target:/opt/rustwide/target:rw,Z" "-v" "/var/lib/crater-agent-workspace/builds/worker-12/source:/opt/rustwide/workdir:ro,Z" "-v" "/var/lib/crater-agent-workspace/cargo-home:/opt/rustwide/cargo-home:ro,Z" "-v" "/var/lib/crater-agent-workspace/rustup-home:/opt/rustwide/rustup-home:ro,Z" "-e" "SOURCE_DIR=/opt/rustwide/workdir" "-e" "CARGO_TARGET_DIR=/opt/rustwide/target" "-e" "CARGO_INCREMENTAL=0" "-e" "RUST_BACKTRACE=full" "-e" "RUSTDOCFLAGS=--cap-lints=warn" "-e" "CARGO_HOME=/opt/rustwide/cargo-home" "-e" "RUSTUP_HOME=/opt/rustwide/rustup-home" "-w" "/opt/rustwide/workdir" "-m" "1610612736" "--user" "0:0" "--network" "none" "ghcr.io/rust-lang/crates-build-env/linux@sha256:34b6a614d2c27851fe6cbf88fbd1137609cefab8b10d0615aaeb6fd47975d74e" "/opt/rustwide/cargo-home/bin/cargo" "+1.54.0" "doc" "--frozen" "--no-deps" "--document-private-items" "--message-format=json", kill_on_drop: false }`
[INFO] [stdout] 7d555eca83c1d84884390b2d0d9522b936a1bde2fd1b296a6a4b08cc01cdc595
[INFO] running `Command { std: "docker" "start" "-a" "7d555eca83c1d84884390b2d0d9522b936a1bde2fd1b296a6a4b08cc01cdc595", kill_on_drop: false }`
[INFO] [stderr]    Compiling proc-macro2 v1.0.7
[INFO] [stderr]    Compiling syn v1.0.13
[INFO] [stderr]    Compiling serde v1.0.104
[INFO] [stderr]    Compiling ryu v1.0.2
[INFO] [stderr]    Compiling byteorder v1.3.2
[INFO] [stderr]     Checking itoa v0.4.4
[INFO] [stderr]     Checking quick-error v1.2.3
[INFO] [stderr]     Checking same-file v1.0.5
[INFO] [stderr]     Checking safemem v0.3.3
[INFO] [stderr]     Checking regex-syntax v0.6.13
[INFO] [stderr]     Checking xml-rs v0.8.0
[INFO] [stderr]     Checking unicode-segmentation v1.6.0
[INFO] [stderr]     Checking bytecount v0.6.0
[INFO] [stderr]     Checking numtoa v0.1.0
[INFO] [stderr]     Checking xi-unicode v0.2.0 (https://github.com/xi-editor/xi-editor?branch=master#53c5b962)
[INFO] [stderr]    Compiling num-traits v0.2.11
[INFO] [stderr]    Compiling crossbeam-utils v0.7.0
[INFO] [stderr]    Compiling num-integer v0.1.42
[INFO] [stderr]     Checking crossbeam-utils v0.6.6
[INFO] [stderr]     Checking thread_local v1.0.0
[INFO] [stderr]     Checking iovec v0.1.4
[INFO] [stderr]     Checking net2 v0.2.33
[INFO] [stderr]     Checking inotify-sys v0.1.3
[INFO] [stderr]     Checking filetime v0.2.8
[INFO] [stderr]     Checking smallvec v0.6.13
[INFO] [stderr]     Checking flate2 v1.0.13
[INFO] [stderr]     Checking line-wrap v0.1.1
[INFO] [stderr]     Checking humantime v1.3.0
[INFO] [stderr]     Checking crossbeam-channel v0.3.9
[INFO] [stderr]     Checking walkdir v2.2.9
[INFO] [stderr]     Checking inotify v0.7.0
[INFO] [stderr]     Checking termion v1.5.4
[INFO] [stderr]     Checking parking_lot_core v0.2.14
[INFO] [stderr]     Checking mio v0.6.21
[INFO] [stderr]     Checking parking_lot v0.4.8
[INFO] [stderr]     Checking chashmap v2.2.2
[INFO] [stderr]     Checking base64 v0.10.1
[INFO] [stderr]     Checking mio-extras v2.0.6
[INFO] [stderr]    Compiling quote v1.0.2
[INFO] [stderr]     Checking notify v5.0.0-pre.1
[INFO] [stderr]     Checking chrono v0.4.10
[INFO] [stderr]     Checking regex v1.3.3
[INFO] [stderr]     Checking fern v0.5.9
[INFO] [stderr]    Compiling serde_derive v1.0.104
[INFO] [stderr]     Checking serde_json v1.0.44
[INFO] [stderr]     Checking plist v0.4.2
[INFO] [stderr]     Checking bincode v1.2.1
[INFO] [stderr]     Checking xi-rope v0.3.0 (https://github.com/xi-editor/xi-editor?branch=master#53c5b962)
[INFO] [stderr]     Checking toml v0.5.5
[INFO] [stderr]     Checking xi-trace v0.2.0 (https://github.com/xi-editor/xi-editor?branch=master#53c5b962)
[INFO] [stderr]     Checking syntect v3.3.0
[INFO] [stderr]     Checking xi-rpc v0.3.0 (https://github.com/xi-editor/xi-editor?branch=master#53c5b962)
[INFO] [stderr]     Checking xi-core-lib v0.3.0 (https://github.com/xi-editor/xi-editor?branch=master#53c5b962)
[INFO] [stderr]  Documenting xi-example-cli v0.1.0 (/opt/rustwide/workdir)
[INFO] [stdout] error[E0432]: unresolved import `super::actions`
[INFO] [stdout]  --> src/ui/controller.rs:3:12
[INFO] [stdout]   |
[INFO] [stdout] 3 | use super::actions::Action;
[INFO] [stdout]   |            ^^^^^^^ could not find `actions` in `super`
[INFO] [stdout] 
[INFO] [stdout] 
[INFO] [stdout] error[E0412]: cannot find type `Error` in this scope
[INFO] [stdout]   --> src/ui/controller.rs:25:81
[INFO] [stdout]    |
[INFO] [stdout] 25 |     pub fn open_file(&mut self, core: &dyn Peer, file_path: &str) -> Result<(), Error> {
[INFO] [stdout]    |                                                                                 ^^^^^ not found in this scope
[INFO] [stdout]    |
[INFO] [stdout] help: consider importing one of these items
[INFO] [stdout]    |
[INFO] [stdout] 1  | use core::fmt::Error;
[INFO] [stdout]    |
[INFO] [stdout] 1  | use serde::de::Error;
[INFO] [stdout]    |
[INFO] [stdout] 1  | use serde::de::value::Error;
[INFO] [stdout]    |
[INFO] [stdout] 1  | use serde::export::fmt::Error;
[INFO] [stdout]    |
[INFO] [stdout]      and 7 other candidates
[INFO] [stdout] 
[INFO] [stdout] 
[INFO] [stdout] error[E0412]: cannot find type `Error` in this scope
[INFO] [stdout]   --> src/ui/controller.rs:53:80
[INFO] [stdout]    |
[INFO] [stdout] 53 |     pub fn start_keyboard_event_loop(&mut self, core: &dyn Peer) -> Result<(), Error> {
[INFO] [stdout]    |                                                                                ^^^^^ not found in this scope
[INFO] [stdout]    |
[INFO] [stdout] help: consider importing one of these items
[INFO] [stdout]    |
[INFO] [stdout] 1  | use core::fmt::Error;
[INFO] [stdout]    |
[INFO] [stdout] 1  | use serde::de::Error;
[INFO] [stdout]    |
[INFO] [stdout] 1  | use serde::de::value::Error;
[INFO] [stdout]    |
[INFO] [stdout] 1  | use serde::export::fmt::Error;
[INFO] [stdout]    |
[INFO] [stdout]      and 7 other candidates
[INFO] [stdout] 
[INFO] [stdout] 
[INFO] [stdout] error[E0603]: struct import `InputController` is private
[INFO] [stdout]   --> src/main.rs:27:9
[INFO] [stdout]    |
[INFO] [stdout] 27 | use ui::InputController;
[INFO] [stdout]    |         ^^^^^^^^^^^^^^^ private struct import
[INFO] [stdout]    |
[INFO] [stdout] note: the struct import `InputController` is defined here...
[INFO] [stdout]   --> src/ui/mod.rs:7:5
[INFO] [stdout]    |
[INFO] [stdout] 7  | use self::controller::InputController;
[INFO] [stdout]    |     ^^^^^^^^^^^^^^^^^^^^^^^^^^^^^^^^^
[INFO] [stdout] note: ...and refers to the struct `InputController` which is defined here
[INFO] [stdout]   --> src/ui/controller.rs:7:1
[INFO] [stdout]    |
[INFO] [stdout] 7  | pub struct InputController {
[INFO] [stdout]    | ^^^^^^^^^^^^^^^^^^^^^^^^^^ consider importing it directly
[INFO] [stdout] 
[INFO] [stdout] 
[INFO] [stdout] error: Compilation failed, aborting rustdoc
[INFO] [stdout] 
[INFO] [stdout] 
[INFO] [stdout] error: aborting due to 5 previous errors
[INFO] [stdout] 
[INFO] [stdout] 
[INFO] [stdout] Some errors have detailed explanations: E0412, E0432, E0603.
[INFO] [stdout] 
[INFO] [stdout] For more information about an error, try `rustc --explain E0412`.
[INFO] [stdout] 
[INFO] [stderr] error: could not document `xi-example-cli`
[INFO] [stderr] 
[INFO] [stderr] Caused by:
[INFO] [stderr]   process didn't exit successfully: `rustdoc --edition=2018 --crate-type bin --crate-name xi_example_cli src/main.rs -o /opt/rustwide/target/doc --error-format=json --json=diagnostic-rendered-ansi --document-private-items -L dependency=/opt/rustwide/target/debug/deps --extern chrono=/opt/rustwide/target/debug/deps/libchrono-9b3d00da01feda9e.rmeta --extern fern=/opt/rustwide/target/debug/deps/libfern-9f92c8dff09a9119.rmeta --extern log=/opt/rustwide/target/debug/deps/liblog-3350f96749421cbd.rmeta --extern serde=/opt/rustwide/target/debug/deps/libserde-a8607a1cf24dc56e.rmeta --extern serde_derive=/opt/rustwide/target/debug/deps/libserde_derive-50b70f5f4f324166.so --extern serde_json=/opt/rustwide/target/debug/deps/libserde_json-37724bc4e9616427.rmeta --extern termion=/opt/rustwide/target/debug/deps/libtermion-6a306c8ff233cec6.rmeta --extern xi_core_lib=/opt/rustwide/target/debug/deps/libxi_core_lib-f0eb8231c738b997.rmeta --extern xi_rpc=/opt/rustwide/target/debug/deps/libxi_rpc-5cc47ed60ae551a2.rmeta --cap-lints=warn --crate-version 0.1.0` (exit status: 1)
[INFO] running `Command { std: "docker" "inspect" "7d555eca83c1d84884390b2d0d9522b936a1bde2fd1b296a6a4b08cc01cdc595", kill_on_drop: false }`
[INFO] running `Command { std: "docker" "rm" "-f" "7d555eca83c1d84884390b2d0d9522b936a1bde2fd1b296a6a4b08cc01cdc595", kill_on_drop: false }`
[INFO] [stdout] 7d555eca83c1d84884390b2d0d9522b936a1bde2fd1b296a6a4b08cc01cdc595
