[INFO] cloning repository https://github.com/sooxiaotong/doboom
[INFO] running `Command { std: "git" "-c" "credential.helper=" "-c" "credential.helper=/workspace/cargo-home/bin/git-credential-null" "clone" "--bare" "https://github.com/sooxiaotong/doboom" "/workspace/cache/git-repos/https%3A%2F%2Fgithub.com%2Fsooxiaotong%2Fdoboom", kill_on_drop: false }`
[INFO] [stderr] Cloning into bare repository '/workspace/cache/git-repos/https%3A%2F%2Fgithub.com%2Fsooxiaotong%2Fdoboom'...
[INFO] running `Command { std: "git" "rev-parse" "HEAD", kill_on_drop: false }`
[INFO] [stdout] 26614a8142654a1c2eab5ab56ea0fecdc49629da
[INFO] documenting sooxiaotong/doboom against beta-2021-08-01 for beta-1.55-rustdoc-1
[INFO] running `Command { std: "git" "clone" "/workspace/cache/git-repos/https%3A%2F%2Fgithub.com%2Fsooxiaotong%2Fdoboom" "/workspace/builds/worker-3/source", kill_on_drop: false }`
[INFO] [stderr] Cloning into '/workspace/builds/worker-3/source'...
[INFO] [stderr] done.
[INFO] validating manifest of git repo https://github.com/sooxiaotong/doboom on toolchain beta-2021-08-01
[INFO] running `Command { std: "/workspace/cargo-home/bin/cargo" "+beta-2021-08-01" "metadata" "--manifest-path" "Cargo.toml" "--no-deps", kill_on_drop: false }`
[INFO] started tweaking git repo https://github.com/sooxiaotong/doboom
[INFO] finished tweaking git repo https://github.com/sooxiaotong/doboom
[INFO] tweaked toml for git repo https://github.com/sooxiaotong/doboom written to /workspace/builds/worker-3/source/Cargo.toml
[INFO] crate git repo https://github.com/sooxiaotong/doboom already has a lockfile, it will not be regenerated
[INFO] running `Command { std: "/workspace/cargo-home/bin/cargo" "+beta-2021-08-01" "fetch" "--manifest-path" "Cargo.toml", kill_on_drop: false }`
[INFO] [stderr]     Updating git repository `https://github.com/hyperium/hyper-tls`
[INFO] [stderr]  Downloading crates ...
[INFO] [stderr]   Downloaded bytes v0.4.3
[INFO] [stderr]   Downloaded antidote v1.0.0
[INFO] [stderr]   Downloaded num-integer v0.1.34
[INFO] [stderr]   Downloaded futures-cpupool v0.1.5
[INFO] [stderr]   Downloaded r2d2 v0.7.2
[INFO] [stderr]   Downloaded security-framework v0.1.14
[INFO] [stderr]   Downloaded native-tls v0.1.2
[INFO] [stderr]   Downloaded schannel v0.1.4
[INFO] [stderr]   Downloaded gdi32-sys v0.2.0
[INFO] [stderr]   Downloaded user32-sys v0.2.0
[INFO] [stderr]   Downloaded futures v0.1.13
[INFO] [stderr]   Downloaded base64 v0.4.2
[INFO] [stderr]   Downloaded quine-mc_cluskey v0.2.4
[INFO] [stderr]   Downloaded serde_json v1.0.1
[INFO] [stderr]   Downloaded dotenv v0.8.0
[INFO] [stderr]   Downloaded diesel_infer_schema v0.12.0
[INFO] [stderr]   Downloaded openssl-sys v0.9.11
[INFO] [stderr]   Downloaded serde_derive v0.9.15
[INFO] [stderr]   Downloaded cargo_metadata v0.1.2
[INFO] [stderr]   Downloaded regex-syntax v0.4.0
[INFO] [stderr]   Downloaded pear_codegen v0.0.8
[INFO] [stderr]   Downloaded term v0.4.5
[INFO] [stderr]   Downloaded semver v0.6.0
[INFO] [stderr]   Downloaded tokio-tls v0.1.2
[INFO] [stderr]   Downloaded num v0.1.37
[INFO] [stderr]   Downloaded httparse v1.2.2
[INFO] [stderr]   Downloaded diesel_codegen v0.12.0
[INFO] [stderr]   Downloaded chrono v0.3.1
[INFO] [stderr]   Downloaded pq-sys v0.4.3
[INFO] [stderr]   Downloaded mime v0.2.3
[INFO] [stderr]   Downloaded state v0.2.1
[INFO] [stderr]   Downloaded serde_codegen_internals v0.14.2
[INFO] [stderr]   Downloaded serde_derive_internals v0.15.0
[INFO] [stderr]   Downloaded mio v0.6.7
[INFO] [stderr]   Downloaded lazycell v0.4.0
[INFO] [stderr]   Downloaded net2 v0.2.29
[INFO] [stderr]   Downloaded libc v0.2.22
[INFO] [stderr]   Downloaded tokio-io v0.1.1
[INFO] [stderr]   Downloaded log v0.3.7
[INFO] [stderr]   Downloaded security-framework-sys v0.1.14
[INFO] [stderr]   Downloaded tokio-core v0.1.6
[INFO] [stderr]   Downloaded unicode-bidi v0.2.5
[INFO] [stderr]   Downloaded url v1.4.0
[INFO] [stderr]   Downloaded diesel v0.12.1
[INFO] [stderr]   Downloaded scheduled-thread-pool v0.1.0
[INFO] [stderr]   Downloaded gcc v0.3.45
[INFO] [stderr]   Downloaded deque v0.3.2
[INFO] [stderr]   Downloaded r2d2-diesel v0.12.0
[INFO] [stderr]   Downloaded num_cpus v1.4.0
[INFO] [stderr]   Downloaded pear v0.0.8
[INFO] [stderr]   Downloaded smallvec v0.3.3
[INFO] [stderr]   Downloaded toml v0.4.0
[INFO] [stderr]   Downloaded num-iter v0.1.33
[INFO] [stderr]   Downloaded jsonwebtoken v2.0.0
[INFO] [stderr]   Downloaded clippy_lints v0.0.131
[INFO] [stderr]   Downloaded clippy v0.0.131
[INFO] [stderr]   Downloaded version_check v0.1.0
[INFO] [stderr]   Downloaded untrusted v0.3.2
[INFO] [stderr]   Downloaded rayon-core v1.0.0
[INFO] [stderr]   Downloaded serde_derive v1.0.2
[INFO] [stderr]   Downloaded cookie v0.7.6
[INFO] [stderr]   Downloaded hyper v0.10.9
[INFO] [stderr]   Downloaded serde v1.0.2
[INFO] [stderr]   Downloaded term-painter v0.2.3
[INFO] [stderr]   Downloaded rayon v0.7.0
[INFO] [stderr]   Downloaded idna v0.1.1
[INFO] [stderr]   Downloaded openssl v0.9.11
[INFO] [stderr]   Downloaded ring v0.7.6
[INFO] running `Command { std: "docker" "create" "-v" "/var/lib/crater-agent-workspace/builds/worker-3/target:/opt/rustwide/target:rw,Z" "-v" "/var/lib/crater-agent-workspace/builds/worker-3/source:/opt/rustwide/workdir:ro,Z" "-v" "/var/lib/crater-agent-workspace/cargo-home:/opt/rustwide/cargo-home:ro,Z" "-v" "/var/lib/crater-agent-workspace/rustup-home:/opt/rustwide/rustup-home:ro,Z" "-e" "SOURCE_DIR=/opt/rustwide/workdir" "-e" "CARGO_TARGET_DIR=/opt/rustwide/target" "-e" "CARGO_HOME=/opt/rustwide/cargo-home" "-e" "RUSTUP_HOME=/opt/rustwide/rustup-home" "-w" "/opt/rustwide/workdir" "-m" "1610612736" "--user" "0:0" "--network" "none" "ghcr.io/rust-lang/crates-build-env/linux@sha256:34b6a614d2c27851fe6cbf88fbd1137609cefab8b10d0615aaeb6fd47975d74e" "/opt/rustwide/cargo-home/bin/cargo" "+beta-2021-08-01" "metadata" "--no-deps" "--format-version=1", kill_on_drop: false }`
[INFO] [stderr] WARNING: Your kernel does not support swap limit capabilities or the cgroup is not mounted. Memory limited without swap.
[INFO] [stdout] 3d2e27ee1309b457f93f18c905cdf66bd664e12b267ff4654c31ac90ec45833e
[INFO] running `Command { std: "docker" "start" "-a" "3d2e27ee1309b457f93f18c905cdf66bd664e12b267ff4654c31ac90ec45833e", kill_on_drop: false }`
[INFO] running `Command { std: "docker" "inspect" "3d2e27ee1309b457f93f18c905cdf66bd664e12b267ff4654c31ac90ec45833e", kill_on_drop: false }`
[INFO] running `Command { std: "docker" "rm" "-f" "3d2e27ee1309b457f93f18c905cdf66bd664e12b267ff4654c31ac90ec45833e", kill_on_drop: false }`
[INFO] [stdout] 3d2e27ee1309b457f93f18c905cdf66bd664e12b267ff4654c31ac90ec45833e
[INFO] running `Command { std: "docker" "create" "-v" "/var/lib/crater-agent-workspace/builds/worker-3/target:/opt/rustwide/target:rw,Z" "-v" "/var/lib/crater-agent-workspace/builds/worker-3/source:/opt/rustwide/workdir:ro,Z" "-v" "/var/lib/crater-agent-workspace/cargo-home:/opt/rustwide/cargo-home:ro,Z" "-v" "/var/lib/crater-agent-workspace/rustup-home:/opt/rustwide/rustup-home:ro,Z" "-e" "SOURCE_DIR=/opt/rustwide/workdir" "-e" "CARGO_TARGET_DIR=/opt/rustwide/target" "-e" "CARGO_INCREMENTAL=0" "-e" "RUST_BACKTRACE=full" "-e" "RUSTDOCFLAGS=--cap-lints=warn" "-e" "CARGO_HOME=/opt/rustwide/cargo-home" "-e" "RUSTUP_HOME=/opt/rustwide/rustup-home" "-w" "/opt/rustwide/workdir" "-m" "1610612736" "--user" "0:0" "--network" "none" "ghcr.io/rust-lang/crates-build-env/linux@sha256:34b6a614d2c27851fe6cbf88fbd1137609cefab8b10d0615aaeb6fd47975d74e" "/opt/rustwide/cargo-home/bin/cargo" "+beta-2021-08-01" "doc" "--frozen" "--no-deps" "--document-private-items" "--message-format=json", kill_on_drop: false }`
[INFO] [stderr] WARNING: Your kernel does not support swap limit capabilities or the cgroup is not mounted. Memory limited without swap.
[INFO] [stdout] 12c1377be0f9085984bc968b929f44b817f91350c3391e5e4a4cb4134a20b6bf
[INFO] running `Command { std: "docker" "start" "-a" "12c1377be0f9085984bc968b929f44b817f91350c3391e5e4a4cb4134a20b6bf", kill_on_drop: false }`
[INFO] [stderr]    Compiling deque v0.3.2
[INFO] [stderr]    Compiling pq-sys v0.4.3
[INFO] [stderr]    Compiling version_check v0.1.0
[INFO] [stderr]     Checking futures v0.1.13
[INFO] [stderr]    Compiling matches v0.1.4
[INFO] [stderr]    Compiling unicode-normalization v0.1.4
[INFO] [stderr]     Checking lazycell v0.4.0
[INFO] [stderr]    Compiling openssl v0.9.11
[INFO] [stderr]    Compiling untrusted v0.3.2
[INFO] [stderr]    Compiling pear_codegen v0.0.8
[INFO] [stderr]    Compiling log v0.3.7
[INFO] [stderr]    Compiling httparse v1.2.2
[INFO] [stderr]    Compiling regex-syntax v0.3.9
[INFO] [stderr]     Checking toml v0.2.1
[INFO] [stderr]     Checking pear v0.0.8
[INFO] [stdout] error[E0557]: feature has been removed
[INFO] [stdout]  --> /opt/rustwide/cargo-home/registry/src/github.com-1ecc6299db9ec823/pear_codegen-0.0.8/src/lib.rs:1:45
[INFO] [stdout]   |
[INFO] [stdout] 1 | #![feature(plugin_registrar, rustc_private, quote)]
[INFO] [stdout]   |                                             ^^^^^ feature has been removed
[INFO] [stdout] 
[INFO] [stdout] 
[INFO] [stderr]     Checking smallvec v0.3.3
[INFO] [stdout] error[E0462]: found staticlib `rustc` instead of rlib or dylib
[INFO] [stdout]  --> /opt/rustwide/cargo-home/registry/src/github.com-1ecc6299db9ec823/pear_codegen-0.0.8/src/lib.rs:3:1
[INFO] [stdout]   |
[INFO] [stdout] 3 | extern crate rustc;
[INFO] [stdout]   | ^^^^^^^^^^^^^^^^^^^
[INFO] [stdout]   |
[INFO] [stdout]   = help: please recompile that crate using --crate-type lib
[INFO] [stdout]   = note: the following crate versions were found:
[INFO] [stdout]           crate `rustc`: /opt/rustwide/rustup-home/toolchains/beta-2021-08-01-x86_64-unknown-linux-gnu/lib/rustlib/x86_64-unknown-linux-gnu/lib/librustc-beta_rt.tsan.a
[INFO] [stdout]           crate `rustc`: /opt/rustwide/rustup-home/toolchains/beta-2021-08-01-x86_64-unknown-linux-gnu/lib/rustlib/x86_64-unknown-linux-gnu/lib/librustc-beta_rt.msan.a
[INFO] [stdout]           crate `rustc`: /opt/rustwide/rustup-home/toolchains/beta-2021-08-01-x86_64-unknown-linux-gnu/lib/rustlib/x86_64-unknown-linux-gnu/lib/librustc-beta_rt.lsan.a
[INFO] [stdout]           crate `rustc`: /opt/rustwide/rustup-home/toolchains/beta-2021-08-01-x86_64-unknown-linux-gnu/lib/rustlib/x86_64-unknown-linux-gnu/lib/librustc-beta_rt.asan.a
[INFO] [stdout] 
[INFO] [stdout] 
[INFO] [stderr]     Checking state v0.2.1
[INFO] [stdout] error: aborting due to 2 previous errors
[INFO] [stdout] 
[INFO] [stdout] 
[INFO] [stdout] For more information about this error, try `rustc --explain E0557`.
[INFO] [stdout] 
[INFO] [stderr] error: could not compile `pear_codegen` due to 3 previous errors
[INFO] [stderr] warning: build failed, waiting for other jobs to finish...
[INFO] [stdout] error[E0557]: feature has been removed
[INFO] [stdout]  --> /opt/rustwide/cargo-home/registry/src/github.com-1ecc6299db9ec823/state-0.2.1/src/lib.rs:1:12
[INFO] [stdout]   |
[INFO] [stdout] 1 | #![feature(const_fn)]
[INFO] [stdout]   |            ^^^^^^^^ feature has been removed
[INFO] [stdout]   |
[INFO] [stdout]   = note: split into finer-grained feature gates
[INFO] [stdout] 
[INFO] [stdout] 
[INFO] [stdout] error[E0554]: `#![feature]` may not be used on the beta release channel
[INFO] [stdout]  --> /opt/rustwide/cargo-home/registry/src/github.com-1ecc6299db9ec823/state-0.2.1/src/lib.rs:1:1
[INFO] [stdout]   |
[INFO] [stdout] 1 | #![feature(const_fn)]
[INFO] [stdout]   | ^^^^^^^^^^^^^^^^^^^^^
[INFO] [stdout] 
[INFO] [stdout] 
[INFO] [stdout] error: aborting due to 2 previous errors
[INFO] [stdout] 
[INFO] [stdout] 
[INFO] [stdout] Some errors have detailed explanations: E0554, E0557.
[INFO] [stdout] 
[INFO] [stdout] For more information about an error, try `rustc --explain E0554`.
[INFO] [stdout] 
[INFO] [stderr] error: build failed
[INFO] running `Command { std: "docker" "inspect" "12c1377be0f9085984bc968b929f44b817f91350c3391e5e4a4cb4134a20b6bf", kill_on_drop: false }`
[INFO] running `Command { std: "docker" "rm" "-f" "12c1377be0f9085984bc968b929f44b817f91350c3391e5e4a4cb4134a20b6bf", kill_on_drop: false }`
[INFO] [stdout] 12c1377be0f9085984bc968b929f44b817f91350c3391e5e4a4cb4134a20b6bf
