[INFO] cloning repository https://github.com/sonald/math-service
[INFO] running `Command { std: "git" "-c" "credential.helper=" "-c" "credential.helper=/workspace/cargo-home/bin/git-credential-null" "clone" "--bare" "https://github.com/sonald/math-service" "/workspace/cache/git-repos/https%3A%2F%2Fgithub.com%2Fsonald%2Fmath-service", kill_on_drop: false }`
[INFO] [stderr] Cloning into bare repository '/workspace/cache/git-repos/https%3A%2F%2Fgithub.com%2Fsonald%2Fmath-service'...
[INFO] running `Command { std: "git" "rev-parse" "HEAD", kill_on_drop: false }`
[INFO] [stdout] c840d9dd48e0686df06d1420cf69577b678adeff
[INFO] documenting sonald/math-service against beta-2021-08-01 for beta-1.55-rustdoc-1
[INFO] running `Command { std: "git" "clone" "/workspace/cache/git-repos/https%3A%2F%2Fgithub.com%2Fsonald%2Fmath-service" "/workspace/builds/worker-1/source", kill_on_drop: false }`
[INFO] [stderr] Cloning into '/workspace/builds/worker-1/source'...
[INFO] [stderr] done.
[INFO] validating manifest of git repo https://github.com/sonald/math-service on toolchain beta-2021-08-01
[INFO] running `Command { std: "/workspace/cargo-home/bin/cargo" "+beta-2021-08-01" "metadata" "--manifest-path" "Cargo.toml" "--no-deps", kill_on_drop: false }`
[INFO] started tweaking git repo https://github.com/sonald/math-service
[INFO] finished tweaking git repo https://github.com/sonald/math-service
[INFO] tweaked toml for git repo https://github.com/sonald/math-service written to /workspace/builds/worker-1/source/Cargo.toml
[INFO] crate git repo https://github.com/sonald/math-service already has a lockfile, it will not be regenerated
[INFO] running `Command { std: "/workspace/cargo-home/bin/cargo" "+beta-2021-08-01" "fetch" "--manifest-path" "Cargo.toml", kill_on_drop: false }`
[INFO] [stderr]  Downloading crates ...
[INFO] [stderr]   Downloaded dotenv v0.13.0
[INFO] [stderr]   Downloaded diesel_derives v1.4.0
[INFO] [stderr]   Downloaded v_escape_derive v0.2.1
[INFO] [stderr]   Downloaded tokio-sync v0.1.3
[INFO] [stderr]   Downloaded lru-cache v0.1.1
[INFO] [stderr]   Downloaded linked-hash-map v0.4.2
[INFO] [stderr]   Downloaded uuid v0.7.2
[INFO] [stderr]   Downloaded cexpr v0.3.5
[INFO] [stderr]   Downloaded proc-macro2 v0.3.5
[INFO] [stderr]   Downloaded rdkafka v0.21.0
[INFO] [stderr]   Downloaded gobject-sys v0.8.0
[INFO] [stderr]   Downloaded cairo-sys-rs v0.8.0
[INFO] [stderr]   Downloaded r2d2-diesel v1.0.0
[INFO] [stderr]   Downloaded tokio-threadpool v0.1.12
[INFO] [stderr]   Downloaded arc-swap v0.3.7
[INFO] [stderr]   Downloaded bindgen v0.42.3
[INFO] [stderr]   Downloaded actix-web v0.7.18
[INFO] [stderr]   Downloaded glib-sys v0.8.0
[INFO] [stderr]   Downloaded tokio-current-thread v0.1.5
[INFO] [stderr]   Downloaded bytes v0.4.11
[INFO] [stderr]   Downloaded libsqlite3-sys v0.12.0
[INFO] [stderr]   Downloaded rdkafka-sys v1.0.0
[INFO] [stderr]   Downloaded r2d2 v0.8.3
[INFO] [stderr]   Downloaded scheduled-thread-pool v0.2.0
[INFO] [stderr]   Downloaded diesel v1.4.1
[INFO] [stderr]   Downloaded which v1.0.5
[INFO] [stderr]   Downloaded v_escape v0.3.2
[INFO] [stderr]   Downloaded glib v0.7.1
[INFO] [stderr]   Downloaded libc v0.2.49
[INFO] [stderr]   Downloaded cc v1.0.30
[INFO] [stderr]   Downloaded cairo-rs v0.6.0
[INFO] [stderr]   Downloaded h2 v0.1.16
[INFO] [stderr]   Downloaded flate2 v1.0.6
[INFO] [stderr]   Downloaded crc32fast v1.1.2
[INFO] [stderr]   Downloaded tokio-executor v0.1.6
[INFO] [stderr]   Downloaded v_htmlescape v0.3.2
[INFO] [stderr]   Downloaded tokio v0.1.16
[INFO] [stderr]   Downloaded syn v0.15.27
[INFO] running `Command { std: "docker" "create" "-v" "/var/lib/crater-agent-workspace/builds/worker-1/target:/opt/rustwide/target:rw,Z" "-v" "/var/lib/crater-agent-workspace/builds/worker-1/source:/opt/rustwide/workdir:ro,Z" "-v" "/var/lib/crater-agent-workspace/cargo-home:/opt/rustwide/cargo-home:ro,Z" "-v" "/var/lib/crater-agent-workspace/rustup-home:/opt/rustwide/rustup-home:ro,Z" "-e" "SOURCE_DIR=/opt/rustwide/workdir" "-e" "CARGO_TARGET_DIR=/opt/rustwide/target" "-e" "CARGO_HOME=/opt/rustwide/cargo-home" "-e" "RUSTUP_HOME=/opt/rustwide/rustup-home" "-w" "/opt/rustwide/workdir" "-m" "1610612736" "--user" "0:0" "--network" "none" "ghcr.io/rust-lang/crates-build-env/linux@sha256:34b6a614d2c27851fe6cbf88fbd1137609cefab8b10d0615aaeb6fd47975d74e" "/opt/rustwide/cargo-home/bin/cargo" "+beta-2021-08-01" "metadata" "--no-deps" "--format-version=1", kill_on_drop: false }`
[INFO] [stderr] WARNING: Your kernel does not support swap limit capabilities or the cgroup is not mounted. Memory limited without swap.
[INFO] [stdout] 284f09c2ff5005f2e4018e1938ea2409e64c822f91479806a2d880c724f7a18c
[INFO] running `Command { std: "docker" "start" "-a" "284f09c2ff5005f2e4018e1938ea2409e64c822f91479806a2d880c724f7a18c", kill_on_drop: false }`
[INFO] running `Command { std: "docker" "inspect" "284f09c2ff5005f2e4018e1938ea2409e64c822f91479806a2d880c724f7a18c", kill_on_drop: false }`
[INFO] running `Command { std: "docker" "rm" "-f" "284f09c2ff5005f2e4018e1938ea2409e64c822f91479806a2d880c724f7a18c", kill_on_drop: false }`
[INFO] [stdout] 284f09c2ff5005f2e4018e1938ea2409e64c822f91479806a2d880c724f7a18c
[INFO] running `Command { std: "docker" "create" "-v" "/var/lib/crater-agent-workspace/builds/worker-1/target:/opt/rustwide/target:rw,Z" "-v" "/var/lib/crater-agent-workspace/builds/worker-1/source:/opt/rustwide/workdir:ro,Z" "-v" "/var/lib/crater-agent-workspace/cargo-home:/opt/rustwide/cargo-home:ro,Z" "-v" "/var/lib/crater-agent-workspace/rustup-home:/opt/rustwide/rustup-home:ro,Z" "-e" "SOURCE_DIR=/opt/rustwide/workdir" "-e" "CARGO_TARGET_DIR=/opt/rustwide/target" "-e" "CARGO_INCREMENTAL=0" "-e" "RUST_BACKTRACE=full" "-e" "RUSTDOCFLAGS=--cap-lints=warn" "-e" "CARGO_HOME=/opt/rustwide/cargo-home" "-e" "RUSTUP_HOME=/opt/rustwide/rustup-home" "-w" "/opt/rustwide/workdir" "-m" "1610612736" "--user" "0:0" "--network" "none" "ghcr.io/rust-lang/crates-build-env/linux@sha256:34b6a614d2c27851fe6cbf88fbd1137609cefab8b10d0615aaeb6fd47975d74e" "/opt/rustwide/cargo-home/bin/cargo" "+beta-2021-08-01" "doc" "--frozen" "--no-deps" "--document-private-items" "--message-format=json", kill_on_drop: false }`
[INFO] [stdout] d23c7e1df917e1ab239336921535c876ccdffb15a7aece4774cbde1544b35abb
[INFO] [stderr] WARNING: Your kernel does not support swap limit capabilities or the cgroup is not mounted. Memory limited without swap.
[INFO] running `Command { std: "docker" "start" "-a" "d23c7e1df917e1ab239336921535c876ccdffb15a7aece4774cbde1544b35abb", kill_on_drop: false }`
[INFO] [stderr] warning: output filename collision.
[INFO] [stderr] The bin target `paint-math` in package `paint-math v0.1.0 (/opt/rustwide/workdir/paint-math)` has the same output filename as the lib target `paint_math` in package `paint-math v0.1.0 (/opt/rustwide/workdir/paint-math)`.
[INFO] [stderr] Colliding filename is: /opt/rustwide/target/doc/paint_math/index.html
[INFO] [stderr] The output filenames should be unique.
[INFO] [stderr] This is a known bug where multiple crates with the same name use
[INFO] [stderr] the same path; see <https://github.com/rust-lang/cargo/issues/6313>.
[INFO] [stderr] If this looks unexpected, it may be a bug in Cargo. Please file a bug report at
[INFO] [stderr] https://github.com/rust-lang/cargo/issues/ with as much information as you
[INFO] [stderr] can provide.
[INFO] [stderr] cargo 1.55.0-beta (1f76a218b 2021-07-29) running on `x86_64-unknown-linux-gnu` target `x86_64-unknown-linux-gnu`
[INFO] [stderr] First unit: Unit { pkg: Package { id: PackageId { name: "paint-math", version: "0.1.0", source: "/opt/rustwide/workdir/paint-math" }, ..: ".." }, target: TargetInner { name: "paint-math", doc: true, ..: with_path("/opt/rustwide/workdir/paint-math/src/main.rs", Edition2018) }, profile: Profile { name: "doc", debuginfo: Some(2), debug_assertions: true, overflow_checks: true, ..: default() }, kind: Host, mode: Doc { deps: false }, features: [], is_std: false, dep_hash: 4298145513616390895 }
[INFO] [stderr] Second unit: Unit { pkg: Package { id: PackageId { name: "paint-math", version: "0.1.0", source: "/opt/rustwide/workdir/paint-math" }, ..: ".." }, target: TargetInner { ..: lib_target("paint_math", ["lib"], "/opt/rustwide/workdir/paint-math/src/lib.rs", Edition2018) }, profile: Profile { name: "doc", debuginfo: Some(2), debug_assertions: true, overflow_checks: true, ..: default() }, kind: Host, mode: Doc { deps: false }, features: [], is_std: false, dep_hash: 6273126153632972012 }
[INFO] [stderr]    Compiling bindgen v0.42.3
[INFO] [stderr]    Compiling cairo-rs v0.6.0
[INFO] [stderr]     Checking arc-swap v0.3.7
[INFO] [stderr]     Checking crossbeam-utils v0.6.5
[INFO] [stderr]    Compiling backtrace-sys v0.1.28
[INFO] [stderr]    Compiling glib-sys v0.8.0
[INFO] [stderr]    Compiling libloading v0.5.2
[INFO] [stderr]    Compiling gobject-sys v0.8.0
[INFO] [stderr]    Compiling cairo-sys-rs v0.8.0
[INFO] [stderr]    Compiling proc-macro2 v0.3.5
[INFO] [stderr]    Compiling libz-sys v1.0.25
[INFO] [stderr]    Compiling ring v0.13.5
[INFO] [stderr]    Compiling brotli-sys v0.3.2
[INFO] [stderr]    Compiling v_escape v0.3.2
[INFO] [stderr]    Compiling miniz-sys v0.1.11
[INFO] [stderr]    Compiling v_htmlescape v0.3.2
[INFO] [stderr]    Compiling actix-web v0.7.18
[INFO] [stderr]    Compiling rand_core v0.3.1
[INFO] [stderr]    Compiling textwrap v0.11.0
[INFO] [stderr]    Compiling serde v1.0.89
[INFO] [stderr]     Checking lru-cache v0.1.1
[INFO] [stderr]    Compiling libc v0.2.49
[INFO] [stderr]     Checking tokio-executor v0.1.6
[INFO] [stderr]     Checking crossbeam-queue v0.1.2
[INFO] [stderr]     Checking crossbeam-channel v0.3.8
[INFO] [stderr]     Checking crc32fast v1.1.2
[INFO] [stderr]     Checking rand_os v0.1.2
[INFO] [stderr]     Checking iovec v0.1.2
[INFO] [stderr]     Checking num_cpus v1.10.0
[INFO] [stderr]     Checking net2 v0.2.33
[INFO] [stderr]     Checking rand v0.5.6
[INFO] [stderr]     Checking socket2 v0.3.8
[INFO] [stderr]     Checking atty v0.2.11
[INFO] [stderr]     Checking hostname v0.1.5
[INFO] [stderr]     Checking signal-hook v0.1.8
[INFO] [stderr]     Checking time v0.1.42
[INFO] [stderr]    Compiling nom v4.2.2
[INFO] [stderr]     Checking crossbeam-epoch v0.7.1
[INFO] [stderr]    Compiling rand_hc v0.1.0
[INFO] [stderr]    Compiling rand_chacha v0.1.1
[INFO] [stderr]    Compiling rand_isaac v0.1.1
[INFO] [stderr]    Compiling rand_xorshift v0.1.1
[INFO] [stderr]    Compiling quote v0.5.2
[INFO] [stderr]     Checking tokio-timer v0.2.10
[INFO] [stderr]     Checking tokio-current-thread v0.1.5
[INFO] [stderr]     Checking futures-cpupool v0.1.8
[INFO] [stderr]     Checking rand v0.6.5
[INFO] [stderr]    Compiling syn v0.15.27
[INFO] [stderr]     Checking bytes v0.4.11
[INFO] [stderr]    Compiling regex v1.1.2
[INFO] [stderr]     Checking mio v0.6.16
[INFO] [stderr]     Checking resolv-conf v0.6.2
[INFO] [stderr]    Compiling which v1.0.5
[INFO] [stderr]    Compiling num_cpus v0.2.13
[INFO] [stderr]     Checking crossbeam-deque v0.7.1
[INFO] [stderr]    Compiling clap v2.33.0
[INFO] [stderr]    Compiling clang-sys v0.26.4
[INFO] [stderr]     Checking tokio-io v0.1.12
[INFO] [stderr]     Checking http v0.1.16
[INFO] [stderr]    Compiling cexpr v0.3.5
[INFO] [stderr]     Checking flate2 v1.0.6
[INFO] [stderr]     Checking backtrace v0.3.14
[INFO] [stderr]     Checking parking_lot_core v0.4.0
[INFO] [stderr]     Checking tokio-threadpool v0.1.12
[INFO] [stderr]     Checking uuid v0.7.2
[INFO] [stderr]     Checking mio-uds v0.6.7
[INFO] [stderr]     Checking glib v0.7.1
[INFO] [stderr]     Checking tokio-codec v0.1.1
[INFO] [stderr]     Checking parking_lot v0.7.1
[INFO] [stderr]    Compiling env_logger v0.5.13
[INFO] [stderr]     Checking tokio-fs v0.1.6
[INFO] [stderr]    Compiling phf_generator v0.7.24
[INFO] [stderr]     Checking tokio-reactor v0.1.9
[INFO] [stderr]     Checking mathgen v0.1.0 (/opt/rustwide/workdir/mathgen)
[INFO] [stderr]  Documenting mathgen v0.1.0 (/opt/rustwide/workdir/mathgen)
[INFO] [stderr]    Compiling phf_codegen v0.7.24
[INFO] [stdout] warning: unused import: `std::ops::Range`
[INFO] [stdout]  --> mathgen/src/math.rs:2:5
[INFO] [stdout]   |
[INFO] [stdout] 2 | use std::ops::Range;
[INFO] [stdout]   |     ^^^^^^^^^^^^^^^
[INFO] [stdout]   |
[INFO] [stdout]   = note: `#[warn(unused_imports)]` on by default
[INFO] [stdout] 
[INFO] [stdout] 
[INFO] [stdout] warning: 1 warning emitted
[INFO] [stdout] 
[INFO] [stdout] 
[INFO] [stderr]     Checking tokio-udp v0.1.3
[INFO] [stderr]     Checking tokio-tcp v0.1.3
[INFO] [stderr]     Checking tokio-uds v0.2.5
[INFO] [stderr]     Checking tokio-signal v0.2.7
[INFO] [stderr]    Compiling mime_guess v2.0.0-alpha.6
[INFO] [stderr]     Checking h2 v0.1.16
[INFO] [stderr]     Checking cookie v0.11.0
[INFO] [stderr]     Checking serde_json v1.0.39
[INFO] [stderr]     Checking serde_urlencoded v0.5.4
[INFO] [stderr]     Checking tokio v0.1.16
[INFO] [stderr]     Checking brotli2 v0.3.2
[INFO] [stderr]    Compiling synstructure v0.10.1
[INFO] [stderr]    Compiling failure_derive v0.1.5
[INFO] [stderr]    Compiling actix_derive v0.3.2
[INFO] [stderr]    Compiling v_escape_derive v0.2.1
[INFO] [stderr]    Compiling serde_derive v1.0.89
[INFO] [stderr]    Compiling diesel_derives v1.4.0
[INFO] [stderr]     Checking failure v0.1.5
[INFO] [stderr]     Checking trust-dns-proto v0.6.3
[INFO] [stderr]     Checking dotenv v0.13.0
[INFO] [stderr]     Checking trust-dns-proto v0.5.0
[INFO] [stderr]    Compiling rdkafka-sys v1.0.0
[INFO] [stderr]     Checking paint-math v0.1.0 (/opt/rustwide/workdir/paint-math)
[INFO] [stderr]  Documenting paint-math v0.1.0 (/opt/rustwide/workdir/paint-math)
[INFO] [stdout] warning: value assigned to `l` is never read
[INFO] [stdout]    --> paint-math/src/paint.rs:281:26
[INFO] [stdout]     |
[INFO] [stdout] 281 |                 let (mut l, mut r) = (0, 0);
[INFO] [stdout]     |                          ^
[INFO] [stdout]     |
[INFO] [stdout]     = note: `#[warn(unused_assignments)]` on by default
[INFO] [stdout]     = help: maybe it is overwritten before being read?
[INFO] [stdout] 
[INFO] [stdout] 
[INFO] [stdout] warning: value assigned to `r` is never read
[INFO] [stdout]    --> paint-math/src/paint.rs:281:33
[INFO] [stdout]     |
[INFO] [stdout] 281 |                 let (mut l, mut r) = (0, 0);
[INFO] [stdout]     |                                 ^
[INFO] [stdout]     |
[INFO] [stdout]     = help: maybe it is overwritten before being read?
[INFO] [stdout] 
[INFO] [stdout] 
[INFO] [stdout] warning: field is never read: `has_mul`
[INFO] [stdout]   --> paint-math/src/paint.rs:33:5
[INFO] [stdout]    |
[INFO] [stdout] 33 |     has_mul: bool,
[INFO] [stdout]    |     ^^^^^^^^^^^^^
[INFO] [stdout]    |
[INFO] [stdout]    = note: `#[warn(dead_code)]` on by default
[INFO] [stdout] 
[INFO] [stdout] 
[INFO] [stdout] warning: field is never read: `has_div`
[INFO] [stdout]   --> paint-math/src/paint.rs:34:5
[INFO] [stdout]    |
[INFO] [stdout] 34 |     has_div: bool,
[INFO] [stdout]    |     ^^^^^^^^^^^^^
[INFO] [stdout] 
[INFO] [stdout] 
[INFO] [stdout] warning: 4 warnings emitted
[INFO] [stdout] 
[INFO] [stdout] 
[INFO] [stderr]     Checking trust-dns-resolver v0.10.3
[INFO] [stderr]     Checking diesel v1.4.1
[INFO] [stderr]     Checking actix v0.7.9
[INFO] [stderr]     Checking actix-net v0.2.6
[INFO] [stderr] error: failed to run custom build command for `rdkafka-sys v1.0.0`
[INFO] [stderr] 
[INFO] [stderr] Caused by:
[INFO] [stderr]   process didn't exit successfully: `/opt/rustwide/target/debug/build/rdkafka-sys-0cef55b99b052f48/build-script-build` (exit status: 101)
[INFO] [stderr]   --- stdout
[INFO] [stderr]   Configuring librdkafka
[INFO] [stderr]   checking for OS or distribution... ok (ubuntu)
[INFO] [stderr]   checking for C compiler from CC env... failed
[INFO] [stderr]   checking for gcc (by command)... ok
[INFO] [stderr]   checking for C++ compiler from CXX env... failed
[INFO] [stderr]   checking for C++ compiler (g++)... ok
[INFO] [stderr]   checking executable ld... ok
[INFO] [stderr]   checking executable nm... ok
[INFO] [stderr]   checking executable objdump... ok
[INFO] [stderr]   checking executable strip... ok
[INFO] [stderr]   checking for pkgconfig (by command)... ok
[INFO] [stderr]   checking for install (by command)... ok
[INFO] [stderr]   checking for PIC (by compile)... failed (disable)
[INFO] [stderr]   checking for GNU-compatible linker options... failed
[INFO] [stderr]   checking for OSX linker options... failed
[INFO] [stderr]   checking for GNU linker-script ld flag... failed
[INFO] [stderr]   checking for Solaris linker-script ld flag... failed (ignore)
[INFO] [stderr]   checking for __atomic_32 (by compile)... failed
[INFO] [stderr]   checking for __atomic_32_lib (by compile)... failed
[INFO] [stderr]   checking for __sync_32 (by compile)... failed (disable)
[INFO] [stderr]   checking for __atomic_64 (by compile)... failed
[INFO] [stderr]   checking for __atomic_64_lib (by compile)... failed
[INFO] [stderr]   checking for __sync_64 (by compile)... failed (disable)
[INFO] [stderr]   checking for socket (by compile)... failed
[INFO] [stderr]   checking for socket_nsl (by compile)... failed (fail)
[INFO] [stderr]   parsing version '0x010000ff'... ok (1.0.0)
[INFO] [stderr]   checking for librt (by pkg-config)... failed
[INFO] [stderr]   checking for librt (by compile)... failed
[INFO] [stderr]   checking for libpthread (by pkg-config)... failed
[INFO] [stderr]   checking for libpthread (by compile)... failed (fail)
[INFO] [stderr]   checking for c11threads (by pkg-config)... failed
[INFO] [stderr]   checking for c11threads (by compile)... failed (disable)
[INFO] [stderr]   checking for libdl (by pkg-config)... failed
[INFO] [stderr]   checking for libdl (by compile)... failed (disable)
[INFO] [stderr]   checking for zlib (by pkg-config)... ok
[INFO] [stderr]   checking for zlib (by compile)... ok (cached)
[INFO] [stderr]   checking for zstd (by pkg-config)... failed
[INFO] [stderr]   checking for zstd (by compile)... failed (disable)
[INFO] [stderr]   checking for libm (by pkg-config)... failed
[INFO] [stderr]   checking for libm (by compile)... failed (disable)
[INFO] [stderr]   checking for rapidjson (by compile)... failed (disable)
[INFO] [stderr]   checking for crc32chw (by compile)... failed (disable)
[INFO] [stderr]   checking for regex (by compile)... failed (disable)
[INFO] [stderr]   checking for strndup (by compile)... failed (disable)
[INFO] [stderr]   checking for strerror_r (by compile)... failed (disable)
[INFO] [stderr]   checking for pthread_setname_gnu (by compile)... failed (disable)
[INFO] [stderr]   checking for nm (by env NM)... ok (cached)
[INFO] [stderr] 
[INFO] [stderr] 
[INFO] [stderr] 
[INFO] [stderr] 
[INFO] [stderr]   --- stderr
[INFO] [stderr]   Building and linking librdkafka statically
[INFO] [stderr]   Running command: "./configure --disable-sasl --disable-ssl --disable-lz4" in dir: librdkafka
[INFO] [stderr]   mklove/modules/configure.base: line 942: /opt/rustwide/cargo-home/registry/src/github.com-1ecc6299db9ec823/rdkafka-sys-1.0.0/librdkafka/config.log: Read-only file system
[INFO] [stderr]   mklove/modules/configure.base: line 942: /opt/rustwide/cargo-home/registry/src/github.com-1ecc6299db9ec823/rdkafka-sys-1.0.0/librdkafka/config.log: Read-only file system
[INFO] [stderr]   mklove/modules/configure.base: line 942: /opt/rustwide/cargo-home/registry/src/github.com-1ecc6299db9ec823/rdkafka-sys-1.0.0/librdkafka/config.log: Read-only file system
[INFO] [stderr]   mklove/modules/configure.base: line 942: /opt/rustwide/cargo-home/registry/src/github.com-1ecc6299db9ec823/rdkafka-sys-1.0.0/librdkafka/config.log: Read-only file system
[INFO] [stderr]   mklove/modules/configure.base: line 942: /opt/rustwide/cargo-home/registry/src/github.com-1ecc6299db9ec823/rdkafka-sys-1.0.0/librdkafka/config.log: Read-only file system
[INFO] [stderr]   mklove/modules/configure.base: line 942: /opt/rustwide/cargo-home/registry/src/github.com-1ecc6299db9ec823/rdkafka-sys-1.0.0/librdkafka/config.log: Read-only file system
[INFO] [stderr]   mklove/modules/configure.base: line 942: /opt/rustwide/cargo-home/registry/src/github.com-1ecc6299db9ec823/rdkafka-sys-1.0.0/librdkafka/config.log: Read-only file system
[INFO] [stderr]   mklove/modules/configure.base: line 942: /opt/rustwide/cargo-home/registry/src/github.com-1ecc6299db9ec823/rdkafka-sys-1.0.0/librdkafka/config.log: Read-only file system
[INFO] [stderr]   mklove/modules/configure.base: line 942: /opt/rustwide/cargo-home/registry/src/github.com-1ecc6299db9ec823/rdkafka-sys-1.0.0/librdkafka/config.log: Read-only file system
[INFO] [stderr]   mklove/modules/configure.base: line 942: /opt/rustwide/cargo-home/registry/src/github.com-1ecc6299db9ec823/rdkafka-sys-1.0.0/librdkafka/config.log: Read-only file system
[INFO] [stderr]   mklove/modules/configure.base: line 942: /opt/rustwide/cargo-home/registry/src/github.com-1ecc6299db9ec823/rdkafka-sys-1.0.0/librdkafka/config.log: Read-only file system
[INFO] [stderr]   mklove/modules/configure.base: line 942: /opt/rustwide/cargo-home/registry/src/github.com-1ecc6299db9ec823/rdkafka-sys-1.0.0/librdkafka/config.log: Read-only file system
[INFO] [stderr]   mklove/modules/configure.base: line 942: /opt/rustwide/cargo-home/registry/src/github.com-1ecc6299db9ec823/rdkafka-sys-1.0.0/librdkafka/config.log: Read-only file system
[INFO] [stderr]   mklove/modules/configure.base: line 942: /opt/rustwide/cargo-home/registry/src/github.com-1ecc6299db9ec823/rdkafka-sys-1.0.0/librdkafka/config.log: Read-only file system
[INFO] [stderr]   mklove/modules/configure.base: line 942: /opt/rustwide/cargo-home/registry/src/github.com-1ecc6299db9ec823/rdkafka-sys-1.0.0/librdkafka/config.log: Read-only file system
[INFO] [stderr]   mklove/modules/configure.base: line 942: /opt/rustwide/cargo-home/registry/src/github.com-1ecc6299db9ec823/rdkafka-sys-1.0.0/librdkafka/config.log: Read-only file system
[INFO] [stderr]   ./configure: line 186: /opt/rustwide/cargo-home/registry/src/github.com-1ecc6299db9ec823/rdkafka-sys-1.0.0/librdkafka/config.log: Read-only file system
[INFO] [stderr]   ./configure: line 187: /opt/rustwide/cargo-home/registry/src/github.com-1ecc6299db9ec823/rdkafka-sys-1.0.0/librdkafka/config.log: Read-only file system
[INFO] [stderr]   mklove/modules/configure.base: line 942: /opt/rustwide/cargo-home/registry/src/github.com-1ecc6299db9ec823/rdkafka-sys-1.0.0/librdkafka/config.log: Read-only file system
[INFO] [stderr]   mklove/modules/configure.base: line 942: /opt/rustwide/cargo-home/registry/src/github.com-1ecc6299db9ec823/rdkafka-sys-1.0.0/librdkafka/config.log: Read-only file system
[INFO] [stderr]   mklove/modules/configure.base: line 942: /opt/rustwide/cargo-home/registry/src/github.com-1ecc6299db9ec823/rdkafka-sys-1.0.0/librdkafka/config.log: Read-only file system
[INFO] [stderr]   mklove/modules/configure.base: line 942: /opt/rustwide/cargo-home/registry/src/github.com-1ecc6299db9ec823/rdkafka-sys-1.0.0/librdkafka/config.log: Read-only file system
[INFO] [stderr]   mklove/modules/configure.base: line 942: /opt/rustwide/cargo-home/registry/src/github.com-1ecc6299db9ec823/rdkafka-sys-1.0.0/librdkafka/config.log: Read-only file system
[INFO] [stderr]   mklove/modules/configure.base: line 942: /opt/rustwide/cargo-home/registry/src/github.com-1ecc6299db9ec823/rdkafka-sys-1.0.0/librdkafka/config.log: Read-only file system
[INFO] [stderr]   mklove/modules/configure.base: line 942: /opt/rustwide/cargo-home/registry/src/github.com-1ecc6299db9ec823/rdkafka-sys-1.0.0/librdkafka/config.log: Read-only file system
[INFO] [stderr]   mklove/modules/configure.base: line 942: /opt/rustwide/cargo-home/registry/src/github.com-1ecc6299db9ec823/rdkafka-sys-1.0.0/librdkafka/config.log: Read-only file system
[INFO] [stderr]   mklove/modules/configure.base: line 942: /opt/rustwide/cargo-home/registry/src/github.com-1ecc6299db9ec823/rdkafka-sys-1.0.0/librdkafka/config.log: Read-only file system
[INFO] [stderr]   mklove/modules/configure.base: line 942: /opt/rustwide/cargo-home/registry/src/github.com-1ecc6299db9ec823/rdkafka-sys-1.0.0/librdkafka/config.log: Read-only file system
[INFO] [stderr]   mklove/modules/configure.base: line 942: /opt/rustwide/cargo-home/registry/src/github.com-1ecc6299db9ec823/rdkafka-sys-1.0.0/librdkafka/config.log: Read-only file system
[INFO] [stderr]   mklove/modules/configure.base: line 942: /opt/rustwide/cargo-home/registry/src/github.com-1ecc6299db9ec823/rdkafka-sys-1.0.0/librdkafka/config.log: Read-only file system
[INFO] [stderr]   mklove/modules/configure.base: line 942: /opt/rustwide/cargo-home/registry/src/github.com-1ecc6299db9ec823/rdkafka-sys-1.0.0/librdkafka/config.log: Read-only file system
[INFO] [stderr]   mklove/modules/configure.base: line 942: /opt/rustwide/cargo-home/registry/src/github.com-1ecc6299db9ec823/rdkafka-sys-1.0.0/librdkafka/config.log: Read-only file system
[INFO] [stderr]   mklove/modules/configure.base: line 942: /opt/rustwide/cargo-home/registry/src/github.com-1ecc6299db9ec823/rdkafka-sys-1.0.0/librdkafka/config.log: Read-only file system
[INFO] [stderr]   mktemp: failed to create file via template '_mkltmpXXXXXX': Read-only file system
[INFO] [stderr]   mv: cannot stat '': No such file or directory
[INFO] [stderr]   mklove/modules/configure.base: line 1317: .c: Read-only file system
[INFO] [stderr]   mklove/modules/configure.base: line 1320: .c: Read-only file system
[INFO] [stderr]   mklove/modules/configure.base: line 942: /opt/rustwide/cargo-home/registry/src/github.com-1ecc6299db9ec823/rdkafka-sys-1.0.0/librdkafka/config.log: Read-only file system
[INFO] [stderr]   mklove/modules/configure.base: line 942: /opt/rustwide/cargo-home/registry/src/github.com-1ecc6299db9ec823/rdkafka-sys-1.0.0/librdkafka/config.log: Read-only file system
[INFO] [stderr]   mklove/modules/configure.base: line 942: /opt/rustwide/cargo-home/registry/src/github.com-1ecc6299db9ec823/rdkafka-sys-1.0.0/librdkafka/config.log: Read-only file system
[INFO] [stderr]   mklove/modules/configure.base: line 942: /opt/rustwide/cargo-home/registry/src/github.com-1ecc6299db9ec823/rdkafka-sys-1.0.0/librdkafka/config.log: Read-only file system
[INFO] [stderr]   mktemp: failed to create file via template '_mkltmpXXXXXX': Read-only file system
[INFO] [stderr]   mv: cannot stat '': No such file or directory
[INFO] [stderr]   mklove/modules/configure.base: line 1317: .c: Read-only file system
[INFO] [stderr]   mklove/modules/configure.base: line 1320: .c: Read-only file system
[INFO] [stderr]   mklove/modules/configure.base: line 942: /opt/rustwide/cargo-home/registry/src/github.com-1ecc6299db9ec823/rdkafka-sys-1.0.0/librdkafka/config.log: Read-only file system
[INFO] [stderr]   mklove/modules/configure.base: line 942: /opt/rustwide/cargo-home/registry/src/github.com-1ecc6299db9ec823/rdkafka-sys-1.0.0/librdkafka/config.log: Read-only file system
[INFO] [stderr]   mklove/modules/configure.base: line 942: /opt/rustwide/cargo-home/registry/src/github.com-1ecc6299db9ec823/rdkafka-sys-1.0.0/librdkafka/config.log: Read-only file system
[INFO] [stderr]   mklove/modules/configure.base: line 942: /opt/rustwide/cargo-home/registry/src/github.com-1ecc6299db9ec823/rdkafka-sys-1.0.0/librdkafka/config.log: Read-only file system
[INFO] [stderr]   mktemp: failed to create file via template '_mkltmpXXXXXX': Read-only file system
[INFO] [stderr]   mv: cannot stat '': No such file or directory
[INFO] [stderr]   mklove/modules/configure.base: line 1317: .c: Read-only file system
[INFO] [stderr]   mklove/modules/configure.base: line 1320: .c: Read-only file system
[INFO] [stderr]   mklove/modules/configure.base: line 942: /opt/rustwide/cargo-home/registry/src/github.com-1ecc6299db9ec823/rdkafka-sys-1.0.0/librdkafka/config.log: Read-only file system
[INFO] [stderr]   mklove/modules/configure.base: line 942: /opt/rustwide/cargo-home/registry/src/github.com-1ecc6299db9ec823/rdkafka-sys-1.0.0/librdkafka/config.log: Read-only file system
[INFO] [stderr]   mklove/modules/configure.base: line 942: /opt/rustwide/cargo-home/registry/src/github.com-1ecc6299db9ec823/rdkafka-sys-1.0.0/librdkafka/config.log: Read-only file system
[INFO] [stderr]   mklove/modules/configure.base: line 942: /opt/rustwide/cargo-home/registry/src/github.com-1ecc6299db9ec823/rdkafka-sys-1.0.0/librdkafka/config.log: Read-only file system
[INFO] [stderr]   mktemp: failed to create file via template '_mkltmpXXXXXX': Read-only file system
[INFO] [stderr]   mklove/modules/configure.base: line 1024: $ldsfile: ambiguous redirect
[INFO] [stderr]   mktemp: failed to create file via template '_mkltmpXXXXXX': Read-only file system
[INFO] [stderr]   mv: cannot stat '': No such file or directory
[INFO] [stderr]   mklove/modules/configure.base: line 1317: .c: Read-only file system
[INFO] [stderr]   mklove/modules/configure.base: line 1320: .c: Read-only file system
[INFO] [stderr]   mklove/modules/configure.base: line 942: /opt/rustwide/cargo-home/registry/src/github.com-1ecc6299db9ec823/rdkafka-sys-1.0.0/librdkafka/config.log: Read-only file system
[INFO] [stderr]   mklove/modules/configure.base: line 942: /opt/rustwide/cargo-home/registry/src/github.com-1ecc6299db9ec823/rdkafka-sys-1.0.0/librdkafka/config.log: Read-only file system
[INFO] [stderr]   mklove/modules/configure.base: line 942: /opt/rustwide/cargo-home/registry/src/github.com-1ecc6299db9ec823/rdkafka-sys-1.0.0/librdkafka/config.log: Read-only file system
[INFO] [stderr]   mklove/modules/configure.base: line 942: /opt/rustwide/cargo-home/registry/src/github.com-1ecc6299db9ec823/rdkafka-sys-1.0.0/librdkafka/config.log: Read-only file system
[INFO] [stderr]   mktemp: failed to create file via template '_mkltmpXXXXXX': Read-only file system
[INFO] [stderr]   mv: cannot stat '': No such file or directory
[INFO] [stderr]   mklove/modules/configure.base: line 1317: .c: Read-only file system
[INFO] [stderr]   mklove/modules/configure.base: line 1320: .c: Read-only file system
[INFO] [stderr]   mklove/modules/configure.base: line 942: /opt/rustwide/cargo-home/registry/src/github.com-1ecc6299db9ec823/rdkafka-sys-1.0.0/librdkafka/config.log: Read-only file system
[INFO] [stderr]   mklove/modules/configure.base: line 942: /opt/rustwide/cargo-home/registry/src/github.com-1ecc6299db9ec823/rdkafka-sys-1.0.0/librdkafka/config.log: Read-only file system
[INFO] [stderr]   mklove/modules/configure.base: line 942: /opt/rustwide/cargo-home/registry/src/github.com-1ecc6299db9ec823/rdkafka-sys-1.0.0/librdkafka/config.log: Read-only file system
[INFO] [stderr]   mklove/modules/configure.base: line 942: /opt/rustwide/cargo-home/registry/src/github.com-1ecc6299db9ec823/rdkafka-sys-1.0.0/librdkafka/config.log: Read-only file system
[INFO] [stderr]   mktemp: failed to create file via template '_mkltmpXXXXXX': Read-only file system
[INFO] [stderr]   mv: cannot stat '': No such file or directory
[INFO] [stderr]   mklove/modules/configure.base: line 1317: .c: Read-only file system
[INFO] [stderr]   mklove/modules/configure.base: line 1320: .c: Read-only file system
[INFO] [stderr]   mklove/modules/configure.base: line 942: /opt/rustwide/cargo-home/registry/src/github.com-1ecc6299db9ec823/rdkafka-sys-1.0.0/librdkafka/config.log: Read-only file system
[INFO] [stderr]   mklove/modules/configure.base: line 942: /opt/rustwide/cargo-home/registry/src/github.com-1ecc6299db9ec823/rdkafka-sys-1.0.0/librdkafka/config.log: Read-only file system
[INFO] [stderr]   mklove/modules/configure.base: line 942: /opt/rustwide/cargo-home/registry/src/github.com-1ecc6299db9ec823/rdkafka-sys-1.0.0/librdkafka/config.log: Read-only file system
[INFO] [stderr]   mklove/modules/configure.base: line 942: /opt/rustwide/cargo-home/registry/src/github.com-1ecc6299db9ec823/rdkafka-sys-1.0.0/librdkafka/config.log: Read-only file system
[INFO] [stderr]   mktemp: failed to create file via template '_mkltmpXXXXXX': Read-only file system
[INFO] [stderr]   mv: cannot stat '': No such file or directory
[INFO] [stderr]   mklove/modules/configure.base: line 1317: .c: Read-only file system
[INFO] [stderr]   mklove/modules/configure.base: line 1320: .c: Read-only file system
[INFO] [stderr]   mklove/modules/configure.base: line 942: /opt/rustwide/cargo-home/registry/src/github.com-1ecc6299db9ec823/rdkafka-sys-1.0.0/librdkafka/config.log: Read-only file system
[INFO] [stderr]   mklove/modules/configure.base: line 942: /opt/rustwide/cargo-home/registry/src/github.com-1ecc6299db9ec823/rdkafka-sys-1.0.0/librdkafka/config.log: Read-only file system
[INFO] [stderr]   mklove/modules/configure.base: line 942: /opt/rustwide/cargo-home/registry/src/github.com-1ecc6299db9ec823/rdkafka-sys-1.0.0/librdkafka/config.log: Read-only file system
[INFO] [stderr]   mklove/modules/configure.base: line 942: /opt/rustwide/cargo-home/registry/src/github.com-1ecc6299db9ec823/rdkafka-sys-1.0.0/librdkafka/config.log: Read-only file system
[INFO] [stderr]   mktemp: failed to create file via template '_mkltmpXXXXXX': Read-only file system
[INFO] [stderr]   mv: cannot stat '': No such file or directory
[INFO] [stderr]   mklove/modules/configure.base: line 1317: .c: Read-only file system
[INFO] [stderr]   mklove/modules/configure.base: line 1320: .c: Read-only file system
[INFO] [stderr]   mklove/modules/configure.base: line 942: /opt/rustwide/cargo-home/registry/src/github.com-1ecc6299db9ec823/rdkafka-sys-1.0.0/librdkafka/config.log: Read-only file system
[INFO] [stderr]   mklove/modules/configure.base: line 942: /opt/rustwide/cargo-home/registry/src/github.com-1ecc6299db9ec823/rdkafka-sys-1.0.0/librdkafka/config.log: Read-only file system
[INFO] [stderr]   mklove/modules/configure.base: line 942: /opt/rustwide/cargo-home/registry/src/github.com-1ecc6299db9ec823/rdkafka-sys-1.0.0/librdkafka/config.log: Read-only file system
[INFO] [stderr]   mklove/modules/configure.base: line 942: /opt/rustwide/cargo-home/registry/src/github.com-1ecc6299db9ec823/rdkafka-sys-1.0.0/librdkafka/config.log: Read-only file system
[INFO] [stderr]   mktemp: failed to create file via template '_mkltmpXXXXXX': Read-only file system
[INFO] [stderr]   mv: cannot stat '': No such file or directory
[INFO] [stderr]   mklove/modules/configure.base: line 1317: .c: Read-only file system
[INFO] [stderr]   mklove/modules/configure.base: line 1320: .c: Read-only file system
[INFO] [stderr]   mklove/modules/configure.base: line 942: /opt/rustwide/cargo-home/registry/src/github.com-1ecc6299db9ec823/rdkafka-sys-1.0.0/librdkafka/config.log: Read-only file system
[INFO] [stderr]   mklove/modules/configure.base: line 942: /opt/rustwide/cargo-home/registry/src/github.com-1ecc6299db9ec823/rdkafka-sys-1.0.0/librdkafka/config.log: Read-only file system
[INFO] [stderr]   mklove/modules/configure.base: line 942: /opt/rustwide/cargo-home/registry/src/github.com-1ecc6299db9ec823/rdkafka-sys-1.0.0/librdkafka/config.log: Read-only file system
[INFO] [stderr]   mklove/modules/configure.base: line 942: /opt/rustwide/cargo-home/registry/src/github.com-1ecc6299db9ec823/rdkafka-sys-1.0.0/librdkafka/config.log: Read-only file system
[INFO] [stderr]   mktemp: failed to create file via template '_mkltmpXXXXXX': Read-only file system
[INFO] [stderr]   mv: cannot stat '': No such file or directory
[INFO] [stderr]   mklove/modules/configure.base: line 1317: .c: Read-only file system
[INFO] [stderr]   mklove/modules/configure.base: line 1320: .c: Read-only file system
[INFO] [stderr]   mklove/modules/configure.base: line 942: /opt/rustwide/cargo-home/registry/src/github.com-1ecc6299db9ec823/rdkafka-sys-1.0.0/librdkafka/config.log: Read-only file system
[INFO] [stderr]   mklove/modules/configure.base: line 942: /opt/rustwide/cargo-home/registry/src/github.com-1ecc6299db9ec823/rdkafka-sys-1.0.0/librdkafka/config.log: Read-only file system
[INFO] [stderr]   mklove/modules/configure.base: line 942: /opt/rustwide/cargo-home/registry/src/github.com-1ecc6299db9ec823/rdkafka-sys-1.0.0/librdkafka/config.log: Read-only file system
[INFO] [stderr]   mklove/modules/configure.base: line 942: /opt/rustwide/cargo-home/registry/src/github.com-1ecc6299db9ec823/rdkafka-sys-1.0.0/librdkafka/config.log: Read-only file system
[INFO] [stderr]   mktemp: failed to create file via template '_mkltmpXXXXXX': Read-only file system
[INFO] [stderr]   mv: cannot stat '': No such file or directory
[INFO] [stderr]   mklove/modules/configure.base: line 1317: .c: Read-only file system
[INFO] [stderr]   mklove/modules/configure.base: line 1320: .c: Read-only file system
[INFO] [stderr]   mklove/modules/configure.base: line 942: /opt/rustwide/cargo-home/registry/src/github.com-1ecc6299db9ec823/rdkafka-sys-1.0.0/librdkafka/config.log: Read-only file system
[INFO] [stderr]   mklove/modules/configure.base: line 942: /opt/rustwide/cargo-home/registry/src/github.com-1ecc6299db9ec823/rdkafka-sys-1.0.0/librdkafka/config.log: Read-only file system
[INFO] [stderr]   mklove/modules/configure.base: line 942: /opt/rustwide/cargo-home/registry/src/github.com-1ecc6299db9ec823/rdkafka-sys-1.0.0/librdkafka/config.log: Read-only file system
[INFO] [stderr]   mklove/modules/configure.base: line 942: /opt/rustwide/cargo-home/registry/src/github.com-1ecc6299db9ec823/rdkafka-sys-1.0.0/librdkafka/config.log: Read-only file system
[INFO] [stderr]   mktemp: failed to create file via template '_mkltmpXXXXXX': Read-only file system
[INFO] [stderr]   mv: cannot stat '': No such file or directory
[INFO] [stderr]   mklove/modules/configure.base: line 1317: .c: Read-only file system
[INFO] [stderr]   mklove/modules/configure.base: line 1320: .c: Read-only file system
[INFO] [stderr]   mklove/modules/configure.base: line 942: /opt/rustwide/cargo-home/registry/src/github.com-1ecc6299db9ec823/rdkafka-sys-1.0.0/librdkafka/config.log: Read-only file system
[INFO] [stderr]   mklove/modules/configure.base: line 942: /opt/rustwide/cargo-home/registry/src/github.com-1ecc6299db9ec823/rdkafka-sys-1.0.0/librdkafka/config.log: Read-only file system
[INFO] [stderr]   mklove/modules/configure.base: line 942: /opt/rustwide/cargo-home/registry/src/github.com-1ecc6299db9ec823/rdkafka-sys-1.0.0/librdkafka/config.log: Read-only file system
[INFO] [stderr]   mklove/modules/configure.base: line 942: /opt/rustwide/cargo-home/registry/src/github.com-1ecc6299db9ec823/rdkafka-sys-1.0.0/librdkafka/config.log: Read-only file system
[INFO] [stderr]   mktemp: failed to create file via template '_mkltmpXXXXXX': Read-only file system
[INFO] [stderr]   mv: cannot stat '': No such file or directory
[INFO] [stderr]   mklove/modules/configure.base: line 1317: .c: Read-only file system
[INFO] [stderr]   mklove/modules/configure.base: line 1320: .c: Read-only file system
[INFO] [stderr]   mklove/modules/configure.base: line 942: /opt/rustwide/cargo-home/registry/src/github.com-1ecc6299db9ec823/rdkafka-sys-1.0.0/librdkafka/config.log: Read-only file system
[INFO] [stderr]   mklove/modules/configure.base: line 942: /opt/rustwide/cargo-home/registry/src/github.com-1ecc6299db9ec823/rdkafka-sys-1.0.0/librdkafka/config.log: Read-only file system
[INFO] [stderr]   mklove/modules/configure.base: line 942: /opt/rustwide/cargo-home/registry/src/github.com-1ecc6299db9ec823/rdkafka-sys-1.0.0/librdkafka/config.log: Read-only file system
[INFO] [stderr]   mklove/modules/configure.base: line 942: /opt/rustwide/cargo-home/registry/src/github.com-1ecc6299db9ec823/rdkafka-sys-1.0.0/librdkafka/config.log: Read-only file system
[INFO] [stderr]   mklove/modules/configure.base: line 942: /opt/rustwide/cargo-home/registry/src/github.com-1ecc6299db9ec823/rdkafka-sys-1.0.0/librdkafka/config.log: Read-only file system
[INFO] [stderr]   mklove/modules/configure.base: line 942: /opt/rustwide/cargo-home/registry/src/github.com-1ecc6299db9ec823/rdkafka-sys-1.0.0/librdkafka/config.log: Read-only file system
[INFO] [stderr]   mklove/modules/configure.base: line 942: /opt/rustwide/cargo-home/registry/src/github.com-1ecc6299db9ec823/rdkafka-sys-1.0.0/librdkafka/config.log: Read-only file system
[INFO] [stderr]   mklove/modules/configure.base: line 942: /opt/rustwide/cargo-home/registry/src/github.com-1ecc6299db9ec823/rdkafka-sys-1.0.0/librdkafka/config.log: Read-only file system
[INFO] [stderr]   mklove/modules/configure.base: line 942: /opt/rustwide/cargo-home/registry/src/github.com-1ecc6299db9ec823/rdkafka-sys-1.0.0/librdkafka/config.log: Read-only file system
[INFO] [stderr]   mklove/modules/configure.base: line 942: /opt/rustwide/cargo-home/registry/src/github.com-1ecc6299db9ec823/rdkafka-sys-1.0.0/librdkafka/config.log: Read-only file system
[INFO] [stderr]   mktemp: failed to create file via template '_mkltmpXXXXXX': Read-only file system
[INFO] [stderr]   mv: cannot stat '': No such file or directory
[INFO] [stderr]   mklove/modules/configure.base: line 1317: .c: Read-only file system
[INFO] [stderr]   mklove/modules/configure.base: line 1320: .c: Read-only file system
[INFO] [stderr]   mklove/modules/configure.base: line 942: /opt/rustwide/cargo-home/registry/src/github.com-1ecc6299db9ec823/rdkafka-sys-1.0.0/librdkafka/config.log: Read-only file system
[INFO] [stderr]   mklove/modules/configure.base: line 942: /opt/rustwide/cargo-home/registry/src/github.com-1ecc6299db9ec823/rdkafka-sys-1.0.0/librdkafka/config.log: Read-only file system
[INFO] [stderr]   mklove/modules/configure.base: line 942: /opt/rustwide/cargo-home/registry/src/github.com-1ecc6299db9ec823/rdkafka-sys-1.0.0/librdkafka/config.log: Read-only file system
[INFO] [stderr]   mklove/modules/configure.base: line 942: /opt/rustwide/cargo-home/registry/src/github.com-1ecc6299db9ec823/rdkafka-sys-1.0.0/librdkafka/config.log: Read-only file system
[INFO] [stderr]   mklove/modules/configure.base: line 942: /opt/rustwide/cargo-home/registry/src/github.com-1ecc6299db9ec823/rdkafka-sys-1.0.0/librdkafka/config.log: Read-only file system
[INFO] [stderr]   mklove/modules/configure.base: line 942: /opt/rustwide/cargo-home/registry/src/github.com-1ecc6299db9ec823/rdkafka-sys-1.0.0/librdkafka/config.log: Read-only file system
[INFO] [stderr]   mklove/modules/configure.base: line 942: /opt/rustwide/cargo-home/registry/src/github.com-1ecc6299db9ec823/rdkafka-sys-1.0.0/librdkafka/config.log: Read-only file system
[INFO] [stderr]   mklove/modules/configure.base: line 942: /opt/rustwide/cargo-home/registry/src/github.com-1ecc6299db9ec823/rdkafka-sys-1.0.0/librdkafka/config.log: Read-only file system
[INFO] [stderr]   mklove/modules/configure.base: line 942: /opt/rustwide/cargo-home/registry/src/github.com-1ecc6299db9ec823/rdkafka-sys-1.0.0/librdkafka/config.log: Read-only file system
[INFO] [stderr]   mktemp: failed to create file via template '_mkltmpXXXXXX': Read-only file system
[INFO] [stderr]   mv: cannot stat '': No such file or directory
[INFO] [stderr]   mklove/modules/configure.base: line 1317: .c: Read-only file system
[INFO] [stderr]   mklove/modules/configure.base: line 1320: .c: Read-only file system
[INFO] [stderr]   mklove/modules/configure.base: line 942: /opt/rustwide/cargo-home/registry/src/github.com-1ecc6299db9ec823/rdkafka-sys-1.0.0/librdkafka/config.log: Read-only file system
[INFO] [stderr]   mklove/modules/configure.base: line 942: /opt/rustwide/cargo-home/registry/src/github.com-1ecc6299db9ec823/rdkafka-sys-1.0.0/librdkafka/config.log: Read-only file system
[INFO] [stderr]   mklove/modules/configure.base: line 942: /opt/rustwide/cargo-home/registry/src/github.com-1ecc6299db9ec823/rdkafka-sys-1.0.0/librdkafka/config.log: Read-only file system
[INFO] [stderr]   mklove/modules/configure.base: line 942: /opt/rustwide/cargo-home/registry/src/github.com-1ecc6299db9ec823/rdkafka-sys-1.0.0/librdkafka/config.log: Read-only file system
[INFO] [stderr]   mklove/modules/configure.base: line 942: /opt/rustwide/cargo-home/registry/src/github.com-1ecc6299db9ec823/rdkafka-sys-1.0.0/librdkafka/config.log: Read-only file system
[INFO] [stderr]   mklove/modules/configure.base: line 942: /opt/rustwide/cargo-home/registry/src/github.com-1ecc6299db9ec823/rdkafka-sys-1.0.0/librdkafka/config.log: Read-only file system
[INFO] [stderr]   mklove/modules/configure.base: line 942: /opt/rustwide/cargo-home/registry/src/github.com-1ecc6299db9ec823/rdkafka-sys-1.0.0/librdkafka/config.log: Read-only file system
[INFO] [stderr]   mklove/modules/configure.base: line 942: /opt/rustwide/cargo-home/registry/src/github.com-1ecc6299db9ec823/rdkafka-sys-1.0.0/librdkafka/config.log: Read-only file system
[INFO] [stderr]   mklove/modules/configure.base: line 942: /opt/rustwide/cargo-home/registry/src/github.com-1ecc6299db9ec823/rdkafka-sys-1.0.0/librdkafka/config.log: Read-only file system
[INFO] [stderr]   mktemp: failed to create file via template '_mkltmpXXXXXX': Read-only file system
[INFO] [stderr]   mv: cannot stat '': No such file or directory
[INFO] [stderr]   mklove/modules/configure.base: line 1317: .c: Read-only file system
[INFO] [stderr]   mklove/modules/configure.base: line 1320: .c: Read-only file system
[INFO] [stderr]   mklove/modules/configure.base: line 942: /opt/rustwide/cargo-home/registry/src/github.com-1ecc6299db9ec823/rdkafka-sys-1.0.0/librdkafka/config.log: Read-only file system
[INFO] [stderr]   mklove/modules/configure.base: line 942: /opt/rustwide/cargo-home/registry/src/github.com-1ecc6299db9ec823/rdkafka-sys-1.0.0/librdkafka/config.log: Read-only file system
[INFO] [stderr]   mklove/modules/configure.base: line 942: /opt/rustwide/cargo-home/registry/src/github.com-1ecc6299db9ec823/rdkafka-sys-1.0.0/librdkafka/config.log: Read-only file system
[INFO] [stderr]   mklove/modules/configure.base: line 942: /opt/rustwide/cargo-home/registry/src/github.com-1ecc6299db9ec823/rdkafka-sys-1.0.0/librdkafka/config.log: Read-only file system
[INFO] [stderr]   mklove/modules/configure.base: line 942: /opt/rustwide/cargo-home/registry/src/github.com-1ecc6299db9ec823/rdkafka-sys-1.0.0/librdkafka/config.log: Read-only file system
[INFO] [stderr]   mklove/modules/configure.base: line 942: /opt/rustwide/cargo-home/registry/src/github.com-1ecc6299db9ec823/rdkafka-sys-1.0.0/librdkafka/config.log: Read-only file system
[INFO] [stderr]   mklove/modules/configure.base: line 942: /opt/rustwide/cargo-home/registry/src/github.com-1ecc6299db9ec823/rdkafka-sys-1.0.0/librdkafka/config.log: Read-only file system
[INFO] [stderr]   mklove/modules/configure.base: line 942: /opt/rustwide/cargo-home/registry/src/github.com-1ecc6299db9ec823/rdkafka-sys-1.0.0/librdkafka/config.log: Read-only file system
[INFO] [stderr]   mklove/modules/configure.base: line 942: /opt/rustwide/cargo-home/registry/src/github.com-1ecc6299db9ec823/rdkafka-sys-1.0.0/librdkafka/config.log: Read-only file system
[INFO] [stderr]   mktemp: failed to create file via template '_mkltmpXXXXXX': Read-only file system
[INFO] [stderr]   mv: cannot stat '': No such file or directory
[INFO] [stderr]   mklove/modules/configure.base: line 1317: .c: Read-only file system
[INFO] [stderr]   mklove/modules/configure.base: line 1320: .c: Read-only file system
[INFO] [stderr]   mklove/modules/configure.base: line 942: /opt/rustwide/cargo-home/registry/src/github.com-1ecc6299db9ec823/rdkafka-sys-1.0.0/librdkafka/config.log: Read-only file system
[INFO] [stderr]   mklove/modules/configure.base: line 942: /opt/rustwide/cargo-home/registry/src/github.com-1ecc6299db9ec823/rdkafka-sys-1.0.0/librdkafka/config.log: Read-only file system
[INFO] [stderr]   mklove/modules/configure.base: line 942: /opt/rustwide/cargo-home/registry/src/github.com-1ecc6299db9ec823/rdkafka-sys-1.0.0/librdkafka/config.log: Read-only file system
[INFO] [stderr]   mklove/modules/configure.base: line 942: /opt/rustwide/cargo-home/registry/src/github.com-1ecc6299db9ec823/rdkafka-sys-1.0.0/librdkafka/config.log: Read-only file system
[INFO] [stderr]   mklove/modules/configure.base: line 942: /opt/rustwide/cargo-home/registry/src/github.com-1ecc6299db9ec823/rdkafka-sys-1.0.0/librdkafka/config.log: Read-only file system
[INFO] [stderr]   mklove/modules/configure.base: line 942: /opt/rustwide/cargo-home/registry/src/github.com-1ecc6299db9ec823/rdkafka-sys-1.0.0/librdkafka/config.log: Read-only file system
[INFO] [stderr]   mklove/modules/configure.base: line 942: /opt/rustwide/cargo-home/registry/src/github.com-1ecc6299db9ec823/rdkafka-sys-1.0.0/librdkafka/config.log: Read-only file system
[INFO] [stderr]   mklove/modules/configure.base: line 942: /opt/rustwide/cargo-home/registry/src/github.com-1ecc6299db9ec823/rdkafka-sys-1.0.0/librdkafka/config.log: Read-only file system
[INFO] [stderr]   mklove/modules/configure.base: line 942: /opt/rustwide/cargo-home/registry/src/github.com-1ecc6299db9ec823/rdkafka-sys-1.0.0/librdkafka/config.log: Read-only file system
[INFO] [stderr]   mklove/modules/configure.base: line 942: /opt/rustwide/cargo-home/registry/src/github.com-1ecc6299db9ec823/rdkafka-sys-1.0.0/librdkafka/config.log: Read-only file system
[INFO] [stderr]   mklove/modules/configure.base: line 942: /opt/rustwide/cargo-home/registry/src/github.com-1ecc6299db9ec823/rdkafka-sys-1.0.0/librdkafka/config.log: Read-only file system
[INFO] [stderr]   mklove/modules/configure.base: line 942: /opt/rustwide/cargo-home/registry/src/github.com-1ecc6299db9ec823/rdkafka-sys-1.0.0/librdkafka/config.log: Read-only file system
[INFO] [stderr]   mklove/modules/configure.base: line 942: /opt/rustwide/cargo-home/registry/src/github.com-1ecc6299db9ec823/rdkafka-sys-1.0.0/librdkafka/config.log: Read-only file system
[INFO] [stderr]   mklove/modules/configure.base: line 942: /opt/rustwide/cargo-home/registry/src/github.com-1ecc6299db9ec823/rdkafka-sys-1.0.0/librdkafka/config.log: Read-only file system
[INFO] [stderr]   mklove/modules/configure.base: line 942: /opt/rustwide/cargo-home/registry/src/github.com-1ecc6299db9ec823/rdkafka-sys-1.0.0/librdkafka/config.log: Read-only file system
[INFO] [stderr]   mklove/modules/configure.base: line 942: /opt/rustwide/cargo-home/registry/src/github.com-1ecc6299db9ec823/rdkafka-sys-1.0.0/librdkafka/config.log: Read-only file system
[INFO] [stderr]   mklove/modules/configure.base: line 942: /opt/rustwide/cargo-home/registry/src/github.com-1ecc6299db9ec823/rdkafka-sys-1.0.0/librdkafka/config.log: Read-only file system
[INFO] [stderr]   mktemp: failed to create file via template '_mkltmpXXXXXX': Read-only file system
[INFO] [stderr]   mv: cannot stat '': No such file or directory
[INFO] [stderr]   mklove/modules/configure.base: line 1317: .c: Read-only file system
[INFO] [stderr]   mklove/modules/configure.base: line 1320: .c: Read-only file system
[INFO] [stderr]   mklove/modules/configure.base: line 942: /opt/rustwide/cargo-home/registry/src/github.com-1ecc6299db9ec823/rdkafka-sys-1.0.0/librdkafka/config.log: Read-only file system
[INFO] [stderr]   mklove/modules/configure.base: line 942: /opt/rustwide/cargo-home/registry/src/github.com-1ecc6299db9ec823/rdkafka-sys-1.0.0/librdkafka/config.log: Read-only file system
[INFO] [stderr]   mklove/modules/configure.base: line 942: /opt/rustwide/cargo-home/registry/src/github.com-1ecc6299db9ec823/rdkafka-sys-1.0.0/librdkafka/config.log: Read-only file system
[INFO] [stderr]   mklove/modules/configure.base: line 942: /opt/rustwide/cargo-home/registry/src/github.com-1ecc6299db9ec823/rdkafka-sys-1.0.0/librdkafka/config.log: Read-only file system
[INFO] [stderr]   mklove/modules/configure.base: line 942: /opt/rustwide/cargo-home/registry/src/github.com-1ecc6299db9ec823/rdkafka-sys-1.0.0/librdkafka/config.log: Read-only file system
[INFO] [stderr]   mklove/modules/configure.base: line 942: /opt/rustwide/cargo-home/registry/src/github.com-1ecc6299db9ec823/rdkafka-sys-1.0.0/librdkafka/config.log: Read-only file system
[INFO] [stderr]   mklove/modules/configure.base: line 942: /opt/rustwide/cargo-home/registry/src/github.com-1ecc6299db9ec823/rdkafka-sys-1.0.0/librdkafka/config.log: Read-only file system
[INFO] [stderr]   mklove/modules/configure.base: line 942: /opt/rustwide/cargo-home/registry/src/github.com-1ecc6299db9ec823/rdkafka-sys-1.0.0/librdkafka/config.log: Read-only file system
[INFO] [stderr]   mklove/modules/configure.base: line 942: /opt/rustwide/cargo-home/registry/src/github.com-1ecc6299db9ec823/rdkafka-sys-1.0.0/librdkafka/config.log: Read-only file system
[INFO] [stderr]   mktemp: failed to create file via template '_mkltmpXXXXXX': Read-only file system
[INFO] [stderr]   mv: cannot stat '': No such file or directory
[INFO] [stderr]   mklove/modules/configure.base: line 1317: .c: Read-only file system
[INFO] [stderr]   mklove/modules/configure.base: line 1320: .c: Read-only file system
[INFO] [stderr]   mklove/modules/configure.base: line 942: /opt/rustwide/cargo-home/registry/src/github.com-1ecc6299db9ec823/rdkafka-sys-1.0.0/librdkafka/config.log: Read-only file system
[INFO] [stderr]   mklove/modules/configure.base: line 942: /opt/rustwide/cargo-home/registry/src/github.com-1ecc6299db9ec823/rdkafka-sys-1.0.0/librdkafka/config.log: Read-only file system
[INFO] [stderr]   mklove/modules/configure.base: line 942: /opt/rustwide/cargo-home/registry/src/github.com-1ecc6299db9ec823/rdkafka-sys-1.0.0/librdkafka/config.log: Read-only file system
[INFO] [stderr]   mklove/modules/configure.base: line 942: /opt/rustwide/cargo-home/registry/src/github.com-1ecc6299db9ec823/rdkafka-sys-1.0.0/librdkafka/config.log: Read-only file system
[INFO] [stderr]   mktemp: failed to create file via template '_mkltmpXXXXXX': Read-only file system
[INFO] [stderr]   mv: cannot stat '': No such file or directory
[INFO] [stderr]   mklove/modules/configure.base: line 1317: .cpp: Read-only file system
[INFO] [stderr]   mklove/modules/configure.base: line 1320: .cpp: Read-only file system
[INFO] [stderr]   mklove/modules/configure.base: line 942: /opt/rustwide/cargo-home/registry/src/github.com-1ecc6299db9ec823/rdkafka-sys-1.0.0/librdkafka/config.log: Read-only file system
[INFO] [stderr]   mklove/modules/configure.base: line 942: /opt/rustwide/cargo-home/registry/src/github.com-1ecc6299db9ec823/rdkafka-sys-1.0.0/librdkafka/config.log: Read-only file system
[INFO] [stderr]   mklove/modules/configure.base: line 942: /opt/rustwide/cargo-home/registry/src/github.com-1ecc6299db9ec823/rdkafka-sys-1.0.0/librdkafka/config.log: Read-only file system
[INFO] [stderr]   mklove/modules/configure.base: line 942: /opt/rustwide/cargo-home/registry/src/github.com-1ecc6299db9ec823/rdkafka-sys-1.0.0/librdkafka/config.log: Read-only file system
[INFO] [stderr]   mktemp: failed to create file via template '_mkltmpXXXXXX': Read-only file system
[INFO] [stderr]   mv: cannot stat '': No such file or directory
[INFO] [stderr]   mklove/modules/configure.base: line 1317: .c: Read-only file system
[INFO] [stderr]   mklove/modules/configure.base: line 1320: .c: Read-only file system
[INFO] [stderr]   mklove/modules/configure.base: line 942: /opt/rustwide/cargo-home/registry/src/github.com-1ecc6299db9ec823/rdkafka-sys-1.0.0/librdkafka/config.log: Read-only file system
[INFO] [stderr]   mklove/modules/configure.base: line 942: /opt/rustwide/cargo-home/registry/src/github.com-1ecc6299db9ec823/rdkafka-sys-1.0.0/librdkafka/config.log: Read-only file system
[INFO] [stderr]   mklove/modules/configure.base: line 942: /opt/rustwide/cargo-home/registry/src/github.com-1ecc6299db9ec823/rdkafka-sys-1.0.0/librdkafka/config.log: Read-only file system
[INFO] [stderr]   mklove/modules/configure.base: line 942: /opt/rustwide/cargo-home/registry/src/github.com-1ecc6299db9ec823/rdkafka-sys-1.0.0/librdkafka/config.log: Read-only file system
[INFO] [stderr]   mktemp: failed to create file via template '_mkltmpXXXXXX': Read-only file system
[INFO] [stderr]   mv: cannot stat '': No such file or directory
[INFO] [stderr]   mklove/modules/configure.base: line 1317: .c: Read-only file system
[INFO] [stderr]   mklove/modules/configure.base: line 1320: .c: Read-only file system
[INFO] [stderr]   mklove/modules/configure.base: line 942: /opt/rustwide/cargo-home/registry/src/github.com-1ecc6299db9ec823/rdkafka-sys-1.0.0/librdkafka/config.log: Read-only file system
[INFO] [stderr]   mklove/modules/configure.base: line 942: /opt/rustwide/cargo-home/registry/src/github.com-1ecc6299db9ec823/rdkafka-sys-1.0.0/librdkafka/config.log: Read-only file system
[INFO] [stderr]   mklove/modules/configure.base: line 942: /opt/rustwide/cargo-home/registry/src/github.com-1ecc6299db9ec823/rdkafka-sys-1.0.0/librdkafka/config.log: Read-only file system
[INFO] [stderr]   mklove/modules/configure.base: line 942: /opt/rustwide/cargo-home/registry/src/github.com-1ecc6299db9ec823/rdkafka-sys-1.0.0/librdkafka/config.log: Read-only file system
[INFO] [stderr]   mktemp: failed to create file via template '_mkltmpXXXXXX': Read-only file system
[INFO] [stderr]   mv: cannot stat '': No such file or directory
[INFO] [stderr]   mklove/modules/configure.base: line 1317: .c: Read-only file system
[INFO] [stderr]   mklove/modules/configure.base: line 1320: .c: Read-only file system
[INFO] [stderr]   mklove/modules/configure.base: line 942: /opt/rustwide/cargo-home/registry/src/github.com-1ecc6299db9ec823/rdkafka-sys-1.0.0/librdkafka/config.log: Read-only file system
[INFO] [stderr]   mklove/modules/configure.base: line 942: /opt/rustwide/cargo-home/registry/src/github.com-1ecc6299db9ec823/rdkafka-sys-1.0.0/librdkafka/config.log: Read-only file system
[INFO] [stderr]   mklove/modules/configure.base: line 942: /opt/rustwide/cargo-home/registry/src/github.com-1ecc6299db9ec823/rdkafka-sys-1.0.0/librdkafka/config.log: Read-only file system
[INFO] [stderr]   mklove/modules/configure.base: line 942: /opt/rustwide/cargo-home/registry/src/github.com-1ecc6299db9ec823/rdkafka-sys-1.0.0/librdkafka/config.log: Read-only file system
[INFO] [stderr]   mktemp: failed to create file via template '_mkltmpXXXXXX': Read-only file system
[INFO] [stderr]   mv: cannot stat '': No such file or directory
[INFO] [stderr]   mklove/modules/configure.base: line 1317: .c: Read-only file system
[INFO] [stderr]   mklove/modules/configure.base: line 1320: .c: Read-only file system
[INFO] [stderr]   mklove/modules/configure.base: line 942: /opt/rustwide/cargo-home/registry/src/github.com-1ecc6299db9ec823/rdkafka-sys-1.0.0/librdkafka/config.log: Read-only file system
[INFO] [stderr]   mklove/modules/configure.base: line 942: /opt/rustwide/cargo-home/registry/src/github.com-1ecc6299db9ec823/rdkafka-sys-1.0.0/librdkafka/config.log: Read-only file system
[INFO] [stderr]   mklove/modules/configure.base: line 942: /opt/rustwide/cargo-home/registry/src/github.com-1ecc6299db9ec823/rdkafka-sys-1.0.0/librdkafka/config.log: Read-only file system
[INFO] [stderr]   mklove/modules/configure.base: line 942: /opt/rustwide/cargo-home/registry/src/github.com-1ecc6299db9ec823/rdkafka-sys-1.0.0/librdkafka/config.log: Read-only file system
[INFO] [stderr]   mktemp: failed to create file via template '_mkltmpXXXXXX': Read-only file system
[INFO] [stderr]   mv: cannot stat '': No such file or directory
[INFO] [stderr]   mklove/modules/configure.base: line 1317: .c: Read-only file system
[INFO] [stderr]   mklove/modules/configure.base: line 1320: .c: Read-only file system
[INFO] [stderr]   mklove/modules/configure.base: line 942: /opt/rustwide/cargo-home/registry/src/github.com-1ecc6299db9ec823/rdkafka-sys-1.0.0/librdkafka/config.log: Read-only file system
[INFO] [stderr]   mklove/modules/configure.base: line 942: /opt/rustwide/cargo-home/registry/src/github.com-1ecc6299db9ec823/rdkafka-sys-1.0.0/librdkafka/config.log: Read-only file system
[INFO] [stderr]   mklove/modules/configure.base: line 942: /opt/rustwide/cargo-home/registry/src/github.com-1ecc6299db9ec823/rdkafka-sys-1.0.0/librdkafka/config.log: Read-only file system
[INFO] [stderr]   mklove/modules/configure.base: line 942: /opt/rustwide/cargo-home/registry/src/github.com-1ecc6299db9ec823/rdkafka-sys-1.0.0/librdkafka/config.log: Read-only file system
[INFO] [stderr]   mklove/modules/configure.base: line 942: /opt/rustwide/cargo-home/registry/src/github.com-1ecc6299db9ec823/rdkafka-sys-1.0.0/librdkafka/config.log: Read-only file system
[INFO] [stderr]   ###########################################################
[INFO] [stderr]   mklove/modules/configure.base: line 951: /opt/rustwide/cargo-home/registry/src/github.com-1ecc6299db9ec823/rdkafka-sys-1.0.0/librdkafka/config.log: Read-only file system
[INFO] [stderr]   ###                  Configure failed                   ###
[INFO] [stderr]   mklove/modules/configure.base: line 951: /opt/rustwide/cargo-home/registry/src/github.com-1ecc6299db9ec823/rdkafka-sys-1.0.0/librdkafka/config.log: Read-only file system
[INFO] [stderr]   ###########################################################
[INFO] [stderr]   mklove/modules/configure.base: line 951: /opt/rustwide/cargo-home/registry/src/github.com-1ecc6299db9ec823/rdkafka-sys-1.0.0/librdkafka/config.log: Read-only file system
[INFO] [stderr]   ### Accumulated failures:                               ###
[INFO] [stderr]   mklove/modules/configure.base: line 951: /opt/rustwide/cargo-home/registry/src/github.com-1ecc6299db9ec823/rdkafka-sys-1.0.0/librdkafka/config.log: Read-only file system
[INFO] [stderr]   ###########################################################
[INFO] [stderr]   mklove/modules/configure.base: line 951: /opt/rustwide/cargo-home/registry/src/github.com-1ecc6299db9ec823/rdkafka-sys-1.0.0/librdkafka/config.log: Read-only file system
[INFO] [stderr]    socket_nsl () 
[INFO] [stderr]   mklove/modules/configure.base: line 951: /opt/rustwide/cargo-home/registry/src/github.com-1ecc6299db9ec823/rdkafka-sys-1.0.0/librdkafka/config.log: Read-only file system
[INFO] [stderr]       module: socket
[INFO] [stderr]   mklove/modules/configure.base: line 959: /opt/rustwide/cargo-home/registry/src/github.com-1ecc6299db9ec823/rdkafka-sys-1.0.0/librdkafka/config.log: Read-only file system
[INFO] [stderr]       action: fail
[INFO] [stderr]   mklove/modules/configure.base: line 959: /opt/rustwide/cargo-home/registry/src/github.com-1ecc6299db9ec823/rdkafka-sys-1.0.0/librdkafka/config.log: Read-only file system
[INFO] [stderr]       reason:
[INFO] [stderr]   compile check failed:
[INFO] [stderr]   CC: CC
[INFO] [stderr]   flags: 
[INFO] [stderr]   gcc  -g -O2 -Wall -Wsign-compare -Wfloat-equal -Wpointer-arith -Wcast-align -Wall -Werror .c -o .c.o -lsocket -lnsl  :
[INFO] [stderr]   gcc: error: .c: No such file or directory
[INFO] [stderr]   source: 
[INFO] [stderr]   #include <sys/types.h>
[INFO] [stderr]   #include <sys/socket.h>
[INFO] [stderr]   #include <unistd.h>
[INFO] [stderr]   void foo (void) {
[INFO] [stderr]      int s = socket(0, 0, 0);
[INFO] [stderr]      close(s);
[INFO] [stderr]   }
[INFO] [stderr] 
[INFO] [stderr]   mklove/modules/configure.base: line 959: /opt/rustwide/cargo-home/registry/src/github.com-1ecc6299db9ec823/rdkafka-sys-1.0.0/librdkafka/config.log: Read-only file system
[INFO] [stderr]    libpthread () 
[INFO] [stderr]   mklove/modules/configure.base: line 951: /opt/rustwide/cargo-home/registry/src/github.com-1ecc6299db9ec823/rdkafka-sys-1.0.0/librdkafka/config.log: Read-only file system
[INFO] [stderr]       module: self
[INFO] [stderr]   mklove/modules/configure.base: line 959: /opt/rustwide/cargo-home/registry/src/github.com-1ecc6299db9ec823/rdkafka-sys-1.0.0/librdkafka/config.log: Read-only file system
[INFO] [stderr]       action: fail
[INFO] [stderr]   mklove/modules/configure.base: line 959: /opt/rustwide/cargo-home/registry/src/github.com-1ecc6299db9ec823/rdkafka-sys-1.0.0/librdkafka/config.log: Read-only file system
[INFO] [stderr]       reason:
[INFO] [stderr]   compile check failed:
[INFO] [stderr]   CC: CC
[INFO] [stderr]   flags: -lpthread
[INFO] [stderr]   gcc  -g -O2 -Wall -Wsign-compare -Wfloat-equal -Wpointer-arith -Wcast-align -Wall -Werror .c -o .c.o   -lpthread:
[INFO] [stderr]   gcc: error: .c: No such file or directory
[INFO] [stderr]   source: #include <pthread.h>
[INFO] [stderr] 
[INFO] [stderr]   mklove/modules/configure.base: line 959: /opt/rustwide/cargo-home/registry/src/github.com-1ecc6299db9ec823/rdkafka-sys-1.0.0/librdkafka/config.log: Read-only file system
[INFO] [stderr]   thread 'main' panicked at 'Command failed with error code 1', /opt/rustwide/cargo-home/registry/src/github.com-1ecc6299db9ec823/rdkafka-sys-1.0.0/build.rs:23:35
[INFO] [stderr]   stack backtrace:
[INFO] [stderr]      0:     0x559341e992d0 - std::backtrace_rs::backtrace::libunwind::trace::hff4d1766e93f64f1
[INFO] [stderr]                                  at /rustc/53fd98ca776cb875bc9e5514f56b52eb74f9e7a9/library/std/src/../../backtrace/src/backtrace/libunwind.rs:90:5
[INFO] [stderr]      1:     0x559341e992d0 - std::backtrace_rs::backtrace::trace_unsynchronized::h56bbc8eb78770bcb
[INFO] [stderr]                                  at /rustc/53fd98ca776cb875bc9e5514f56b52eb74f9e7a9/library/std/src/../../backtrace/src/backtrace/mod.rs:66:5
[INFO] [stderr]      2:     0x559341e992d0 - std::sys_common::backtrace::_print_fmt::h5c8e75464faca780
[INFO] [stderr]                                  at /rustc/53fd98ca776cb875bc9e5514f56b52eb74f9e7a9/library/std/src/sys_common/backtrace.rs:67:5
[INFO] [stderr]      3:     0x559341e992d0 - <std::sys_common::backtrace::_print::DisplayBacktrace as core::fmt::Display>::fmt::h48b88277def8b362
[INFO] [stderr]                                  at /rustc/53fd98ca776cb875bc9e5514f56b52eb74f9e7a9/library/std/src/sys_common/backtrace.rs:46:22
[INFO] [stderr]      4:     0x559341ebd9cc - core::fmt::write::h3381b3176fe2b3d3
[INFO] [stderr]                                  at /rustc/53fd98ca776cb875bc9e5514f56b52eb74f9e7a9/library/core/src/fmt/mod.rs:1115:17
[INFO] [stderr]      5:     0x559341e96025 - std::io::Write::write_fmt::hd42607e5d8e44db0
[INFO] [stderr]                                  at /rustc/53fd98ca776cb875bc9e5514f56b52eb74f9e7a9/library/std/src/io/mod.rs:1665:15
[INFO] [stderr]      6:     0x559341e9b5fb - std::sys_common::backtrace::_print::ha537687d6c17dd0d
[INFO] [stderr]                                  at /rustc/53fd98ca776cb875bc9e5514f56b52eb74f9e7a9/library/std/src/sys_common/backtrace.rs:49:5
[INFO] [stderr]      7:     0x559341e9b5fb - std::sys_common::backtrace::print::h61376ae57d131d72
[INFO] [stderr]                                  at /rustc/53fd98ca776cb875bc9e5514f56b52eb74f9e7a9/library/std/src/sys_common/backtrace.rs:36:9
[INFO] [stderr]      8:     0x559341e9b5fb - std::panicking::default_hook::{{closure}}::h0f7208c0b9644a54
[INFO] [stderr]                                  at /rustc/53fd98ca776cb875bc9e5514f56b52eb74f9e7a9/library/std/src/panicking.rs:208:50
[INFO] [stderr]      9:     0x559341e9b0d1 - std::panicking::default_hook::hdac7fc06578c14ce
[INFO] [stderr]                                  at /rustc/53fd98ca776cb875bc9e5514f56b52eb74f9e7a9/library/std/src/panicking.rs:225:9
[INFO] [stderr]     10:     0x559341e9bcc4 - std::panicking::rust_panic_with_hook::h72b21c283da3d1ef
[INFO] [stderr]                                  at /rustc/53fd98ca776cb875bc9e5514f56b52eb74f9e7a9/library/std/src/panicking.rs:622:17
[INFO] [stderr]     11:     0x559341e9b7a7 - std::panicking::begin_panic_handler::{{closure}}::he5778f1729cff84a
[INFO] [stderr]                                  at /rustc/53fd98ca776cb875bc9e5514f56b52eb74f9e7a9/library/std/src/panicking.rs:519:13
[INFO] [stderr]     12:     0x559341e997ac - std::sys_common::backtrace::__rust_end_short_backtrace::h2d11ca8b453b4b1d
[INFO] [stderr]                                  at /rustc/53fd98ca776cb875bc9e5514f56b52eb74f9e7a9/library/std/src/sys_common/backtrace.rs:141:18
[INFO] [stderr]     13:     0x559341e9b709 - rust_begin_unwind
[INFO] [stderr]                                  at /rustc/53fd98ca776cb875bc9e5514f56b52eb74f9e7a9/library/std/src/panicking.rs:515:5
[INFO] [stderr]     14:     0x5593419bdbbb - std::panicking::begin_panic_fmt::h746518bde832d259
[INFO] [stderr]                                  at /rustc/53fd98ca776cb875bc9e5514f56b52eb74f9e7a9/library/std/src/panicking.rs:457:5
[INFO] [stderr]     15:     0x5593419bf793 - build_script_build::run_command_or_fail::h6053451d1031765f
[INFO] [stderr]                                  at /opt/rustwide/cargo-home/registry/src/github.com-1ecc6299db9ec823/rdkafka-sys-1.0.0/build.rs:23:35
[INFO] [stderr]     16:     0x5593419c0a72 - build_script_build::build_librdkafka::h803da5ba1187c1e7
[INFO] [stderr]                                  at /opt/rustwide/cargo-home/registry/src/github.com-1ecc6299db9ec823/rdkafka-sys-1.0.0/build.rs:109:5
[INFO] [stderr]     17:     0x5593419c0495 - build_script_build::main::hdc8e41e0d8426a48
[INFO] [stderr]                                  at /opt/rustwide/cargo-home/registry/src/github.com-1ecc6299db9ec823/rdkafka-sys-1.0.0/build.rs:61:9
[INFO] [stderr]     18:     0x5593419c334b - core::ops::function::FnOnce::call_once::h082a079b3086c847
[INFO] [stderr]                                  at /rustc/53fd98ca776cb875bc9e5514f56b52eb74f9e7a9/library/core/src/ops/function.rs:227:5
[INFO] [stderr]     19:     0x5593419c31ae - std::sys_common::backtrace::__rust_begin_short_backtrace::h4cab9b7a0b182769
[INFO] [stderr]                                  at /rustc/53fd98ca776cb875bc9e5514f56b52eb74f9e7a9/library/std/src/sys_common/backtrace.rs:125:18
[INFO] [stderr]     20:     0x5593419c3241 - std::rt::lang_start::{{closure}}::h13f24adfa83bb959
[INFO] [stderr]                                  at /rustc/53fd98ca776cb875bc9e5514f56b52eb74f9e7a9/library/std/src/rt.rs:63:18
[INFO] [stderr]     21:     0x559341e9c1ca - core::ops::function::impls::<impl core::ops::function::FnOnce<A> for &F>::call_once::ha88a7d1a4d24e549
[INFO] [stderr]                                  at /rustc/53fd98ca776cb875bc9e5514f56b52eb74f9e7a9/library/core/src/ops/function.rs:259:13
[INFO] [stderr]     22:     0x559341e9c1ca - std::panicking::try::do_call::hd3b1d7740607ccc7
[INFO] [stderr]                                  at /rustc/53fd98ca776cb875bc9e5514f56b52eb74f9e7a9/library/std/src/panicking.rs:401:40
[INFO] [stderr]     23:     0x559341e9c1ca - std::panicking::try::h0ee8c65ac7461507
[INFO] [stderr]                                  at /rustc/53fd98ca776cb875bc9e5514f56b52eb74f9e7a9/library/std/src/panicking.rs:365:19
[INFO] [stderr]     24:     0x559341e9c1ca - std::panic::catch_unwind::head47f0de4ccd838
[INFO] [stderr]                                  at /rustc/53fd98ca776cb875bc9e5514f56b52eb74f9e7a9/library/std/src/panic.rs:434:14
[INFO] [stderr]     25:     0x559341e9c1ca - std::rt::lang_start_internal::{{closure}}::hbc7de8ec820ac085
[INFO] [stderr]                                  at /rustc/53fd98ca776cb875bc9e5514f56b52eb74f9e7a9/library/std/src/rt.rs:45:48
[INFO] [stderr]     26:     0x559341e9c1ca - std::panicking::try::do_call::h2609e52e8bad4a7b
[INFO] [stderr]                                  at /rustc/53fd98ca776cb875bc9e5514f56b52eb74f9e7a9/library/std/src/panicking.rs:401:40
[INFO] [stderr]     27:     0x559341e9c1ca - std::panicking::try::hd0929f0b603e0389
[INFO] [stderr]                                  at /rustc/53fd98ca776cb875bc9e5514f56b52eb74f9e7a9/library/std/src/panicking.rs:365:19
[INFO] [stderr]     28:     0x559341e9c1ca - std::panic::catch_unwind::h27902b81c3e47571
[INFO] [stderr]                                  at /rustc/53fd98ca776cb875bc9e5514f56b52eb74f9e7a9/library/std/src/panic.rs:434:14
[INFO] [stderr]     29:     0x559341e9c1ca - std::rt::lang_start_internal::h3fb2d794dd391e3e
[INFO] [stderr]                                  at /rustc/53fd98ca776cb875bc9e5514f56b52eb74f9e7a9/library/std/src/rt.rs:45:20
[INFO] [stderr]     30:     0x5593419c3210 - std::rt::lang_start::h1697711c7977760d
[INFO] [stderr]                                  at /rustc/53fd98ca776cb875bc9e5514f56b52eb74f9e7a9/library/std/src/rt.rs:62:5
[INFO] [stderr]     31:     0x5593419c0d7c - main
[INFO] [stderr]     32:     0x7f22cda960b3 - __libc_start_main
[INFO] [stderr]     33:     0x5593419bf06e - _start
[INFO] [stderr]     34:                0x0 - <unknown>
[INFO] [stderr] warning: build failed, waiting for other jobs to finish...
[INFO] [stderr] error: build failed
[INFO] running `Command { std: "docker" "inspect" "d23c7e1df917e1ab239336921535c876ccdffb15a7aece4774cbde1544b35abb", kill_on_drop: false }`
[INFO] running `Command { std: "docker" "rm" "-f" "d23c7e1df917e1ab239336921535c876ccdffb15a7aece4774cbde1544b35abb", kill_on_drop: false }`
[INFO] [stdout] d23c7e1df917e1ab239336921535c876ccdffb15a7aece4774cbde1544b35abb
