[INFO] cloning repository https://github.com/sommoyogurt/onion
[INFO] running `Command { std: "git" "-c" "credential.helper=" "-c" "credential.helper=/workspace/cargo-home/bin/git-credential-null" "clone" "--bare" "https://github.com/sommoyogurt/onion" "/workspace/cache/git-repos/https%3A%2F%2Fgithub.com%2Fsommoyogurt%2Fonion", kill_on_drop: false }`
[INFO] [stderr] Cloning into bare repository '/workspace/cache/git-repos/https%3A%2F%2Fgithub.com%2Fsommoyogurt%2Fonion'...
[INFO] running `Command { std: "git" "rev-parse" "HEAD", kill_on_drop: false }`
[INFO] [stdout] 6fde390903566ee1a9026bb94f2a143c3b7dee80
[INFO] documenting sommoyogurt/onion against beta-2021-08-01 for beta-1.55-rustdoc-1
[INFO] running `Command { std: "git" "clone" "/workspace/cache/git-repos/https%3A%2F%2Fgithub.com%2Fsommoyogurt%2Fonion" "/workspace/builds/worker-3/source", kill_on_drop: false }`
[INFO] [stderr] Cloning into '/workspace/builds/worker-3/source'...
[INFO] [stderr] done.
[INFO] validating manifest of git repo https://github.com/sommoyogurt/onion on toolchain beta-2021-08-01
[INFO] running `Command { std: "/workspace/cargo-home/bin/cargo" "+beta-2021-08-01" "metadata" "--manifest-path" "Cargo.toml" "--no-deps", kill_on_drop: false }`
[INFO] started tweaking git repo https://github.com/sommoyogurt/onion
[INFO] finished tweaking git repo https://github.com/sommoyogurt/onion
[INFO] tweaked toml for git repo https://github.com/sommoyogurt/onion written to /workspace/builds/worker-3/source/Cargo.toml
[INFO] crate git repo https://github.com/sommoyogurt/onion already has a lockfile, it will not be regenerated
[INFO] running `Command { std: "/workspace/cargo-home/bin/cargo" "+beta-2021-08-01" "fetch" "--manifest-path" "Cargo.toml", kill_on_drop: false }`
[INFO] [stderr]  Downloading crates ...
[INFO] [stderr]   Downloaded unsafe-any v0.4.1
[INFO] [stderr]   Downloaded ordered-float v0.1.0
[INFO] [stderr]   Downloaded num-traits v0.1.32
[INFO] [stderr]   Downloaded num v0.1.32
[INFO] [stderr]   Downloaded serde v0.7.5
[INFO] [stderr]   Downloaded chrono v0.2.22
[INFO] [stderr]   Downloaded net2 v0.2.23
[INFO] [stderr]   Downloaded serde-value v0.2.1
[INFO] [stderr]   Downloaded miow v0.1.2
[INFO] [stderr]   Downloaded nix v0.5.0
[INFO] [stderr]   Downloaded toml v0.1.30
[INFO] [stderr]   Downloaded crossbeam v0.2.9
[INFO] [stderr]   Downloaded traitobject v0.0.3
[INFO] [stderr]   Downloaded time v0.1.35
[INFO] [stderr]   Downloaded antidote v0.1.0
[INFO] [stderr]   Downloaded capnp-gj v0.2.0
[INFO] [stderr]   Downloaded capnp v0.7.1
[INFO] [stderr]   Downloaded gjio v0.1.1
[INFO] [stderr]   Downloaded gj v0.2.0
[INFO] [stderr]   Downloaded capnp-rpc v0.7.0
[INFO] [stderr]   Downloaded log4rs v0.4.3
[INFO] [stderr]   Downloaded capnpc v0.7.0
[INFO] [stderr]   Downloaded clap v2.5.1
[INFO] running `Command { std: "docker" "create" "-v" "/var/lib/crater-agent-workspace/builds/worker-3/target:/opt/rustwide/target:rw,Z" "-v" "/var/lib/crater-agent-workspace/builds/worker-3/source:/opt/rustwide/workdir:ro,Z" "-v" "/var/lib/crater-agent-workspace/cargo-home:/opt/rustwide/cargo-home:ro,Z" "-v" "/var/lib/crater-agent-workspace/rustup-home:/opt/rustwide/rustup-home:ro,Z" "-e" "SOURCE_DIR=/opt/rustwide/workdir" "-e" "CARGO_TARGET_DIR=/opt/rustwide/target" "-e" "CARGO_HOME=/opt/rustwide/cargo-home" "-e" "RUSTUP_HOME=/opt/rustwide/rustup-home" "-w" "/opt/rustwide/workdir" "-m" "1610612736" "--user" "0:0" "--network" "none" "ghcr.io/rust-lang/crates-build-env/linux@sha256:34b6a614d2c27851fe6cbf88fbd1137609cefab8b10d0615aaeb6fd47975d74e" "/opt/rustwide/cargo-home/bin/cargo" "+beta-2021-08-01" "metadata" "--no-deps" "--format-version=1", kill_on_drop: false }`
[INFO] [stderr] WARNING: Your kernel does not support swap limit capabilities or the cgroup is not mounted. Memory limited without swap.
[INFO] [stdout] 7876c54f6550d76f2b662526da9f7c54af12e0ce09d4a07305cb6856ad6b0ad2
[INFO] running `Command { std: "docker" "start" "-a" "7876c54f6550d76f2b662526da9f7c54af12e0ce09d4a07305cb6856ad6b0ad2", kill_on_drop: false }`
[INFO] running `Command { std: "docker" "inspect" "7876c54f6550d76f2b662526da9f7c54af12e0ce09d4a07305cb6856ad6b0ad2", kill_on_drop: false }`
[INFO] running `Command { std: "docker" "rm" "-f" "7876c54f6550d76f2b662526da9f7c54af12e0ce09d4a07305cb6856ad6b0ad2", kill_on_drop: false }`
[INFO] [stdout] 7876c54f6550d76f2b662526da9f7c54af12e0ce09d4a07305cb6856ad6b0ad2
[INFO] running `Command { std: "docker" "create" "-v" "/var/lib/crater-agent-workspace/builds/worker-3/target:/opt/rustwide/target:rw,Z" "-v" "/var/lib/crater-agent-workspace/builds/worker-3/source:/opt/rustwide/workdir:ro,Z" "-v" "/var/lib/crater-agent-workspace/cargo-home:/opt/rustwide/cargo-home:ro,Z" "-v" "/var/lib/crater-agent-workspace/rustup-home:/opt/rustwide/rustup-home:ro,Z" "-e" "SOURCE_DIR=/opt/rustwide/workdir" "-e" "CARGO_TARGET_DIR=/opt/rustwide/target" "-e" "CARGO_INCREMENTAL=0" "-e" "RUST_BACKTRACE=full" "-e" "RUSTDOCFLAGS=--cap-lints=warn" "-e" "CARGO_HOME=/opt/rustwide/cargo-home" "-e" "RUSTUP_HOME=/opt/rustwide/rustup-home" "-w" "/opt/rustwide/workdir" "-m" "1610612736" "--user" "0:0" "--network" "none" "ghcr.io/rust-lang/crates-build-env/linux@sha256:34b6a614d2c27851fe6cbf88fbd1137609cefab8b10d0615aaeb6fd47975d74e" "/opt/rustwide/cargo-home/bin/cargo" "+beta-2021-08-01" "doc" "--frozen" "--no-deps" "--document-private-items" "--message-format=json", kill_on_drop: false }`
[INFO] [stdout] 33fc456aee52b3d37ec1c20e7d6e83372e084e2b10a907a385c07f7b3db6cf9e
[INFO] [stderr] WARNING: Your kernel does not support swap limit capabilities or the cgroup is not mounted. Memory limited without swap.
[INFO] running `Command { std: "docker" "start" "-a" "33fc456aee52b3d37ec1c20e7d6e83372e084e2b10a907a385c07f7b3db6cf9e", kill_on_drop: false }`
[INFO] [stderr]    Compiling gj v0.2.0
[INFO] [stderr]    Compiling byteorder v0.4.2
[INFO] [stderr]     Checking traitobject v0.0.3
[INFO] [stderr]     Checking serde v0.7.5
[INFO] [stderr]     Checking ansi_term v0.7.2
[INFO] [stderr]     Checking antidote v0.1.0
[INFO] [stderr]     Checking strsim v0.4.1
[INFO] [stderr]     Checking nix v0.5.0
[INFO] [stderr]     Checking ordered-float v0.1.0
[INFO] [stderr]     Checking net2 v0.2.23
[INFO] [stderr]     Checking chrono v0.2.22
[INFO] [stderr]     Checking clap v2.5.1
[INFO] [stderr]     Checking unsafe-any v0.4.1
[INFO] [stderr]    Compiling capnp v0.7.1
[INFO] [stderr]     Checking miow v0.1.2
[INFO] [stderr]     Checking typemap v0.3.3
[INFO] [stdout] error: to use a constant of type `format::ParseError` in a pattern, `format::ParseError` must be annotated with `#[derive(PartialEq, Eq)]`
[INFO] [stdout]    --> /opt/rustwide/cargo-home/registry/src/github.com-1ecc6299db9ec823/chrono-0.2.22/src/format/parsed.rs:476:22
[INFO] [stdout]     |
[INFO] [stdout] 476 |                 (Err(OUT_OF_RANGE), _) | (_, Err(OUT_OF_RANGE)) => return Err(OUT_OF_RANGE),
[INFO] [stdout]     |                      ^^^^^^^^^^^^
[INFO] [stdout] 
[INFO] [stdout] 
[INFO] [stdout] error: to use a constant of type `format::ParseError` in a pattern, `format::ParseError` must be annotated with `#[derive(PartialEq, Eq)]`
[INFO] [stdout]    --> /opt/rustwide/cargo-home/registry/src/github.com-1ecc6299db9ec823/chrono-0.2.22/src/format/parsed.rs:476:50
[INFO] [stdout]     |
[INFO] [stdout] 476 |                 (Err(OUT_OF_RANGE), _) | (_, Err(OUT_OF_RANGE)) => return Err(OUT_OF_RANGE),
[INFO] [stdout]     |                                                  ^^^^^^^^^^^^
[INFO] [stdout] 
[INFO] [stdout] 
[INFO] [stdout] error: to use a constant of type `format::ParseError` in a pattern, `format::ParseError` must be annotated with `#[derive(PartialEq, Eq)]`
[INFO] [stdout]    --> /opt/rustwide/cargo-home/registry/src/github.com-1ecc6299db9ec823/chrono-0.2.22/src/format/parsed.rs:477:22
[INFO] [stdout]     |
[INFO] [stdout] 477 |                 (Err(IMPOSSIBLE), _) | (_, Err(IMPOSSIBLE)) => return Err(IMPOSSIBLE),
[INFO] [stdout]     |                      ^^^^^^^^^^
[INFO] [stdout] 
[INFO] [stdout] 
[INFO] [stdout] error: to use a constant of type `format::ParseError` in a pattern, `format::ParseError` must be annotated with `#[derive(PartialEq, Eq)]`
[INFO] [stdout]    --> /opt/rustwide/cargo-home/registry/src/github.com-1ecc6299db9ec823/chrono-0.2.22/src/format/parsed.rs:477:48
[INFO] [stdout]     |
[INFO] [stdout] 477 |                 (Err(IMPOSSIBLE), _) | (_, Err(IMPOSSIBLE)) => return Err(IMPOSSIBLE),
[INFO] [stdout]     |                                                ^^^^^^^^^^
[INFO] [stdout] 
[INFO] [stdout] 
[INFO] [stdout] error: aborting due to 4 previous errors
[INFO] [stdout] 
[INFO] [stdout] 
[INFO] [stderr] error: could not compile `chrono` due to 5 previous errors
[INFO] [stderr] warning: build failed, waiting for other jobs to finish...
[INFO] [stdout] error[E0591]: can't transmute zero-sized type
[INFO] [stdout]    --> /opt/rustwide/cargo-home/registry/src/github.com-1ecc6299db9ec823/nix-0.5.0/src/sched.rs:192:20
[INFO] [stdout]     |
[INFO] [stdout] 192 |         ffi::clone(mem::transmute(callback), ptr as *mut c_void, flags.bits(), &mut cb)
[INFO] [stdout]     |                    ^^^^^^^^^^^^^^
[INFO] [stdout]     |
[INFO] [stdout]     = note: source type: for<'r> extern "C" fn(*mut Box<(dyn FnMut() -> isize + 'r)>) -> i32 {callback}
[INFO] [stdout]     = note: target type: *const for<'r> extern "C" fn(*const Box<(dyn FnMut() -> isize + 'r)>) -> i32
[INFO] [stdout]     = help: cast with `as` to a pointer instead
[INFO] [stdout] 
[INFO] [stdout] 
[INFO] [stdout] error[E0502]: cannot borrow `*reff` as immutable because it is also borrowed as mutable
[INFO] [stdout]    --> /opt/rustwide/cargo-home/registry/src/github.com-1ecc6299db9ec823/capnp-0.7.1/src/private/layout.rs:639:47
[INFO] [stdout]     |
[INFO] [stdout] 639 |         let ptr = try!(follow_fars(&mut reff, (*reff).target(), &mut segment));
[INFO] [stdout]     |                        ----------- ---------  ^^^^^^^ immutable borrow occurs here
[INFO] [stdout]     |                        |           |
[INFO] [stdout]     |                        |           mutable borrow occurs here
[INFO] [stdout]     |                        mutable borrow later used by call
[INFO] [stdout] 
[INFO] [stdout] 
[INFO] [stdout] error[E0502]: cannot borrow `*reff` as immutable because it is also borrowed as mutable
[INFO] [stdout]    --> /opt/rustwide/cargo-home/registry/src/github.com-1ecc6299db9ec823/capnp-0.7.1/src/private/layout.rs:639:47
[INFO] [stdout]     |
[INFO] [stdout] 639 |         let ptr = try!(follow_fars(&mut reff, (*reff).target(), &mut segment));
[INFO] [stdout]     |                        ----------- ---------  ^^^^^^^ immutable borrow occurs here
[INFO] [stdout]     |                        |           |
[INFO] [stdout]     |                        |           mutable borrow occurs here
[INFO] [stdout]     |                        mutable borrow later used by call
[INFO] [stdout] 
[INFO] [stdout] 
[INFO] [stdout] error: aborting due to previous error
[INFO] [stdout] 
[INFO] [stdout] 
[INFO] [stdout] For more information about this error, try `rustc --explain E0502`.
[INFO] [stdout] 
[INFO] [stdout] error: aborting due to previous error
[INFO] [stdout] 
[INFO] [stdout] 
[INFO] [stdout] For more information about this error, try `rustc --explain E0502`.
[INFO] [stdout] 
[INFO] [stdout] error: aborting due to previous error
[INFO] [stdout] 
[INFO] [stdout] 
[INFO] [stdout] For more information about this error, try `rustc --explain E0591`.
[INFO] [stdout] 
[INFO] [stderr] error: build failed
[INFO] running `Command { std: "docker" "inspect" "33fc456aee52b3d37ec1c20e7d6e83372e084e2b10a907a385c07f7b3db6cf9e", kill_on_drop: false }`
[INFO] running `Command { std: "docker" "rm" "-f" "33fc456aee52b3d37ec1c20e7d6e83372e084e2b10a907a385c07f7b3db6cf9e", kill_on_drop: false }`
[INFO] [stdout] 33fc456aee52b3d37ec1c20e7d6e83372e084e2b10a907a385c07f7b3db6cf9e
