[INFO] cloning repository https://github.com/solidarity-browser/d3t
[INFO] running `Command { std: "git" "-c" "credential.helper=" "-c" "credential.helper=/workspace/cargo-home/bin/git-credential-null" "clone" "--bare" "https://github.com/solidarity-browser/d3t" "/workspace/cache/git-repos/https%3A%2F%2Fgithub.com%2Fsolidarity-browser%2Fd3t", kill_on_drop: false }`
[INFO] [stderr] Cloning into bare repository '/workspace/cache/git-repos/https%3A%2F%2Fgithub.com%2Fsolidarity-browser%2Fd3t'...
[INFO] running `Command { std: "git" "rev-parse" "HEAD", kill_on_drop: false }`
[INFO] [stdout] d87b7d1515595581af627df00b3ae6513f309389
[INFO] documenting solidarity-browser/d3t against 1.54.0 for beta-1.55-rustdoc-1
[INFO] running `Command { std: "git" "clone" "/workspace/cache/git-repos/https%3A%2F%2Fgithub.com%2Fsolidarity-browser%2Fd3t" "/workspace/builds/worker-2/source", kill_on_drop: false }`
[INFO] [stderr] Cloning into '/workspace/builds/worker-2/source'...
[INFO] [stderr] done.
[INFO] validating manifest of git repo https://github.com/solidarity-browser/d3t on toolchain 1.54.0
[INFO] running `Command { std: "/workspace/cargo-home/bin/cargo" "+1.54.0" "metadata" "--manifest-path" "Cargo.toml" "--no-deps", kill_on_drop: false }`
[INFO] started tweaking git repo https://github.com/solidarity-browser/d3t
[INFO] finished tweaking git repo https://github.com/solidarity-browser/d3t
[INFO] tweaked toml for git repo https://github.com/solidarity-browser/d3t written to /workspace/builds/worker-2/source/Cargo.toml
[INFO] crate git repo https://github.com/solidarity-browser/d3t already has a lockfile, it will not be regenerated
[INFO] running `Command { std: "/workspace/cargo-home/bin/cargo" "+1.54.0" "fetch" "--manifest-path" "Cargo.toml", kill_on_drop: false }`
[INFO] [stderr]     Blocking waiting for file lock on package cache
[INFO] running `Command { std: "docker" "create" "-v" "/var/lib/crater-agent-workspace/builds/worker-2/target:/opt/rustwide/target:rw,Z" "-v" "/var/lib/crater-agent-workspace/builds/worker-2/source:/opt/rustwide/workdir:ro,Z" "-v" "/var/lib/crater-agent-workspace/cargo-home:/opt/rustwide/cargo-home:ro,Z" "-v" "/var/lib/crater-agent-workspace/rustup-home:/opt/rustwide/rustup-home:ro,Z" "-e" "SOURCE_DIR=/opt/rustwide/workdir" "-e" "CARGO_TARGET_DIR=/opt/rustwide/target" "-e" "CARGO_HOME=/opt/rustwide/cargo-home" "-e" "RUSTUP_HOME=/opt/rustwide/rustup-home" "-w" "/opt/rustwide/workdir" "-m" "1610612736" "--user" "0:0" "--network" "none" "ghcr.io/rust-lang/crates-build-env/linux@sha256:34b6a614d2c27851fe6cbf88fbd1137609cefab8b10d0615aaeb6fd47975d74e" "/opt/rustwide/cargo-home/bin/cargo" "+1.54.0" "metadata" "--no-deps" "--format-version=1", kill_on_drop: false }`
[INFO] [stdout] 7d06566728f2c55a94778268f6d154611a46ddf3a76f2e118d9e82a0c77fc171
[INFO] [stderr] WARNING: Your kernel does not support swap limit capabilities or the cgroup is not mounted. Memory limited without swap.
[INFO] running `Command { std: "docker" "start" "-a" "7d06566728f2c55a94778268f6d154611a46ddf3a76f2e118d9e82a0c77fc171", kill_on_drop: false }`
[INFO] running `Command { std: "docker" "inspect" "7d06566728f2c55a94778268f6d154611a46ddf3a76f2e118d9e82a0c77fc171", kill_on_drop: false }`
[INFO] running `Command { std: "docker" "rm" "-f" "7d06566728f2c55a94778268f6d154611a46ddf3a76f2e118d9e82a0c77fc171", kill_on_drop: false }`
[INFO] [stdout] 7d06566728f2c55a94778268f6d154611a46ddf3a76f2e118d9e82a0c77fc171
[INFO] running `Command { std: "docker" "create" "-v" "/var/lib/crater-agent-workspace/builds/worker-2/target:/opt/rustwide/target:rw,Z" "-v" "/var/lib/crater-agent-workspace/builds/worker-2/source:/opt/rustwide/workdir:ro,Z" "-v" "/var/lib/crater-agent-workspace/cargo-home:/opt/rustwide/cargo-home:ro,Z" "-v" "/var/lib/crater-agent-workspace/rustup-home:/opt/rustwide/rustup-home:ro,Z" "-e" "SOURCE_DIR=/opt/rustwide/workdir" "-e" "CARGO_TARGET_DIR=/opt/rustwide/target" "-e" "CARGO_INCREMENTAL=0" "-e" "RUST_BACKTRACE=full" "-e" "RUSTDOCFLAGS=--cap-lints=warn" "-e" "CARGO_HOME=/opt/rustwide/cargo-home" "-e" "RUSTUP_HOME=/opt/rustwide/rustup-home" "-w" "/opt/rustwide/workdir" "-m" "1610612736" "--user" "0:0" "--network" "none" "ghcr.io/rust-lang/crates-build-env/linux@sha256:34b6a614d2c27851fe6cbf88fbd1137609cefab8b10d0615aaeb6fd47975d74e" "/opt/rustwide/cargo-home/bin/cargo" "+1.54.0" "doc" "--frozen" "--no-deps" "--document-private-items" "--message-format=json", kill_on_drop: false }`
[INFO] [stdout] 4d12b6827ac7604fda75bdc994e9b3ca58289b0287a4afc5d48295e6ccb0e961
[INFO] [stderr] WARNING: Your kernel does not support swap limit capabilities or the cgroup is not mounted. Memory limited without swap.
[INFO] running `Command { std: "docker" "start" "-a" "4d12b6827ac7604fda75bdc994e9b3ca58289b0287a4afc5d48295e6ccb0e961", kill_on_drop: false }`
[INFO] [stderr]  Documenting d3t v0.1.0 (/opt/rustwide/workdir)
[INFO] [stdout] error[E0583]: file not found for module `traits`
[INFO] [stdout]  --> src/main.rs:1:1
[INFO] [stdout]   |
[INFO] [stdout] 1 | pub mod traits;
[INFO] [stdout]   | ^^^^^^^^^^^^^^^
[INFO] [stdout]   |
[INFO] [stdout]   = help: to create the module `traits`, create file "src/traits.rs" or "src/traits/mod.rs"
[INFO] [stdout] 
[INFO] [stdout] 
[INFO] [stdout] error[E0583]: file not found for module `d3t`
[INFO] [stdout]  --> src/main.rs:4:1
[INFO] [stdout]   |
[INFO] [stdout] 4 | pub mod d3t;
[INFO] [stdout]   | ^^^^^^^^^^^^
[INFO] [stdout]   |
[INFO] [stdout]   = help: to create the module `d3t`, create file "src/d3t.rs" or "src/d3t/mod.rs"
[INFO] [stdout] 
[INFO] [stdout] 
[INFO] [stdout] error[E0425]: cannot find value `NUMBER_DEFINITION` in this scope
[INFO] [stdout]   --> src/core.rs:11:34
[INFO] [stdout]    |
[INFO] [stdout] 11 |                 Definition::link(NUMBER_DEFINITION),
[INFO] [stdout]    |                                  ^^^^^^^^^^^^^^^^^ help: a constant with a similar name exists: `BYTE_DEFINITION`
[INFO] [stdout] ...
[INFO] [stdout] 29 | const BYTE_DEFINITION: Definition = Definition::Chunk {
[INFO] [stdout]    | ----------------------------------------------------- similarly named constant `BYTE_DEFINITION` defined here
[INFO] [stdout] 
[INFO] [stdout] 
[INFO] [stdout] error[E0425]: cannot find value `SHA3_DEFINITION` in this scope
[INFO] [stdout]   --> src/core.rs:17:26
[INFO] [stdout]    |
[INFO] [stdout] 17 |         Definition::link(SHA3_DEFINITION),
[INFO] [stdout]    |                          ^^^^^^^^^^^^^^^ help: a constant with a similar name exists: `BYTE_DEFINITION`
[INFO] [stdout] ...
[INFO] [stdout] 29 | const BYTE_DEFINITION: Definition = Definition::Chunk {
[INFO] [stdout]    | ----------------------------------------------------- similarly named constant `BYTE_DEFINITION` defined here
[INFO] [stdout] 
[INFO] [stdout] 
[INFO] [stdout] error[E0425]: cannot find value `KEY_DEFINITION` in this scope
[INFO] [stdout]   --> src/core.rs:57:26
[INFO] [stdout]    |
[INFO] [stdout] 29 | const BYTE_DEFINITION: Definition = Definition::Chunk {
[INFO] [stdout]    | ----------------------------------------------------- similarly named constant `BYTE_DEFINITION` defined here
[INFO] [stdout] ...
[INFO] [stdout] 57 |         Definition::link(KEY_DEFINITION),
[INFO] [stdout]    |                          ^^^^^^^^^^^^^^ help: a constant with a similar name exists: `BYTE_DEFINITION`
[INFO] [stdout] 
[INFO] [stdout] 
[INFO] [stdout] error[E0425]: cannot find value `SIGNATURE_DEFINITION` in this scope
[INFO] [stdout]   --> src/core.rs:58:26
[INFO] [stdout]    |
[INFO] [stdout] 58 |         Definition::link(SIGNATURE_DEFINITION),
[INFO] [stdout]    |                          ^^^^^^^^^^^^^^^^^^^^ not found in this scope
[INFO] [stdout] 
[INFO] [stdout] 
[INFO] [stdout] error: Compilation failed, aborting rustdoc
[INFO] [stdout] 
[INFO] [stdout] 
[INFO] [stdout] error: aborting due to 7 previous errors
[INFO] [stdout] 
[INFO] [stdout] 
[INFO] [stdout] Some errors have detailed explanations: E0425, E0583.
[INFO] [stdout] 
[INFO] [stdout] For more information about an error, try `rustc --explain E0425`.
[INFO] [stdout] 
[INFO] [stderr] error: could not document `d3t`
[INFO] [stderr] 
[INFO] [stderr] Caused by:
[INFO] [stderr]   process didn't exit successfully: `rustdoc --edition=2018 --crate-type bin --crate-name d3t src/main.rs -o /opt/rustwide/target/doc --error-format=json --json=diagnostic-rendered-ansi --document-private-items -L dependency=/opt/rustwide/target/debug/deps --cap-lints=warn --crate-version 0.1.0` (exit status: 1)
[INFO] running `Command { std: "docker" "inspect" "4d12b6827ac7604fda75bdc994e9b3ca58289b0287a4afc5d48295e6ccb0e961", kill_on_drop: false }`
[INFO] running `Command { std: "docker" "rm" "-f" "4d12b6827ac7604fda75bdc994e9b3ca58289b0287a4afc5d48295e6ccb0e961", kill_on_drop: false }`
[INFO] [stdout] 4d12b6827ac7604fda75bdc994e9b3ca58289b0287a4afc5d48295e6ccb0e961
