[INFO] cloning repository https://github.com/sokoide/bevy_snake1
[INFO] running `Command { std: "git" "-c" "credential.helper=" "-c" "credential.helper=/workspace/cargo-home/bin/git-credential-null" "clone" "--bare" "https://github.com/sokoide/bevy_snake1" "/workspace/cache/git-repos/https%3A%2F%2Fgithub.com%2Fsokoide%2Fbevy_snake1", kill_on_drop: false }`
[INFO] [stderr] Cloning into bare repository '/workspace/cache/git-repos/https%3A%2F%2Fgithub.com%2Fsokoide%2Fbevy_snake1'...
[INFO] running `Command { std: "git" "rev-parse" "HEAD", kill_on_drop: false }`
[INFO] [stdout] 54c7426fab9b3f81dab3928b793e0ae01ffb78bd
[INFO] documenting sokoide/bevy_snake1 against beta-2021-08-01 for beta-1.55-rustdoc-1
[INFO] running `Command { std: "git" "clone" "/workspace/cache/git-repos/https%3A%2F%2Fgithub.com%2Fsokoide%2Fbevy_snake1" "/workspace/builds/worker-1/source", kill_on_drop: false }`
[INFO] [stderr] Cloning into '/workspace/builds/worker-1/source'...
[INFO] [stderr] done.
[INFO] validating manifest of git repo https://github.com/sokoide/bevy_snake1 on toolchain beta-2021-08-01
[INFO] running `Command { std: "/workspace/cargo-home/bin/cargo" "+beta-2021-08-01" "metadata" "--manifest-path" "Cargo.toml" "--no-deps", kill_on_drop: false }`
[INFO] started tweaking git repo https://github.com/sokoide/bevy_snake1
[INFO] finished tweaking git repo https://github.com/sokoide/bevy_snake1
[INFO] tweaked toml for git repo https://github.com/sokoide/bevy_snake1 written to /workspace/builds/worker-1/source/Cargo.toml
[INFO] crate git repo https://github.com/sokoide/bevy_snake1 already has a lockfile, it will not be regenerated
[INFO] running `Command { std: "/workspace/cargo-home/bin/cargo" "+beta-2021-08-01" "fetch" "--manifest-path" "Cargo.toml", kill_on_drop: false }`
[INFO] [stderr]     Blocking waiting for file lock on package cache
[INFO] [stderr]  Downloading crates ...
[INFO] [stderr]   Downloaded erased-serde v0.3.16
[INFO] [stderr]   Downloaded notify v5.0.0-pre.10
[INFO] [stderr]   Downloaded euclid v0.22.6
[INFO] [stderr]   Downloaded glyph_brush_layout v0.2.3
[INFO] [stderr]   Downloaded guillotiere v0.6.1
[INFO] [stderr]   Downloaded slotmap v0.4.2
[INFO] [stderr]   Downloaded bevy_webgl2 v0.5.2
[INFO] [stderr]   Downloaded fsevent-sys v4.0.0
[INFO] [stderr]   Downloaded glam v0.15.2
[INFO] [stderr]   Downloaded spirv-std-macros v0.4.0-alpha.10
[INFO] [stderr]   Downloaded spirv-types v0.4.0-alpha.10
[INFO] [stderr]   Downloaded spirv-std v0.4.0-alpha.8
[INFO] [stderr]   Downloaded hexasphere v3.4.0
[INFO] running `Command { std: "docker" "create" "-v" "/var/lib/crater-agent-workspace/builds/worker-1/target:/opt/rustwide/target:rw,Z" "-v" "/var/lib/crater-agent-workspace/builds/worker-1/source:/opt/rustwide/workdir:ro,Z" "-v" "/var/lib/crater-agent-workspace/cargo-home:/opt/rustwide/cargo-home:ro,Z" "-v" "/var/lib/crater-agent-workspace/rustup-home:/opt/rustwide/rustup-home:ro,Z" "-e" "SOURCE_DIR=/opt/rustwide/workdir" "-e" "CARGO_TARGET_DIR=/opt/rustwide/target" "-e" "CARGO_HOME=/opt/rustwide/cargo-home" "-e" "RUSTUP_HOME=/opt/rustwide/rustup-home" "-w" "/opt/rustwide/workdir" "-m" "1610612736" "--user" "0:0" "--network" "none" "ghcr.io/rust-lang/crates-build-env/linux@sha256:34b6a614d2c27851fe6cbf88fbd1137609cefab8b10d0615aaeb6fd47975d74e" "/opt/rustwide/cargo-home/bin/cargo" "+beta-2021-08-01" "metadata" "--no-deps" "--format-version=1", kill_on_drop: false }`
[INFO] [stdout] 68aa364ca9cccfc3fdd9a1ead535c9deae55c1e89e58bacda34e37dbae0d130d
[INFO] [stderr] WARNING: Your kernel does not support swap limit capabilities or the cgroup is not mounted. Memory limited without swap.
[INFO] running `Command { std: "docker" "start" "-a" "68aa364ca9cccfc3fdd9a1ead535c9deae55c1e89e58bacda34e37dbae0d130d", kill_on_drop: false }`
[INFO] running `Command { std: "docker" "inspect" "68aa364ca9cccfc3fdd9a1ead535c9deae55c1e89e58bacda34e37dbae0d130d", kill_on_drop: false }`
[INFO] running `Command { std: "docker" "rm" "-f" "68aa364ca9cccfc3fdd9a1ead535c9deae55c1e89e58bacda34e37dbae0d130d", kill_on_drop: false }`
[INFO] [stdout] 68aa364ca9cccfc3fdd9a1ead535c9deae55c1e89e58bacda34e37dbae0d130d
[INFO] running `Command { std: "docker" "create" "-v" "/var/lib/crater-agent-workspace/builds/worker-1/target:/opt/rustwide/target:rw,Z" "-v" "/var/lib/crater-agent-workspace/builds/worker-1/source:/opt/rustwide/workdir:ro,Z" "-v" "/var/lib/crater-agent-workspace/cargo-home:/opt/rustwide/cargo-home:ro,Z" "-v" "/var/lib/crater-agent-workspace/rustup-home:/opt/rustwide/rustup-home:ro,Z" "-e" "SOURCE_DIR=/opt/rustwide/workdir" "-e" "CARGO_TARGET_DIR=/opt/rustwide/target" "-e" "CARGO_INCREMENTAL=0" "-e" "RUST_BACKTRACE=full" "-e" "RUSTDOCFLAGS=--cap-lints=warn" "-e" "CARGO_HOME=/opt/rustwide/cargo-home" "-e" "RUSTUP_HOME=/opt/rustwide/rustup-home" "-w" "/opt/rustwide/workdir" "-m" "1610612736" "--user" "0:0" "--network" "none" "ghcr.io/rust-lang/crates-build-env/linux@sha256:34b6a614d2c27851fe6cbf88fbd1137609cefab8b10d0615aaeb6fd47975d74e" "/opt/rustwide/cargo-home/bin/cargo" "+beta-2021-08-01" "doc" "--frozen" "--no-deps" "--document-private-items" "--message-format=json", kill_on_drop: false }`
[INFO] [stderr] WARNING: Your kernel does not support swap limit capabilities or the cgroup is not mounted. Memory limited without swap.
[INFO] [stdout] afb11a2227b299c5fd90d6c732eb51788cb8e7410ceebeac128d52ad522ec26b
[INFO] running `Command { std: "docker" "start" "-a" "afb11a2227b299c5fd90d6c732eb51788cb8e7410ceebeac128d52ad522ec26b", kill_on_drop: false }`
[INFO] [stderr]    Compiling spirv-reflect v0.2.3
[INFO] [stderr]    Compiling libc v0.2.98
[INFO] [stderr]     Checking getrandom v0.2.3
[INFO] [stderr]     Checking inotify-sys v0.1.5
[INFO] [stderr]     Checking filetime v0.2.14
[INFO] [stderr]     Checking raw-window-handle v0.3.3
[INFO] [stderr]    Compiling toml v0.5.8
[INFO] [stderr]     Checking futures-lite v1.12.0
[INFO] [stderr]     Checking mio v0.7.13
[INFO] [stderr]    Compiling thiserror-impl v1.0.26
[INFO] [stderr]     Checking tracing v0.1.26
[INFO] [stderr]     Checking chrono v0.4.19
[INFO] [stderr]     Checking guillotiere v0.6.1
[INFO] [stderr]     Checking erased-serde v0.3.16
[INFO] [stderr]     Checking parking_lot_core v0.8.3
[INFO] [stderr]     Checking image v0.23.14
[INFO] [stderr]     Checking gltf-json v0.15.2
[INFO] [stderr]     Checking winit v0.24.0
[INFO] [stderr]     Checking inotify v0.9.3
[INFO] [stderr]     Checking uuid v0.8.2
[INFO] [stderr]     Checking ahash v0.7.4
[INFO] [stderr]     Checking rand_core v0.6.3
[INFO] [stderr]     Checking parking_lot v0.11.1
[INFO] [stdout] error: Please select a feature to build for unix: `x11`, `wayland`
[INFO] [stdout]   --> /opt/rustwide/cargo-home/registry/src/github.com-1ecc6299db9ec823/winit-0.24.0/src/platform_impl/linux/mod.rs:10:1
[INFO] [stdout]    |
[INFO] [stdout] 10 | compile_error!("Please select a feature to build for unix: `x11`, `wayland`");
[INFO] [stdout]    | ^^^^^^^^^^^^^^^^^^^^^^^^^^^^^^^^^^^^^^^^^^^^^^^^^^^^^^^^^^^^^^^^^^^^^^^^^^^^^^
[INFO] [stdout] 
[INFO] [stdout] 
[INFO] [stdout] error[E0392]: parameter `T` is never used
[INFO] [stdout]   --> /opt/rustwide/cargo-home/registry/src/github.com-1ecc6299db9ec823/winit-0.24.0/src/event_loop.rs:32:22
[INFO] [stdout]    |
[INFO] [stdout] 32 | pub struct EventLoop<T: 'static> {
[INFO] [stdout]    |                      ^ unused parameter
[INFO] [stdout]    |
[INFO] [stdout]    = help: consider removing `T`, referring to it in a field, or using a marker such as `PhantomData`
[INFO] [stdout]    = help: if you intended `T` to be a const parameter, use `const T: usize` instead
[INFO] [stdout] 
[INFO] [stdout] 
[INFO] [stdout] error[E0392]: parameter `T` is never used
[INFO] [stdout]   --> /opt/rustwide/cargo-home/registry/src/github.com-1ecc6299db9ec823/winit-0.24.0/src/event_loop.rs:43:34
[INFO] [stdout]    |
[INFO] [stdout] 43 | pub struct EventLoopWindowTarget<T: 'static> {
[INFO] [stdout]    |                                  ^ unused parameter
[INFO] [stdout]    |
[INFO] [stdout]    = help: consider removing `T`, referring to it in a field, or using a marker such as `PhantomData`
[INFO] [stdout]    = help: if you intended `T` to be a const parameter, use `const T: usize` instead
[INFO] [stdout] 
[INFO] [stdout] 
[INFO] [stdout] error[E0392]: parameter `T` is never used
[INFO] [stdout]    --> /opt/rustwide/cargo-home/registry/src/github.com-1ecc6299db9ec823/winit-0.24.0/src/event_loop.rs:196:27
[INFO] [stdout]     |
[INFO] [stdout] 196 | pub struct EventLoopProxy<T: 'static> {
[INFO] [stdout]     |                           ^ unused parameter
[INFO] [stdout]     |
[INFO] [stdout]     = help: consider removing `T`, referring to it in a field, or using a marker such as `PhantomData`
[INFO] [stdout]     = help: if you intended `T` to be a const parameter, use `const T: usize` instead
[INFO] [stdout] 
[INFO] [stdout] 
[INFO] [stdout] error[E0392]: parameter `T` is never used
[INFO] [stdout]    --> /opt/rustwide/cargo-home/registry/src/github.com-1ecc6299db9ec823/winit-0.24.0/src/platform_impl/linux/mod.rs:532:20
[INFO] [stdout]     |
[INFO] [stdout] 532 | pub enum EventLoop<T: 'static> {
[INFO] [stdout]     |                    ^ unused parameter
[INFO] [stdout]     |
[INFO] [stdout]     = help: consider removing `T`, referring to it in a field, or using a marker such as `PhantomData`
[INFO] [stdout]     = help: if you intended `T` to be a const parameter, use `const T: usize` instead
[INFO] [stdout] 
[INFO] [stdout] 
[INFO] [stdout] error[E0392]: parameter `T` is never used
[INFO] [stdout]    --> /opt/rustwide/cargo-home/registry/src/github.com-1ecc6299db9ec823/winit-0.24.0/src/platform_impl/linux/mod.rs:539:25
[INFO] [stdout]     |
[INFO] [stdout] 539 | pub enum EventLoopProxy<T: 'static> {
[INFO] [stdout]     |                         ^ unused parameter
[INFO] [stdout]     |
[INFO] [stdout]     = help: consider removing `T`, referring to it in a field, or using a marker such as `PhantomData`
[INFO] [stdout]     = help: if you intended `T` to be a const parameter, use `const T: usize` instead
[INFO] [stdout] 
[INFO] [stdout] 
[INFO] [stdout] error[E0392]: parameter `T` is never used
[INFO] [stdout]    --> /opt/rustwide/cargo-home/registry/src/github.com-1ecc6299db9ec823/winit-0.24.0/src/platform_impl/linux/mod.rs:666:32
[INFO] [stdout]     |
[INFO] [stdout] 666 | pub enum EventLoopWindowTarget<T> {
[INFO] [stdout]     |                                ^ unused parameter
[INFO] [stdout]     |
[INFO] [stdout]     = help: consider removing `T`, referring to it in a field, or using a marker such as `PhantomData`
[INFO] [stdout]     = help: if you intended `T` to be a const parameter, use `const T: usize` instead
[INFO] [stdout] 
[INFO] [stdout] 
[INFO] [stdout] error: aborting due to 7 previous errors
[INFO] [stdout] 
[INFO] [stdout] 
[INFO] [stdout] For more information about this error, try `rustc --explain E0392`.
[INFO] [stdout] 
[INFO] [stderr] error: could not compile `winit` due to 8 previous errors
[INFO] [stderr] warning: build failed, waiting for other jobs to finish...
[INFO] [stderr] error: build failed
[INFO] running `Command { std: "docker" "inspect" "afb11a2227b299c5fd90d6c732eb51788cb8e7410ceebeac128d52ad522ec26b", kill_on_drop: false }`
[INFO] running `Command { std: "docker" "rm" "-f" "afb11a2227b299c5fd90d6c732eb51788cb8e7410ceebeac128d52ad522ec26b", kill_on_drop: false }`
[INFO] [stdout] afb11a2227b299c5fd90d6c732eb51788cb8e7410ceebeac128d52ad522ec26b
