[INFO] cloning repository https://github.com/soareschen/substrate-node-test
[INFO] running `Command { std: "git" "-c" "credential.helper=" "-c" "credential.helper=/workspace/cargo-home/bin/git-credential-null" "clone" "--bare" "https://github.com/soareschen/substrate-node-test" "/workspace/cache/git-repos/https%3A%2F%2Fgithub.com%2Fsoareschen%2Fsubstrate-node-test", kill_on_drop: false }`
[INFO] [stderr] Cloning into bare repository '/workspace/cache/git-repos/https%3A%2F%2Fgithub.com%2Fsoareschen%2Fsubstrate-node-test'...
[INFO] running `Command { std: "git" "rev-parse" "HEAD", kill_on_drop: false }`
[INFO] [stdout] 5d54f0c71cfffcb6c7b2f6d56f411f9bba585ab6
[INFO] documenting soareschen/substrate-node-test against 1.54.0 for beta-1.55-rustdoc-1
[INFO] running `Command { std: "git" "clone" "/workspace/cache/git-repos/https%3A%2F%2Fgithub.com%2Fsoareschen%2Fsubstrate-node-test" "/workspace/builds/worker-3/source", kill_on_drop: false }`
[INFO] [stderr] Cloning into '/workspace/builds/worker-3/source'...
[INFO] [stderr] done.
[INFO] validating manifest of git repo https://github.com/soareschen/substrate-node-test on toolchain 1.54.0
[INFO] running `Command { std: "/workspace/cargo-home/bin/cargo" "+1.54.0" "metadata" "--manifest-path" "Cargo.toml" "--no-deps", kill_on_drop: false }`
[INFO] started tweaking git repo https://github.com/soareschen/substrate-node-test
[INFO] finished tweaking git repo https://github.com/soareschen/substrate-node-test
[INFO] tweaked toml for git repo https://github.com/soareschen/substrate-node-test written to /workspace/builds/worker-3/source/Cargo.toml
[INFO] crate git repo https://github.com/soareschen/substrate-node-test already has a lockfile, it will not be regenerated
[INFO] running `Command { std: "/workspace/cargo-home/bin/cargo" "+1.54.0" "fetch" "--manifest-path" "Cargo.toml", kill_on_drop: false }`
[INFO] [stderr]     Blocking waiting for file lock on package cache
[INFO] running `Command { std: "docker" "create" "-v" "/var/lib/crater-agent-workspace/builds/worker-3/target:/opt/rustwide/target:rw,Z" "-v" "/var/lib/crater-agent-workspace/builds/worker-3/source:/opt/rustwide/workdir:ro,Z" "-v" "/var/lib/crater-agent-workspace/cargo-home:/opt/rustwide/cargo-home:ro,Z" "-v" "/var/lib/crater-agent-workspace/rustup-home:/opt/rustwide/rustup-home:ro,Z" "-e" "SOURCE_DIR=/opt/rustwide/workdir" "-e" "CARGO_TARGET_DIR=/opt/rustwide/target" "-e" "CARGO_HOME=/opt/rustwide/cargo-home" "-e" "RUSTUP_HOME=/opt/rustwide/rustup-home" "-w" "/opt/rustwide/workdir" "-m" "1610612736" "--user" "0:0" "--network" "none" "ghcr.io/rust-lang/crates-build-env/linux@sha256:34b6a614d2c27851fe6cbf88fbd1137609cefab8b10d0615aaeb6fd47975d74e" "/opt/rustwide/cargo-home/bin/cargo" "+1.54.0" "metadata" "--no-deps" "--format-version=1", kill_on_drop: false }`
[INFO] [stdout] f49977a6b37083f3ed8bf078af3e157a3a103fa59074782bed4c6e61279c1873
[INFO] [stderr] WARNING: Your kernel does not support swap limit capabilities or the cgroup is not mounted. Memory limited without swap.
[INFO] running `Command { std: "docker" "start" "-a" "f49977a6b37083f3ed8bf078af3e157a3a103fa59074782bed4c6e61279c1873", kill_on_drop: false }`
[INFO] running `Command { std: "docker" "inspect" "f49977a6b37083f3ed8bf078af3e157a3a103fa59074782bed4c6e61279c1873", kill_on_drop: false }`
[INFO] running `Command { std: "docker" "rm" "-f" "f49977a6b37083f3ed8bf078af3e157a3a103fa59074782bed4c6e61279c1873", kill_on_drop: false }`
[INFO] [stdout] f49977a6b37083f3ed8bf078af3e157a3a103fa59074782bed4c6e61279c1873
[INFO] running `Command { std: "docker" "create" "-v" "/var/lib/crater-agent-workspace/builds/worker-3/target:/opt/rustwide/target:rw,Z" "-v" "/var/lib/crater-agent-workspace/builds/worker-3/source:/opt/rustwide/workdir:ro,Z" "-v" "/var/lib/crater-agent-workspace/cargo-home:/opt/rustwide/cargo-home:ro,Z" "-v" "/var/lib/crater-agent-workspace/rustup-home:/opt/rustwide/rustup-home:ro,Z" "-e" "SOURCE_DIR=/opt/rustwide/workdir" "-e" "CARGO_TARGET_DIR=/opt/rustwide/target" "-e" "CARGO_INCREMENTAL=0" "-e" "RUST_BACKTRACE=full" "-e" "RUSTDOCFLAGS=--cap-lints=warn" "-e" "CARGO_HOME=/opt/rustwide/cargo-home" "-e" "RUSTUP_HOME=/opt/rustwide/rustup-home" "-w" "/opt/rustwide/workdir" "-m" "1610612736" "--user" "0:0" "--network" "none" "ghcr.io/rust-lang/crates-build-env/linux@sha256:34b6a614d2c27851fe6cbf88fbd1137609cefab8b10d0615aaeb6fd47975d74e" "/opt/rustwide/cargo-home/bin/cargo" "+1.54.0" "doc" "--frozen" "--no-deps" "--document-private-items" "--message-format=json", kill_on_drop: false }`
[INFO] [stderr] WARNING: Your kernel does not support swap limit capabilities or the cgroup is not mounted. Memory limited without swap.
[INFO] [stdout] 203bd1c62fbd8044f616d722883da79eaf8f10c5684766802a074b4dbcfbd536
[INFO] running `Command { std: "docker" "start" "-a" "203bd1c62fbd8044f616d722883da79eaf8f10c5684766802a074b4dbcfbd536", kill_on_drop: false }`
[INFO] [stderr]    Compiling syn v1.0.73
[INFO] [stderr]    Compiling psm v0.1.13
[INFO] [stderr]     Checking simba v0.5.1
[INFO] [stderr]    Compiling node-template v3.0.0 (/opt/rustwide/workdir/node)
[INFO] [stderr]    Compiling zstd-sys v1.4.20+zstd.1.4.9
[INFO] [stderr]    Compiling backtrace v0.3.60
[INFO] [stderr]    Compiling ring v0.16.20
[INFO] [stderr]    Compiling blake3 v0.3.8
[INFO] [stderr]    Compiling libz-sys v1.1.3
[INFO] [stderr]    Compiling wasmtime-fiber v0.27.0
[INFO] [stderr]     Checking libsecp256k1 v0.3.5
[INFO] [stderr]     Checking fixed-hash v0.7.0
[INFO] [stderr]     Checking twox-hash v1.6.0
[INFO] [stderr]     Checking cuckoofilter v0.5.0
[INFO] [stderr]     Checking rand_distr v0.4.1
[INFO] [stderr]     Checking http-body v0.1.0
[INFO] [stderr]     Checking tempfile v3.2.0
[INFO] [stderr]     Checking wasmi v0.9.0
[INFO] [stderr]    Compiling librocksdb-sys v6.17.3
[INFO] [stderr]    Compiling wasmtime-runtime v0.27.0
[INFO] [stderr]     Checking flate2 v1.0.20
[INFO] [stderr]    Compiling snow v0.7.2
[INFO] [stderr]     Checking webpki v0.21.4
[INFO] [stderr]     Checking sct v0.6.1
[INFO] [stderr]     Checking webpki-roots v0.21.1
[INFO] [stderr]     Checking ct-logs v0.7.0
[INFO] [stderr]    Compiling synstructure v0.12.4
[INFO] [stderr]    Compiling proc-macro-error v1.0.4
[INFO] [stderr]    Compiling pest_generator v2.1.3
[INFO] [stderr] error: could not compile `simba`
[INFO] [stderr] 
[INFO] [stderr] Caused by:
[INFO] [stderr]   process didn't exit successfully: `rustc --crate-name simba --edition=2018 /opt/rustwide/cargo-home/registry/src/github.com-1ecc6299db9ec823/simba-0.5.1/src/lib.rs --error-format=json --json=diagnostic-rendered-ansi --crate-type lib --emit=dep-info,metadata -C embed-bitcode=no -C debuginfo=2 --cfg 'feature="std"' -C metadata=71a2cff2e056cdeb -C extra-filename=-71a2cff2e056cdeb --out-dir /opt/rustwide/target/debug/deps -L dependency=/opt/rustwide/target/debug/deps --extern approx=/opt/rustwide/target/debug/deps/libapprox-734f1b8fd884d1d0.rmeta --extern num_complex=/opt/rustwide/target/debug/deps/libnum_complex-01aecb8396fd4020.rmeta --extern num_traits=/opt/rustwide/target/debug/deps/libnum_traits-36945435b346d9c6.rmeta --extern paste=/opt/rustwide/target/debug/deps/libpaste-a0be09445a5b8225.so --cap-lints allow` (signal: 9, SIGKILL: kill)
[INFO] [stderr] warning: build failed, waiting for other jobs to finish...
[INFO] [stderr] The following warnings were emitted during compilation:
[INFO] [stderr] 
[INFO] [stderr] warning: cc: fatal error: Killed signal terminated program cc1
[INFO] [stderr] warning: compilation terminated.
[INFO] [stderr] 
[INFO] [stderr] The following warnings were emitted during compilation:
[INFO] [stderr] 
[INFO] [stderr] warning: c++: fatal error: Killed signal terminated program cc1plus
[INFO] [stderr] warning: compilation terminated.
[INFO] [stderr] warning: c++: fatal error: Killed signal terminated program cc1plus
[INFO] [stderr] warning: compilation terminated.
[INFO] [stderr] warning: c++: fatal error: Killed signal terminated program cc1plus
[INFO] [stderr] warning: compilation terminated.
[INFO] [stderr] warning: c++: fatal error: Killed signal terminated program cc1plus
[INFO] [stderr] warning: compilation terminated.
[INFO] [stderr] warning: c++: fatal error: Killed signal terminated program cc1plus
[INFO] [stderr] warning: compilation terminated.
[INFO] [stderr] warning: c++: fatal error: Killed signal terminated program cc1plus
[INFO] [stderr] warning: compilation terminated.
[INFO] [stderr] 
[INFO] [stderr] error: build failed
[INFO] running `Command { std: "docker" "inspect" "203bd1c62fbd8044f616d722883da79eaf8f10c5684766802a074b4dbcfbd536", kill_on_drop: false }`
[INFO] running `Command { std: "docker" "rm" "-f" "203bd1c62fbd8044f616d722883da79eaf8f10c5684766802a074b4dbcfbd536", kill_on_drop: false }`
[INFO] [stdout] 203bd1c62fbd8044f616d722883da79eaf8f10c5684766802a074b4dbcfbd536
