[INFO] cloning repository https://github.com/snipextt/sandbox
[INFO] running `Command { std: "git" "-c" "credential.helper=" "-c" "credential.helper=/workspace/cargo-home/bin/git-credential-null" "clone" "--bare" "https://github.com/snipextt/sandbox" "/workspace/cache/git-repos/https%3A%2F%2Fgithub.com%2Fsnipextt%2Fsandbox", kill_on_drop: false }`
[INFO] [stderr] Cloning into bare repository '/workspace/cache/git-repos/https%3A%2F%2Fgithub.com%2Fsnipextt%2Fsandbox'...
[INFO] running `Command { std: "git" "rev-parse" "HEAD", kill_on_drop: false }`
[INFO] [stdout] 6846860cc22149432895ae44a76dc92cd6a6058e
[INFO] documenting snipextt/sandbox against 1.54.0 for beta-1.55-rustdoc-1
[INFO] running `Command { std: "git" "clone" "/workspace/cache/git-repos/https%3A%2F%2Fgithub.com%2Fsnipextt%2Fsandbox" "/workspace/builds/worker-2/source", kill_on_drop: false }`
[INFO] [stderr] Cloning into '/workspace/builds/worker-2/source'...
[INFO] [stderr] done.
[INFO] validating manifest of git repo https://github.com/snipextt/sandbox on toolchain 1.54.0
[INFO] running `Command { std: "/workspace/cargo-home/bin/cargo" "+1.54.0" "metadata" "--manifest-path" "Cargo.toml" "--no-deps", kill_on_drop: false }`
[INFO] started tweaking git repo https://github.com/snipextt/sandbox
[INFO] finished tweaking git repo https://github.com/snipextt/sandbox
[INFO] tweaked toml for git repo https://github.com/snipextt/sandbox written to /workspace/builds/worker-2/source/Cargo.toml
[INFO] crate git repo https://github.com/snipextt/sandbox already has a lockfile, it will not be regenerated
[INFO] running `Command { std: "/workspace/cargo-home/bin/cargo" "+1.54.0" "fetch" "--manifest-path" "Cargo.toml", kill_on_drop: false }`
[INFO] running `Command { std: "docker" "create" "-v" "/var/lib/crater-agent-workspace/builds/worker-2/target:/opt/rustwide/target:rw,Z" "-v" "/var/lib/crater-agent-workspace/builds/worker-2/source:/opt/rustwide/workdir:ro,Z" "-v" "/var/lib/crater-agent-workspace/cargo-home:/opt/rustwide/cargo-home:ro,Z" "-v" "/var/lib/crater-agent-workspace/rustup-home:/opt/rustwide/rustup-home:ro,Z" "-e" "SOURCE_DIR=/opt/rustwide/workdir" "-e" "CARGO_TARGET_DIR=/opt/rustwide/target" "-e" "CARGO_HOME=/opt/rustwide/cargo-home" "-e" "RUSTUP_HOME=/opt/rustwide/rustup-home" "-w" "/opt/rustwide/workdir" "-m" "1610612736" "--user" "0:0" "--network" "none" "ghcr.io/rust-lang/crates-build-env/linux@sha256:34b6a614d2c27851fe6cbf88fbd1137609cefab8b10d0615aaeb6fd47975d74e" "/opt/rustwide/cargo-home/bin/cargo" "+1.54.0" "metadata" "--no-deps" "--format-version=1", kill_on_drop: false }`
[INFO] [stderr] WARNING: Your kernel does not support swap limit capabilities or the cgroup is not mounted. Memory limited without swap.
[INFO] [stdout] 97e9a9532298c9a09aa92ad26a933af336f569525dfcb00d1ac490d1dfbcff67
[INFO] running `Command { std: "docker" "start" "-a" "97e9a9532298c9a09aa92ad26a933af336f569525dfcb00d1ac490d1dfbcff67", kill_on_drop: false }`
[INFO] running `Command { std: "docker" "inspect" "97e9a9532298c9a09aa92ad26a933af336f569525dfcb00d1ac490d1dfbcff67", kill_on_drop: false }`
[INFO] running `Command { std: "docker" "rm" "-f" "97e9a9532298c9a09aa92ad26a933af336f569525dfcb00d1ac490d1dfbcff67", kill_on_drop: false }`
[INFO] [stdout] 97e9a9532298c9a09aa92ad26a933af336f569525dfcb00d1ac490d1dfbcff67
[INFO] running `Command { std: "docker" "create" "-v" "/var/lib/crater-agent-workspace/builds/worker-2/target:/opt/rustwide/target:rw,Z" "-v" "/var/lib/crater-agent-workspace/builds/worker-2/source:/opt/rustwide/workdir:ro,Z" "-v" "/var/lib/crater-agent-workspace/cargo-home:/opt/rustwide/cargo-home:ro,Z" "-v" "/var/lib/crater-agent-workspace/rustup-home:/opt/rustwide/rustup-home:ro,Z" "-e" "SOURCE_DIR=/opt/rustwide/workdir" "-e" "CARGO_TARGET_DIR=/opt/rustwide/target" "-e" "CARGO_INCREMENTAL=0" "-e" "RUST_BACKTRACE=full" "-e" "RUSTDOCFLAGS=--cap-lints=warn" "-e" "CARGO_HOME=/opt/rustwide/cargo-home" "-e" "RUSTUP_HOME=/opt/rustwide/rustup-home" "-w" "/opt/rustwide/workdir" "-m" "1610612736" "--user" "0:0" "--network" "none" "ghcr.io/rust-lang/crates-build-env/linux@sha256:34b6a614d2c27851fe6cbf88fbd1137609cefab8b10d0615aaeb6fd47975d74e" "/opt/rustwide/cargo-home/bin/cargo" "+1.54.0" "doc" "--frozen" "--no-deps" "--document-private-items" "--message-format=json", kill_on_drop: false }`
[INFO] [stdout] 3e95b5a642e9b7bd38604e258cc2f37d2450c01fec8e77e9f439ff212fcb9ba9
[INFO] [stderr] WARNING: Your kernel does not support swap limit capabilities or the cgroup is not mounted. Memory limited without swap.
[INFO] running `Command { std: "docker" "start" "-a" "3e95b5a642e9b7bd38604e258cc2f37d2450c01fec8e77e9f439ff212fcb9ba9", kill_on_drop: false }`
[INFO] [stderr]    Compiling syn v1.0.73
[INFO] [stderr]    Compiling mediasoup-sys v0.2.2
[INFO] [stderr]     Checking lru v0.6.5
[INFO] [stderr]     Checking futures-micro v0.5.0
[INFO] [stderr]     Checking futures-lite v1.12.0
[INFO] [stderr]     Checking polling v2.1.0
[INFO] [stderr]     Checking getrandom v0.2.3
[INFO] [stderr]    Compiling paste v0.1.18
[INFO] [stderr]    Compiling bitpattern v0.1.0
[INFO] [stderr]     Checking async-oneshot v0.5.0
[INFO] [stderr]     Checking blocking v1.0.2
[INFO] [stderr]     Checking async-executor v1.4.1
[INFO] [stderr]     Checking async-io v1.6.0
[INFO] [stderr] error: failed to run custom build command for `mediasoup-sys v0.2.2`
[INFO] [stderr] 
[INFO] [stderr] Caused by:
[INFO] [stderr]   process didn't exit successfully: `/opt/rustwide/target/debug/build/mediasoup-sys-2eaf74180b784d8e/build-script-build` (exit status: 101)
[INFO] [stderr]   --- stdout
[INFO] [stderr]   cargo:rustc-link-search=native=/usr/lib/gcc/x86_64-linux-gnu/9/
[INFO] [stderr]   cargo:rustc-link-lib=static=stdc++
[INFO] [stderr]   /usr/bin/python2 ./scripts/configure.py -R libmediasoup-worker
[INFO] [stderr]   ['-R', 'libmediasoup-worker', '/opt/rustwide/cargo-home/registry/src/github.com-1ecc6299db9ec823/mediasoup-sys-0.2.2/mediasoup-worker.gyp', '-I', '/opt/rustwide/cargo-home/registry/src/github.com-1ecc6299db9ec823/mediasoup-sys-0.2.2/common.gypi', '--depth=.', '-f', 'make', '-Goutput_dir=/opt/rustwide/cargo-home/registry/src/github.com-1ecc6299db9ec823/mediasoup-sys-0.2.2/out', '--generator-output', '/opt/rustwide/cargo-home/registry/src/github.com-1ecc6299db9ec823/mediasoup-sys-0.2.2/out', '-Dgcc_version=93', '-Dclang=0', '-Dhost_arch=x64', '-Dtarget_arch=x64', '-Dopenssl_fips=', '-Dmediasoup_asan=false', '-Dnode_byteorder=little']
[INFO] [stderr] 
[INFO] [stderr]   --- stderr
[INFO] [stderr]   Traceback (most recent call last):
[INFO] [stderr]     File "./scripts/configure.py", line 113, in <module>
[INFO] [stderr]       run_gyp(gyp_args)
[INFO] [stderr]     File "./scripts/configure.py", line 51, in run_gyp
[INFO] [stderr]       rc = gyp.main(args)
[INFO] [stderr]     File "./deps/gyp/pylib/gyp/__init__.py", line 545, in main
[INFO] [stderr]       return gyp_main(args)
[INFO] [stderr]     File "./deps/gyp/pylib/gyp/__init__.py", line 530, in gyp_main
[INFO] [stderr]       generator.GenerateOutput(flat_list, targets, data, params)
[INFO] [stderr]     File "./deps/gyp/pylib/gyp/generator/make.py", line 2147, in GenerateOutput
[INFO] [stderr]       root_makefile = open(makefile_path, 'w')
[INFO] [stderr]   IOError: [Errno 2] No such file or directory: '/opt/rustwide/cargo-home/registry/src/github.com-1ecc6299db9ec823/mediasoup-sys-0.2.2/out/Makefile'
[INFO] [stderr]   make: *** [Makefile:113: libmediasoup-worker] Error 1
[INFO] [stderr]   thread 'main' panicked at 'Failed to build libmediasoup-worker', /opt/rustwide/cargo-home/registry/src/github.com-1ecc6299db9ec823/mediasoup-sys-0.2.2/build.rs:128:13
[INFO] [stderr]   stack backtrace:
[INFO] [stderr]      0:     0x56374963a880 - std::backtrace_rs::backtrace::libunwind::trace::h34055254b57d8e79
[INFO] [stderr]                                  at /rustc/a178d0322ce20e33eac124758e837cbd80a6f633/library/std/src/../../backtrace/src/backtrace/libunwind.rs:90:5
[INFO] [stderr]      1:     0x56374963a880 - std::backtrace_rs::backtrace::trace_unsynchronized::h8f1e3fbd9afff6ec
[INFO] [stderr]                                  at /rustc/a178d0322ce20e33eac124758e837cbd80a6f633/library/std/src/../../backtrace/src/backtrace/mod.rs:66:5
[INFO] [stderr]      2:     0x56374963a880 - std::sys_common::backtrace::_print_fmt::h3a99a796b770c360
[INFO] [stderr]                                  at /rustc/a178d0322ce20e33eac124758e837cbd80a6f633/library/std/src/sys_common/backtrace.rs:67:5
[INFO] [stderr]      3:     0x56374963a880 - <std::sys_common::backtrace::_print::DisplayBacktrace as core::fmt::Display>::fmt::h32d1f94a80615d18
[INFO] [stderr]                                  at /rustc/a178d0322ce20e33eac124758e837cbd80a6f633/library/std/src/sys_common/backtrace.rs:46:22
[INFO] [stderr]      4:     0x5637496581ec - core::fmt::write::h306731c068f7162c
[INFO] [stderr]                                  at /rustc/a178d0322ce20e33eac124758e837cbd80a6f633/library/core/src/fmt/mod.rs:1110:17
[INFO] [stderr]      5:     0x5637496386e5 - std::io::Write::write_fmt::hd2fa90334eee2a21
[INFO] [stderr]                                  at /rustc/a178d0322ce20e33eac124758e837cbd80a6f633/library/std/src/io/mod.rs:1588:15
[INFO] [stderr]      6:     0x56374963c5cb - std::sys_common::backtrace::_print::h5abaa2601a852287
[INFO] [stderr]                                  at /rustc/a178d0322ce20e33eac124758e837cbd80a6f633/library/std/src/sys_common/backtrace.rs:49:5
[INFO] [stderr]      7:     0x56374963c5cb - std::sys_common::backtrace::print::h8d81445442bb638f
[INFO] [stderr]                                  at /rustc/a178d0322ce20e33eac124758e837cbd80a6f633/library/std/src/sys_common/backtrace.rs:36:9
[INFO] [stderr]      8:     0x56374963c5cb - std::panicking::default_hook::{{closure}}::hcfe804496a9fa747
[INFO] [stderr]                                  at /rustc/a178d0322ce20e33eac124758e837cbd80a6f633/library/std/src/panicking.rs:208:50
[INFO] [stderr]      9:     0x56374963c0a1 - std::panicking::default_hook::hbea8e3ccf2ba8901
[INFO] [stderr]                                  at /rustc/a178d0322ce20e33eac124758e837cbd80a6f633/library/std/src/panicking.rs:225:9
[INFO] [stderr]     10:     0x56374963cc94 - std::panicking::rust_panic_with_hook::h7ee9e1a2d0f8975a
[INFO] [stderr]                                  at /rustc/a178d0322ce20e33eac124758e837cbd80a6f633/library/std/src/panicking.rs:622:17
[INFO] [stderr]     11:     0x5637496252ef - std::panicking::begin_panic::{{closure}}::h12f551f486482505
[INFO] [stderr]                                  at /rustc/a178d0322ce20e33eac124758e837cbd80a6f633/library/std/src/panicking.rs:542:9
[INFO] [stderr]     12:     0x56374961e698 - std::sys_common::backtrace::__rust_end_short_backtrace::he511b9b10eb9ff25
[INFO] [stderr]                                  at /rustc/a178d0322ce20e33eac124758e837cbd80a6f633/library/std/src/sys_common/backtrace.rs:141:18
[INFO] [stderr]     13:     0x563749625235 - std::panicking::begin_panic::hbc5dd29b8f3c582c
[INFO] [stderr]                                  at /rustc/a178d0322ce20e33eac124758e837cbd80a6f633/library/std/src/panicking.rs:541:12
[INFO] [stderr]     14:     0x56374961d9ca - build_script_build::main::h30bf55a6ea2714a5
[INFO] [stderr]                                  at /opt/rustwide/cargo-home/registry/src/github.com-1ecc6299db9ec823/mediasoup-sys-0.2.2/build.rs:128:13
[INFO] [stderr]     15:     0x56374962126b - core::ops::function::FnOnce::call_once::he11d5408669a5816
[INFO] [stderr]                                  at /rustc/a178d0322ce20e33eac124758e837cbd80a6f633/library/core/src/ops/function.rs:227:5
[INFO] [stderr]     16:     0x56374961e6de - std::sys_common::backtrace::__rust_begin_short_backtrace::h9cfce78dec3c2d4c
[INFO] [stderr]                                  at /rustc/a178d0322ce20e33eac124758e837cbd80a6f633/library/std/src/sys_common/backtrace.rs:125:18
[INFO] [stderr]     17:     0x563749624811 - std::rt::lang_start::{{closure}}::h55d7eea60d32044e
[INFO] [stderr]                                  at /rustc/a178d0322ce20e33eac124758e837cbd80a6f633/library/std/src/rt.rs:49:18
[INFO] [stderr]     18:     0x56374963d199 - core::ops::function::impls::<impl core::ops::function::FnOnce<A> for &F>::call_once::h2aabc384aab89b7b
[INFO] [stderr]                                  at /rustc/a178d0322ce20e33eac124758e837cbd80a6f633/library/core/src/ops/function.rs:259:13
[INFO] [stderr]     19:     0x56374963d199 - std::panicking::try::do_call::hc5fcacb7a85fc7b1
[INFO] [stderr]                                  at /rustc/a178d0322ce20e33eac124758e837cbd80a6f633/library/std/src/panicking.rs:401:40
[INFO] [stderr]     20:     0x56374963d199 - std::panicking::try::hb5d9603af3abbe3a
[INFO] [stderr]                                  at /rustc/a178d0322ce20e33eac124758e837cbd80a6f633/library/std/src/panicking.rs:365:19
[INFO] [stderr]     21:     0x56374963d199 - std::panic::catch_unwind::h98fe6ac3925e64b4
[INFO] [stderr]                                  at /rustc/a178d0322ce20e33eac124758e837cbd80a6f633/library/std/src/panic.rs:434:14
[INFO] [stderr]     22:     0x56374963d199 - std::rt::lang_start_internal::h22ac7383c516f93e
[INFO] [stderr]                                  at /rustc/a178d0322ce20e33eac124758e837cbd80a6f633/library/std/src/rt.rs:34:21
[INFO] [stderr]     23:     0x5637496247f0 - std::rt::lang_start::h9c0f262449cfa29a
[INFO] [stderr]                                  at /rustc/a178d0322ce20e33eac124758e837cbd80a6f633/library/std/src/rt.rs:48:5
[INFO] [stderr]     24:     0x56374961e57c - main
[INFO] [stderr]     25:     0x7f5aad5850b3 - __libc_start_main
[INFO] [stderr]     26:     0x56374961ba2e - _start
[INFO] [stderr]     27:                0x0 - <unknown>
[INFO] [stderr] warning: build failed, waiting for other jobs to finish...
[INFO] [stderr] error: build failed
[INFO] running `Command { std: "docker" "inspect" "3e95b5a642e9b7bd38604e258cc2f37d2450c01fec8e77e9f439ff212fcb9ba9", kill_on_drop: false }`
[INFO] running `Command { std: "docker" "rm" "-f" "3e95b5a642e9b7bd38604e258cc2f37d2450c01fec8e77e9f439ff212fcb9ba9", kill_on_drop: false }`
[INFO] [stdout] 3e95b5a642e9b7bd38604e258cc2f37d2450c01fec8e77e9f439ff212fcb9ba9
