[INFO] cloning repository https://github.com/snaphat/smartplug_slack_notifier
[INFO] running `Command { std: "git" "-c" "credential.helper=" "-c" "credential.helper=/workspace/cargo-home/bin/git-credential-null" "clone" "--bare" "https://github.com/snaphat/smartplug_slack_notifier" "/workspace/cache/git-repos/https%3A%2F%2Fgithub.com%2Fsnaphat%2Fsmartplug_slack_notifier", kill_on_drop: false }`
[INFO] [stderr] Cloning into bare repository '/workspace/cache/git-repos/https%3A%2F%2Fgithub.com%2Fsnaphat%2Fsmartplug_slack_notifier'...
[INFO] running `Command { std: "git" "rev-parse" "HEAD", kill_on_drop: false }`
[INFO] [stdout] 01b125d19de54878201b1d5b2a775a97b653b166
[INFO] documenting snaphat/smartplug_slack_notifier against 1.54.0 for beta-1.55-rustdoc-1
[INFO] running `Command { std: "git" "clone" "/workspace/cache/git-repos/https%3A%2F%2Fgithub.com%2Fsnaphat%2Fsmartplug_slack_notifier" "/workspace/builds/worker-2/source", kill_on_drop: false }`
[INFO] [stderr] Cloning into '/workspace/builds/worker-2/source'...
[INFO] [stderr] done.
[INFO] validating manifest of git repo https://github.com/snaphat/smartplug_slack_notifier on toolchain 1.54.0
[INFO] running `Command { std: "/workspace/cargo-home/bin/cargo" "+1.54.0" "metadata" "--manifest-path" "Cargo.toml" "--no-deps", kill_on_drop: false }`
[INFO] started tweaking git repo https://github.com/snaphat/smartplug_slack_notifier
[INFO] finished tweaking git repo https://github.com/snaphat/smartplug_slack_notifier
[INFO] tweaked toml for git repo https://github.com/snaphat/smartplug_slack_notifier written to /workspace/builds/worker-2/source/Cargo.toml
[INFO] crate git repo https://github.com/snaphat/smartplug_slack_notifier already has a lockfile, it will not be regenerated
[INFO] running `Command { std: "/workspace/cargo-home/bin/cargo" "+1.54.0" "fetch" "--manifest-path" "Cargo.toml", kill_on_drop: false }`
[INFO] [stderr]     Blocking waiting for file lock on package cache
[INFO] [stderr]     Blocking waiting for file lock on package cache
[INFO] running `Command { std: "docker" "create" "-v" "/var/lib/crater-agent-workspace/builds/worker-2/target:/opt/rustwide/target:rw,Z" "-v" "/var/lib/crater-agent-workspace/builds/worker-2/source:/opt/rustwide/workdir:ro,Z" "-v" "/var/lib/crater-agent-workspace/cargo-home:/opt/rustwide/cargo-home:ro,Z" "-v" "/var/lib/crater-agent-workspace/rustup-home:/opt/rustwide/rustup-home:ro,Z" "-e" "SOURCE_DIR=/opt/rustwide/workdir" "-e" "CARGO_TARGET_DIR=/opt/rustwide/target" "-e" "CARGO_HOME=/opt/rustwide/cargo-home" "-e" "RUSTUP_HOME=/opt/rustwide/rustup-home" "-w" "/opt/rustwide/workdir" "-m" "1610612736" "--user" "0:0" "--network" "none" "ghcr.io/rust-lang/crates-build-env/linux@sha256:34b6a614d2c27851fe6cbf88fbd1137609cefab8b10d0615aaeb6fd47975d74e" "/opt/rustwide/cargo-home/bin/cargo" "+1.54.0" "metadata" "--no-deps" "--format-version=1", kill_on_drop: false }`
[INFO] [stderr] WARNING: Your kernel does not support swap limit capabilities or the cgroup is not mounted. Memory limited without swap.
[INFO] [stdout] 6f0e0f371e54e1f9adab0ea74cf969fc275ca42a174bfe7447c4d72a098a5667
[INFO] running `Command { std: "docker" "start" "-a" "6f0e0f371e54e1f9adab0ea74cf969fc275ca42a174bfe7447c4d72a098a5667", kill_on_drop: false }`
[INFO] running `Command { std: "docker" "inspect" "6f0e0f371e54e1f9adab0ea74cf969fc275ca42a174bfe7447c4d72a098a5667", kill_on_drop: false }`
[INFO] running `Command { std: "docker" "rm" "-f" "6f0e0f371e54e1f9adab0ea74cf969fc275ca42a174bfe7447c4d72a098a5667", kill_on_drop: false }`
[INFO] [stdout] 6f0e0f371e54e1f9adab0ea74cf969fc275ca42a174bfe7447c4d72a098a5667
[INFO] running `Command { std: "docker" "create" "-v" "/var/lib/crater-agent-workspace/builds/worker-2/target:/opt/rustwide/target:rw,Z" "-v" "/var/lib/crater-agent-workspace/builds/worker-2/source:/opt/rustwide/workdir:ro,Z" "-v" "/var/lib/crater-agent-workspace/cargo-home:/opt/rustwide/cargo-home:ro,Z" "-v" "/var/lib/crater-agent-workspace/rustup-home:/opt/rustwide/rustup-home:ro,Z" "-e" "SOURCE_DIR=/opt/rustwide/workdir" "-e" "CARGO_TARGET_DIR=/opt/rustwide/target" "-e" "CARGO_INCREMENTAL=0" "-e" "RUST_BACKTRACE=full" "-e" "RUSTDOCFLAGS=--cap-lints=warn" "-e" "CARGO_HOME=/opt/rustwide/cargo-home" "-e" "RUSTUP_HOME=/opt/rustwide/rustup-home" "-w" "/opt/rustwide/workdir" "-m" "1610612736" "--user" "0:0" "--network" "none" "ghcr.io/rust-lang/crates-build-env/linux@sha256:34b6a614d2c27851fe6cbf88fbd1137609cefab8b10d0615aaeb6fd47975d74e" "/opt/rustwide/cargo-home/bin/cargo" "+1.54.0" "doc" "--frozen" "--no-deps" "--document-private-items" "--message-format=json", kill_on_drop: false }`
[INFO] [stdout] 04c5394cebc428053d8cb38da8e63ca4220d61c63deb6dd24979aa1c078d1c21
[INFO] [stderr] WARNING: Your kernel does not support swap limit capabilities or the cgroup is not mounted. Memory limited without swap.
[INFO] running `Command { std: "docker" "start" "-a" "04c5394cebc428053d8cb38da8e63ca4220d61c63deb6dd24979aa1c078d1c21", kill_on_drop: false }`
[INFO] [stderr]    Compiling openssl v0.10.31
[INFO] [stderr]     Checking windows-service v0.3.1
[INFO] [stderr]     Checking whoami v1.0.0
[INFO] [stderr]     Checking http v0.2.2
[INFO] [stderr]     Checking iovec v0.1.4
[INFO] [stderr]     Checking net2 v0.2.37
[INFO] [stderr]     Checking openssl-sys v0.9.59
[INFO] [stderr]    Compiling native-tls v0.2.6
[INFO] [stderr]     Checking socket2 v0.3.17
[INFO] [stderr]    Compiling pin-project-internal v0.4.27
[INFO] [stderr]    Compiling serde_derive v1.0.118
[INFO] [stderr]    Compiling async-trait v0.1.42
[INFO] [stderr]     Checking async-compression v0.3.6
[INFO] [stderr]     Checking futures-util v0.3.8
[INFO] [stderr]     Checking mio v0.6.23
[INFO] [stderr]     Checking tokio v0.2.24
[INFO] [stderr]     Checking http-body v0.3.1
[INFO] [stderr]     Checking pin-project v0.4.27
[INFO] [stderr]     Checking tracing-futures v0.2.4
[INFO] [stderr]     Checking tokio-util v0.3.1
[INFO] [stderr]     Checking tokio-tls v0.3.1
[INFO] [stderr]     Checking h2 v0.2.7
[INFO] [stderr]     Checking serde v1.0.118
[INFO] [stderr]     Checking hyper v0.13.9
[INFO] [stderr]     Checking serde_urlencoded v0.7.0
[INFO] [stderr]     Checking serde_json v1.0.60
[INFO] [stderr]     Checking hs100api v0.1.1
[INFO] [stderr]     Checking hyper-tls v0.4.3
[INFO] [stderr]     Checking reqwest v0.10.10
[INFO] [stderr]     Checking slack_api v0.23.1
[INFO] [stderr]  Documenting smartplug_slack_notifier v0.1.2 (/opt/rustwide/workdir)
[INFO] [stdout] error[E0432]: unresolved imports `windows_service::define_windows_service`, `windows_service::service`, `windows_service::service_control_handler`, `windows_service::service_control_handler`, `windows_service::service_dispatcher`, `windows_service::service_manager`, `windows_service::Result`
[INFO] [stdout]   --> src/service.rs:4:5
[INFO] [stdout]    |
[INFO] [stdout] 4  |     define_windows_service,
[INFO] [stdout]    |     ^^^^^^^^^^^^^^^^^^^^^^ no `define_windows_service` in the root
[INFO] [stdout] 5  |     service::{
[INFO] [stdout]    |     ^^^^^^^ could not find `service` in `windows_service`
[INFO] [stdout] ...
[INFO] [stdout] 9  |     service_control_handler::{self, ServiceControlHandlerResult},
[INFO] [stdout]    |     ^^^^^^^^^^^^^^^^^^^^^^^   ^^^^ no `service_control_handler` in the root
[INFO] [stdout]    |     |
[INFO] [stdout]    |     could not find `service_control_handler` in `windows_service`
[INFO] [stdout] 10 |     service_dispatcher,
[INFO] [stdout]    |     ^^^^^^^^^^^^^^^^^^ no `service_dispatcher` in the root
[INFO] [stdout] 11 |     service_manager::{ServiceManager, ServiceManagerAccess},
[INFO] [stdout]    |     ^^^^^^^^^^^^^^^ could not find `service_manager` in `windows_service`
[INFO] [stdout] 12 |     Result,
[INFO] [stdout]    |     ^^^^^^ no `Result` in the root
[INFO] [stdout] 
[INFO] [stdout] 
[INFO] [stdout] error: cannot determine resolution for the macro `define_windows_service`
[INFO] [stdout]   --> src/service.rs:75:1
[INFO] [stdout]    |
[INFO] [stdout] 75 | define_windows_service!(ffi_service_main, my_service_main);
[INFO] [stdout]    | ^^^^^^^^^^^^^^^^^^^^^^
[INFO] [stdout]    |
[INFO] [stdout]    = note: import resolution is stuck, try simplifying macro imports
[INFO] [stdout] 
[INFO] [stdout] 
[INFO] [stdout] error[E0412]: cannot find type `Result` in crate `windows_service`
[INFO] [stdout]   --> src/service.rs:20:51
[INFO] [stdout]    |
[INFO] [stdout] 20 | pub fn unregister(name: &str) -> windows_service::Result<()> {
[INFO] [stdout]    |                                                   ^^^^^^ not found in `windows_service`
[INFO] [stdout]    |
[INFO] [stdout] help: consider importing one of these items
[INFO] [stdout]    |
[INFO] [stdout] 3  | use core::fmt::Result;
[INFO] [stdout]    |
[INFO] [stdout] 3  | use core::result::Result;
[INFO] [stdout]    |
[INFO] [stdout] 3  | use crate::service::thread::Result;
[INFO] [stdout]    |
[INFO] [stdout] 3  | use serde::export::Result;
[INFO] [stdout]    |
[INFO] [stdout]      and 6 other candidates
[INFO] [stdout] 
[INFO] [stdout] 
[INFO] [stdout] error[E0412]: cannot find type `Result` in crate `windows_service`
[INFO] [stdout]   --> src/service.rs:38:49
[INFO] [stdout]    |
[INFO] [stdout] 38 | pub fn register(name: &str) -> windows_service::Result<()> {
[INFO] [stdout]    |                                                 ^^^^^^ not found in `windows_service`
[INFO] [stdout]    |
[INFO] [stdout] help: consider importing one of these items
[INFO] [stdout]    |
[INFO] [stdout] 3  | use core::fmt::Result;
[INFO] [stdout]    |
[INFO] [stdout] 3  | use core::result::Result;
[INFO] [stdout]    |
[INFO] [stdout] 3  | use crate::service::thread::Result;
[INFO] [stdout]    |
[INFO] [stdout] 3  | use serde::export::Result;
[INFO] [stdout]    |
[INFO] [stdout]      and 6 other candidates
[INFO] [stdout] 
[INFO] [stdout] 
[INFO] [stdout] error[E0412]: cannot find type `OsString` in this scope
[INFO] [stdout]    --> src/service.rs:80:40
[INFO] [stdout]     |
[INFO] [stdout] 80  |   pub fn my_service_main(_arguments: Vec<OsString>) {
[INFO] [stdout]     |                                          ^^^^^^^^
[INFO] [stdout]     |
[INFO] [stdout] help: a struct with a similar name exists
[INFO] [stdout]     |
[INFO] [stdout] 80  | pub fn my_service_main(_arguments: Vec<String>) {
[INFO] [stdout]     |                                        ^^^^^^
[INFO] [stdout] help: consider importing this struct
[INFO] [stdout]     |
[INFO] [stdout] 3   | use std::ffi::OsString;
[INFO] [stdout]     |
[INFO] [stdout] 
[INFO] [stdout] 
[INFO] [stdout] error: Compilation failed, aborting rustdoc
[INFO] [stdout] 
[INFO] [stdout] 
[INFO] [stdout] error: aborting due to 6 previous errors
[INFO] [stdout] 
[INFO] [stdout] 
[INFO] [stdout] Some errors have detailed explanations: E0412, E0432.
[INFO] [stdout] 
[INFO] [stdout] For more information about an error, try `rustc --explain E0412`.
[INFO] [stdout] 
[INFO] [stderr] error: could not document `smartplug_slack_notifier`
[INFO] [stderr] 
[INFO] [stderr] Caused by:
[INFO] [stderr]   process didn't exit successfully: `rustdoc --edition=2018 --crate-type bin --crate-name smartplug_slack_notifier src/main.rs -o /opt/rustwide/target/doc --error-format=json --json=diagnostic-rendered-ansi --document-private-items -L dependency=/opt/rustwide/target/debug/deps --extern hs100api=/opt/rustwide/target/debug/deps/libhs100api-f40a43c01ac16af3.rmeta --extern serde=/opt/rustwide/target/debug/deps/libserde-3044ff3ad45808b3.rmeta --extern serde_derive=/opt/rustwide/target/debug/deps/libserde_derive-541614d67c24e73f.so --extern serde_json=/opt/rustwide/target/debug/deps/libserde_json-2d554faa0c48826b.rmeta --extern slack_api=/opt/rustwide/target/debug/deps/libslack_api-4fedcd564096894f.rmeta --extern whoami=/opt/rustwide/target/debug/deps/libwhoami-4db8552d66629f22.rmeta --extern windows_service=/opt/rustwide/target/debug/deps/libwindows_service-e7d1d9c9f09e53c4.rmeta --cap-lints=warn --crate-version 0.1.2` (exit status: 1)
[INFO] running `Command { std: "docker" "inspect" "04c5394cebc428053d8cb38da8e63ca4220d61c63deb6dd24979aa1c078d1c21", kill_on_drop: false }`
[INFO] running `Command { std: "docker" "rm" "-f" "04c5394cebc428053d8cb38da8e63ca4220d61c63deb6dd24979aa1c078d1c21", kill_on_drop: false }`
[INFO] [stdout] 04c5394cebc428053d8cb38da8e63ca4220d61c63deb6dd24979aa1c078d1c21
