[INFO] cloning repository https://github.com/sn99/mandelbrot-vulkan
[INFO] running `Command { std: "git" "-c" "credential.helper=" "-c" "credential.helper=/workspace/cargo-home/bin/git-credential-null" "clone" "--bare" "https://github.com/sn99/mandelbrot-vulkan" "/workspace/cache/git-repos/https%3A%2F%2Fgithub.com%2Fsn99%2Fmandelbrot-vulkan", kill_on_drop: false }`
[INFO] [stderr] Cloning into bare repository '/workspace/cache/git-repos/https%3A%2F%2Fgithub.com%2Fsn99%2Fmandelbrot-vulkan'...
[INFO] running `Command { std: "git" "rev-parse" "HEAD", kill_on_drop: false }`
[INFO] [stdout] ede5b4ae44855985dff089a2e637c310e2b511fd
[INFO] documenting sn99/mandelbrot-vulkan against 1.54.0 for beta-1.55-rustdoc-1
[INFO] running `Command { std: "git" "clone" "/workspace/cache/git-repos/https%3A%2F%2Fgithub.com%2Fsn99%2Fmandelbrot-vulkan" "/workspace/builds/worker-4/source", kill_on_drop: false }`
[INFO] [stderr] Cloning into '/workspace/builds/worker-4/source'...
[INFO] [stderr] done.
[INFO] validating manifest of git repo https://github.com/sn99/mandelbrot-vulkan on toolchain 1.54.0
[INFO] running `Command { std: "/workspace/cargo-home/bin/cargo" "+1.54.0" "metadata" "--manifest-path" "Cargo.toml" "--no-deps", kill_on_drop: false }`
[INFO] started tweaking git repo https://github.com/sn99/mandelbrot-vulkan
[INFO] finished tweaking git repo https://github.com/sn99/mandelbrot-vulkan
[INFO] tweaked toml for git repo https://github.com/sn99/mandelbrot-vulkan written to /workspace/builds/worker-4/source/Cargo.toml
[INFO] running `Command { std: "/workspace/cargo-home/bin/cargo" "+1.54.0" "generate-lockfile" "--manifest-path" "Cargo.toml" "-Zno-index-update", kill_on_drop: false }`
[INFO] running `Command { std: "/workspace/cargo-home/bin/cargo" "+1.54.0" "fetch" "--manifest-path" "Cargo.toml", kill_on_drop: false }`
[INFO] [stderr]     Blocking waiting for file lock on package cache
[INFO] running `Command { std: "docker" "create" "-v" "/var/lib/crater-agent-workspace/builds/worker-4/target:/opt/rustwide/target:rw,Z" "-v" "/var/lib/crater-agent-workspace/builds/worker-4/source:/opt/rustwide/workdir:ro,Z" "-v" "/var/lib/crater-agent-workspace/cargo-home:/opt/rustwide/cargo-home:ro,Z" "-v" "/var/lib/crater-agent-workspace/rustup-home:/opt/rustwide/rustup-home:ro,Z" "-e" "SOURCE_DIR=/opt/rustwide/workdir" "-e" "CARGO_TARGET_DIR=/opt/rustwide/target" "-e" "CARGO_HOME=/opt/rustwide/cargo-home" "-e" "RUSTUP_HOME=/opt/rustwide/rustup-home" "-w" "/opt/rustwide/workdir" "-m" "1610612736" "--user" "0:0" "--network" "none" "ghcr.io/rust-lang/crates-build-env/linux@sha256:34b6a614d2c27851fe6cbf88fbd1137609cefab8b10d0615aaeb6fd47975d74e" "/opt/rustwide/cargo-home/bin/cargo" "+1.54.0" "metadata" "--no-deps" "--format-version=1", kill_on_drop: false }`
[INFO] [stderr] WARNING: Your kernel does not support swap limit capabilities or the cgroup is not mounted. Memory limited without swap.
[INFO] [stdout] aaba69cfc2e76dac24da1a6c59989111c0759f7b89e6715ca65dff284539590a
[INFO] running `Command { std: "docker" "start" "-a" "aaba69cfc2e76dac24da1a6c59989111c0759f7b89e6715ca65dff284539590a", kill_on_drop: false }`
[INFO] running `Command { std: "docker" "inspect" "aaba69cfc2e76dac24da1a6c59989111c0759f7b89e6715ca65dff284539590a", kill_on_drop: false }`
[INFO] running `Command { std: "docker" "rm" "-f" "aaba69cfc2e76dac24da1a6c59989111c0759f7b89e6715ca65dff284539590a", kill_on_drop: false }`
[INFO] [stdout] aaba69cfc2e76dac24da1a6c59989111c0759f7b89e6715ca65dff284539590a
[INFO] running `Command { std: "docker" "create" "-v" "/var/lib/crater-agent-workspace/builds/worker-4/target:/opt/rustwide/target:rw,Z" "-v" "/var/lib/crater-agent-workspace/builds/worker-4/source:/opt/rustwide/workdir:ro,Z" "-v" "/var/lib/crater-agent-workspace/cargo-home:/opt/rustwide/cargo-home:ro,Z" "-v" "/var/lib/crater-agent-workspace/rustup-home:/opt/rustwide/rustup-home:ro,Z" "-e" "SOURCE_DIR=/opt/rustwide/workdir" "-e" "CARGO_TARGET_DIR=/opt/rustwide/target" "-e" "CARGO_INCREMENTAL=0" "-e" "RUST_BACKTRACE=full" "-e" "RUSTDOCFLAGS=--cap-lints=warn" "-e" "CARGO_HOME=/opt/rustwide/cargo-home" "-e" "RUSTUP_HOME=/opt/rustwide/rustup-home" "-w" "/opt/rustwide/workdir" "-m" "1610612736" "--user" "0:0" "--network" "none" "ghcr.io/rust-lang/crates-build-env/linux@sha256:34b6a614d2c27851fe6cbf88fbd1137609cefab8b10d0615aaeb6fd47975d74e" "/opt/rustwide/cargo-home/bin/cargo" "+1.54.0" "doc" "--frozen" "--no-deps" "--document-private-items" "--message-format=json", kill_on_drop: false }`
[INFO] [stdout] 022d6e66b32b0955df81816aec43b37b0323d684c353156aca7c17fa56d2ff0b
[INFO] [stderr] WARNING: Your kernel does not support swap limit capabilities or the cgroup is not mounted. Memory limited without swap.
[INFO] running `Command { std: "docker" "start" "-a" "022d6e66b32b0955df81816aec43b37b0323d684c353156aca7c17fa56d2ff0b", kill_on_drop: false }`
[INFO] [stderr]    Compiling vulkano v0.16.0
[INFO] [stderr]     Checking vk-sys v0.5.3
[INFO] [stderr]    Compiling cmake v0.1.45
[INFO] [stderr]     Checking deflate v0.7.20
[INFO] [stderr]     Checking shared_library v0.1.9
[INFO] [stderr]     Checking num-rational v0.2.4
[INFO] [stderr]     Checking num-iter v0.1.42
[INFO] [stderr]    Compiling num-derive v0.2.5
[INFO] [stderr]     Checking crossbeam v0.7.3
[INFO] [stderr]     Checking jpeg-decoder v0.1.22
[INFO] [stderr]     Checking png v0.15.3
[INFO] [stderr]    Compiling shaderc-sys v0.5.1
[INFO] [stderr]     Checking tiff v0.3.1
[INFO] [stdout] error[E0609]: no field `shaderf3264` on type `PhysicalDeviceFeatures`
[INFO] [stdout]    --> /opt/rustwide/cargo-home/registry/src/github.com-1ecc6299db9ec823/vulkano-0.16.0/src/features.rs:164:21
[INFO] [stdout]     |
[INFO] [stdout] 164 |     shader_f3264 => shaderf3264,
[INFO] [stdout]     |                     ^^^^^^^^^^^ help: a field with a similar name exists: `shaderInt64`
[INFO] [stdout] 
[INFO] [stdout] 
[INFO] [stdout] error[E0560]: struct `PhysicalDeviceFeatures` has no field named `shaderf3264`
[INFO] [stdout]    --> /opt/rustwide/cargo-home/registry/src/github.com-1ecc6299db9ec823/vulkano-0.16.0/src/features.rs:164:21
[INFO] [stdout]     |
[INFO] [stdout] 164 |     shader_f3264 => shaderf3264,
[INFO] [stdout]     |                     ^^^^^^^^^^^ `PhysicalDeviceFeatures` does not have this field
[INFO] [stdout]     |
[INFO] [stdout]     = note: available fields are: `robustBufferAccess`, `fullDrawIndexUint32`, `imageCubeArray`, `independentBlend`, `geometryShader` ... and 50 others
[INFO] [stdout] 
[INFO] [stdout] 
[INFO] [stdout] error[E0308]: mismatched types
[INFO] [stdout]     --> /opt/rustwide/cargo-home/registry/src/github.com-1ecc6299db9ec823/vulkano-0.16.0/src/command_buffer/sys.rs:1303:38
[INFO] [stdout]      |
[INFO] [stdout] 1303 |         vk.CmdSetBlendConstants(cmd, constants); // TODO: correct to pass array?
[INFO] [stdout]      |                                      ^^^^^^^^^
[INFO] [stdout]      |                                      |
[INFO] [stdout]      |                                      expected `&[f32; 4]`, found array `[f32; 4]`
[INFO] [stdout]      |                                      help: consider borrowing here: `&constants`
[INFO] [stdout] 
[INFO] [stdout] 
[INFO] [stderr]     Checking image v0.22.5
[INFO] [stderr] error: could not compile `vulkano`
[INFO] [stderr] 
[INFO] [stderr] Caused by:
[INFO] [stderr]   process didn't exit successfully: `rustc --crate-name vulkano /opt/rustwide/cargo-home/registry/src/github.com-1ecc6299db9ec823/vulkano-0.16.0/src/lib.rs --error-format=json --json=diagnostic-rendered-ansi --crate-type lib --emit=dep-info,metadata -C embed-bitcode=no -C debuginfo=2 -C metadata=143e25dfd2475874 -C extra-filename=-143e25dfd2475874 --out-dir /opt/rustwide/target/debug/deps -L dependency=/opt/rustwide/target/debug/deps --extern crossbeam=/opt/rustwide/target/debug/deps/libcrossbeam-812e72e73d3c1867.rmeta --extern fnv=/opt/rustwide/target/debug/deps/libfnv-335ca1a37265ba44.rmeta --extern half=/opt/rustwide/target/debug/deps/libhalf-4c3ce84e1a8ebc31.rmeta --extern lazy_static=/opt/rustwide/target/debug/deps/liblazy_static-acd7d23482fe8b54.rmeta --extern shared_library=/opt/rustwide/target/debug/deps/libshared_library-7959ce39e58df992.rmeta --extern smallvec=/opt/rustwide/target/debug/deps/libsmallvec-035473057f228748.rmeta --extern vk_sys=/opt/rustwide/target/debug/deps/libvk_sys-54884941e1b6fe90.rmeta --cap-lints allow` (signal: 9, SIGKILL: kill)
[INFO] [stderr] warning: build failed, waiting for other jobs to finish...
[INFO] [stderr] The following warnings were emitted during compilation:
[INFO] [stderr] 
[INFO] [stderr] warning: Checking for system installed libraries.  Use --features = build-from-source to disable this behavior
[INFO] [stderr] warning: Pre-built library not found.  Falling back to from-source build
[INFO] [stderr] 
[INFO] [stderr] error: build failed
[INFO] running `Command { std: "docker" "inspect" "022d6e66b32b0955df81816aec43b37b0323d684c353156aca7c17fa56d2ff0b", kill_on_drop: false }`
[INFO] running `Command { std: "docker" "rm" "-f" "022d6e66b32b0955df81816aec43b37b0323d684c353156aca7c17fa56d2ff0b", kill_on_drop: false }`
[INFO] [stdout] 022d6e66b32b0955df81816aec43b37b0323d684c353156aca7c17fa56d2ff0b
