[INFO] cloning repository https://github.com/slightknack/NEScient
[INFO] running `Command { std: "git" "-c" "credential.helper=" "-c" "credential.helper=/workspace/cargo-home/bin/git-credential-null" "clone" "--bare" "https://github.com/slightknack/NEScient" "/workspace/cache/git-repos/https%3A%2F%2Fgithub.com%2Fslightknack%2FNEScient", kill_on_drop: false }`
[INFO] [stderr] Cloning into bare repository '/workspace/cache/git-repos/https%3A%2F%2Fgithub.com%2Fslightknack%2FNEScient'...
[INFO] running `Command { std: "git" "rev-parse" "HEAD", kill_on_drop: false }`
[INFO] [stdout] 8862e8c81df5089e9f72a0942a22b08b57b45f05
[INFO] documenting slightknack/NEScient against beta-2021-08-01 for beta-1.55-rustdoc-1
[INFO] running `Command { std: "git" "clone" "/workspace/cache/git-repos/https%3A%2F%2Fgithub.com%2Fslightknack%2FNEScient" "/workspace/builds/worker-5/source", kill_on_drop: false }`
[INFO] [stderr] Cloning into '/workspace/builds/worker-5/source'...
[INFO] [stderr] done.
[INFO] validating manifest of git repo https://github.com/slightknack/NEScient on toolchain beta-2021-08-01
[INFO] running `Command { std: "/workspace/cargo-home/bin/cargo" "+beta-2021-08-01" "metadata" "--manifest-path" "Cargo.toml" "--no-deps", kill_on_drop: false }`
[INFO] started tweaking git repo https://github.com/slightknack/NEScient
[INFO] finished tweaking git repo https://github.com/slightknack/NEScient
[INFO] tweaked toml for git repo https://github.com/slightknack/NEScient written to /workspace/builds/worker-5/source/Cargo.toml
[INFO] crate git repo https://github.com/slightknack/NEScient already has a lockfile, it will not be regenerated
[INFO] running `Command { std: "/workspace/cargo-home/bin/cargo" "+beta-2021-08-01" "fetch" "--manifest-path" "Cargo.toml", kill_on_drop: false }`
[INFO] [stderr]  Downloading crates ...
[INFO] [stderr]   Downloaded vk-sys v0.5.2
[INFO] [stderr]   Downloaded vulkano v0.19.0
[INFO] running `Command { std: "docker" "create" "-v" "/var/lib/crater-agent-workspace/builds/worker-5/target:/opt/rustwide/target:rw,Z" "-v" "/var/lib/crater-agent-workspace/builds/worker-5/source:/opt/rustwide/workdir:ro,Z" "-v" "/var/lib/crater-agent-workspace/cargo-home:/opt/rustwide/cargo-home:ro,Z" "-v" "/var/lib/crater-agent-workspace/rustup-home:/opt/rustwide/rustup-home:ro,Z" "-e" "SOURCE_DIR=/opt/rustwide/workdir" "-e" "CARGO_TARGET_DIR=/opt/rustwide/target" "-e" "CARGO_HOME=/opt/rustwide/cargo-home" "-e" "RUSTUP_HOME=/opt/rustwide/rustup-home" "-w" "/opt/rustwide/workdir" "-m" "1610612736" "--user" "0:0" "--network" "none" "ghcr.io/rust-lang/crates-build-env/linux@sha256:34b6a614d2c27851fe6cbf88fbd1137609cefab8b10d0615aaeb6fd47975d74e" "/opt/rustwide/cargo-home/bin/cargo" "+beta-2021-08-01" "metadata" "--no-deps" "--format-version=1", kill_on_drop: false }`
[INFO] [stdout] e9057500a8d9e3439fe07457a7ea9851f41eab63218882185db414e8e1e538c0
[INFO] [stderr] WARNING: Your kernel does not support swap limit capabilities or the cgroup is not mounted. Memory limited without swap.
[INFO] running `Command { std: "docker" "start" "-a" "e9057500a8d9e3439fe07457a7ea9851f41eab63218882185db414e8e1e538c0", kill_on_drop: false }`
[INFO] running `Command { std: "docker" "inspect" "e9057500a8d9e3439fe07457a7ea9851f41eab63218882185db414e8e1e538c0", kill_on_drop: false }`
[INFO] running `Command { std: "docker" "rm" "-f" "e9057500a8d9e3439fe07457a7ea9851f41eab63218882185db414e8e1e538c0", kill_on_drop: false }`
[INFO] [stdout] e9057500a8d9e3439fe07457a7ea9851f41eab63218882185db414e8e1e538c0
[INFO] running `Command { std: "docker" "create" "-v" "/var/lib/crater-agent-workspace/builds/worker-5/target:/opt/rustwide/target:rw,Z" "-v" "/var/lib/crater-agent-workspace/builds/worker-5/source:/opt/rustwide/workdir:ro,Z" "-v" "/var/lib/crater-agent-workspace/cargo-home:/opt/rustwide/cargo-home:ro,Z" "-v" "/var/lib/crater-agent-workspace/rustup-home:/opt/rustwide/rustup-home:ro,Z" "-e" "SOURCE_DIR=/opt/rustwide/workdir" "-e" "CARGO_TARGET_DIR=/opt/rustwide/target" "-e" "CARGO_INCREMENTAL=0" "-e" "RUST_BACKTRACE=full" "-e" "RUSTDOCFLAGS=--cap-lints=warn" "-e" "CARGO_HOME=/opt/rustwide/cargo-home" "-e" "RUSTUP_HOME=/opt/rustwide/rustup-home" "-w" "/opt/rustwide/workdir" "-m" "1610612736" "--user" "0:0" "--network" "none" "ghcr.io/rust-lang/crates-build-env/linux@sha256:34b6a614d2c27851fe6cbf88fbd1137609cefab8b10d0615aaeb6fd47975d74e" "/opt/rustwide/cargo-home/bin/cargo" "+beta-2021-08-01" "doc" "--frozen" "--no-deps" "--document-private-items" "--message-format=json", kill_on_drop: false }`
[INFO] [stderr] WARNING: Your kernel does not support swap limit capabilities or the cgroup is not mounted. Memory limited without swap.
[INFO] [stdout] 9b114efc310edcea8c0593ceef45415091f859f95a034ba861fdf90a69bd2c63
[INFO] running `Command { std: "docker" "start" "-a" "9b114efc310edcea8c0593ceef45415091f859f95a034ba861fdf90a69bd2c63", kill_on_drop: false }`
[INFO] [stderr]    Compiling vulkano v0.19.0
[INFO] [stderr]     Checking vk-sys v0.5.2
[INFO] [stderr]     Checking shared_library v0.1.9
[INFO] [stderr]  Documenting nescient v0.0.0 (/opt/rustwide/workdir)
[INFO] [stdout] error: expected `;`, found keyword `return`
[INFO] [stdout]   --> src/nes/console.rs:29:10
[INFO] [stdout]    |
[INFO] [stdout] 29 |         }
[INFO] [stdout]    |          ^ help: add `;` here
[INFO] [stdout] 30 | 
[INFO] [stdout] 31 |         return Ok(console);
[INFO] [stdout]    |         ------ unexpected token
[INFO] [stdout] 
[INFO] [stdout] 
[INFO] [stdout] error[E0412]: cannot find type `CPU` in this scope
[INFO] [stdout]  --> src/nes/console.rs:5:20
[INFO] [stdout]   |
[INFO] [stdout] 5 |     cpu:       Box<CPU>,
[INFO] [stdout]   |                    ^^^
[INFO] [stdout]   | 
[INFO] [stdout]  ::: src/nes/ppu.rs:2:1
[INFO] [stdout]   |
[INFO] [stdout] 2 | pub struct PPU {
[INFO] [stdout]   | -------------- similarly named struct `PPU` defined here
[INFO] [stdout]   |
[INFO] [stdout] help: a struct with a similar name exists
[INFO] [stdout]   |
[INFO] [stdout] 5 |     cpu:       Box<PPU>,
[INFO] [stdout]   |                    ^^^
[INFO] [stdout] help: you might be missing a type parameter
[INFO] [stdout]   |
[INFO] [stdout] 4 | pub struct Console<CPU> {
[INFO] [stdout]   |                   ^^^^^
[INFO] [stdout] 
[INFO] [stdout] 
[INFO] [stdout] error[E0412]: cannot find type `APU` in this scope
[INFO] [stdout]  --> src/nes/console.rs:6:20
[INFO] [stdout]   |
[INFO] [stdout] 6 |     apu:       Box<APU>,
[INFO] [stdout]   |                    ^^^
[INFO] [stdout]   | 
[INFO] [stdout]  ::: src/nes/ppu.rs:2:1
[INFO] [stdout]   |
[INFO] [stdout] 2 | pub struct PPU {
[INFO] [stdout]   | -------------- similarly named struct `PPU` defined here
[INFO] [stdout]   |
[INFO] [stdout] help: a struct with a similar name exists
[INFO] [stdout]   |
[INFO] [stdout] 6 |     apu:       Box<PPU>,
[INFO] [stdout]   |                    ^^^
[INFO] [stdout] help: you might be missing a type parameter
[INFO] [stdout]   |
[INFO] [stdout] 4 | pub struct Console<APU> {
[INFO] [stdout]   |                   ^^^^^
[INFO] [stdout] 
[INFO] [stdout] 
[INFO] [stdout] error[E0412]: cannot find type `Controller` in this scope
[INFO] [stdout]  --> src/nes/console.rs:8:20
[INFO] [stdout]   |
[INFO] [stdout] 4 | pub struct Console {
[INFO] [stdout]   |                   - help: you might be missing a type parameter: `<Controller>`
[INFO] [stdout] ...
[INFO] [stdout] 8 |     ctrler_1:  Box<Controller>,
[INFO] [stdout]   |                    ^^^^^^^^^^ not found in this scope
[INFO] [stdout] 
[INFO] [stdout] 
[INFO] [stdout] error[E0412]: cannot find type `Controller` in this scope
[INFO] [stdout]  --> src/nes/console.rs:9:20
[INFO] [stdout]   |
[INFO] [stdout] 4 | pub struct Console {
[INFO] [stdout]   |                   - help: you might be missing a type parameter: `<Controller>`
[INFO] [stdout] ...
[INFO] [stdout] 9 |     ctrler_2:  Box<Controller>,
[INFO] [stdout]   |                    ^^^^^^^^^^ not found in this scope
[INFO] [stdout] 
[INFO] [stdout] 
[INFO] [stdout] error[E0412]: cannot find type `Cartridge` in this scope
[INFO] [stdout]   --> src/nes/console.rs:10:20
[INFO] [stdout]    |
[INFO] [stdout] 10 |     cartridge: Box<Cartridge>,
[INFO] [stdout]    |                    ^^^^^^^^^ not found in this scope
[INFO] [stdout]    |
[INFO] [stdout] help: consider importing this struct
[INFO] [stdout]    |
[INFO] [stdout] 1  | use crate::nes::cartridge::Cartridge;
[INFO] [stdout]    |
[INFO] [stdout] 
[INFO] [stdout] 
[INFO] [stdout] error[E0405]: cannot find trait `Mapper` in this scope
[INFO] [stdout]   --> src/nes/console.rs:11:24
[INFO] [stdout]    |
[INFO] [stdout] 4  | pub struct Console {
[INFO] [stdout]    |                   - help: you might be missing a type parameter: `<Mapper>`
[INFO] [stdout] ...
[INFO] [stdout] 11 |     mapper:    Box<dyn Mapper>,
[INFO] [stdout]    |                        ^^^^^^ not found in this scope
[INFO] [stdout] 
[INFO] [stdout] 
[INFO] [stdout] error[E0412]: cannot find type `Cartridge` in this scope
[INFO] [stdout]   --> src/nes/console.rs:16:27
[INFO] [stdout]    |
[INFO] [stdout] 16 |     pub fn new(cartridge: Cartridge) -> Result<Console, ()> {
[INFO] [stdout]    |                           ^^^^^^^^^ not found in this scope
[INFO] [stdout]    |
[INFO] [stdout] help: consider importing this struct
[INFO] [stdout]    |
[INFO] [stdout] 1  | use crate::nes::cartridge::Cartridge;
[INFO] [stdout]    |
[INFO] [stdout] 
[INFO] [stdout] 
[INFO] [stdout] error[E0412]: cannot find type `Image` in this scope
[INFO] [stdout]   --> src/nes/ppu.rs:12:21
[INFO] [stdout]    |
[INFO] [stdout] 12 |     front:      Box<Image>, // TODO: image
[INFO] [stdout]    |                     ^^^^^ not found in this scope
[INFO] [stdout]    |
[INFO] [stdout] help: there is an enum variant `vulkano::descriptor::descriptor::DescriptorDescTy::Image` and 1 other; try using the variant's enum
[INFO] [stdout]    |
[INFO] [stdout] 12 |     front:      Box<vulkano::descriptor::descriptor::DescriptorDescTy>, // TODO: image
[INFO] [stdout]    |                     ^^^^^^^^^^^^^^^^^^^^^^^^^^^^^^^^^^^^^^^^^^^^^^^^^
[INFO] [stdout] 12 |     front:      Box<vulkano::memory::DedicatedAlloc>, // TODO: image
[INFO] [stdout]    |                     ^^^^^^^^^^^^^^^^^^^^^^^^^^^^^^^
[INFO] [stdout] help: you might be missing a type parameter
[INFO] [stdout]    |
[INFO] [stdout] 2  | pub struct PPU<Image> {
[INFO] [stdout]    |               ^^^^^^^
[INFO] [stdout] 
[INFO] [stdout] 
[INFO] [stdout] error[E0412]: cannot find type `Image` in this scope
[INFO] [stdout]   --> src/nes/ppu.rs:13:21
[INFO] [stdout]    |
[INFO] [stdout] 13 |     back:       Box<Image>,
[INFO] [stdout]    |                     ^^^^^ not found in this scope
[INFO] [stdout]    |
[INFO] [stdout] help: there is an enum variant `vulkano::descriptor::descriptor::DescriptorDescTy::Image` and 1 other; try using the variant's enum
[INFO] [stdout]    |
[INFO] [stdout] 13 |     back:       Box<vulkano::descriptor::descriptor::DescriptorDescTy>,
[INFO] [stdout]    |                     ^^^^^^^^^^^^^^^^^^^^^^^^^^^^^^^^^^^^^^^^^^^^^^^^^
[INFO] [stdout] 13 |     back:       Box<vulkano::memory::DedicatedAlloc>,
[INFO] [stdout]    |                     ^^^^^^^^^^^^^^^^^^^^^^^^^^^^^^^
[INFO] [stdout] help: you might be missing a type parameter
[INFO] [stdout]    |
[INFO] [stdout] 2  | pub struct PPU<Image> {
[INFO] [stdout]    |               ^^^^^^^
[INFO] [stdout] 
[INFO] [stdout] 
[INFO] [stdout] error: Compilation failed, aborting rustdoc
[INFO] [stdout] 
[INFO] [stdout] 
[INFO] [stdout] error: aborting due to 11 previous errors
[INFO] [stdout] 
[INFO] [stdout] 
[INFO] [stdout] Some errors have detailed explanations: E0405, E0412.
[INFO] [stdout] 
[INFO] [stdout] For more information about an error, try `rustc --explain E0405`.
[INFO] [stdout] 
[INFO] [stderr] error: could not document `nescient`
[INFO] [stderr] 
[INFO] [stderr] Caused by:
[INFO] [stderr]   process didn't exit successfully: `rustdoc --edition=2018 --crate-type bin --crate-name nescient src/main.rs -o /opt/rustwide/target/doc --error-format=json --json=diagnostic-rendered-ansi --document-private-items -L dependency=/opt/rustwide/target/debug/deps --extern vulkano=/opt/rustwide/target/debug/deps/libvulkano-1b0b834a0e9de96b.rmeta --cap-lints=warn --crate-version 0.0.0` (exit status: 1)
[INFO] running `Command { std: "docker" "inspect" "9b114efc310edcea8c0593ceef45415091f859f95a034ba861fdf90a69bd2c63", kill_on_drop: false }`
[INFO] running `Command { std: "docker" "rm" "-f" "9b114efc310edcea8c0593ceef45415091f859f95a034ba861fdf90a69bd2c63", kill_on_drop: false }`
[INFO] [stdout] 9b114efc310edcea8c0593ceef45415091f859f95a034ba861fdf90a69bd2c63
