[INFO] cloning repository https://github.com/simia-tech/rust-delix
[INFO] running `Command { std: "git" "-c" "credential.helper=" "-c" "credential.helper=/workspace/cargo-home/bin/git-credential-null" "clone" "--bare" "https://github.com/simia-tech/rust-delix" "/workspace/cache/git-repos/https%3A%2F%2Fgithub.com%2Fsimia-tech%2Frust-delix", kill_on_drop: false }`
[INFO] [stderr] Cloning into bare repository '/workspace/cache/git-repos/https%3A%2F%2Fgithub.com%2Fsimia-tech%2Frust-delix'...
[INFO] running `Command { std: "git" "rev-parse" "HEAD", kill_on_drop: false }`
[INFO] [stdout] dacd2e1cab3c530ed67c77fa4866bbad088a1545
[INFO] documenting simia-tech/rust-delix against beta-2021-08-01 for beta-1.55-rustdoc-1
[INFO] running `Command { std: "git" "clone" "/workspace/cache/git-repos/https%3A%2F%2Fgithub.com%2Fsimia-tech%2Frust-delix" "/workspace/builds/worker-3/source", kill_on_drop: false }`
[INFO] [stderr] Cloning into '/workspace/builds/worker-3/source'...
[INFO] [stderr] done.
[INFO] validating manifest of git repo https://github.com/simia-tech/rust-delix on toolchain beta-2021-08-01
[INFO] running `Command { std: "/workspace/cargo-home/bin/cargo" "+beta-2021-08-01" "metadata" "--manifest-path" "Cargo.toml" "--no-deps", kill_on_drop: false }`
[INFO] started tweaking git repo https://github.com/simia-tech/rust-delix
[INFO] finished tweaking git repo https://github.com/simia-tech/rust-delix
[INFO] tweaked toml for git repo https://github.com/simia-tech/rust-delix written to /workspace/builds/worker-3/source/Cargo.toml
[INFO] crate git repo https://github.com/simia-tech/rust-delix already has a lockfile, it will not be regenerated
[INFO] running `Command { std: "/workspace/cargo-home/bin/cargo" "+beta-2021-08-01" "fetch" "--manifest-path" "Cargo.toml", kill_on_drop: false }`
[INFO] [stderr]     Blocking waiting for file lock on package cache
[INFO] [stderr]  Downloading crates ...
[INFO] [stderr]   Downloaded openssl-sys-extras v0.7.8
[INFO] [stderr]   Downloaded openssl v0.7.8
[INFO] [stderr]   Downloaded rustbox v0.8.1
[INFO] [stderr]   Downloaded cookie v0.2.2
[INFO] [stderr]   Downloaded strsim v0.4.0
[INFO] [stderr]   Downloaded mime v0.2.0
[INFO] [stderr]   Downloaded openssl-sys v0.7.8
[INFO] [stderr]   Downloaded libc v0.2.9
[INFO] [stderr]   Downloaded gcc v0.3.26
[INFO] [stderr]   Downloaded gag v0.1.9
[INFO] [stderr]   Downloaded termbox-sys v0.2.9
[INFO] [stderr]   Downloaded protobuf v1.0.18
[INFO] [stderr]   Downloaded clap v2.2.4
[INFO] [stderr]   Downloaded num_cpus v0.2.11
[INFO] [stderr]   Downloaded hyper v0.8.0
[INFO] [stderr]   Downloaded ansi_term v0.7.2
[INFO] [stderr]   Downloaded tempfile v2.1.1
[INFO] [stderr]   Downloaded net2 v0.2.23
[INFO] [stderr]   Downloaded url v0.5.7
[INFO] [stderr] warning: TOML file found which contains invalid syntax and will soon not parse
[INFO] [stderr] at `/workspace/cargo-home/registry/src/github.com-1ecc6299db9ec823/url-0.5.7/Cargo.toml`.
[INFO] [stderr] 
[INFO] [stderr] The TOML spec requires newlines after table definitions (e.g., `[a] b = 1` is
[INFO] [stderr] invalid), but this file has a table header which does not have a newline after
[INFO] [stderr] it. A newline needs to be added and this warning will soon become a hard error
[INFO] [stderr] in the future.
[INFO] [stderr]   Downloaded rust-crypto v0.2.34
[INFO] running `Command { std: "docker" "create" "-v" "/var/lib/crater-agent-workspace/builds/worker-3/target:/opt/rustwide/target:rw,Z" "-v" "/var/lib/crater-agent-workspace/builds/worker-3/source:/opt/rustwide/workdir:ro,Z" "-v" "/var/lib/crater-agent-workspace/cargo-home:/opt/rustwide/cargo-home:ro,Z" "-v" "/var/lib/crater-agent-workspace/rustup-home:/opt/rustwide/rustup-home:ro,Z" "-e" "SOURCE_DIR=/opt/rustwide/workdir" "-e" "CARGO_TARGET_DIR=/opt/rustwide/target" "-e" "CARGO_HOME=/opt/rustwide/cargo-home" "-e" "RUSTUP_HOME=/opt/rustwide/rustup-home" "-w" "/opt/rustwide/workdir" "-m" "1610612736" "--user" "0:0" "--network" "none" "ghcr.io/rust-lang/crates-build-env/linux@sha256:34b6a614d2c27851fe6cbf88fbd1137609cefab8b10d0615aaeb6fd47975d74e" "/opt/rustwide/cargo-home/bin/cargo" "+beta-2021-08-01" "metadata" "--no-deps" "--format-version=1", kill_on_drop: false }`
[INFO] [stdout] 1cdc6276fc9f9adfe695ac392f3f22a604d1cf06322de4b98378479985637f3a
[INFO] running `Command { std: "docker" "start" "-a" "1cdc6276fc9f9adfe695ac392f3f22a604d1cf06322de4b98378479985637f3a", kill_on_drop: false }`
[INFO] running `Command { std: "docker" "inspect" "1cdc6276fc9f9adfe695ac392f3f22a604d1cf06322de4b98378479985637f3a", kill_on_drop: false }`
[INFO] running `Command { std: "docker" "rm" "-f" "1cdc6276fc9f9adfe695ac392f3f22a604d1cf06322de4b98378479985637f3a", kill_on_drop: false }`
[INFO] [stdout] 1cdc6276fc9f9adfe695ac392f3f22a604d1cf06322de4b98378479985637f3a
[INFO] running `Command { std: "docker" "create" "-v" "/var/lib/crater-agent-workspace/builds/worker-3/target:/opt/rustwide/target:rw,Z" "-v" "/var/lib/crater-agent-workspace/builds/worker-3/source:/opt/rustwide/workdir:ro,Z" "-v" "/var/lib/crater-agent-workspace/cargo-home:/opt/rustwide/cargo-home:ro,Z" "-v" "/var/lib/crater-agent-workspace/rustup-home:/opt/rustwide/rustup-home:ro,Z" "-e" "SOURCE_DIR=/opt/rustwide/workdir" "-e" "CARGO_TARGET_DIR=/opt/rustwide/target" "-e" "CARGO_INCREMENTAL=0" "-e" "RUST_BACKTRACE=full" "-e" "RUSTDOCFLAGS=--cap-lints=warn" "-e" "CARGO_HOME=/opt/rustwide/cargo-home" "-e" "RUSTUP_HOME=/opt/rustwide/rustup-home" "-w" "/opt/rustwide/workdir" "-m" "1610612736" "--user" "0:0" "--network" "none" "ghcr.io/rust-lang/crates-build-env/linux@sha256:34b6a614d2c27851fe6cbf88fbd1137609cefab8b10d0615aaeb6fd47975d74e" "/opt/rustwide/cargo-home/bin/cargo" "+beta-2021-08-01" "doc" "--frozen" "--no-deps" "--document-private-items" "--message-format=json", kill_on_drop: false }`
[INFO] [stdout] 87dee4dfe883ad05b98343b957eaa9dbc3acf7dc991b7fbf8d56c904662263e6
[INFO] running `Command { std: "docker" "start" "-a" "87dee4dfe883ad05b98343b957eaa9dbc3acf7dc991b7fbf8d56c904662263e6", kill_on_drop: false }`
[INFO] [stderr] warning: TOML file found which contains invalid syntax and will soon not parse
[INFO] [stderr] at `/opt/rustwide/cargo-home/registry/src/github.com-1ecc6299db9ec823/url-0.5.7/Cargo.toml`.
[INFO] [stderr] 
[INFO] [stderr] The TOML spec requires newlines after table definitions (e.g., `[a] b = 1` is
[INFO] [stderr] invalid), but this file has a table header which does not have a newline after
[INFO] [stderr] it. A newline needs to be added and this warning will soon become a hard error
[INFO] [stderr] in the future.
[INFO] [stderr]     Checking libc v0.2.9
[INFO] [stderr]    Compiling gcc v0.3.26
[INFO] [stderr]     Checking winapi v0.2.6
[INFO] [stderr]    Compiling pkg-config v0.3.8
[INFO] [stderr]     Checking rustc-serialize v0.3.18
[INFO] [stderr]     Checking matches v0.1.2
[INFO] [stderr]     Checking unicode-normalization v0.1.2
[INFO] [stderr]    Compiling termbox-sys v0.2.9
[INFO] [stderr]     Checking lazy_static v0.1.15
[INFO] [stderr]     Checking libc v0.1.12
[INFO] [stderr]     Checking bitflags v0.2.1
[INFO] [stderr]     Checking ansi_term v0.7.2
[INFO] [stderr]     Checking httparse v1.1.2
[INFO] [stderr]     Checking vec_map v0.6.0
[INFO] [stderr]     Checking unicode-width v0.1.3
[INFO] [stderr]     Checking strsim v0.4.0
[INFO] [stderr]     Checking protobuf v1.0.18
[INFO] [stderr]     Checking byteorder v0.4.2
[INFO] [stderr]     Checking getopts v0.2.14
[INFO] [stderr]    Compiling kernel32-sys v0.2.1
[INFO] [stderr]    Compiling ws2_32-sys v0.2.1
[INFO] [stderr]     Checking hpack v0.2.0
[INFO] [stderr]     Checking mime v0.2.0
[INFO] [stderr]    Compiling tempfile v2.1.1
[INFO] [stdout] error[E0503]: cannot use `state` because it was mutably borrowed
[INFO] [stdout]     --> /opt/rustwide/cargo-home/registry/src/github.com-1ecc6299db9ec823/getopts-0.2.14/src/lib.rs:1008:33
[INFO] [stdout]      |
[INFO] [stdout] 955  |     let mut machine = |cont: &mut bool, (i, c): (usize, char)| {
[INFO] [stdout]      |                       ---------------------------------------- borrow of `state` occurs here
[INFO] [stdout] ...
[INFO] [stdout] 959  |         state = match (state, whitespace, limit) {
[INFO] [stdout]      |         ----- borrow occurs due to use of `state` in closure
[INFO] [stdout] ...
[INFO] [stdout] 1008 |     while cont && match state { B | C => true, A => false } {
[INFO] [stdout]      |                                 ^ use of borrowed `state`
[INFO] [stdout] 1009 |         machine(&mut cont, (fake_i, ' '));
[INFO] [stdout]      |         ------- borrow later used here
[INFO] [stdout] 
[INFO] [stdout] 
[INFO] [stdout] error: aborting due to previous error
[INFO] [stdout] 
[INFO] [stdout] 
[INFO] [stdout] For more information about this error, try `rustc --explain E0503`.
[INFO] [stdout] 
[INFO] [stderr] error: could not compile `getopts` due to 2 previous errors
[INFO] [stderr] warning: build failed, waiting for other jobs to finish...
[INFO] [stdout] error[E0642]: patterns aren't allowed in functions without bodies
[INFO] [stdout]    --> /opt/rustwide/cargo-home/registry/src/github.com-1ecc6299db9ec823/rustc-serialize-0.3.18/src/serialize.rs:145:45
[INFO] [stdout]     |
[INFO] [stdout] 145 | ...                   &f_name: &str,
[INFO] [stdout]     |                       ^^^^^^^ pattern not allowed in function without body
[INFO] [stdout] 
[INFO] [stdout] 
[INFO] [stdout] error[E0034]: multiple applicable items in scope
[INFO] [stdout]    --> /opt/rustwide/cargo-home/registry/src/github.com-1ecc6299db9ec823/protobuf-1.0.18/src/lib/core.rs:135:28
[INFO] [stdout]     |
[INFO] [stdout] 135 |     TypeId::of::<M>() == m.type_id()
[INFO] [stdout]     |                            ^^^^^^^ multiple `type_id` found
[INFO] [stdout]     |
[INFO] [stdout] note: candidate #1 is defined in the trait `core::Message`
[INFO] [stdout]    --> /opt/rustwide/cargo-home/registry/src/github.com-1ecc6299db9ec823/protobuf-1.0.18/src/lib/core.rs:125:5
[INFO] [stdout]     |
[INFO] [stdout] 125 |     fn type_id(&self) -> TypeId;
[INFO] [stdout]     |     ^^^^^^^^^^^^^^^^^^^^^^^^^^^^
[INFO] [stdout] note: candidate #2 is defined in the trait `Any`
[INFO] [stdout] help: disambiguate the associated function for candidate #1
[INFO] [stdout]     |
[INFO] [stdout] 135 |     TypeId::of::<M>() == core::Message::type_id(&m)
[INFO] [stdout]     |                          ^^^^^^^^^^^^^^^^^^^^^^^^^^
[INFO] [stdout] help: disambiguate the associated function for candidate #2
[INFO] [stdout]     |
[INFO] [stdout] 135 |     TypeId::of::<M>() == Any::type_id(&m)
[INFO] [stdout]     |                          ^^^^^^^^^^^^^^^^
[INFO] [stdout] 
[INFO] [stdout] 
[INFO] [stdout] error: aborting due to previous error
[INFO] [stdout] 
[INFO] [stdout] 
[INFO] [stdout] For more information about this error, try `rustc --explain E0034`.
[INFO] [stdout] 
[INFO] [stdout] error: aborting due to previous error
[INFO] [stdout] 
[INFO] [stdout] 
[INFO] [stdout] For more information about this error, try `rustc --explain E0642`.
[INFO] [stdout] 
[INFO] [stderr] error: build failed
[INFO] running `Command { std: "docker" "inspect" "87dee4dfe883ad05b98343b957eaa9dbc3acf7dc991b7fbf8d56c904662263e6", kill_on_drop: false }`
[INFO] running `Command { std: "docker" "rm" "-f" "87dee4dfe883ad05b98343b957eaa9dbc3acf7dc991b7fbf8d56c904662263e6", kill_on_drop: false }`
[INFO] [stdout] 87dee4dfe883ad05b98343b957eaa9dbc3acf7dc991b7fbf8d56c904662263e6
