[INFO] cloning repository https://github.com/shrydar/philexegis-rs
[INFO] running `Command { std: "git" "-c" "credential.helper=" "-c" "credential.helper=/workspace/cargo-home/bin/git-credential-null" "clone" "--bare" "https://github.com/shrydar/philexegis-rs" "/workspace/cache/git-repos/https%3A%2F%2Fgithub.com%2Fshrydar%2Fphilexegis-rs", kill_on_drop: false }`
[INFO] [stderr] Cloning into bare repository '/workspace/cache/git-repos/https%3A%2F%2Fgithub.com%2Fshrydar%2Fphilexegis-rs'...
[INFO] running `Command { std: "git" "rev-parse" "HEAD", kill_on_drop: false }`
[INFO] [stdout] 76516702408cdde0f3fb668d6cae95363b297604
[INFO] documenting shrydar/philexegis-rs against beta-2021-08-01 for beta-1.55-rustdoc-1
[INFO] running `Command { std: "git" "clone" "/workspace/cache/git-repos/https%3A%2F%2Fgithub.com%2Fshrydar%2Fphilexegis-rs" "/workspace/builds/worker-9/source", kill_on_drop: false }`
[INFO] [stderr] Cloning into '/workspace/builds/worker-9/source'...
[INFO] [stderr] done.
[INFO] validating manifest of git repo https://github.com/shrydar/philexegis-rs on toolchain beta-2021-08-01
[INFO] running `Command { std: "/workspace/cargo-home/bin/cargo" "+beta-2021-08-01" "metadata" "--manifest-path" "Cargo.toml" "--no-deps", kill_on_drop: false }`
[INFO] started tweaking git repo https://github.com/shrydar/philexegis-rs
[INFO] finished tweaking git repo https://github.com/shrydar/philexegis-rs
[INFO] tweaked toml for git repo https://github.com/shrydar/philexegis-rs written to /workspace/builds/worker-9/source/Cargo.toml
[INFO] crate git repo https://github.com/shrydar/philexegis-rs already has a lockfile, it will not be regenerated
[INFO] running `Command { std: "/workspace/cargo-home/bin/cargo" "+beta-2021-08-01" "fetch" "--manifest-path" "Cargo.toml", kill_on_drop: false }`
[INFO] [stderr]  Downloading crates ...
[INFO] [stderr]   Downloaded num-iter v0.1.33
[INFO] [stderr]   Downloaded byteorder v1.0.0
[INFO] [stderr]   Downloaded libc v0.2.22
[INFO] [stderr]   Downloaded wayland-window v0.4.4
[INFO] [stderr]   Downloaded wayland-scanner v0.7.8
[INFO] [stderr]   Downloaded gdi32-sys v0.1.1
[INFO] [stderr]   Downloaded dwmapi-sys v0.1.0
[INFO] [stderr]   Downloaded cocoa v0.5.2
[INFO] [stderr]   Downloaded gleam v0.2.32
[INFO] [stderr]   Downloaded gl_generator v0.5.2
[INFO] [stderr]   Downloaded num-rational v0.1.36
[INFO] [stderr]   Downloaded num v0.1.37
[INFO] [stderr]   Downloaded pistoncore-input v0.17.1
[INFO] [stderr]   Downloaded num-bigint v0.1.37
[INFO] [stderr]   Downloaded bitflags v0.3.3
[INFO] [stderr]   Downloaded glutin v0.7.4
[INFO] [stderr]   Downloaded fixedbitset v0.1.6
[INFO] [stderr]   Downloaded fnv v1.0.5
[INFO] [stderr]   Downloaded conrod v0.51.1
[INFO] [stderr]   Downloaded base64 v0.5.2
[INFO] [stderr]   Downloaded serde v0.8.23
[INFO] [stderr]   Downloaded num-integer v0.1.34
[INFO] [stderr]   Downloaded wayland-client v0.7.8
[INFO] [stderr]   Downloaded backtrace-sys v0.1.10
[INFO] [stderr]   Downloaded num-traits v0.1.37
[INFO] [stderr]   Downloaded glium v0.16.0
[INFO] [stderr]   Downloaded smallvec v0.1.8
[INFO] [stderr]   Downloaded lazy_static v0.2.8
[INFO] [stderr]   Downloaded winit v0.5.11
[INFO] [stderr]   Downloaded serde v0.7.15
[INFO] [stderr]   Downloaded wayland-sys v0.7.8
[INFO] [stderr]   Downloaded serde_derive_internals v0.15.0
[INFO] [stderr]   Downloaded xml-rs v0.3.6
[INFO] [stderr]   Downloaded khronos_api v1.0.0
[INFO] [stderr]   Downloaded dtoa v0.4.1
[INFO] [stderr]   Downloaded daggy v0.4.1
[INFO] [stderr]   Downloaded libloading v0.3.4
[INFO] [stderr]   Downloaded dlib v0.3.1
[INFO] [stderr]   Downloaded itoa v0.3.1
[INFO] [stderr]   Downloaded arrayvec v0.3.23
[INFO] [stderr] warning: spurious network error (2 tries remaining): [55] Failed sending data to the peer (Connection died, tried 5 times before giving up)
[INFO] [stderr]   Downloaded x11-dl v2.13.0
[INFO] [stderr]   Downloaded tempfile v2.1.5
[INFO] [stderr]   Downloaded rustc-demangle v0.1.4
[INFO] [stderr]   Downloaded petgraph v0.2.9
[INFO] [stderr]   Downloaded gcc v0.3.45
[INFO] [stderr]   Downloaded serde_json v1.0.1
[INFO] [stderr]   Downloaded fs2 v0.2.5
[INFO] [stderr]   Downloaded cocoa v0.3.3
[INFO] [stderr]   Downloaded core-graphics v0.3.2
[INFO] [stderr]   Downloaded num-complex v0.1.37
[INFO] [stderr]   Downloaded piston-viewport v0.3.0
[INFO] [stderr]   Downloaded stb_truetype v0.2.1
[INFO] [stderr]   Downloaded nodrop v0.1.9
[INFO] [stderr]   Downloaded linked-hash-map v0.0.10
[INFO] [stderr]   Downloaded android_glue v0.2.2
[INFO] [stderr]   Downloaded log v0.3.7
[INFO] [stderr]   Downloaded cgl v0.1.5
[INFO] [stderr]   Downloaded user32-sys v0.1.2
[INFO] [stderr]   Downloaded core-graphics v0.4.2
[INFO] [stderr]   Downloaded objc v0.2.2
[INFO] [stderr]   Downloaded shared_library v0.1.5
[INFO] [stderr]   Downloaded memmap v0.4.0
[INFO] [stderr]   Downloaded shell32-sys v0.1.1
[INFO] [stderr]   Downloaded wayland-kbd v0.6.3
[INFO] [stderr]   Downloaded odds v0.2.25
[INFO] [stderr]   Downloaded serde v0.9.15
[INFO] [stderr]   Downloaded serde_json v0.9.10
[INFO] [stderr]   Downloaded target_build_utils v0.3.1
[INFO] [stderr]   Downloaded adler32 v1.0.0
[INFO] [stderr]   Downloaded inflate v0.2.0
[INFO] [stderr]   Downloaded png v0.7.0
[INFO] [stderr]   Downloaded serde_derive v1.0.2
[INFO] [stderr]   Downloaded serde v1.0.2
[INFO] [stderr]   Downloaded deflate v0.7.9
[INFO] [stderr]   Downloaded rusttype v0.2.1
[INFO] running `Command { std: "docker" "create" "-v" "/var/lib/crater-agent-workspace/builds/worker-9/target:/opt/rustwide/target:rw,Z" "-v" "/var/lib/crater-agent-workspace/builds/worker-9/source:/opt/rustwide/workdir:ro,Z" "-v" "/var/lib/crater-agent-workspace/cargo-home:/opt/rustwide/cargo-home:ro,Z" "-v" "/var/lib/crater-agent-workspace/rustup-home:/opt/rustwide/rustup-home:ro,Z" "-e" "SOURCE_DIR=/opt/rustwide/workdir" "-e" "CARGO_TARGET_DIR=/opt/rustwide/target" "-e" "CARGO_HOME=/opt/rustwide/cargo-home" "-e" "RUSTUP_HOME=/opt/rustwide/rustup-home" "-w" "/opt/rustwide/workdir" "-m" "1610612736" "--user" "0:0" "--network" "none" "ghcr.io/rust-lang/crates-build-env/linux@sha256:34b6a614d2c27851fe6cbf88fbd1137609cefab8b10d0615aaeb6fd47975d74e" "/opt/rustwide/cargo-home/bin/cargo" "+beta-2021-08-01" "metadata" "--no-deps" "--format-version=1", kill_on_drop: false }`
[INFO] [stdout] 71222d5d4a508c387b51c1bf8fdc9cd17b18a3bfb21e500605ff4e0904233418
[INFO] [stderr] WARNING: Your kernel does not support swap limit capabilities or the cgroup is not mounted. Memory limited without swap.
[INFO] running `Command { std: "docker" "start" "-a" "71222d5d4a508c387b51c1bf8fdc9cd17b18a3bfb21e500605ff4e0904233418", kill_on_drop: false }`
[INFO] running `Command { std: "docker" "inspect" "71222d5d4a508c387b51c1bf8fdc9cd17b18a3bfb21e500605ff4e0904233418", kill_on_drop: false }`
[INFO] running `Command { std: "docker" "rm" "-f" "71222d5d4a508c387b51c1bf8fdc9cd17b18a3bfb21e500605ff4e0904233418", kill_on_drop: false }`
[INFO] [stdout] 71222d5d4a508c387b51c1bf8fdc9cd17b18a3bfb21e500605ff4e0904233418
[INFO] running `Command { std: "docker" "create" "-v" "/var/lib/crater-agent-workspace/builds/worker-9/target:/opt/rustwide/target:rw,Z" "-v" "/var/lib/crater-agent-workspace/builds/worker-9/source:/opt/rustwide/workdir:ro,Z" "-v" "/var/lib/crater-agent-workspace/cargo-home:/opt/rustwide/cargo-home:ro,Z" "-v" "/var/lib/crater-agent-workspace/rustup-home:/opt/rustwide/rustup-home:ro,Z" "-e" "SOURCE_DIR=/opt/rustwide/workdir" "-e" "CARGO_TARGET_DIR=/opt/rustwide/target" "-e" "CARGO_INCREMENTAL=0" "-e" "RUST_BACKTRACE=full" "-e" "RUSTDOCFLAGS=--cap-lints=warn" "-e" "CARGO_HOME=/opt/rustwide/cargo-home" "-e" "RUSTUP_HOME=/opt/rustwide/rustup-home" "-w" "/opt/rustwide/workdir" "-m" "1610612736" "--user" "0:0" "--network" "none" "ghcr.io/rust-lang/crates-build-env/linux@sha256:34b6a614d2c27851fe6cbf88fbd1137609cefab8b10d0615aaeb6fd47975d74e" "/opt/rustwide/cargo-home/bin/cargo" "+beta-2021-08-01" "doc" "--frozen" "--no-deps" "--document-private-items" "--message-format=json", kill_on_drop: false }`
[INFO] [stdout] 6194e37972434dfa4411f9b57a262ec507a502964c457550f3fe690b5b223e9e
[INFO] [stderr] WARNING: Your kernel does not support swap limit capabilities or the cgroup is not mounted. Memory limited without swap.
[INFO] running `Command { std: "docker" "start" "-a" "6194e37972434dfa4411f9b57a262ec507a502964c457550f3fe690b5b223e9e", kill_on_drop: false }`
[INFO] [stderr]     Checking libc v0.2.22
[INFO] [stderr]    Compiling itoa v0.3.1
[INFO] [stderr]    Compiling dtoa v0.4.1
[INFO] [stderr]    Compiling num-traits v0.1.37
[INFO] [stderr]     Checking fixedbitset v0.1.6
[INFO] [stderr]     Checking serde v1.0.2
[INFO] [stderr]    Compiling x11-dl v2.13.0
[INFO] [stderr]    Compiling backtrace-sys v0.1.10
[INFO] [stderr]     Checking num-complex v0.1.37
[INFO] [stderr]     Checking deflate v0.7.9
[INFO] [stderr]    Compiling wayland-scanner v0.7.8
[INFO] [stderr]    Compiling tempfile v2.1.5
[INFO] [stderr]    Compiling gl_generator v0.5.2
[INFO] [stderr]     Checking pistoncore-input v0.17.1
[INFO] [stderr]     Checking rusttype v0.2.1
[INFO] [stderr]    Compiling serde_derive_internals v0.15.0
[INFO] [stderr]     Checking petgraph v0.2.9
[INFO] [stderr]     Checking rand v0.3.15
[INFO] [stderr]     Checking fs2 v0.2.5
[INFO] [stderr]     Checking shared_library v0.1.5
[INFO] [stderr]     Checking png v0.7.0
[INFO] [stderr]    Compiling serde_json v0.9.10
[INFO] [stderr]     Checking memmap v0.4.0
[INFO] [stdout] error[E0311]: the parameter type `K` may not live long enough
[INFO] [stdout]   --> /opt/rustwide/cargo-home/registry/src/github.com-1ecc6299db9ec823/rusttype-0.2.1/src/support/bst/map.rs:81:19
[INFO] [stdout]    |
[INFO] [stdout] 81 |             match node.force() {
[INFO] [stdout]    |                   ^^^^
[INFO] [stdout]    |
[INFO] [stdout] note: the parameter type `K` must be valid for the anonymous lifetime defined on the function body at 78:37...
[INFO] [stdout]   --> /opt/rustwide/cargo-home/registry/src/github.com-1ecc6299db9ec823/rusttype-0.2.1/src/support/bst/map.rs:78:37
[INFO] [stdout]    |
[INFO] [stdout] 78 |                 node: node::NodeRef<marker::Immut, K, V, marker::LeafOrInternal>)
[INFO] [stdout]    |                                     ^^^^^^^^^^^^^
[INFO] [stdout] 
[INFO] [stdout] 
[INFO] [stdout] error[E0311]: the parameter type `V` may not live long enough
[INFO] [stdout]   --> /opt/rustwide/cargo-home/registry/src/github.com-1ecc6299db9ec823/rusttype-0.2.1/src/support/bst/map.rs:81:19
[INFO] [stdout]    |
[INFO] [stdout] 81 |             match node.force() {
[INFO] [stdout]    |                   ^^^^
[INFO] [stdout]    |
[INFO] [stdout] note: the parameter type `V` must be valid for the anonymous lifetime defined on the function body at 78:37...
[INFO] [stdout]   --> /opt/rustwide/cargo-home/registry/src/github.com-1ecc6299db9ec823/rusttype-0.2.1/src/support/bst/map.rs:78:37
[INFO] [stdout]    |
[INFO] [stdout] 78 |                 node: node::NodeRef<marker::Immut, K, V, marker::LeafOrInternal>)
[INFO] [stdout]    |                                     ^^^^^^^^^^^^^
[INFO] [stdout] 
[INFO] [stdout] 
[INFO] [stdout] error[E0034]: multiple applicable items in scope
[INFO] [stdout]    --> /opt/rustwide/cargo-home/registry/src/github.com-1ecc6299db9ec823/petgraph-0.2.9/src/graph.rs:421:21
[INFO] [stdout]     |
[INFO] [stdout] 421 |         assert!(Ix::max().index() == !0 || NodeIndex::end() != node_idx);
[INFO] [stdout]     |                     ^^^ multiple `max` found
[INFO] [stdout]     |
[INFO] [stdout] note: candidate #1 is defined in the trait `IndexType`
[INFO] [stdout]    --> /opt/rustwide/cargo-home/registry/src/github.com-1ecc6299db9ec823/petgraph-0.2.9/src/graph.rs:31:5
[INFO] [stdout]     |
[INFO] [stdout] 31  |     fn max() -> Self;
[INFO] [stdout]     |     ^^^^^^^^^^^^^^^^^
[INFO] [stdout] note: candidate #2 is defined in the trait `Ord`
[INFO] [stdout] help: disambiguate the associated function for candidate #1
[INFO] [stdout]     |
[INFO] [stdout] 421 |         assert!(IndexType::max().index() == !0 || NodeIndex::end() != node_idx);
[INFO] [stdout]     |                 ^^^^^^^^^^^^^^
[INFO] [stdout] help: disambiguate the associated function for candidate #2
[INFO] [stdout]     |
[INFO] [stdout] 421 |         assert!(Ord::max().index() == !0 || NodeIndex::end() != node_idx);
[INFO] [stdout]     |                 ^^^^^^^^
[INFO] [stdout] 
[INFO] [stdout] 
[INFO] [stderr]     Checking osmesa-sys v0.1.2
[INFO] [stdout] error: aborting due to 2 previous errors
[INFO] [stdout] 
[INFO] [stdout] 
[INFO] [stdout] error[E0308]: mismatched types
[INFO] [stdout]    --> /opt/rustwide/cargo-home/registry/src/github.com-1ecc6299db9ec823/petgraph-0.2.9/src/graph.rs:421:38
[INFO] [stdout]     |
[INFO] [stdout] 374 | impl<N, E, Ty, Ix> Graph<N, E, Ty, Ix>
[INFO] [stdout]     |                -- this type parameter
[INFO] [stdout] ...
[INFO] [stdout] 421 |         assert!(Ix::max().index() == !0 || NodeIndex::end() != node_idx);
[INFO] [stdout]     |                                      ^^ expected type parameter `Ix`, found integer
[INFO] [stdout]     |
[INFO] [stdout]     = note: expected type parameter `Ix`
[INFO] [stdout]                          found type `{integer}`
[INFO] [stdout] 
[INFO] [stdout] 
[INFO] [stdout] error[E0034]: multiple applicable items in scope
[INFO] [stdout]    --> /opt/rustwide/cargo-home/registry/src/github.com-1ecc6299db9ec823/petgraph-0.2.9/src/graph.rs:458:21
[INFO] [stdout]     |
[INFO] [stdout] 458 |         assert!(Ix::max().index() == !0 || EdgeIndex::end() != edge_idx);
[INFO] [stdout]     |                     ^^^ multiple `max` found
[INFO] [stdout]     |
[INFO] [stdout] note: candidate #1 is defined in the trait `IndexType`
[INFO] [stdout]    --> /opt/rustwide/cargo-home/registry/src/github.com-1ecc6299db9ec823/petgraph-0.2.9/src/graph.rs:31:5
[INFO] [stdout]     |
[INFO] [stdout] 31  |     fn max() -> Self;
[INFO] [stdout]     |     ^^^^^^^^^^^^^^^^^
[INFO] [stdout] note: candidate #2 is defined in the trait `Ord`
[INFO] [stdout] help: disambiguate the associated function for candidate #1
[INFO] [stdout]     |
[INFO] [stdout] 458 |         assert!(IndexType::max().index() == !0 || EdgeIndex::end() != edge_idx);
[INFO] [stdout]     |                 ^^^^^^^^^^^^^^
[INFO] [stdout] help: disambiguate the associated function for candidate #2
[INFO] [stdout]     |
[INFO] [stdout] 458 |         assert!(Ord::max().index() == !0 || EdgeIndex::end() != edge_idx);
[INFO] [stdout]     |                 ^^^^^^^^
[INFO] [stdout] 
[INFO] [stdout] 
[INFO] [stderr] error: could not compile `rusttype` due to 3 previous errors
[INFO] [stderr] warning: build failed, waiting for other jobs to finish...
[INFO] [stdout] error[E0308]: mismatched types
[INFO] [stdout]    --> /opt/rustwide/cargo-home/registry/src/github.com-1ecc6299db9ec823/petgraph-0.2.9/src/graph.rs:458:38
[INFO] [stdout]     |
[INFO] [stdout] 374 | impl<N, E, Ty, Ix> Graph<N, E, Ty, Ix>
[INFO] [stdout]     |                -- this type parameter
[INFO] [stdout] ...
[INFO] [stdout] 458 |         assert!(Ix::max().index() == !0 || EdgeIndex::end() != edge_idx);
[INFO] [stdout]     |                                      ^^ expected type parameter `Ix`, found integer
[INFO] [stdout]     |
[INFO] [stdout]     = note: expected type parameter `Ix`
[INFO] [stdout]                          found type `{integer}`
[INFO] [stdout] 
[INFO] [stdout] 
[INFO] [stdout] error: aborting due to 4 previous errors
[INFO] [stdout] 
[INFO] [stdout] 
[INFO] [stdout] Some errors have detailed explanations: E0034, E0308.
[INFO] [stdout] 
[INFO] [stdout] For more information about an error, try `rustc --explain E0034`.
[INFO] [stdout] 
[INFO] [stderr] error: build failed
[INFO] running `Command { std: "docker" "inspect" "6194e37972434dfa4411f9b57a262ec507a502964c457550f3fe690b5b223e9e", kill_on_drop: false }`
[INFO] running `Command { std: "docker" "rm" "-f" "6194e37972434dfa4411f9b57a262ec507a502964c457550f3fe690b5b223e9e", kill_on_drop: false }`
[INFO] [stdout] 6194e37972434dfa4411f9b57a262ec507a502964c457550f3fe690b5b223e9e
