[INFO] cloning repository https://github.com/shockham/tubular
[INFO] running `Command { std: "git" "-c" "credential.helper=" "-c" "credential.helper=/workspace/cargo-home/bin/git-credential-null" "clone" "--bare" "https://github.com/shockham/tubular" "/workspace/cache/git-repos/https%3A%2F%2Fgithub.com%2Fshockham%2Ftubular", kill_on_drop: false }`
[INFO] [stderr] Cloning into bare repository '/workspace/cache/git-repos/https%3A%2F%2Fgithub.com%2Fshockham%2Ftubular'...
[INFO] running `Command { std: "git" "rev-parse" "HEAD", kill_on_drop: false }`
[INFO] [stdout] 185bd5fee9befb1d7b7692a1f1735fe3ba56a95f
[INFO] documenting shockham/tubular against 1.54.0 for beta-1.55-rustdoc-1
[INFO] running `Command { std: "git" "clone" "/workspace/cache/git-repos/https%3A%2F%2Fgithub.com%2Fshockham%2Ftubular" "/workspace/builds/worker-1/source", kill_on_drop: false }`
[INFO] [stderr] Cloning into '/workspace/builds/worker-1/source'...
[INFO] [stderr] done.
[INFO] validating manifest of git repo https://github.com/shockham/tubular on toolchain 1.54.0
[INFO] running `Command { std: "/workspace/cargo-home/bin/cargo" "+1.54.0" "metadata" "--manifest-path" "Cargo.toml" "--no-deps", kill_on_drop: false }`
[INFO] started tweaking git repo https://github.com/shockham/tubular
[INFO] finished tweaking git repo https://github.com/shockham/tubular
[INFO] tweaked toml for git repo https://github.com/shockham/tubular written to /workspace/builds/worker-1/source/Cargo.toml
[INFO] crate git repo https://github.com/shockham/tubular already has a lockfile, it will not be regenerated
[INFO] running `Command { std: "/workspace/cargo-home/bin/cargo" "+1.54.0" "fetch" "--manifest-path" "Cargo.toml", kill_on_drop: false }`
[INFO] running `Command { std: "docker" "create" "-v" "/var/lib/crater-agent-workspace/builds/worker-1/target:/opt/rustwide/target:rw,Z" "-v" "/var/lib/crater-agent-workspace/builds/worker-1/source:/opt/rustwide/workdir:ro,Z" "-v" "/var/lib/crater-agent-workspace/cargo-home:/opt/rustwide/cargo-home:ro,Z" "-v" "/var/lib/crater-agent-workspace/rustup-home:/opt/rustwide/rustup-home:ro,Z" "-e" "SOURCE_DIR=/opt/rustwide/workdir" "-e" "CARGO_TARGET_DIR=/opt/rustwide/target" "-e" "CARGO_HOME=/opt/rustwide/cargo-home" "-e" "RUSTUP_HOME=/opt/rustwide/rustup-home" "-w" "/opt/rustwide/workdir" "-m" "1610612736" "--user" "0:0" "--network" "none" "ghcr.io/rust-lang/crates-build-env/linux@sha256:34b6a614d2c27851fe6cbf88fbd1137609cefab8b10d0615aaeb6fd47975d74e" "/opt/rustwide/cargo-home/bin/cargo" "+1.54.0" "metadata" "--no-deps" "--format-version=1", kill_on_drop: false }`
[INFO] [stdout] dd3c23ba8d0f9de654e61147110c02f15a97196deaed53d1d77f0127bf4d581f
[INFO] [stderr] WARNING: Your kernel does not support swap limit capabilities or the cgroup is not mounted. Memory limited without swap.
[INFO] running `Command { std: "docker" "start" "-a" "dd3c23ba8d0f9de654e61147110c02f15a97196deaed53d1d77f0127bf4d581f", kill_on_drop: false }`
[INFO] running `Command { std: "docker" "inspect" "dd3c23ba8d0f9de654e61147110c02f15a97196deaed53d1d77f0127bf4d581f", kill_on_drop: false }`
[INFO] running `Command { std: "docker" "rm" "-f" "dd3c23ba8d0f9de654e61147110c02f15a97196deaed53d1d77f0127bf4d581f", kill_on_drop: false }`
[INFO] [stdout] dd3c23ba8d0f9de654e61147110c02f15a97196deaed53d1d77f0127bf4d581f
[INFO] running `Command { std: "docker" "create" "-v" "/var/lib/crater-agent-workspace/builds/worker-1/target:/opt/rustwide/target:rw,Z" "-v" "/var/lib/crater-agent-workspace/builds/worker-1/source:/opt/rustwide/workdir:ro,Z" "-v" "/var/lib/crater-agent-workspace/cargo-home:/opt/rustwide/cargo-home:ro,Z" "-v" "/var/lib/crater-agent-workspace/rustup-home:/opt/rustwide/rustup-home:ro,Z" "-e" "SOURCE_DIR=/opt/rustwide/workdir" "-e" "CARGO_TARGET_DIR=/opt/rustwide/target" "-e" "CARGO_INCREMENTAL=0" "-e" "RUST_BACKTRACE=full" "-e" "RUSTDOCFLAGS=--cap-lints=warn" "-e" "CARGO_HOME=/opt/rustwide/cargo-home" "-e" "RUSTUP_HOME=/opt/rustwide/rustup-home" "-w" "/opt/rustwide/workdir" "-m" "1610612736" "--user" "0:0" "--network" "none" "ghcr.io/rust-lang/crates-build-env/linux@sha256:34b6a614d2c27851fe6cbf88fbd1137609cefab8b10d0615aaeb6fd47975d74e" "/opt/rustwide/cargo-home/bin/cargo" "+1.54.0" "doc" "--frozen" "--no-deps" "--document-private-items" "--message-format=json", kill_on_drop: false }`
[INFO] [stderr] WARNING: Your kernel does not support swap limit capabilities or the cgroup is not mounted. Memory limited without swap.
[INFO] [stdout] 1450ec0ef8b79592a283e5cfd8224f4ee59746768f35619345a0766de1d55893
[INFO] running `Command { std: "docker" "start" "-a" "1450ec0ef8b79592a283e5cfd8224f4ee59746768f35619345a0766de1d55893", kill_on_drop: false }`
[INFO] [stderr]    Compiling libc v0.2.24
[INFO] [stderr]    Compiling num-traits v0.1.39
[INFO] [stderr]     Checking smallvec v0.1.8
[INFO] [stderr]     Checking adler32 v1.0.0
[INFO] [stderr]     Checking bitflags v0.8.2
[INFO] [stderr]    Compiling derive_builder v0.4.7
[INFO] [stderr]     Checking linked-hash-map v0.0.10
[INFO] [stderr]     Checking hound v1.1.0
[INFO] [stderr]     Checking claxon v0.3.1
[INFO] [stderr]    Compiling x11-dl v2.14.0
[INFO] [stderr]     Checking shared_library v0.1.6
[INFO] [stderr]    Compiling alsa-sys v0.1.1
[INFO] [stderr]     Checking ogg v0.4.1
[INFO] [stderr]     Checking enum_primitive v0.1.1
[INFO] [stderr]     Checking num-complex v0.1.38
[INFO] [stderr]    Compiling imgui-sys v0.0.13
[INFO] [stderr]     Checking stb_truetype v0.2.1
[INFO] [stderr]    Compiling gl_generator v0.5.3
[INFO] [stderr]     Checking cgmath v0.14.1
[INFO] [stderr]     Checking noise v0.4.1
[INFO] [stderr]     Checking fps_counter v0.2.0
[INFO] [stderr]     Checking bincode v0.7.0
[INFO] [stderr]    Compiling tempfile v2.1.5
[INFO] [stderr]     Checking num-rational v0.1.38
[INFO] [stderr]     Checking rayon-core v1.2.1
[INFO] [stderr]     Checking deflate v0.7.11
[INFO] [stderr]     Checking osmesa-sys v0.1.2
[INFO] [stderr]     Checking lewton v0.5.2
[INFO] [stderr]     Checking generic-array v0.2.1
[INFO] [stderr]     Checking backtrace-sys v0.1.11
[INFO] [stderr]    Compiling derive_builder_core v0.1.7
[INFO] [stderr]     Checking alga v0.5.1
[INFO] [stderr]     Checking fs2 v0.2.5
[INFO] [stderr]     Checking rusttype v0.2.1
[INFO] [stderr]    Compiling rand v0.3.15
[INFO] [stderr]     Checking backtrace v0.2.3
[INFO] [stderr]    Compiling serde_json v0.9.10
[INFO] [stderr]     Checking memmap v0.4.0
[INFO] [stderr]     Checking rayon v0.8.2
[INFO] [stderr]     Checking png v0.7.0
[INFO] [stderr]     Checking cpal v0.4.5
[INFO] [stderr]     Checking nalgebra v0.11.2
[INFO] [stderr]     Checking rodio v0.5.0
[INFO] [stdout] error[E0311]: the parameter type `K` may not live long enough
[INFO] [stdout]   --> /opt/rustwide/cargo-home/registry/src/github.com-1ecc6299db9ec823/rusttype-0.2.1/src/support/bst/map.rs:81:19
[INFO] [stdout]    |
[INFO] [stdout] 81 |             match node.force() {
[INFO] [stdout]    |                   ^^^^
[INFO] [stdout]    |
[INFO] [stdout] note: the parameter type `K` must be valid for the anonymous lifetime defined on the function body at 78:37...
[INFO] [stdout]   --> /opt/rustwide/cargo-home/registry/src/github.com-1ecc6299db9ec823/rusttype-0.2.1/src/support/bst/map.rs:78:37
[INFO] [stdout]    |
[INFO] [stdout] 78 |                 node: node::NodeRef<marker::Immut, K, V, marker::LeafOrInternal>)
[INFO] [stdout]    |                                     ^^^^^^^^^^^^^
[INFO] [stdout] 
[INFO] [stdout] 
[INFO] [stdout] error[E0311]: the parameter type `V` may not live long enough
[INFO] [stdout]   --> /opt/rustwide/cargo-home/registry/src/github.com-1ecc6299db9ec823/rusttype-0.2.1/src/support/bst/map.rs:81:19
[INFO] [stdout]    |
[INFO] [stdout] 81 |             match node.force() {
[INFO] [stdout]    |                   ^^^^
[INFO] [stdout]    |
[INFO] [stdout] note: the parameter type `V` must be valid for the anonymous lifetime defined on the function body at 78:37...
[INFO] [stdout]   --> /opt/rustwide/cargo-home/registry/src/github.com-1ecc6299db9ec823/rusttype-0.2.1/src/support/bst/map.rs:78:37
[INFO] [stdout]    |
[INFO] [stdout] 78 |                 node: node::NodeRef<marker::Immut, K, V, marker::LeafOrInternal>)
[INFO] [stdout]    |                                     ^^^^^^^^^^^^^
[INFO] [stdout] 
[INFO] [stdout] 
[INFO] [stderr]    Compiling glutin v0.7.4
[INFO] [stderr]    Compiling glium v0.16.0
[INFO] [stderr]    Compiling phf_generator v0.7.21
[INFO] [stdout] error: aborting due to 2 previous errors
[INFO] [stdout] 
[INFO] [stdout] 
[INFO] [stderr] error: could not compile `rusttype`
[INFO] [stderr] 
[INFO] [stderr] To learn more, run the command again with --verbose.
[INFO] [stderr] warning: build failed, waiting for other jobs to finish...
[INFO] [stdout] error[E0119]: conflicting implementations of trait `std::ops::Mul<&_>` for type `geometry::translation::TranslationBase<_, _, _>`
[INFO] [stdout]    --> /opt/rustwide/cargo-home/registry/src/github.com-1ecc6299db9ec823/nalgebra-0.11.2/src/geometry/isometry_ops.rs:68:9
[INFO] [stdout]     |
[INFO] [stdout] 68  | /         impl<$($lives ,)* N, D: DimName, S, R> $Op<$Rhs> for $Lhs
[INFO] [stdout] 69  | |             where N: Real,
[INFO] [stdout] 70  | |                   S: OwnedStorage<N, D, U1>,
[INFO] [stdout] 71  | |                   R: Rotation<PointBase<N, D, S>>,
[INFO] [stdout] ...   |
[INFO] [stdout] 78  | |             }
[INFO] [stdout] 79  | |         }
[INFO] [stdout]     | |         ^
[INFO] [stdout]     | |         |
[INFO] [stdout]     | |_________first implementation here
[INFO] [stdout]     |           conflicting implementation for `geometry::translation::TranslationBase<_, _, _>`
[INFO] [stdout] ...
[INFO] [stdout] 286 | / isometry_binop_impl_all!(
[INFO] [stdout] 287 | |     Mul, mul;
[INFO] [stdout] 288 | |     self: TranslationBase<N, D, S>, right: R, Output = IsometryBase<N, D, S, R>;
[INFO] [stdout] 289 | |     [val val] => IsometryBase::from_parts(self, right);
[INFO] [stdout] ...   |
[INFO] [stdout] 292 | |     [ref ref] => IsometryBase::from_parts(self.clone(), right.clone());
[INFO] [stdout] 293 | | );
[INFO] [stdout]     | |__- in this macro invocation
[INFO] [stdout]     |
[INFO] [stdout]     = note: downstream crates may implement trait `alga::linear::Rotation<geometry::point::PointBase<_, _, _>>` for type `&_`
[INFO] [stdout]     = note: this error originates in the macro `isometry_binop_impl` (in Nightly builds, run with -Z macro-backtrace for more info)
[INFO] [stdout] 
[INFO] [stdout] 
[INFO] [stdout] error[E0119]: conflicting implementations of trait `std::ops::Mul<&_>` for type `&geometry::translation::TranslationBase<_, _, _>`
[INFO] [stdout]    --> /opt/rustwide/cargo-home/registry/src/github.com-1ecc6299db9ec823/nalgebra-0.11.2/src/geometry/isometry_ops.rs:68:9
[INFO] [stdout]     |
[INFO] [stdout] 68  | /         impl<$($lives ,)* N, D: DimName, S, R> $Op<$Rhs> for $Lhs
[INFO] [stdout] 69  | |             where N: Real,
[INFO] [stdout] 70  | |                   S: OwnedStorage<N, D, U1>,
[INFO] [stdout] 71  | |                   R: Rotation<PointBase<N, D, S>>,
[INFO] [stdout] ...   |
[INFO] [stdout] 78  | |             }
[INFO] [stdout] 79  | |         }
[INFO] [stdout]     | |         ^
[INFO] [stdout]     | |         |
[INFO] [stdout]     | |_________first implementation here
[INFO] [stdout]     |           conflicting implementation for `&geometry::translation::TranslationBase<_, _, _>`
[INFO] [stdout] ...
[INFO] [stdout] 286 | / isometry_binop_impl_all!(
[INFO] [stdout] 287 | |     Mul, mul;
[INFO] [stdout] 288 | |     self: TranslationBase<N, D, S>, right: R, Output = IsometryBase<N, D, S, R>;
[INFO] [stdout] 289 | |     [val val] => IsometryBase::from_parts(self, right);
[INFO] [stdout] ...   |
[INFO] [stdout] 292 | |     [ref ref] => IsometryBase::from_parts(self.clone(), right.clone());
[INFO] [stdout] 293 | | );
[INFO] [stdout]     | |__- in this macro invocation
[INFO] [stdout]     |
[INFO] [stdout]     = note: downstream crates may implement trait `alga::linear::Rotation<geometry::point::PointBase<_, _, _>>` for type `&_`
[INFO] [stdout]     = note: this error originates in the macro `isometry_binop_impl` (in Nightly builds, run with -Z macro-backtrace for more info)
[INFO] [stdout] 
[INFO] [stdout] 
[INFO] [stdout] error: aborting due to 2 previous errors
[INFO] [stdout] 
[INFO] [stdout] 
[INFO] [stdout] For more information about this error, try `rustc --explain E0119`.
[INFO] [stdout] 
[INFO] [stderr] error: build failed
[INFO] running `Command { std: "docker" "inspect" "1450ec0ef8b79592a283e5cfd8224f4ee59746768f35619345a0766de1d55893", kill_on_drop: false }`
[INFO] running `Command { std: "docker" "rm" "-f" "1450ec0ef8b79592a283e5cfd8224f4ee59746768f35619345a0766de1d55893", kill_on_drop: false }`
[INFO] [stdout] 1450ec0ef8b79592a283e5cfd8224f4ee59746768f35619345a0766de1d55893
