[INFO] cloning repository https://github.com/shivshankar3578/hyper-rest-example
[INFO] running `Command { std: "git" "-c" "credential.helper=" "-c" "credential.helper=/workspace/cargo-home/bin/git-credential-null" "clone" "--bare" "https://github.com/shivshankar3578/hyper-rest-example" "/workspace/cache/git-repos/https%3A%2F%2Fgithub.com%2Fshivshankar3578%2Fhyper-rest-example", kill_on_drop: false }`
[INFO] [stderr] Cloning into bare repository '/workspace/cache/git-repos/https%3A%2F%2Fgithub.com%2Fshivshankar3578%2Fhyper-rest-example'...
[INFO] running `Command { std: "git" "rev-parse" "HEAD", kill_on_drop: false }`
[INFO] [stdout] 91904dbb96eac4bbc1b5e8c2b029702134a6f3e2
[INFO] documenting shivshankar3578/hyper-rest-example against beta-2021-08-01 for beta-1.55-rustdoc-1
[INFO] running `Command { std: "git" "clone" "/workspace/cache/git-repos/https%3A%2F%2Fgithub.com%2Fshivshankar3578%2Fhyper-rest-example" "/workspace/builds/worker-14/source", kill_on_drop: false }`
[INFO] [stderr] Cloning into '/workspace/builds/worker-14/source'...
[INFO] [stderr] done.
[INFO] validating manifest of git repo https://github.com/shivshankar3578/hyper-rest-example on toolchain beta-2021-08-01
[INFO] running `Command { std: "/workspace/cargo-home/bin/cargo" "+beta-2021-08-01" "metadata" "--manifest-path" "Cargo.toml" "--no-deps", kill_on_drop: false }`
[INFO] started tweaking git repo https://github.com/shivshankar3578/hyper-rest-example
[INFO] finished tweaking git repo https://github.com/shivshankar3578/hyper-rest-example
[INFO] tweaked toml for git repo https://github.com/shivshankar3578/hyper-rest-example written to /workspace/builds/worker-14/source/Cargo.toml
[INFO] crate git repo https://github.com/shivshankar3578/hyper-rest-example already has a lockfile, it will not be regenerated
[INFO] running `Command { std: "/workspace/cargo-home/bin/cargo" "+beta-2021-08-01" "fetch" "--manifest-path" "Cargo.toml", kill_on_drop: false }`
[INFO] [stderr]  Downloading crates ...
[INFO] [stderr]   Downloaded sha1 v0.2.0
[INFO] [stderr]   Downloaded atoi v0.2.3
[INFO] [stderr]   Downloaded diesel_derives v1.2.0
[INFO] [stderr]   Downloaded tokio-threadpool v0.1.2
[INFO] [stderr]   Downloaded atty v0.2.8
[INFO] [stderr]   Downloaded num-integer v0.1.36
[INFO] [stderr]   Downloaded twox-hash v1.1.0
[INFO] [stderr]   Downloaded mysql v12.3.1
[INFO] [stderr]   Downloaded named_pipe v0.3.0
[INFO] [stderr]   Downloaded tokio-executor v0.1.2
[INFO] [stderr]   Downloaded futures v0.1.21
[INFO] [stderr]   Downloaded hyper v0.11.25
[INFO] [stderr]   Downloaded bufstream v0.1.3
[INFO] [stderr]   Downloaded maud_htmlescape v0.17.0
[INFO] [stderr]   Downloaded tokio-timer v0.2.1
[INFO] [stderr]   Downloaded chrono v0.4.2
[INFO] [stderr]   Downloaded nix v0.9.0
[INFO] [stderr]   Downloaded literalext v0.1.1
[INFO] [stderr]   Downloaded mysql_common v0.5.0
[INFO] [stderr]   Downloaded proc-macro2 v0.3.6
[INFO] [stderr]   Downloaded serde_derive_internals v0.23.0
[INFO] [stderr]   Downloaded quote v0.5.1
[INFO] [stderr]   Downloaded tokio v0.1.5
[INFO] [stderr]   Downloaded env_logger v0.5.7
[INFO] [stderr]   Downloaded smallvec v0.4.4
[INFO] [stderr]   Downloaded serde_derive v1.0.37
[INFO] [stderr]   Downloaded maud_macros v0.17.2
[INFO] [stderr]   Downloaded maud v0.17.2
[INFO] [stderr]   Downloaded mysqlclient-sys v0.2.3
[INFO] [stderr]   Downloaded serde v1.0.37
[INFO] [stderr]   Downloaded syn v0.13.1
[INFO] [stderr]   Downloaded diesel v1.2.1
[INFO] running `Command { std: "docker" "create" "-v" "/var/lib/crater-agent-workspace/builds/worker-14/target:/opt/rustwide/target:rw,Z" "-v" "/var/lib/crater-agent-workspace/builds/worker-14/source:/opt/rustwide/workdir:ro,Z" "-v" "/var/lib/crater-agent-workspace/cargo-home:/opt/rustwide/cargo-home:ro,Z" "-v" "/var/lib/crater-agent-workspace/rustup-home:/opt/rustwide/rustup-home:ro,Z" "-e" "SOURCE_DIR=/opt/rustwide/workdir" "-e" "CARGO_TARGET_DIR=/opt/rustwide/target" "-e" "CARGO_HOME=/opt/rustwide/cargo-home" "-e" "RUSTUP_HOME=/opt/rustwide/rustup-home" "-w" "/opt/rustwide/workdir" "-m" "1610612736" "--user" "0:0" "--network" "none" "ghcr.io/rust-lang/crates-build-env/linux@sha256:34b6a614d2c27851fe6cbf88fbd1137609cefab8b10d0615aaeb6fd47975d74e" "/opt/rustwide/cargo-home/bin/cargo" "+beta-2021-08-01" "metadata" "--no-deps" "--format-version=1", kill_on_drop: false }`
[INFO] [stdout] b4a5798002439fdab002c08e729cba006b8f43e66715bb0d2ad6ff70642a5fe3
[INFO] [stderr] WARNING: Your kernel does not support swap limit capabilities or the cgroup is not mounted. Memory limited without swap.
[INFO] running `Command { std: "docker" "start" "-a" "b4a5798002439fdab002c08e729cba006b8f43e66715bb0d2ad6ff70642a5fe3", kill_on_drop: false }`
[INFO] running `Command { std: "docker" "inspect" "b4a5798002439fdab002c08e729cba006b8f43e66715bb0d2ad6ff70642a5fe3", kill_on_drop: false }`
[INFO] running `Command { std: "docker" "rm" "-f" "b4a5798002439fdab002c08e729cba006b8f43e66715bb0d2ad6ff70642a5fe3", kill_on_drop: false }`
[INFO] [stdout] b4a5798002439fdab002c08e729cba006b8f43e66715bb0d2ad6ff70642a5fe3
[INFO] running `Command { std: "docker" "create" "-v" "/var/lib/crater-agent-workspace/builds/worker-14/target:/opt/rustwide/target:rw,Z" "-v" "/var/lib/crater-agent-workspace/builds/worker-14/source:/opt/rustwide/workdir:ro,Z" "-v" "/var/lib/crater-agent-workspace/cargo-home:/opt/rustwide/cargo-home:ro,Z" "-v" "/var/lib/crater-agent-workspace/rustup-home:/opt/rustwide/rustup-home:ro,Z" "-e" "SOURCE_DIR=/opt/rustwide/workdir" "-e" "CARGO_TARGET_DIR=/opt/rustwide/target" "-e" "CARGO_INCREMENTAL=0" "-e" "RUST_BACKTRACE=full" "-e" "RUSTDOCFLAGS=--cap-lints=warn" "-e" "CARGO_HOME=/opt/rustwide/cargo-home" "-e" "RUSTUP_HOME=/opt/rustwide/rustup-home" "-w" "/opt/rustwide/workdir" "-m" "1610612736" "--user" "0:0" "--network" "none" "ghcr.io/rust-lang/crates-build-env/linux@sha256:34b6a614d2c27851fe6cbf88fbd1137609cefab8b10d0615aaeb6fd47975d74e" "/opt/rustwide/cargo-home/bin/cargo" "+beta-2021-08-01" "doc" "--frozen" "--no-deps" "--document-private-items" "--message-format=json", kill_on_drop: false }`
[INFO] [stdout] 8e78b2cc587d518438c6179c16c99a1e244df0c6b719fa096c65b39ecd83ddec
[INFO] [stderr] WARNING: Your kernel does not support swap limit capabilities or the cgroup is not mounted. Memory limited without swap.
[INFO] running `Command { std: "docker" "start" "-a" "8e78b2cc587d518438c6179c16c99a1e244df0c6b719fa096c65b39ecd83ddec", kill_on_drop: false }`
[INFO] [stderr]     Blocking waiting for file lock on package cache
[INFO] [stderr]     Checking num-traits v0.2.2
[INFO] [stderr]     Checking serde v1.0.37
[INFO] [stderr]    Compiling literalext v0.1.1
[INFO] [stderr]     Checking sha1 v0.2.0
[INFO] [stderr]     Checking bufstream v0.1.3
[INFO] [stderr]     Checking termcolor v0.3.6
[INFO] [stderr]    Compiling proc-macro2 v0.3.6
[INFO] [stderr]     Checking proc-macro2 v0.2.3
[INFO] [stderr]     Checking base64 v0.9.0
[INFO] [stderr]     Checking nix v0.9.0
[INFO] [stderr]     Checking bytes v0.4.6
[INFO] [stderr]     Checking tokio-timer v0.2.1
[INFO] [stderr]     Checking twox-hash v1.1.0
[INFO] [stderr]     Checking regex v0.2.10
[INFO] [stderr]    Compiling syn v0.12.15
[INFO] [stderr]     Checking tokio-threadpool v0.1.2
[INFO] [stderr]     Checking url v1.7.0
[INFO] [stdout] error[E0214]: parenthesized type parameters may only be used with a `Fn` trait
[INFO] [stdout]   --> /opt/rustwide/cargo-home/registry/src/github.com-1ecc6299db9ec823/twox-hash-1.1.0/src/number_streams.rs:67:23
[INFO] [stdout]    |
[INFO] [stdout] 67 |     fn count(self) -> usize() {
[INFO] [stdout]    |                       ^^^^^^^ only `Fn` traits may use parentheses
[INFO] [stdout] ...
[INFO] [stdout] 74 | number_stream!(U32FromBytes, u32, U32_BYTES);
[INFO] [stdout]    | --------------------------------------------- in this macro invocation
[INFO] [stdout]    |
[INFO] [stdout]    = note: this error originates in the macro `number_stream` (in Nightly builds, run with -Z macro-backtrace for more info)
[INFO] [stdout] 
[INFO] [stdout] 
[INFO] [stdout] error[E0214]: parenthesized type parameters may only be used with a `Fn` trait
[INFO] [stdout]   --> /opt/rustwide/cargo-home/registry/src/github.com-1ecc6299db9ec823/twox-hash-1.1.0/src/number_streams.rs:67:23
[INFO] [stdout]    |
[INFO] [stdout] 67 |     fn count(self) -> usize() {
[INFO] [stdout]    |                       ^^^^^^^ only `Fn` traits may use parentheses
[INFO] [stdout] ...
[INFO] [stdout] 75 | number_stream!(U64FromBytes, u64, U64_BYTES);
[INFO] [stdout]    | --------------------------------------------- in this macro invocation
[INFO] [stdout]    |
[INFO] [stdout]    = note: this error originates in the macro `number_stream` (in Nightly builds, run with -Z macro-backtrace for more info)
[INFO] [stdout] 
[INFO] [stdout] 
[INFO] [stdout] error[E0554]: `#![feature]` may not be used on the beta release channel
[INFO] [stdout]   --> /opt/rustwide/cargo-home/registry/src/github.com-1ecc6299db9ec823/literalext-0.1.1/src/lib.rs:19:37
[INFO] [stdout]    |
[INFO] [stdout] 19 | #![cfg_attr(feature = "proc-macro", feature(proc_macro))]
[INFO] [stdout]    |                                     ^^^^^^^^^^^^^^^^^^^ help: remove the attribute
[INFO] [stdout]    |
[INFO] [stdout]    = help: the feature `proc_macro` has been stable since 1.29.0 and no longer requires an attribute to enable
[INFO] [stdout] 
[INFO] [stdout] 
[INFO] [stdout] error: aborting due to previous error
[INFO] [stdout] 
[INFO] [stdout] 
[INFO] [stdout] For more information about this error, try `rustc --explain E0554`.
[INFO] [stdout] 
[INFO] [stderr] error: could not compile `literalext` due to 2 previous errors
[INFO] [stderr] warning: build failed, waiting for other jobs to finish...
[INFO] [stdout] error: aborting due to 2 previous errors
[INFO] [stdout] 
[INFO] [stdout] 
[INFO] [stdout] For more information about this error, try `rustc --explain E0214`.
[INFO] [stdout] 
[INFO] [stdout] error[E0713]: borrow may still be in use when destructor runs
[INFO] [stdout]    --> /opt/rustwide/cargo-home/registry/src/github.com-1ecc6299db9ec823/url-1.7.0/src/form_urlencoded.rs:261:40
[INFO] [stdout]     |
[INFO] [stdout] 259 | impl<'a> Target for ::UrlQuery<'a> {
[INFO] [stdout]     |      -- lifetime `'a` defined here
[INFO] [stdout] 260 |     fn as_mut_string(&mut self) -> &mut String { &mut self.url.serialization }
[INFO] [stdout] 261 |     fn finish(self) -> &'a mut ::Url { self.url }
[INFO] [stdout]     |                                        ^^^^^^^^ - here, drop of `self` needs exclusive access to `*self.url`, because the type `UrlQuery<'_>` implements the `Drop` trait
[INFO] [stdout]     |                                        |
[INFO] [stdout]     |                                        returning this value requires that `*self.url` is borrowed for `'a`
[INFO] [stdout] 
[INFO] [stdout] 
[INFO] [stdout] error: aborting due to previous error
[INFO] [stdout] 
[INFO] [stdout] 
[INFO] [stdout] For more information about this error, try `rustc --explain E0713`.
[INFO] [stdout] 
[INFO] [stderr] error: build failed
[INFO] running `Command { std: "docker" "inspect" "8e78b2cc587d518438c6179c16c99a1e244df0c6b719fa096c65b39ecd83ddec", kill_on_drop: false }`
[INFO] running `Command { std: "docker" "rm" "-f" "8e78b2cc587d518438c6179c16c99a1e244df0c6b719fa096c65b39ecd83ddec", kill_on_drop: false }`
[INFO] [stdout] 8e78b2cc587d518438c6179c16c99a1e244df0c6b719fa096c65b39ecd83ddec
