[INFO] cloning repository https://github.com/semanteecore/semanteecore
[INFO] running `Command { std: "git" "-c" "credential.helper=" "-c" "credential.helper=/workspace/cargo-home/bin/git-credential-null" "clone" "--bare" "https://github.com/semanteecore/semanteecore" "/workspace/cache/git-repos/https%3A%2F%2Fgithub.com%2Fsemanteecore%2Fsemanteecore", kill_on_drop: false }`
[INFO] [stderr] Cloning into bare repository '/workspace/cache/git-repos/https%3A%2F%2Fgithub.com%2Fsemanteecore%2Fsemanteecore'...
[INFO] running `Command { std: "git" "rev-parse" "HEAD", kill_on_drop: false }`
[INFO] [stdout] a377f603330098bebc9f833f8225a1f10e2f5843
[INFO] documenting semanteecore/semanteecore against beta-2021-08-01 for beta-1.55-rustdoc-1
[INFO] running `Command { std: "git" "clone" "/workspace/cache/git-repos/https%3A%2F%2Fgithub.com%2Fsemanteecore%2Fsemanteecore" "/workspace/builds/worker-4/source", kill_on_drop: false }`
[INFO] [stderr] Cloning into '/workspace/builds/worker-4/source'...
[INFO] [stderr] done.
[INFO] validating manifest of git repo https://github.com/semanteecore/semanteecore on toolchain beta-2021-08-01
[INFO] running `Command { std: "/workspace/cargo-home/bin/cargo" "+beta-2021-08-01" "metadata" "--manifest-path" "Cargo.toml" "--no-deps", kill_on_drop: false }`
[INFO] removed /workspace/builds/worker-4/source/rust-toolchain
[INFO] started tweaking git repo https://github.com/semanteecore/semanteecore
[INFO] finished tweaking git repo https://github.com/semanteecore/semanteecore
[INFO] tweaked toml for git repo https://github.com/semanteecore/semanteecore written to /workspace/builds/worker-4/source/Cargo.toml
[INFO] crate git repo https://github.com/semanteecore/semanteecore already has a lockfile, it will not be regenerated
[INFO] running `Command { std: "/workspace/cargo-home/bin/cargo" "+beta-2021-08-01" "fetch" "--manifest-path" "Cargo.toml", kill_on_drop: false }`
[INFO] [stderr]     Blocking waiting for file lock on package cache
[INFO] [stderr]     Updating git repository `https://github.com/semanteecore/clog-lib.git`
[INFO] [stderr]  Downloading crates ...
[INFO] [stderr]   Downloaded serial_test_derive v0.2.0
[INFO] [stderr]   Downloaded cargo_toml v0.8.0
[INFO] [stderr]   Downloaded serial_test v0.2.0
[INFO] [stderr]   Downloaded symlink v0.1.0
[INFO] [stderr]   Downloaded structopt-derive v0.3.5
[INFO] [stderr]   Downloaded tree_magic v0.2.1
[INFO] [stderr]   Downloaded git2 v0.9.2
[INFO] [stderr]   Downloaded hyperx v0.13.2
[INFO] [stderr]   Downloaded structopt v0.3.5
[INFO] [stderr]   Downloaded libssh2-sys v0.2.13
[INFO] [stderr]   Downloaded cargo_metadata v0.9.1
[INFO] [stderr]   Downloaded serde_test v1.0.104
[INFO] [stderr]   Downloaded tar v0.4.26
[INFO] [stderr]   Downloaded text-diff v0.4.0
[INFO] [stderr]   Downloaded hubcaps v0.5.0
[INFO] [stderr]   Downloaded libgit2-sys v0.8.2
[INFO] running `Command { std: "docker" "create" "-v" "/var/lib/crater-agent-workspace/builds/worker-4/target:/opt/rustwide/target:rw,Z" "-v" "/var/lib/crater-agent-workspace/builds/worker-4/source:/opt/rustwide/workdir:ro,Z" "-v" "/var/lib/crater-agent-workspace/cargo-home:/opt/rustwide/cargo-home:ro,Z" "-v" "/var/lib/crater-agent-workspace/rustup-home:/opt/rustwide/rustup-home:ro,Z" "-e" "SOURCE_DIR=/opt/rustwide/workdir" "-e" "CARGO_TARGET_DIR=/opt/rustwide/target" "-e" "CARGO_HOME=/opt/rustwide/cargo-home" "-e" "RUSTUP_HOME=/opt/rustwide/rustup-home" "-w" "/opt/rustwide/workdir" "-m" "1610612736" "--user" "0:0" "--network" "none" "ghcr.io/rust-lang/crates-build-env/linux@sha256:34b6a614d2c27851fe6cbf88fbd1137609cefab8b10d0615aaeb6fd47975d74e" "/opt/rustwide/cargo-home/bin/cargo" "+beta-2021-08-01" "metadata" "--no-deps" "--format-version=1", kill_on_drop: false }`
[INFO] [stdout] 499e452b4eaa727320ac67501e6c06786e613a510420ecec500d754ebc24742b
[INFO] running `Command { std: "docker" "start" "-a" "499e452b4eaa727320ac67501e6c06786e613a510420ecec500d754ebc24742b", kill_on_drop: false }`
[INFO] running `Command { std: "docker" "inspect" "499e452b4eaa727320ac67501e6c06786e613a510420ecec500d754ebc24742b", kill_on_drop: false }`
[INFO] running `Command { std: "docker" "rm" "-f" "499e452b4eaa727320ac67501e6c06786e613a510420ecec500d754ebc24742b", kill_on_drop: false }`
[INFO] [stdout] 499e452b4eaa727320ac67501e6c06786e613a510420ecec500d754ebc24742b
[INFO] running `Command { std: "docker" "create" "-v" "/var/lib/crater-agent-workspace/builds/worker-4/target:/opt/rustwide/target:rw,Z" "-v" "/var/lib/crater-agent-workspace/builds/worker-4/source:/opt/rustwide/workdir:ro,Z" "-v" "/var/lib/crater-agent-workspace/cargo-home:/opt/rustwide/cargo-home:ro,Z" "-v" "/var/lib/crater-agent-workspace/rustup-home:/opt/rustwide/rustup-home:ro,Z" "-e" "SOURCE_DIR=/opt/rustwide/workdir" "-e" "CARGO_TARGET_DIR=/opt/rustwide/target" "-e" "CARGO_INCREMENTAL=0" "-e" "RUST_BACKTRACE=full" "-e" "RUSTDOCFLAGS=--cap-lints=warn" "-e" "CARGO_HOME=/opt/rustwide/cargo-home" "-e" "RUSTUP_HOME=/opt/rustwide/rustup-home" "-w" "/opt/rustwide/workdir" "-m" "1610612736" "--user" "0:0" "--network" "none" "ghcr.io/rust-lang/crates-build-env/linux@sha256:34b6a614d2c27851fe6cbf88fbd1137609cefab8b10d0615aaeb6fd47975d74e" "/opt/rustwide/cargo-home/bin/cargo" "+beta-2021-08-01" "doc" "--frozen" "--no-deps" "--document-private-items" "--message-format=json", kill_on_drop: false }`
[INFO] [stdout] 2fe68ba922dadf4c38d57ed6e4fa73fab07eab3e81c5240bdeca6784f5267764
[INFO] running `Command { std: "docker" "start" "-a" "2fe68ba922dadf4c38d57ed6e4fa73fab07eab3e81c5240bdeca6784f5267764", kill_on_drop: false }`
[INFO] [stderr]    Compiling syn v1.0.11
[INFO] [stderr]    Compiling serde v1.0.104
[INFO] [stderr]    Compiling cc v1.0.48
[INFO] [stderr]     Checking smallvec v1.1.0
[INFO] [stderr]    Compiling syn v0.15.44
[INFO] [stderr]     Checking ascii v0.9.3
[INFO] [stderr]     Checking nom v2.2.1
[INFO] [stderr]     Checking glob v0.3.0
[INFO] [stderr]     Checking termcolor v1.0.5
[INFO] [stderr]     Checking dotenv v0.15.0
[INFO] [stderr]    Compiling anyhow v1.0.26
[INFO] [stderr]     Checking fs_extra v1.1.0
[INFO] [stderr]    Compiling num-traits v0.2.10
[INFO] [stderr]    Compiling num-integer v0.1.41
[INFO] [stderr]    Compiling error-chain v0.12.1
[INFO] [stderr]     Checking getopts v0.2.21
[INFO] [stderr]     Checking humantime v1.3.0
[INFO] [stderr]     Checking iovec v0.1.4
[INFO] [stderr]     Checking num_cpus v1.11.1
[INFO] [stderr]     Checking net2 v0.2.33
[INFO] [stderr]     Checking subprocess v0.1.18
[INFO] [stderr]     Checking want v0.2.0
[INFO] [stderr]     Checking rand_os v0.1.3
[INFO] [stderr]     Checking atty v0.2.13
[INFO] [stderr]     Checking encoding_rs v0.8.22
[INFO] [stderr]     Checking xattr v0.2.2
[INFO] [stderr]     Checking filetime v0.2.8
[INFO] [stderr]     Checking parking_lot_core v0.2.14
[INFO] [stderr]     Checking flate2 v1.0.13
[INFO] [stderr]     Checking term v0.2.14
[INFO] [stderr]     Checking clap v2.33.0
[INFO] [stderr]     Checking bytes v0.4.12
[INFO] [stderr]     Checking tar v0.4.26
[INFO] [stderr]     Checking futures-cpupool v0.1.8
[INFO] [stderr]     Checking rand v0.6.5
[INFO] [stderr]     Checking combine v3.8.1
[INFO] [stderr]     Checking unicode-normalization v0.1.11
[INFO] [stderr]     Checking mio v0.6.21
[INFO] [stderr]     Checking text-diff v0.4.0
[INFO] [stderr]     Checking parking_lot v0.4.8
[INFO] [stderr]     Checking env_logger v0.7.1
[INFO] [stderr]     Checking mio-uds v0.6.7
[INFO] [stderr]     Checking idna v0.2.0
[INFO] [stderr]     Checking idna v0.1.5
[INFO] [stderr]     Checking tokio-io v0.1.12
[INFO] [stderr]     Checking http v0.1.21
[INFO] [stderr]     Checking tokio-buf v0.1.1
[INFO] [stderr]     Checking string v0.2.1
[INFO] [stderr]     Checking tree_magic v0.2.1
[INFO] [stderr]     Checking tokio-codec v0.1.1
[INFO] [stderr]     Checking url v1.7.2
[INFO] [stderr]    Compiling backtrace-sys v0.1.32
[INFO] [stderr]    Compiling openssl-sys v0.9.53
[INFO] [stderr]    Compiling libz-sys v1.0.25
[INFO] [stderr]    Compiling libssh2-sys v0.2.13
[INFO] [stderr]    Compiling libgit2-sys v0.8.2
[INFO] [stderr]     Checking cookie v0.12.0
[INFO] [stderr]     Checking uuid v0.7.4
[INFO] [stderr]     Checking url v2.1.0
[INFO] [stderr]     Checking backtrace v0.3.40
[INFO] [stderr]    Compiling openssl v0.10.26
[INFO] [stderr]    Compiling native-tls v0.2.3
[INFO] [stderr]     Checking chrono v0.4.10
[INFO] [stderr]     Checking h2 v0.1.26
[INFO] [stderr]     Checking http-body v0.1.0
[INFO] [stderr]     Checking hyperx v0.13.2
[INFO] [stderr]     Checking publicsuffix v1.5.4
[INFO] [stderr]     Checking clog v0.9.4 (https://github.com/semanteecore/clog-lib.git?tag=v0.9.4#84a0c3ee)
[INFO] [stderr]    Compiling synstructure v0.12.3
[INFO] [stderr]    Compiling proc-macro-error v0.2.6
[INFO] [stderr]    Compiling pest_generator v2.1.1
[INFO] [stderr]    Compiling strum_macros v0.15.0
[INFO] [stderr]    Compiling serde_derive v1.0.104
[INFO] [stderr]    Compiling failure_derive v0.1.6
[INFO] [stderr]    Compiling structopt-derive v0.3.5
[INFO] [stderr]    Compiling pest_derive v2.1.0
[INFO] [stderr]    Compiling getset v0.0.9
[INFO] [stderr]    Compiling derive_more v0.99.2
[INFO] [stderr]     Checking failure v0.1.6
[INFO] [stderr]     Checking structopt v0.3.5
[INFO] [stderr]     Checking serde_json v1.0.44
[INFO] [stderr]     Checking semver v0.9.0
[INFO] [stderr]     Checking toml v0.5.5
[INFO] [stderr]     Checking serde_test v1.0.104
[INFO] [stderr]     Checking serde_urlencoded v0.5.5
[INFO] [stderr]     Checking linked-hash-map v0.5.2
[INFO] [stderr]    Compiling rustc_version v0.2.3
[INFO] [stderr]     Checking toml_edit v0.1.5
[INFO] [stderr]     Checking cargo_toml v0.8.0
[INFO] [stderr]     Checking semanteecore_plugin_api v2.14.3 (/opt/rustwide/workdir/plugin_api)
[INFO] [stderr]     Checking cookie_store v0.7.0
[INFO] [stderr]     Checking cargo_metadata v0.9.1
[INFO] [stderr]  Documenting semanteecore_plugin_api v2.14.3 (/opt/rustwide/workdir/plugin_api)
[INFO] [stderr]    Compiling parking_lot_core v0.6.2
[INFO] [stderr]    Compiling parking_lot v0.9.0
[INFO] [stderr]    Compiling memoffset v0.5.3
[INFO] [stderr]    Compiling hyper v0.12.35
[INFO] [stdout] error[E0437]: type `Ok` is not a member of trait `Try`
[INFO] [stdout]   --> plugin_api/src/proto/response.rs:26:5
[INFO] [stdout]    |
[INFO] [stdout] 26 |     type Ok = T;
[INFO] [stdout]    |     ^^^^^^^^^^^^ not a member of trait `Try`
[INFO] [stdout] 
[INFO] [stdout] 
[INFO] [stdout] error[E0437]: type `Error` is not a member of trait `Try`
[INFO] [stdout]   --> plugin_api/src/proto/response.rs:27:5
[INFO] [stdout]    |
[INFO] [stdout] 27 |     type Error = failure::Error;
[INFO] [stdout]    |     ^^^^^^^^^^^^^^^^^^^^^^^^^^^^ not a member of trait `Try`
[INFO] [stdout] 
[INFO] [stdout] 
[INFO] [stdout] error[E0407]: method `into_result` is not a member of trait `Try`
[INFO] [stdout]   --> plugin_api/src/proto/response.rs:29:5
[INFO] [stdout]    |
[INFO] [stdout] 29 | /     fn into_result(self) -> Result<Self::Ok, Self::Error> {
[INFO] [stdout] 30 | |         self.warnings.iter().for_each(|w| log::warn!("{}", w));
[INFO] [stdout] 31 | |         match self.body {
[INFO] [stdout] 32 | |             PluginResponseBody::Error(err) => Err(err),
[INFO] [stdout] 33 | |             PluginResponseBody::Data(data) => Ok(data),
[INFO] [stdout] 34 | |         }
[INFO] [stdout] 35 | |     }
[INFO] [stdout]    | |_____^ not a member of trait `Try`
[INFO] [stdout] 
[INFO] [stdout] 
[INFO] [stdout] error[E0407]: method `from_error` is not a member of trait `Try`
[INFO] [stdout]   --> plugin_api/src/proto/response.rs:37:5
[INFO] [stdout]    |
[INFO] [stdout] 37 | /     fn from_error(v: Self::Error) -> Self {
[INFO] [stdout] 38 | |         PluginResponse {
[INFO] [stdout] 39 | |             warnings: vec![],
[INFO] [stdout] 40 | |             body: PluginResponseBody::Error(v),
[INFO] [stdout] 41 | |         }
[INFO] [stdout] 42 | |     }
[INFO] [stdout]    | |_____^ not a member of trait `Try`
[INFO] [stdout] 
[INFO] [stdout] 
[INFO] [stdout] error[E0407]: method `from_ok` is not a member of trait `Try`
[INFO] [stdout]   --> plugin_api/src/proto/response.rs:44:5
[INFO] [stdout]    |
[INFO] [stdout] 44 | /     fn from_ok(v: Self::Ok) -> Self {
[INFO] [stdout] 45 | |         PluginResponse {
[INFO] [stdout] 46 | |             warnings: vec![],
[INFO] [stdout] 47 | |             body: PluginResponseBody::Data(v),
[INFO] [stdout] 48 | |         }
[INFO] [stdout] 49 | |     }
[INFO] [stdout]    | |_____^ not a member of trait `Try`
[INFO] [stdout] 
[INFO] [stdout] 
[INFO] [stdout] error[E0554]: `#![feature]` may not be used on the beta release channel
[INFO] [stdout]  --> plugin_api/src/lib.rs:1:1
[INFO] [stdout]   |
[INFO] [stdout] 1 | #![feature(try_trait)]
[INFO] [stdout]   | ^^^^^^^^^^^^^^^^^^^^^^
[INFO] [stdout] 
[INFO] [stdout] 
[INFO] [stdout] error[E0437]: type `Ok` is not a member of trait `Try`
[INFO] [stdout]   --> plugin_api/src/proto/response.rs:26:5
[INFO] [stdout]    |
[INFO] [stdout] 26 |     type Ok = T;
[INFO] [stdout]    |     ^^^^^^^^^^^^ not a member of trait `Try`
[INFO] [stdout] 
[INFO] [stdout] 
[INFO] [stdout] error[E0437]: type `Error` is not a member of trait `Try`
[INFO] [stdout]   --> plugin_api/src/proto/response.rs:27:5
[INFO] [stdout]    |
[INFO] [stdout] 27 |     type Error = failure::Error;
[INFO] [stdout]    |     ^^^^^^^^^^^^^^^^^^^^^^^^^^^^ not a member of trait `Try`
[INFO] [stdout] 
[INFO] [stdout] 
[INFO] [stdout] error[E0407]: method `into_result` is not a member of trait `Try`
[INFO] [stdout]   --> plugin_api/src/proto/response.rs:29:5
[INFO] [stdout]    |
[INFO] [stdout] 29 | /     fn into_result(self) -> Result<Self::Ok, Self::Error> {
[INFO] [stdout] 30 | |         self.warnings.iter().for_each(|w| log::warn!("{}", w));
[INFO] [stdout] 31 | |         match self.body {
[INFO] [stdout] 32 | |             PluginResponseBody::Error(err) => Err(err),
[INFO] [stdout] 33 | |             PluginResponseBody::Data(data) => Ok(data),
[INFO] [stdout] 34 | |         }
[INFO] [stdout] 35 | |     }
[INFO] [stdout]    | |_____^ not a member of trait `Try`
[INFO] [stdout] 
[INFO] [stdout] 
[INFO] [stdout] error[E0407]: method `from_error` is not a member of trait `Try`
[INFO] [stdout]   --> plugin_api/src/proto/response.rs:37:5
[INFO] [stdout]    |
[INFO] [stdout] 37 | /     fn from_error(v: Self::Error) -> Self {
[INFO] [stdout] 38 | |         PluginResponse {
[INFO] [stdout] 39 | |             warnings: vec![],
[INFO] [stdout] 40 | |             body: PluginResponseBody::Error(v),
[INFO] [stdout] 41 | |         }
[INFO] [stdout] 42 | |     }
[INFO] [stdout]    | |_____^ not a member of trait `Try`
[INFO] [stdout] 
[INFO] [stdout] 
[INFO] [stdout] error[E0407]: method `from_ok` is not a member of trait `Try`
[INFO] [stdout]   --> plugin_api/src/proto/response.rs:44:5
[INFO] [stdout]    |
[INFO] [stdout] 44 | /     fn from_ok(v: Self::Ok) -> Self {
[INFO] [stdout] 45 | |         PluginResponse {
[INFO] [stdout] 46 | |             warnings: vec![],
[INFO] [stdout] 47 | |             body: PluginResponseBody::Data(v),
[INFO] [stdout] 48 | |         }
[INFO] [stdout] 49 | |     }
[INFO] [stdout]    | |_____^ not a member of trait `Try`
[INFO] [stdout] 
[INFO] [stdout] 
[INFO] [stdout] error[E0554]: `#![feature]` may not be used on the beta release channel
[INFO] [stdout]  --> plugin_api/src/lib.rs:1:1
[INFO] [stdout]   |
[INFO] [stdout] 1 | #![feature(try_trait)]
[INFO] [stdout]   | ^^^^^^^^^^^^^^^^^^^^^^
[INFO] [stdout] 
[INFO] [stdout] 
[INFO] [stdout] error: Compilation failed, aborting rustdoc
[INFO] [stdout] 
[INFO] [stdout] 
[INFO] [stdout] error: aborting due to 7 previous errors
[INFO] [stdout] 
[INFO] [stdout] 
[INFO] [stdout] Some errors have detailed explanations: E0407, E0437, E0554.
[INFO] [stdout] 
[INFO] [stdout] For more information about an error, try `rustc --explain E0407`.
[INFO] [stdout] 
[INFO] [stdout] error[E0658]: use of unstable library feature 'try_trait_v2'
[INFO] [stdout]   --> plugin_api/src/lib.rs:12:5
[INFO] [stdout]    |
[INFO] [stdout] 12 | use std::ops::Try;
[INFO] [stdout]    |     ^^^^^^^^^^^^^
[INFO] [stdout]    |
[INFO] [stdout]    = note: see issue #84277 <https://github.com/rust-lang/rust/issues/84277> for more information
[INFO] [stdout] 
[INFO] [stdout] 
[INFO] [stdout] error[E0658]: use of unstable library feature 'try_trait_v2'
[INFO] [stdout]  --> plugin_api/src/proto/response.rs:1:5
[INFO] [stdout]   |
[INFO] [stdout] 1 | use std::ops::Try;
[INFO] [stdout]   |     ^^^^^^^^^^^^^
[INFO] [stdout]   |
[INFO] [stdout]   = note: see issue #84277 <https://github.com/rust-lang/rust/issues/84277> for more information
[INFO] [stdout] 
[INFO] [stdout] 
[INFO] [stdout] error[E0658]: use of unstable library feature 'try_trait_v2'
[INFO] [stdout]   --> plugin_api/src/proto/response.rs:25:9
[INFO] [stdout]    |
[INFO] [stdout] 25 | impl<T> Try for PluginResponse<T> {
[INFO] [stdout]    |         ^^^
[INFO] [stdout]    |
[INFO] [stdout]    = note: see issue #84277 <https://github.com/rust-lang/rust/issues/84277> for more information
[INFO] [stdout] 
[INFO] [stdout] 
[INFO] [stderr] error: could not document `semanteecore_plugin_api`
[INFO] [stderr] 
[INFO] [stderr] Caused by:
[INFO] [stderr]   process didn't exit successfully: `rustdoc --edition=2018 --crate-type lib --crate-name semanteecore_plugin_api plugin_api/src/lib.rs -o /opt/rustwide/target/doc --error-format=json --json=diagnostic-rendered-ansi --document-private-items -L dependency=/opt/rustwide/target/debug/deps --extern failure=/opt/rustwide/target/debug/deps/libfailure-519e9676bb25f6f9.rmeta --extern log=/opt/rustwide/target/debug/deps/liblog-8cb8a4ba47ef9b79.rmeta --extern semver=/opt/rustwide/target/debug/deps/libsemver-75900a9692a6ba49.rmeta --extern serde=/opt/rustwide/target/debug/deps/libserde-c24c6213041ffc4d.rmeta --extern serde_json=/opt/rustwide/target/debug/deps/libserde_json-3038f367a3932ab8.rmeta --extern strum=/opt/rustwide/target/debug/deps/libstrum-0aeeeccf7b0ce03f.rmeta --extern strum_macros=/opt/rustwide/target/debug/deps/libstrum_macros-b0abd6dac443a2c8.so --extern subprocess=/opt/rustwide/target/debug/deps/libsubprocess-4a421879fb428b37.rmeta --cap-lints=warn --crate-version 2.14.3` (exit status: 1)
[INFO] [stderr] warning: build failed, waiting for other jobs to finish...
[INFO] [stdout] error[E0220]: associated type `Ok` not found for `Self`
[INFO] [stdout]   --> plugin_api/src/proto/response.rs:29:42
[INFO] [stdout]    |
[INFO] [stdout] 29 |     fn into_result(self) -> Result<Self::Ok, Self::Error> {
[INFO] [stdout]    |                                          ^^ associated type `Ok` not found
[INFO] [stdout] 
[INFO] [stdout] 
[INFO] [stdout] error[E0220]: associated type `Error` not found for `Self`
[INFO] [stdout]   --> plugin_api/src/proto/response.rs:29:52
[INFO] [stdout]    |
[INFO] [stdout] 29 |     fn into_result(self) -> Result<Self::Ok, Self::Error> {
[INFO] [stdout]    |                                                    ^^^^^ associated type `Error` not found
[INFO] [stdout] 
[INFO] [stdout] 
[INFO] [stdout] error[E0220]: associated type `Error` not found for `Self`
[INFO] [stdout]   --> plugin_api/src/proto/response.rs:37:28
[INFO] [stdout]    |
[INFO] [stdout] 37 |     fn from_error(v: Self::Error) -> Self {
[INFO] [stdout]    |                            ^^^^^ associated type `Error` not found
[INFO] [stdout] 
[INFO] [stdout] 
[INFO] [stdout] error[E0220]: associated type `Ok` not found for `Self`
[INFO] [stdout]   --> plugin_api/src/proto/response.rs:44:25
[INFO] [stdout]    |
[INFO] [stdout] 44 |     fn from_ok(v: Self::Ok) -> Self {
[INFO] [stdout]    |                         ^^ associated type `Ok` not found
[INFO] [stdout] 
[INFO] [stdout] 
[INFO] [stdout] error: aborting due to 13 previous errors
[INFO] [stdout] 
[INFO] [stdout] 
[INFO] [stdout] Some errors have detailed explanations: E0220, E0407, E0437, E0554, E0658.
[INFO] [stdout] 
[INFO] [stdout] For more information about an error, try `rustc --explain E0220`.
[INFO] [stdout] 
[INFO] [stderr] error: build failed
[INFO] running `Command { std: "docker" "inspect" "2fe68ba922dadf4c38d57ed6e4fa73fab07eab3e81c5240bdeca6784f5267764", kill_on_drop: false }`
[INFO] running `Command { std: "docker" "rm" "-f" "2fe68ba922dadf4c38d57ed6e4fa73fab07eab3e81c5240bdeca6784f5267764", kill_on_drop: false }`
[INFO] [stdout] 2fe68ba922dadf4c38d57ed6e4fa73fab07eab3e81c5240bdeca6784f5267764
