[INFO] cloning repository https://github.com/seikichi/greentty
[INFO] running `Command { std: "git" "-c" "credential.helper=" "-c" "credential.helper=/workspace/cargo-home/bin/git-credential-null" "clone" "--bare" "https://github.com/seikichi/greentty" "/workspace/cache/git-repos/https%3A%2F%2Fgithub.com%2Fseikichi%2Fgreentty", kill_on_drop: false }`
[INFO] [stderr] Cloning into bare repository '/workspace/cache/git-repos/https%3A%2F%2Fgithub.com%2Fseikichi%2Fgreentty'...
[INFO] running `Command { std: "git" "rev-parse" "HEAD", kill_on_drop: false }`
[INFO] [stdout] 4a49da5aadc8ecc15d1651712b9d0ee674f04fd9
[INFO] documenting seikichi/greentty against beta-2021-08-01 for beta-1.55-rustdoc-1
[INFO] running `Command { std: "git" "clone" "/workspace/cache/git-repos/https%3A%2F%2Fgithub.com%2Fseikichi%2Fgreentty" "/workspace/builds/worker-1/source", kill_on_drop: false }`
[INFO] [stderr] Cloning into '/workspace/builds/worker-1/source'...
[INFO] [stderr] done.
[INFO] validating manifest of git repo https://github.com/seikichi/greentty on toolchain beta-2021-08-01
[INFO] running `Command { std: "/workspace/cargo-home/bin/cargo" "+beta-2021-08-01" "metadata" "--manifest-path" "Cargo.toml" "--no-deps", kill_on_drop: false }`
[INFO] started tweaking git repo https://github.com/seikichi/greentty
[INFO] finished tweaking git repo https://github.com/seikichi/greentty
[INFO] tweaked toml for git repo https://github.com/seikichi/greentty written to /workspace/builds/worker-1/source/Cargo.toml
[INFO] crate git repo https://github.com/seikichi/greentty already has a lockfile, it will not be regenerated
[INFO] running `Command { std: "/workspace/cargo-home/bin/cargo" "+beta-2021-08-01" "fetch" "--manifest-path" "Cargo.toml", kill_on_drop: false }`
[INFO] [stderr]     Blocking waiting for file lock on package cache
[INFO] [stderr]     Blocking waiting for file lock on package cache
[INFO] running `Command { std: "docker" "create" "-v" "/var/lib/crater-agent-workspace/builds/worker-1/target:/opt/rustwide/target:rw,Z" "-v" "/var/lib/crater-agent-workspace/builds/worker-1/source:/opt/rustwide/workdir:ro,Z" "-v" "/var/lib/crater-agent-workspace/cargo-home:/opt/rustwide/cargo-home:ro,Z" "-v" "/var/lib/crater-agent-workspace/rustup-home:/opt/rustwide/rustup-home:ro,Z" "-e" "SOURCE_DIR=/opt/rustwide/workdir" "-e" "CARGO_TARGET_DIR=/opt/rustwide/target" "-e" "CARGO_HOME=/opt/rustwide/cargo-home" "-e" "RUSTUP_HOME=/opt/rustwide/rustup-home" "-w" "/opt/rustwide/workdir" "-m" "1610612736" "--user" "0:0" "--network" "none" "ghcr.io/rust-lang/crates-build-env/linux@sha256:34b6a614d2c27851fe6cbf88fbd1137609cefab8b10d0615aaeb6fd47975d74e" "/opt/rustwide/cargo-home/bin/cargo" "+beta-2021-08-01" "metadata" "--no-deps" "--format-version=1", kill_on_drop: false }`
[INFO] [stdout] b1a35672fcf7589b45c7258eec9e0edf6ba6978ec375e8283e9e0eaf201a89c4
[INFO] running `Command { std: "docker" "start" "-a" "b1a35672fcf7589b45c7258eec9e0edf6ba6978ec375e8283e9e0eaf201a89c4", kill_on_drop: false }`
[INFO] running `Command { std: "docker" "inspect" "b1a35672fcf7589b45c7258eec9e0edf6ba6978ec375e8283e9e0eaf201a89c4", kill_on_drop: false }`
[INFO] running `Command { std: "docker" "rm" "-f" "b1a35672fcf7589b45c7258eec9e0edf6ba6978ec375e8283e9e0eaf201a89c4", kill_on_drop: false }`
[INFO] [stdout] b1a35672fcf7589b45c7258eec9e0edf6ba6978ec375e8283e9e0eaf201a89c4
[INFO] running `Command { std: "docker" "create" "-v" "/var/lib/crater-agent-workspace/builds/worker-1/target:/opt/rustwide/target:rw,Z" "-v" "/var/lib/crater-agent-workspace/builds/worker-1/source:/opt/rustwide/workdir:ro,Z" "-v" "/var/lib/crater-agent-workspace/cargo-home:/opt/rustwide/cargo-home:ro,Z" "-v" "/var/lib/crater-agent-workspace/rustup-home:/opt/rustwide/rustup-home:ro,Z" "-e" "SOURCE_DIR=/opt/rustwide/workdir" "-e" "CARGO_TARGET_DIR=/opt/rustwide/target" "-e" "CARGO_INCREMENTAL=0" "-e" "RUST_BACKTRACE=full" "-e" "RUSTDOCFLAGS=--cap-lints=warn" "-e" "CARGO_HOME=/opt/rustwide/cargo-home" "-e" "RUSTUP_HOME=/opt/rustwide/rustup-home" "-w" "/opt/rustwide/workdir" "-m" "1610612736" "--user" "0:0" "--network" "none" "ghcr.io/rust-lang/crates-build-env/linux@sha256:34b6a614d2c27851fe6cbf88fbd1137609cefab8b10d0615aaeb6fd47975d74e" "/opt/rustwide/cargo-home/bin/cargo" "+beta-2021-08-01" "doc" "--frozen" "--no-deps" "--document-private-items" "--message-format=json", kill_on_drop: false }`
[INFO] [stdout] 49696bef64f96fb9c7bbf7f14be2114086881af516f38271b781b883da516a65
[INFO] running `Command { std: "docker" "start" "-a" "49696bef64f96fb9c7bbf7f14be2114086881af516f38271b781b883da516a65", kill_on_drop: false }`
[INFO] [stderr]    Compiling cc v1.0.35
[INFO] [stderr]    Compiling xml-rs v0.8.0
[INFO] [stderr]    Compiling proc-macro2 v0.4.28
[INFO] [stderr]    Compiling cfg-if v0.1.7
[INFO] [stderr]    Compiling arrayvec v0.4.10
[INFO] [stderr]    Compiling nix v0.13.0
[INFO] [stderr]     Checking same-file v1.0.4
[INFO] [stderr]     Checking downcast-rs v1.0.4
[INFO] [stderr]     Checking rustc-demangle v0.1.14
[INFO] [stderr]    Compiling winapi v0.3.7
[INFO] [stderr]     Checking utf8parse v0.1.1
[INFO] [stderr]     Checking widestring v0.4.0
[INFO] [stderr]    Compiling x11-dl v2.18.3
[INFO] [stderr]     Checking log v0.4.6
[INFO] [stderr]    Compiling backtrace v0.3.15
[INFO] [stderr]     Checking unicode-normalization v0.1.8
[INFO] [stderr]     Checking ordered-float v1.0.2
[INFO] [stderr]     Checking stb_truetype v0.2.6
[INFO] [stderr]     Checking approx v0.3.2
[INFO] [stderr]     Checking rustc-hash v1.0.1
[INFO] [stderr]     Checking num_cpus v1.10.0
[INFO] [stderr]     Checking line_drawing v0.7.0
[INFO] [stderr]     Checking memmap v0.7.0
[INFO] [stderr]     Checking shared_library v0.1.9
[INFO] [stderr]     Checking parking_lot_core v0.4.0
[INFO] [stderr]     Checking vte v0.3.3
[INFO] [stderr]     Checking walkdir v2.2.7
[INFO] [stderr]     Checking osmesa-sys v0.1.2
[INFO] [stderr]     Checking parking_lot v0.7.1
[INFO] [stderr]    Compiling cmake v0.1.38
[INFO] [stderr]    Compiling gl_generator v0.11.0
[INFO] [stderr]     Checking crossbeam-epoch v0.7.1
[INFO] [stderr]    Compiling quote v0.6.12
[INFO] [stderr]    Compiling libloading v0.5.0
[INFO] [stderr]    Compiling servo-freetype-sys v4.0.5
[INFO] [stderr]    Compiling backtrace-sys v0.1.28
[INFO] [stderr]    Compiling harfbuzz-sys v0.3.2
[INFO] [stderr]    Compiling wayland-scanner v0.21.12
[INFO] [stderr]     Checking crossbeam-deque v0.7.1
[INFO] [stderr]     Checking dlib v0.4.1
[INFO] [stderr]    Compiling glutin_glx_sys v0.1.5
[INFO] [stderr]    Compiling glutin_egl_sys v0.1.3
[INFO] [stderr]    Compiling glium v0.24.0
[INFO] [stderr]     Checking rusttype v0.7.6
[INFO] [stderr]     Checking wayland-sys v0.21.12
[INFO] [stderr]     Checking freetype v0.4.1
[INFO] [stderr]     Checking wayland-commons v0.21.12
[INFO] [stderr]     Checking andrew v0.2.1
[INFO] [stderr]    Compiling wayland-client v0.21.12
[INFO] [stderr]    Compiling wayland-protocols v0.21.12
[INFO] [stderr]     Checking harfbuzz_rs v1.0.0
[INFO] [stderr]     Checking smithay-client-toolkit v0.4.5
[INFO] [stderr]     Checking winit v0.19.1
[INFO] [stderr]     Checking glutin v0.20.0
[INFO] [stderr]  Documenting greentty v0.1.0 (/opt/rustwide/workdir)
[INFO] [stdout] error[E0433]: failed to resolve: could not find `windows` in `os`
[INFO] [stdout]  --> src/pty.rs:5:14
[INFO] [stdout]   |
[INFO] [stdout] 5 | use std::os::windows::io::{FromRawHandle, RawHandle};
[INFO] [stdout]   |              ^^^^^^^ could not find `windows` in `os`
[INFO] [stdout] 
[INFO] [stdout] 
[INFO] [stdout] error[E0433]: failed to resolve: could not find `shared` in `winapi`
[INFO] [stdout]   --> src/pty.rs:11:13
[INFO] [stdout]    |
[INFO] [stdout] 11 | use winapi::shared::basetsd::{PSIZE_T, SIZE_T};
[INFO] [stdout]    |             ^^^^^^ could not find `shared` in `winapi`
[INFO] [stdout] 
[INFO] [stdout] 
[INFO] [stdout] error[E0433]: failed to resolve: could not find `shared` in `winapi`
[INFO] [stdout]   --> src/pty.rs:12:13
[INFO] [stdout]    |
[INFO] [stdout] 12 | use winapi::shared::minwindef::BYTE;
[INFO] [stdout]    |             ^^^^^^ could not find `shared` in `winapi`
[INFO] [stdout] 
[INFO] [stdout] 
[INFO] [stdout] error[E0433]: failed to resolve: could not find `shared` in `winapi`
[INFO] [stdout]   --> src/pty.rs:13:13
[INFO] [stdout]    |
[INFO] [stdout] 13 | use winapi::shared::ntdef::LPWSTR;
[INFO] [stdout]    |             ^^^^^^ could not find `shared` in `winapi`
[INFO] [stdout] 
[INFO] [stdout] 
[INFO] [stdout] error[E0433]: failed to resolve: could not find `um` in `winapi`
[INFO] [stdout]   --> src/pty.rs:14:13
[INFO] [stdout]    |
[INFO] [stdout] 14 | use winapi::um::consoleapi::{ClosePseudoConsole, CreatePseudoConsole, ResizePseudoConsole};
[INFO] [stdout]    |             ^^ could not find `um` in `winapi`
[INFO] [stdout] 
[INFO] [stdout] 
[INFO] [stdout] error[E0433]: failed to resolve: could not find `um` in `winapi`
[INFO] [stdout]   --> src/pty.rs:15:13
[INFO] [stdout]    |
[INFO] [stdout] 15 | use winapi::um::handleapi::CloseHandle;
[INFO] [stdout]    |             ^^ could not find `um` in `winapi`
[INFO] [stdout] 
[INFO] [stdout] 
[INFO] [stdout] error[E0433]: failed to resolve: could not find `um` in `winapi`
[INFO] [stdout]   --> src/pty.rs:16:13
[INFO] [stdout]    |
[INFO] [stdout] 16 | use winapi::um::namedpipeapi::CreatePipe;
[INFO] [stdout]    |             ^^ could not find `um` in `winapi`
[INFO] [stdout] 
[INFO] [stdout] 
[INFO] [stdout] error[E0433]: failed to resolve: could not find `um` in `winapi`
[INFO] [stdout]   --> src/pty.rs:17:13
[INFO] [stdout]    |
[INFO] [stdout] 17 | use winapi::um::processthreadsapi::{
[INFO] [stdout]    |             ^^ could not find `um` in `winapi`
[INFO] [stdout] 
[INFO] [stdout] 
[INFO] [stdout] error[E0433]: failed to resolve: could not find `um` in `winapi`
[INFO] [stdout]   --> src/pty.rs:21:13
[INFO] [stdout]    |
[INFO] [stdout] 21 | use winapi::um::winbase::{EXTENDED_STARTUPINFO_PRESENT, STARTUPINFOEXW};
[INFO] [stdout]    |             ^^ could not find `um` in `winapi`
[INFO] [stdout] 
[INFO] [stdout] 
[INFO] [stdout] error[E0433]: failed to resolve: could not find `um` in `winapi`
[INFO] [stdout]   --> src/pty.rs:22:13
[INFO] [stdout]    |
[INFO] [stdout] 22 | use winapi::um::wincontypes::{COORD, HPCON};
[INFO] [stdout]    |             ^^ could not find `um` in `winapi`
[INFO] [stdout] 
[INFO] [stdout] 
[INFO] [stdout] error[E0433]: failed to resolve: could not find `um` in `winapi`
[INFO] [stdout]   --> src/pty.rs:23:13
[INFO] [stdout]    |
[INFO] [stdout] 23 | use winapi::um::winnt::HANDLE;
[INFO] [stdout]    |             ^^ could not find `um` in `winapi`
[INFO] [stdout] 
[INFO] [stdout] 
[INFO] [stdout] error[E0412]: cannot find type `HPCON` in this scope
[INFO] [stdout]   --> src/pty.rs:40:13
[INFO] [stdout]    |
[INFO] [stdout] 40 |     handle: HPCON,
[INFO] [stdout]    |             ^^^^^ not found in this scope
[INFO] [stdout] 
[INFO] [stdout] 
[INFO] [stdout] error[E0412]: cannot find type `HANDLE` in this scope
[INFO] [stdout]   --> src/pty.rs:41:14
[INFO] [stdout]    |
[INFO] [stdout] 41 |     pipe_in: HANDLE,
[INFO] [stdout]    |              ^^^^^^ not found in this scope
[INFO] [stdout] 
[INFO] [stdout] 
[INFO] [stdout] error[E0412]: cannot find type `HANDLE` in this scope
[INFO] [stdout]   --> src/pty.rs:42:15
[INFO] [stdout]    |
[INFO] [stdout] 42 |     pipe_out: HANDLE,
[INFO] [stdout]    |               ^^^^^^ not found in this scope
[INFO] [stdout] 
[INFO] [stdout] 
[INFO] [stdout] error: Compilation failed, aborting rustdoc
[INFO] [stdout] 
[INFO] [stdout] 
[INFO] [stdout] error: aborting due to 15 previous errors
[INFO] [stdout] 
[INFO] [stdout] 
[INFO] [stdout] Some errors have detailed explanations: E0412, E0433.
[INFO] [stdout] 
[INFO] [stdout] For more information about an error, try `rustc --explain E0412`.
[INFO] [stdout] 
[INFO] [stderr] error: could not document `greentty`
[INFO] [stderr] 
[INFO] [stderr] Caused by:
[INFO] [stderr]   process didn't exit successfully: `rustdoc --edition=2018 --crate-type bin --crate-name greentty src/main.rs -o /opt/rustwide/target/doc --error-format=json --json=diagnostic-rendered-ansi --document-private-items -L dependency=/opt/rustwide/target/debug/deps --extern arrayvec=/opt/rustwide/target/debug/deps/libarrayvec-24b727773285c295.rmeta --extern glium=/opt/rustwide/target/debug/deps/libglium-04b58e37c87748cb.rmeta --extern harfbuzz_rs=/opt/rustwide/target/debug/deps/libharfbuzz_rs-b8a94234ade5ded0.rmeta --extern rusttype=/opt/rustwide/target/debug/deps/librusttype-3705bbf9bbdd897d.rmeta --extern unicode_normalization=/opt/rustwide/target/debug/deps/libunicode_normalization-7ff48338127486c1.rmeta --extern vte=/opt/rustwide/target/debug/deps/libvte-7c1fb3c46e3fb7ad.rmeta --extern widestring=/opt/rustwide/target/debug/deps/libwidestring-0bdfde3e78b7278f.rmeta --extern winapi=/opt/rustwide/target/debug/deps/libwinapi-59a5c6cbf33a5398.rmeta --cap-lints=warn --crate-version 0.1.0` (exit status: 1)
[INFO] running `Command { std: "docker" "inspect" "49696bef64f96fb9c7bbf7f14be2114086881af516f38271b781b883da516a65", kill_on_drop: false }`
[INFO] running `Command { std: "docker" "rm" "-f" "49696bef64f96fb9c7bbf7f14be2114086881af516f38271b781b883da516a65", kill_on_drop: false }`
[INFO] [stdout] 49696bef64f96fb9c7bbf7f14be2114086881af516f38271b781b883da516a65
