[INFO] cloning repository https://github.com/savovs/juniper-schema
[INFO] running `Command { std: "git" "-c" "credential.helper=" "-c" "credential.helper=/workspace/cargo-home/bin/git-credential-null" "clone" "--bare" "https://github.com/savovs/juniper-schema" "/workspace/cache/git-repos/https%3A%2F%2Fgithub.com%2Fsavovs%2Fjuniper-schema", kill_on_drop: false }`
[INFO] [stderr] Cloning into bare repository '/workspace/cache/git-repos/https%3A%2F%2Fgithub.com%2Fsavovs%2Fjuniper-schema'...
[INFO] running `Command { std: "git" "rev-parse" "HEAD", kill_on_drop: false }`
[INFO] [stdout] a1a3aca39c71d43d78ca4c564a2da95cd19331e6
[INFO] documenting savovs/juniper-schema against 1.54.0 for beta-1.55-rustdoc-1
[INFO] running `Command { std: "git" "clone" "/workspace/cache/git-repos/https%3A%2F%2Fgithub.com%2Fsavovs%2Fjuniper-schema" "/workspace/builds/worker-6/source", kill_on_drop: false }`
[INFO] [stderr] Cloning into '/workspace/builds/worker-6/source'...
[INFO] [stderr] done.
[INFO] validating manifest of git repo https://github.com/savovs/juniper-schema on toolchain 1.54.0
[INFO] running `Command { std: "/workspace/cargo-home/bin/cargo" "+1.54.0" "metadata" "--manifest-path" "Cargo.toml" "--no-deps", kill_on_drop: false }`
[INFO] started tweaking git repo https://github.com/savovs/juniper-schema
[INFO] finished tweaking git repo https://github.com/savovs/juniper-schema
[INFO] tweaked toml for git repo https://github.com/savovs/juniper-schema written to /workspace/builds/worker-6/source/Cargo.toml
[INFO] crate git repo https://github.com/savovs/juniper-schema already has a lockfile, it will not be regenerated
[INFO] running `Command { std: "/workspace/cargo-home/bin/cargo" "+1.54.0" "fetch" "--manifest-path" "Cargo.toml", kill_on_drop: false }`
[INFO] [stderr]     Blocking waiting for file lock on package cache
[INFO] running `Command { std: "docker" "create" "-v" "/var/lib/crater-agent-workspace/builds/worker-6/target:/opt/rustwide/target:rw,Z" "-v" "/var/lib/crater-agent-workspace/builds/worker-6/source:/opt/rustwide/workdir:ro,Z" "-v" "/var/lib/crater-agent-workspace/cargo-home:/opt/rustwide/cargo-home:ro,Z" "-v" "/var/lib/crater-agent-workspace/rustup-home:/opt/rustwide/rustup-home:ro,Z" "-e" "SOURCE_DIR=/opt/rustwide/workdir" "-e" "CARGO_TARGET_DIR=/opt/rustwide/target" "-e" "CARGO_HOME=/opt/rustwide/cargo-home" "-e" "RUSTUP_HOME=/opt/rustwide/rustup-home" "-w" "/opt/rustwide/workdir" "-m" "1610612736" "--user" "0:0" "--network" "none" "ghcr.io/rust-lang/crates-build-env/linux@sha256:34b6a614d2c27851fe6cbf88fbd1137609cefab8b10d0615aaeb6fd47975d74e" "/opt/rustwide/cargo-home/bin/cargo" "+1.54.0" "metadata" "--no-deps" "--format-version=1", kill_on_drop: false }`
[INFO] [stdout] 0c019adfb30acf8f751adfbdbe0f9e5d3314130c565427b8958cbca0ba26de8b
[INFO] [stderr] WARNING: Your kernel does not support swap limit capabilities or the cgroup is not mounted. Memory limited without swap.
[INFO] running `Command { std: "docker" "start" "-a" "0c019adfb30acf8f751adfbdbe0f9e5d3314130c565427b8958cbca0ba26de8b", kill_on_drop: false }`
[INFO] running `Command { std: "docker" "inspect" "0c019adfb30acf8f751adfbdbe0f9e5d3314130c565427b8958cbca0ba26de8b", kill_on_drop: false }`
[INFO] running `Command { std: "docker" "rm" "-f" "0c019adfb30acf8f751adfbdbe0f9e5d3314130c565427b8958cbca0ba26de8b", kill_on_drop: false }`
[INFO] [stdout] 0c019adfb30acf8f751adfbdbe0f9e5d3314130c565427b8958cbca0ba26de8b
[INFO] running `Command { std: "docker" "create" "-v" "/var/lib/crater-agent-workspace/builds/worker-6/target:/opt/rustwide/target:rw,Z" "-v" "/var/lib/crater-agent-workspace/builds/worker-6/source:/opt/rustwide/workdir:ro,Z" "-v" "/var/lib/crater-agent-workspace/cargo-home:/opt/rustwide/cargo-home:ro,Z" "-v" "/var/lib/crater-agent-workspace/rustup-home:/opt/rustwide/rustup-home:ro,Z" "-e" "SOURCE_DIR=/opt/rustwide/workdir" "-e" "CARGO_TARGET_DIR=/opt/rustwide/target" "-e" "CARGO_INCREMENTAL=0" "-e" "RUST_BACKTRACE=full" "-e" "RUSTDOCFLAGS=--cap-lints=warn" "-e" "CARGO_HOME=/opt/rustwide/cargo-home" "-e" "RUSTUP_HOME=/opt/rustwide/rustup-home" "-w" "/opt/rustwide/workdir" "-m" "1610612736" "--user" "0:0" "--network" "none" "ghcr.io/rust-lang/crates-build-env/linux@sha256:34b6a614d2c27851fe6cbf88fbd1137609cefab8b10d0615aaeb6fd47975d74e" "/opt/rustwide/cargo-home/bin/cargo" "+1.54.0" "doc" "--frozen" "--no-deps" "--document-private-items" "--message-format=json", kill_on_drop: false }`
[INFO] [stdout] a2f7b1c8f8a383562a9bfee9142fcc155c47fba090f96a019b6433369caba8d2
[INFO] [stderr] WARNING: Your kernel does not support swap limit capabilities or the cgroup is not mounted. Memory limited without swap.
[INFO] running `Command { std: "docker" "start" "-a" "a2f7b1c8f8a383562a9bfee9142fcc155c47fba090f96a019b6433369caba8d2", kill_on_drop: false }`
[INFO] [stderr]    Compiling byteorder v1.3.4
[INFO] [stderr]    Compiling either v1.5.3
[INFO] [stderr]    Compiling memchr v2.3.3
[INFO] [stderr]    Compiling backtrace-sys v0.1.35
[INFO] [stderr]    Compiling atty v0.2.14
[INFO] [stderr]     Checking indexmap v1.3.2
[INFO] [stderr]    Compiling juniper_codegen v0.14.2
[INFO] [stderr]    Compiling backtrace v0.3.46
[INFO] [stderr]    Compiling colored v1.9.3
[INFO] [stderr]    Compiling failure v0.1.7
[INFO] [stderr]    Compiling combine v3.8.1
[INFO] [stderr]     Checking juniper v0.14.2
[INFO] [stderr]    Compiling graphql-parser v0.2.3
[INFO] [stderr]    Compiling juniper-from-schema-code-gen v0.5.2
[INFO] [stderr]     Checking juniper-from-schema v0.5.2
[INFO] [stderr]  Documenting merge-schemas v0.1.0 (/opt/rustwide/workdir)
[INFO] [stdout] error[E0412]: cannot find type `Post` in this scope
[INFO] [stdout]  --> src/gql/post/mod.rs:5:1
[INFO] [stdout]   |
[INFO] [stdout] 5 | graphql_schema_from_file!("src/gql/post/post_schema.gql");
[INFO] [stdout]   | ^^^^^^^^^^^^^^^^^^^^^^^^^^^^^^^^^^^^^^^^^^^^^^^^^^^^^^^^^^ not found in this scope
[INFO] [stdout]   |
[INFO] [stdout]   = note: this error originates in the macro `graphql_schema_from_file` (in Nightly builds, run with -Z macro-backtrace for more info)
[INFO] [stdout] 
[INFO] [stdout] 
[INFO] [stdout] error[E0412]: cannot find type `Post` in this scope
[INFO] [stdout]   --> src/gql/post/mod.rs:15:12
[INFO] [stdout]    |
[INFO] [stdout] 11 | impl QueryFields for Query {
[INFO] [stdout]    |     - help: you might be missing a type parameter: `<Post>`
[INFO] [stdout] ...
[INFO] [stdout] 15 |   ) -> Vec<Post> {
[INFO] [stdout]    |            ^^^^ not found in this scope
[INFO] [stdout] 
[INFO] [stdout] 
[INFO] [stdout] error[E0412]: cannot find type `RootNode` in this scope
[INFO] [stdout]   --> src/gql/post/mod.rs:30:19
[INFO] [stdout]    |
[INFO] [stdout] 30 | pub type Schema = RootNode<'static, Query, juniper::EmptyMutation>;
[INFO] [stdout]    |                   ^^^^^^^^ not found in this scope
[INFO] [stdout]    |
[INFO] [stdout] help: consider importing one of these items
[INFO] [stdout]    |
[INFO] [stdout] 1  | use crate::gql::juniper::RootNode;
[INFO] [stdout]    |
[INFO] [stdout] 1  | use juniper::RootNode;
[INFO] [stdout]    |
[INFO] [stdout] 
[INFO] [stdout] 
[INFO] [stdout] error[E0405]: cannot find trait `MutationFields` in this scope
[INFO] [stdout]   --> src/gql/user/mod.rs:10:6
[INFO] [stdout]    |
[INFO] [stdout] 10 | impl MutationFields for Mutation {
[INFO] [stdout]    |      ^^^^^^^^^^^^^^ not found in this scope
[INFO] [stdout] 
[INFO] [stdout] 
[INFO] [stdout] error[E0412]: cannot find type `Executor` in this scope
[INFO] [stdout]   --> src/gql/user/mod.rs:11:36
[INFO] [stdout]    |
[INFO] [stdout] 11 |   fn field_noop(&self, _executor: &Executor<'_, Context>) -> FieldResult<&bool> {
[INFO] [stdout]    |                                    ^^^^^^^^ not found in this scope
[INFO] [stdout]    |
[INFO] [stdout] help: consider importing one of these items
[INFO] [stdout]    |
[INFO] [stdout] 1  | use crate::gql::juniper::Executor;
[INFO] [stdout]    |
[INFO] [stdout] 1  | use juniper::Executor;
[INFO] [stdout]    |
[INFO] [stdout] 
[INFO] [stdout] 
[INFO] [stdout] error[E0412]: cannot find type `FieldResult` in this scope
[INFO] [stdout]   --> src/gql/user/mod.rs:11:62
[INFO] [stdout]    |
[INFO] [stdout] 11 |   fn field_noop(&self, _executor: &Executor<'_, Context>) -> FieldResult<&bool> {
[INFO] [stdout]    |                                                              ^^^^^^^^^^^ not found in this scope
[INFO] [stdout]    |
[INFO] [stdout] help: consider importing one of these items
[INFO] [stdout]    |
[INFO] [stdout] 1  | use crate::gql::juniper::FieldResult;
[INFO] [stdout]    |
[INFO] [stdout] 1  | use juniper::FieldResult;
[INFO] [stdout]    |
[INFO] [stdout] 
[INFO] [stdout] 
[INFO] [stdout] error: Compilation failed, aborting rustdoc
[INFO] [stdout] 
[INFO] [stdout] 
[INFO] [stdout] error: aborting due to 7 previous errors
[INFO] [stdout] 
[INFO] [stdout] 
[INFO] [stdout] Some errors have detailed explanations: E0405, E0412.
[INFO] [stdout] 
[INFO] [stdout] For more information about an error, try `rustc --explain E0405`.
[INFO] [stdout] 
[INFO] [stderr] error: could not document `merge-schemas`
[INFO] [stderr] 
[INFO] [stderr] Caused by:
[INFO] [stderr]   process didn't exit successfully: `rustdoc --edition=2018 --crate-type bin --crate-name merge_schemas src/main.rs -o /opt/rustwide/target/doc --error-format=json --json=diagnostic-rendered-ansi --document-private-items -L dependency=/opt/rustwide/target/debug/deps --extern juniper=/opt/rustwide/target/debug/deps/libjuniper-1f6a18c072759f49.rmeta --extern juniper_from_schema=/opt/rustwide/target/debug/deps/libjuniper_from_schema-360bb1377c77c481.rmeta --cap-lints=warn --crate-version 0.1.0` (exit status: 1)
[INFO] running `Command { std: "docker" "inspect" "a2f7b1c8f8a383562a9bfee9142fcc155c47fba090f96a019b6433369caba8d2", kill_on_drop: false }`
[INFO] running `Command { std: "docker" "rm" "-f" "a2f7b1c8f8a383562a9bfee9142fcc155c47fba090f96a019b6433369caba8d2", kill_on_drop: false }`
[INFO] [stdout] a2f7b1c8f8a383562a9bfee9142fcc155c47fba090f96a019b6433369caba8d2
