[INFO] cloning repository https://github.com/samrose/conductor
[INFO] running `Command { std: "git" "-c" "credential.helper=" "-c" "credential.helper=/workspace/cargo-home/bin/git-credential-null" "clone" "--bare" "https://github.com/samrose/conductor" "/workspace/cache/git-repos/https%3A%2F%2Fgithub.com%2Fsamrose%2Fconductor", kill_on_drop: false }`
[INFO] [stderr] Cloning into bare repository '/workspace/cache/git-repos/https%3A%2F%2Fgithub.com%2Fsamrose%2Fconductor'...
[INFO] running `Command { std: "git" "rev-parse" "HEAD", kill_on_drop: false }`
[INFO] [stdout] 5293f1a5f49f316750c9a1709ea20cb1aa4c7de2
[INFO] documenting samrose/conductor against 1.54.0 for beta-1.55-rustdoc-1
[INFO] running `Command { std: "git" "clone" "/workspace/cache/git-repos/https%3A%2F%2Fgithub.com%2Fsamrose%2Fconductor" "/workspace/builds/worker-3/source", kill_on_drop: false }`
[INFO] [stderr] Cloning into '/workspace/builds/worker-3/source'...
[INFO] [stderr] done.
[INFO] validating manifest of git repo https://github.com/samrose/conductor on toolchain 1.54.0
[INFO] running `Command { std: "/workspace/cargo-home/bin/cargo" "+1.54.0" "metadata" "--manifest-path" "Cargo.toml" "--no-deps", kill_on_drop: false }`
[INFO] started tweaking git repo https://github.com/samrose/conductor
[INFO] finished tweaking git repo https://github.com/samrose/conductor
[INFO] tweaked toml for git repo https://github.com/samrose/conductor written to /workspace/builds/worker-3/source/Cargo.toml
[INFO] crate git repo https://github.com/samrose/conductor already has a lockfile, it will not be regenerated
[INFO] running `Command { std: "/workspace/cargo-home/bin/cargo" "+1.54.0" "fetch" "--manifest-path" "Cargo.toml", kill_on_drop: false }`
[INFO] [stderr]     Blocking waiting for file lock on package cache
[INFO] [stderr]     Blocking waiting for file lock on package cache
[INFO] running `Command { std: "docker" "create" "-v" "/var/lib/crater-agent-workspace/builds/worker-3/target:/opt/rustwide/target:rw,Z" "-v" "/var/lib/crater-agent-workspace/builds/worker-3/source:/opt/rustwide/workdir:ro,Z" "-v" "/var/lib/crater-agent-workspace/cargo-home:/opt/rustwide/cargo-home:ro,Z" "-v" "/var/lib/crater-agent-workspace/rustup-home:/opt/rustwide/rustup-home:ro,Z" "-e" "SOURCE_DIR=/opt/rustwide/workdir" "-e" "CARGO_TARGET_DIR=/opt/rustwide/target" "-e" "CARGO_HOME=/opt/rustwide/cargo-home" "-e" "RUSTUP_HOME=/opt/rustwide/rustup-home" "-w" "/opt/rustwide/workdir" "-m" "1610612736" "--user" "0:0" "--network" "none" "ghcr.io/rust-lang/crates-build-env/linux@sha256:34b6a614d2c27851fe6cbf88fbd1137609cefab8b10d0615aaeb6fd47975d74e" "/opt/rustwide/cargo-home/bin/cargo" "+1.54.0" "metadata" "--no-deps" "--format-version=1", kill_on_drop: false }`
[INFO] [stderr] WARNING: Your kernel does not support swap limit capabilities or the cgroup is not mounted. Memory limited without swap.
[INFO] [stdout] c8e97de66044ff05190a2169f8759fd83d05455b477a797a617a6b776776f653
[INFO] running `Command { std: "docker" "start" "-a" "c8e97de66044ff05190a2169f8759fd83d05455b477a797a617a6b776776f653", kill_on_drop: false }`
[INFO] running `Command { std: "docker" "inspect" "c8e97de66044ff05190a2169f8759fd83d05455b477a797a617a6b776776f653", kill_on_drop: false }`
[INFO] running `Command { std: "docker" "rm" "-f" "c8e97de66044ff05190a2169f8759fd83d05455b477a797a617a6b776776f653", kill_on_drop: false }`
[INFO] [stdout] c8e97de66044ff05190a2169f8759fd83d05455b477a797a617a6b776776f653
[INFO] running `Command { std: "docker" "create" "-v" "/var/lib/crater-agent-workspace/builds/worker-3/target:/opt/rustwide/target:rw,Z" "-v" "/var/lib/crater-agent-workspace/builds/worker-3/source:/opt/rustwide/workdir:ro,Z" "-v" "/var/lib/crater-agent-workspace/cargo-home:/opt/rustwide/cargo-home:ro,Z" "-v" "/var/lib/crater-agent-workspace/rustup-home:/opt/rustwide/rustup-home:ro,Z" "-e" "SOURCE_DIR=/opt/rustwide/workdir" "-e" "CARGO_TARGET_DIR=/opt/rustwide/target" "-e" "CARGO_INCREMENTAL=0" "-e" "RUST_BACKTRACE=full" "-e" "RUSTDOCFLAGS=--cap-lints=warn" "-e" "CARGO_HOME=/opt/rustwide/cargo-home" "-e" "RUSTUP_HOME=/opt/rustwide/rustup-home" "-w" "/opt/rustwide/workdir" "-m" "1610612736" "--user" "0:0" "--network" "none" "ghcr.io/rust-lang/crates-build-env/linux@sha256:34b6a614d2c27851fe6cbf88fbd1137609cefab8b10d0615aaeb6fd47975d74e" "/opt/rustwide/cargo-home/bin/cargo" "+1.54.0" "doc" "--frozen" "--no-deps" "--document-private-items" "--message-format=json", kill_on_drop: false }`
[INFO] [stdout] 20b1d83298da6e059c37130741724953c9b410fcc09bd37fe5721798858ea410
[INFO] [stderr] WARNING: Your kernel does not support swap limit capabilities or the cgroup is not mounted. Memory limited without swap.
[INFO] running `Command { std: "docker" "start" "-a" "20b1d83298da6e059c37130741724953c9b410fcc09bd37fe5721798858ea410", kill_on_drop: false }`
[INFO] [stderr]    Compiling openssl v0.10.18
[INFO] [stderr]     Checking either v1.5.1
[INFO] [stderr]    Compiling proc-macro-nested v0.1.2
[INFO] [stderr]    Compiling num-rational v0.2.1
[INFO] [stderr]    Compiling num-complex v0.2.1
[INFO] [stderr]    Compiling num-iter v0.1.37
[INFO] [stderr]    Compiling adler32 v1.0.3
[INFO] [stderr]     Checking reed-solomon v0.2.1
[INFO] [stderr]     Checking sha1 v0.5.0
[INFO] [stderr]    Compiling arrayref v0.3.5
[INFO] [stderr]    Compiling byte-tools v0.2.0
[INFO] [stderr]    Compiling holochain_core_types v0.0.4-alpha (/opt/rustwide/workdir/core_types)
[INFO] [stderr]    Compiling podio v0.1.6
[INFO] [stderr]     Checking snowflake v1.3.0
[INFO] [stderr]    Compiling unwrap v1.2.1
[INFO] [stderr]     Checking nan-preserving-float v0.1.0
[INFO] [stderr]     Checking boolinator v2.4.0
[INFO] [stderr]     Checking unwrap_to v0.1.0
[INFO] [stderr]     Checking fs_extra v1.1.0
[INFO] [stderr]    Compiling openssl-sys v0.9.41
[INFO] [stderr]    Compiling miniz-sys v0.1.11
[INFO] [stderr]    Compiling bzip2-sys v0.1.7
[INFO] [stderr]    Compiling miniz_oxide_c_api v0.2.1
[INFO] [stderr]     Checking tokio-sync v0.1.2
[INFO] [stderr]    Compiling metadeps v1.1.2
[INFO] [stderr]     Checking pretty_assertions v0.5.1
[INFO] [stderr]     Checking hcid v0.0.3-alpha
[INFO] [stderr]    Compiling block-buffer v0.3.3
[INFO] [stderr]     Checking futures-core-preview v0.3.0-alpha.12
[INFO] [stderr]    Compiling serde v1.0.88
[INFO] [stderr]     Checking crossbeam-channel v0.3.8
[INFO] [stderr]    Compiling miniz_oxide v0.2.1
[INFO] [stderr]    Compiling typenum v1.10.0
[INFO] [stdout] error[E0432]: unresolved import `core::task::LocalWaker`
[INFO] [stdout]  --> /opt/rustwide/cargo-home/registry/src/github.com-1ecc6299db9ec823/futures-core-preview-0.3.0-alpha.12/src/future/future_obj.rs:6:12
[INFO] [stdout]   |
[INFO] [stdout] 6 |     task::{LocalWaker, Poll},
[INFO] [stdout]   |            ^^^^^^^^^^ no `LocalWaker` in `task`
[INFO] [stdout] 
[INFO] [stdout] 
[INFO] [stdout] error[E0432]: unresolved imports `core::task::LocalWaker`, `core::task::UnsafeWake`
[INFO] [stdout]  --> /opt/rustwide/cargo-home/registry/src/github.com-1ecc6299db9ec823/futures-core-preview-0.3.0-alpha.12/src/task/mod.rs:8:35
[INFO] [stdout]   |
[INFO] [stdout] 8 | pub use core::task::{Poll, Waker, LocalWaker, UnsafeWake};
[INFO] [stdout]   |                                   ^^^^^^^^^^  ^^^^^^^^^^ no `UnsafeWake` in `task`
[INFO] [stdout]   |                                   |
[INFO] [stdout]   |                                   no `LocalWaker` in `task`
[INFO] [stdout] 
[INFO] [stdout] 
[INFO] [stdout] error[E0432]: unresolved imports `std::task::local_waker`, `std::task::local_waker_from_nonlocal`
[INFO] [stdout]   --> /opt/rustwide/cargo-home/registry/src/github.com-1ecc6299db9ec823/futures-core-preview-0.3.0-alpha.12/src/task/mod.rs:10:27
[INFO] [stdout]    |
[INFO] [stdout] 10 | pub use std::task::{Wake, local_waker, local_waker_from_nonlocal};
[INFO] [stdout]    |                           ^^^^^^^^^^^  ^^^^^^^^^^^^^^^^^^^^^^^^^ no `local_waker_from_nonlocal` in `task`
[INFO] [stdout]    |                           |
[INFO] [stdout]    |                           no `local_waker` in `task`
[INFO] [stdout] 
[INFO] [stdout] 
[INFO] [stdout] error[E0554]: `#![feature]` may not be used on the stable release channel
[INFO] [stdout]  --> /opt/rustwide/cargo-home/registry/src/github.com-1ecc6299db9ec823/futures-core-preview-0.3.0-alpha.12/src/lib.rs:3:1
[INFO] [stdout]   |
[INFO] [stdout] 3 | #![feature(futures_api)]
[INFO] [stdout]   | ^^^^^^^^^^^^^^^^^^^^^^^^
[INFO] [stdout] 
[INFO] [stdout] 
[INFO] [stderr]    Compiling crc32fast v1.1.2
[INFO] [stderr]     Checking encoding_rs v0.8.17
[INFO] [stdout] error: aborting due to 4 previous errors
[INFO] [stdout] 
[INFO] [stdout] 
[INFO] [stdout] Some errors have detailed explanations: E0432, E0554.
[INFO] [stdout] 
[INFO] [stdout] For more information about an error, try `rustc --explain E0432`.
[INFO] [stdout] 
[INFO] [stderr] error: could not compile `futures-core-preview`
[INFO] [stderr] 
[INFO] [stderr] To learn more, run the command again with --verbose.
[INFO] [stderr] warning: build failed, waiting for other jobs to finish...
[INFO] [stderr] error: build failed
[INFO] running `Command { std: "docker" "inspect" "20b1d83298da6e059c37130741724953c9b410fcc09bd37fe5721798858ea410", kill_on_drop: false }`
[INFO] running `Command { std: "docker" "rm" "-f" "20b1d83298da6e059c37130741724953c9b410fcc09bd37fe5721798858ea410", kill_on_drop: false }`
[INFO] [stdout] 20b1d83298da6e059c37130741724953c9b410fcc09bd37fe5721798858ea410
