[INFO] cloning repository https://github.com/samothx/win_test
[INFO] running `Command { std: "git" "-c" "credential.helper=" "-c" "credential.helper=/workspace/cargo-home/bin/git-credential-null" "clone" "--bare" "https://github.com/samothx/win_test" "/workspace/cache/git-repos/https%3A%2F%2Fgithub.com%2Fsamothx%2Fwin_test", kill_on_drop: false }`
[INFO] [stderr] Cloning into bare repository '/workspace/cache/git-repos/https%3A%2F%2Fgithub.com%2Fsamothx%2Fwin_test'...
[INFO] running `Command { std: "git" "rev-parse" "HEAD", kill_on_drop: false }`
[INFO] [stdout] d2885e21627f7ebff6249f75ac7929595f0ab6a0
[INFO] documenting samothx/win_test against beta-2021-08-01 for beta-1.55-rustdoc-1
[INFO] running `Command { std: "git" "clone" "/workspace/cache/git-repos/https%3A%2F%2Fgithub.com%2Fsamothx%2Fwin_test" "/workspace/builds/worker-3/source", kill_on_drop: false }`
[INFO] [stderr] Cloning into '/workspace/builds/worker-3/source'...
[INFO] [stderr] done.
[INFO] validating manifest of git repo https://github.com/samothx/win_test on toolchain beta-2021-08-01
[INFO] running `Command { std: "/workspace/cargo-home/bin/cargo" "+beta-2021-08-01" "metadata" "--manifest-path" "Cargo.toml" "--no-deps", kill_on_drop: false }`
[INFO] removed /workspace/builds/worker-3/source/.cargo/config
[INFO] started tweaking git repo https://github.com/samothx/win_test
[INFO] finished tweaking git repo https://github.com/samothx/win_test
[INFO] tweaked toml for git repo https://github.com/samothx/win_test written to /workspace/builds/worker-3/source/Cargo.toml
[INFO] crate git repo https://github.com/samothx/win_test already has a lockfile, it will not be regenerated
[INFO] running `Command { std: "/workspace/cargo-home/bin/cargo" "+beta-2021-08-01" "fetch" "--manifest-path" "Cargo.toml", kill_on_drop: false }`
[INFO] [stderr]     Blocking waiting for file lock on package cache
[INFO] [stderr]     Updating git repository `https://github.com/rust-lang/libc`
[INFO] running `Command { std: "docker" "create" "-v" "/var/lib/crater-agent-workspace/builds/worker-3/target:/opt/rustwide/target:rw,Z" "-v" "/var/lib/crater-agent-workspace/builds/worker-3/source:/opt/rustwide/workdir:ro,Z" "-v" "/var/lib/crater-agent-workspace/cargo-home:/opt/rustwide/cargo-home:ro,Z" "-v" "/var/lib/crater-agent-workspace/rustup-home:/opt/rustwide/rustup-home:ro,Z" "-e" "SOURCE_DIR=/opt/rustwide/workdir" "-e" "CARGO_TARGET_DIR=/opt/rustwide/target" "-e" "CARGO_HOME=/opt/rustwide/cargo-home" "-e" "RUSTUP_HOME=/opt/rustwide/rustup-home" "-w" "/opt/rustwide/workdir" "-m" "1610612736" "--user" "0:0" "--network" "none" "ghcr.io/rust-lang/crates-build-env/linux@sha256:34b6a614d2c27851fe6cbf88fbd1137609cefab8b10d0615aaeb6fd47975d74e" "/opt/rustwide/cargo-home/bin/cargo" "+beta-2021-08-01" "metadata" "--no-deps" "--format-version=1", kill_on_drop: false }`
[INFO] [stderr] WARNING: Your kernel does not support swap limit capabilities or the cgroup is not mounted. Memory limited without swap.
[INFO] [stdout] ec3b3c08174482ee2aec6bd14744d855677dbfa11b5e00f8c2b32826f6ea5b44
[INFO] running `Command { std: "docker" "start" "-a" "ec3b3c08174482ee2aec6bd14744d855677dbfa11b5e00f8c2b32826f6ea5b44", kill_on_drop: false }`
[INFO] running `Command { std: "docker" "inspect" "ec3b3c08174482ee2aec6bd14744d855677dbfa11b5e00f8c2b32826f6ea5b44", kill_on_drop: false }`
[INFO] running `Command { std: "docker" "rm" "-f" "ec3b3c08174482ee2aec6bd14744d855677dbfa11b5e00f8c2b32826f6ea5b44", kill_on_drop: false }`
[INFO] [stdout] ec3b3c08174482ee2aec6bd14744d855677dbfa11b5e00f8c2b32826f6ea5b44
[INFO] running `Command { std: "docker" "create" "-v" "/var/lib/crater-agent-workspace/builds/worker-3/target:/opt/rustwide/target:rw,Z" "-v" "/var/lib/crater-agent-workspace/builds/worker-3/source:/opt/rustwide/workdir:ro,Z" "-v" "/var/lib/crater-agent-workspace/cargo-home:/opt/rustwide/cargo-home:ro,Z" "-v" "/var/lib/crater-agent-workspace/rustup-home:/opt/rustwide/rustup-home:ro,Z" "-e" "SOURCE_DIR=/opt/rustwide/workdir" "-e" "CARGO_TARGET_DIR=/opt/rustwide/target" "-e" "CARGO_INCREMENTAL=0" "-e" "RUST_BACKTRACE=full" "-e" "RUSTDOCFLAGS=--cap-lints=warn" "-e" "CARGO_HOME=/opt/rustwide/cargo-home" "-e" "RUSTUP_HOME=/opt/rustwide/rustup-home" "-w" "/opt/rustwide/workdir" "-m" "1610612736" "--user" "0:0" "--network" "none" "ghcr.io/rust-lang/crates-build-env/linux@sha256:34b6a614d2c27851fe6cbf88fbd1137609cefab8b10d0615aaeb6fd47975d74e" "/opt/rustwide/cargo-home/bin/cargo" "+beta-2021-08-01" "doc" "--frozen" "--no-deps" "--document-private-items" "--message-format=json", kill_on_drop: false }`
[INFO] [stdout] 5be8d8a693c6e776baeedde5e50d14936dbf750651c74aa4beff47d211d46290
[INFO] [stderr] WARNING: Your kernel does not support swap limit capabilities or the cgroup is not mounted. Memory limited without swap.
[INFO] running `Command { std: "docker" "start" "-a" "5be8d8a693c6e776baeedde5e50d14936dbf750651c74aa4beff47d211d46290", kill_on_drop: false }`
[INFO] [stderr]    Compiling memchr v2.2.0
[INFO] [stderr]    Compiling syn v0.15.29
[INFO] [stderr]    Compiling serde v1.0.89
[INFO] [stderr]    Compiling libc v0.2.50 (https://github.com/rust-lang/libc#e1c9ad19)
[INFO] [stderr]    Compiling backtrace-sys v0.1.28
[INFO] [stderr]     Checking log v0.4.6
[INFO] [stderr]     Checking time v0.1.42
[INFO] [stderr]     Checking chrono v0.4.6
[INFO] [stderr]     Checking aho-corasick v0.6.10
[INFO] [stderr]     Checking csv-core v0.1.5
[INFO] [stderr]     Checking backtrace v0.3.14
[INFO] [stderr]     Checking stderrlog v0.4.1
[INFO] [stderr]     Checking regex v1.1.2
[INFO] [stderr]    Compiling synstructure v0.10.1
[INFO] [stderr]     Checking csv v1.0.5
[INFO] [stderr]    Compiling failure_derive v0.1.5
[INFO] [stderr]     Checking failure v0.1.5
[INFO] [stderr]  Documenting balena_migrator v0.1.0 (/opt/rustwide/workdir)
[INFO] [stdout] error[E0432]: unresolved imports `crate::MigErrCtx`, `crate::MigError`, `crate::MigErrorKind`
[INFO] [stdout]   --> src/linux/util.rs:11:13
[INFO] [stdout]    |
[INFO] [stdout] 11 | use crate::{MigErrCtx, MigError, MigErrorKind};
[INFO] [stdout]    |             ^^^^^^^^^  ^^^^^^^^  ^^^^^^^^^^^^ no `MigErrorKind` in the root
[INFO] [stdout]    |             |          |
[INFO] [stdout]    |             |          no `MigError` in the root
[INFO] [stdout]    |             no `MigErrCtx` in the root
[INFO] [stdout] 
[INFO] [stdout] 
[INFO] [stdout] error[E0412]: cannot find type `MigError` in this scope
[INFO] [stdout]   --> src/lib.rs:61:66
[INFO] [stdout]    |
[INFO] [stdout] 61 |     pub fn parse_from_str(os_release: &str) -> Result<OSRelease, MigError> {
[INFO] [stdout]    |                                                                  ^^^^^^^^ not found in this scope
[INFO] [stdout]    |
[INFO] [stdout] help: consider importing this struct
[INFO] [stdout]    |
[INFO] [stdout] 26 | use crate::mig_error::MigError;
[INFO] [stdout]    |
[INFO] [stdout] 
[INFO] [stdout] 
[INFO] [stdout] error[E0412]: cannot find type `MigError` in this scope
[INFO] [stdout]    --> src/lib.rs:121:57
[INFO] [stdout]     |
[INFO] [stdout] 121 |     fn get_os_name<'a>(&'a mut self) -> Result<&'a str, MigError>;
[INFO] [stdout]     |                                                         ^^^^^^^^ not found in this scope
[INFO] [stdout]     |
[INFO] [stdout] help: consider importing this struct
[INFO] [stdout]     |
[INFO] [stdout] 26  | use crate::mig_error::MigError;
[INFO] [stdout]     |
[INFO] [stdout] 
[INFO] [stdout] 
[INFO] [stdout] error[E0412]: cannot find type `MigError` in this scope
[INFO] [stdout]    --> src/lib.rs:122:66
[INFO] [stdout]     |
[INFO] [stdout] 122 |     fn get_os_release<'a>(&'a mut self) -> Result<&'a OSRelease, MigError>;
[INFO] [stdout]     |                                                                  ^^^^^^^^ not found in this scope
[INFO] [stdout]     |
[INFO] [stdout] help: consider importing this struct
[INFO] [stdout]     |
[INFO] [stdout] 26  | use crate::mig_error::MigError;
[INFO] [stdout]     |
[INFO] [stdout] 
[INFO] [stdout] 
[INFO] [stdout] error[E0412]: cannot find type `MigError` in this scope
[INFO] [stdout]    --> src/lib.rs:123:60
[INFO] [stdout]     |
[INFO] [stdout] 123 |     fn get_os_arch<'a>(&'a mut self) -> Result<&'a OSArch, MigError>;
[INFO] [stdout]     |                                                            ^^^^^^^^ not found in this scope
[INFO] [stdout]     |
[INFO] [stdout] help: consider importing this struct
[INFO] [stdout]     |
[INFO] [stdout] 26  | use crate::mig_error::MigError;
[INFO] [stdout]     |
[INFO] [stdout] 
[INFO] [stdout] 
[INFO] [stdout] error[E0412]: cannot find type `MigError` in this scope
[INFO] [stdout]    --> src/lib.rs:124:58
[INFO] [stdout]     |
[INFO] [stdout] 124 |     fn get_boot_dev<'a>(&'a mut self) -> Result<&'a str, MigError>;
[INFO] [stdout]     |                                                          ^^^^^^^^ not found in this scope
[INFO] [stdout]     |
[INFO] [stdout] help: consider importing this struct
[INFO] [stdout]     |
[INFO] [stdout] 26  | use crate::mig_error::MigError;
[INFO] [stdout]     |
[INFO] [stdout] 
[INFO] [stdout] 
[INFO] [stdout] error[E0412]: cannot find type `MigError` in this scope
[INFO] [stdout]    --> src/lib.rs:125:46
[INFO] [stdout]     |
[INFO] [stdout] 125 |     fn get_mem_tot(&mut self) -> Result<u64, MigError>;
[INFO] [stdout]     |                                              ^^^^^^^^ not found in this scope
[INFO] [stdout]     |
[INFO] [stdout] help: consider importing this struct
[INFO] [stdout]     |
[INFO] [stdout] 26  | use crate::mig_error::MigError;
[INFO] [stdout]     |
[INFO] [stdout] 
[INFO] [stdout] 
[INFO] [stdout] error[E0412]: cannot find type `MigError` in this scope
[INFO] [stdout]    --> src/lib.rs:126:48
[INFO] [stdout]     |
[INFO] [stdout] 126 |     fn get_mem_avail(&mut self) -> Result<u64, MigError>;
[INFO] [stdout]     |                                                ^^^^^^^^ not found in this scope
[INFO] [stdout]     |
[INFO] [stdout] help: consider importing this struct
[INFO] [stdout]     |
[INFO] [stdout] 26  | use crate::mig_error::MigError;
[INFO] [stdout]     |
[INFO] [stdout] 
[INFO] [stdout] 
[INFO] [stdout] error[E0412]: cannot find type `MigError` in this scope
[INFO] [stdout]    --> src/lib.rs:127:44
[INFO] [stdout]     |
[INFO] [stdout] 127 |     fn is_admin(&mut self) -> Result<bool, MigError>;
[INFO] [stdout]     |                                            ^^^^^^^^ not found in this scope
[INFO] [stdout]     |
[INFO] [stdout] help: consider importing this struct
[INFO] [stdout]     |
[INFO] [stdout] 26  | use crate::mig_error::MigError;
[INFO] [stdout]     |
[INFO] [stdout] 
[INFO] [stdout] 
[INFO] [stdout] error[E0412]: cannot find type `MigError` in this scope
[INFO] [stdout]    --> src/lib.rs:128:50
[INFO] [stdout]     |
[INFO] [stdout] 128 |     fn is_secure_boot(&mut self) -> Result<bool, MigError>;
[INFO] [stdout]     |                                                  ^^^^^^^^ not found in this scope
[INFO] [stdout]     |
[INFO] [stdout] help: consider importing this struct
[INFO] [stdout]     |
[INFO] [stdout] 26  | use crate::mig_error::MigError;
[INFO] [stdout]     |
[INFO] [stdout] 
[INFO] [stdout] 
[INFO] [stdout] error[E0412]: cannot find type `MigError` in this scope
[INFO] [stdout]    --> src/lib.rs:129:47
[INFO] [stdout]     |
[INFO] [stdout] 129 |     fn can_migrate(&mut self) -> Result<bool, MigError>;
[INFO] [stdout]     |                                               ^^^^^^^^ not found in this scope
[INFO] [stdout]     |
[INFO] [stdout] help: consider importing this struct
[INFO] [stdout]     |
[INFO] [stdout] 26  | use crate::mig_error::MigError;
[INFO] [stdout]     |
[INFO] [stdout] 
[INFO] [stdout] 
[INFO] [stdout] error[E0412]: cannot find type `MigError` in this scope
[INFO] [stdout]    --> src/lib.rs:130:41
[INFO] [stdout]     |
[INFO] [stdout] 130 |     fn migrate(&mut self) -> Result<(), MigError>;
[INFO] [stdout]     |                                         ^^^^^^^^ not found in this scope
[INFO] [stdout]     |
[INFO] [stdout] help: consider importing this struct
[INFO] [stdout]     |
[INFO] [stdout] 26  | use crate::mig_error::MigError;
[INFO] [stdout]     |
[INFO] [stdout] 
[INFO] [stdout] 
[INFO] [stdout] error[E0412]: cannot find type `MigError` in this scope
[INFO] [stdout]    --> src/lib.rs:131:48
[INFO] [stdout]     |
[INFO] [stdout] 131 |     fn is_uefi_boot(&mut self) -> Result<bool, MigError>;
[INFO] [stdout]     |                                                ^^^^^^^^ not found in this scope
[INFO] [stdout]     |
[INFO] [stdout] help: consider importing this struct
[INFO] [stdout]     |
[INFO] [stdout] 26  | use crate::mig_error::MigError;
[INFO] [stdout]     |
[INFO] [stdout] 
[INFO] [stdout] 
[INFO] [stdout] error[E0412]: cannot find type `MigError` in this scope
[INFO] [stdout]    --> src/lib.rs:141:48
[INFO] [stdout]     |
[INFO] [stdout] 141 | pub fn get_migrator() -> Result<Box<Migrator>, MigError> {
[INFO] [stdout]     |                                                ^^^^^^^^ not found in this scope
[INFO] [stdout]     |
[INFO] [stdout] help: consider importing this struct
[INFO] [stdout]     |
[INFO] [stdout] 26  | use crate::mig_error::MigError;
[INFO] [stdout]     |
[INFO] [stdout] 
[INFO] [stdout] 
[INFO] [stdout] error: Compilation failed, aborting rustdoc
[INFO] [stdout] 
[INFO] [stdout] 
[INFO] [stdout] error: aborting due to 15 previous errors
[INFO] [stdout] 
[INFO] [stdout] 
[INFO] [stdout] Some errors have detailed explanations: E0412, E0432.
[INFO] [stdout] 
[INFO] [stdout] For more information about an error, try `rustc --explain E0412`.
[INFO] [stdout] 
[INFO] [stderr] error: could not document `balena_migrator`
[INFO] [stderr] 
[INFO] [stderr] Caused by:
[INFO] [stderr]   process didn't exit successfully: `rustdoc --edition=2018 --crate-type lib --crate-name balena_migrator src/lib.rs -o /opt/rustwide/target/doc --error-format=json --json=diagnostic-rendered-ansi --document-private-items -L dependency=/opt/rustwide/target/debug/deps --extern clap=/opt/rustwide/target/debug/deps/libclap-5f3b2952a3839313.rmeta --extern csv=/opt/rustwide/target/debug/deps/libcsv-c3c2570b312b6631.rmeta --extern failure=/opt/rustwide/target/debug/deps/libfailure-8ea406a1b2a6267b.rmeta --extern lazy_static=/opt/rustwide/target/debug/deps/liblazy_static-381b96bbd07c50ac.rmeta --extern libc=/opt/rustwide/target/debug/deps/liblibc-4e8a8d968a235cc3.rmeta --extern log=/opt/rustwide/target/debug/deps/liblog-e061b752af9f6b0f.rmeta --extern regex=/opt/rustwide/target/debug/deps/libregex-b95cb8fc494f5398.rmeta --extern stderrlog=/opt/rustwide/target/debug/deps/libstderrlog-cf1f92c662407f39.rmeta --cap-lints=warn --crate-version 0.1.0` (exit status: 1)
[INFO] running `Command { std: "docker" "inspect" "5be8d8a693c6e776baeedde5e50d14936dbf750651c74aa4beff47d211d46290", kill_on_drop: false }`
[INFO] running `Command { std: "docker" "rm" "-f" "5be8d8a693c6e776baeedde5e50d14936dbf750651c74aa4beff47d211d46290", kill_on_drop: false }`
[INFO] [stdout] 5be8d8a693c6e776baeedde5e50d14936dbf750651c74aa4beff47d211d46290
