[INFO] cloning repository https://github.com/ryanw/papariki
[INFO] running `Command { std: "git" "-c" "credential.helper=" "-c" "credential.helper=/workspace/cargo-home/bin/git-credential-null" "clone" "--bare" "https://github.com/ryanw/papariki" "/workspace/cache/git-repos/https%3A%2F%2Fgithub.com%2Fryanw%2Fpapariki", kill_on_drop: false }`
[INFO] [stderr] Cloning into bare repository '/workspace/cache/git-repos/https%3A%2F%2Fgithub.com%2Fryanw%2Fpapariki'...
[INFO] running `Command { std: "git" "rev-parse" "HEAD", kill_on_drop: false }`
[INFO] [stdout] 5f100829ef4205d04a9c9b341ca74caf88f2b22a
[INFO] documenting ryanw/papariki against 1.54.0 for beta-1.55-rustdoc-1
[INFO] running `Command { std: "git" "clone" "/workspace/cache/git-repos/https%3A%2F%2Fgithub.com%2Fryanw%2Fpapariki" "/workspace/builds/worker-13/source", kill_on_drop: false }`
[INFO] [stderr] Cloning into '/workspace/builds/worker-13/source'...
[INFO] [stderr] done.
[INFO] validating manifest of git repo https://github.com/ryanw/papariki on toolchain 1.54.0
[INFO] running `Command { std: "/workspace/cargo-home/bin/cargo" "+1.54.0" "metadata" "--manifest-path" "Cargo.toml" "--no-deps", kill_on_drop: false }`
[INFO] started tweaking git repo https://github.com/ryanw/papariki
[INFO] finished tweaking git repo https://github.com/ryanw/papariki
[INFO] tweaked toml for git repo https://github.com/ryanw/papariki written to /workspace/builds/worker-13/source/Cargo.toml
[INFO] crate git repo https://github.com/ryanw/papariki already has a lockfile, it will not be regenerated
[INFO] running `Command { std: "/workspace/cargo-home/bin/cargo" "+1.54.0" "fetch" "--manifest-path" "Cargo.toml", kill_on_drop: false }`
[INFO] running `Command { std: "docker" "create" "-v" "/var/lib/crater-agent-workspace/builds/worker-13/target:/opt/rustwide/target:rw,Z" "-v" "/var/lib/crater-agent-workspace/builds/worker-13/source:/opt/rustwide/workdir:ro,Z" "-v" "/var/lib/crater-agent-workspace/cargo-home:/opt/rustwide/cargo-home:ro,Z" "-v" "/var/lib/crater-agent-workspace/rustup-home:/opt/rustwide/rustup-home:ro,Z" "-e" "SOURCE_DIR=/opt/rustwide/workdir" "-e" "CARGO_TARGET_DIR=/opt/rustwide/target" "-e" "CARGO_HOME=/opt/rustwide/cargo-home" "-e" "RUSTUP_HOME=/opt/rustwide/rustup-home" "-w" "/opt/rustwide/workdir" "-m" "1610612736" "--user" "0:0" "--network" "none" "ghcr.io/rust-lang/crates-build-env/linux@sha256:34b6a614d2c27851fe6cbf88fbd1137609cefab8b10d0615aaeb6fd47975d74e" "/opt/rustwide/cargo-home/bin/cargo" "+1.54.0" "metadata" "--no-deps" "--format-version=1", kill_on_drop: false }`
[INFO] [stderr] WARNING: Your kernel does not support swap limit capabilities or the cgroup is not mounted. Memory limited without swap.
[INFO] [stdout] a68e51b8fe6ff360bb7275e7f27e41729645e626fa67f9e772d4614e22215846
[INFO] running `Command { std: "docker" "start" "-a" "a68e51b8fe6ff360bb7275e7f27e41729645e626fa67f9e772d4614e22215846", kill_on_drop: false }`
[INFO] running `Command { std: "docker" "inspect" "a68e51b8fe6ff360bb7275e7f27e41729645e626fa67f9e772d4614e22215846", kill_on_drop: false }`
[INFO] running `Command { std: "docker" "rm" "-f" "a68e51b8fe6ff360bb7275e7f27e41729645e626fa67f9e772d4614e22215846", kill_on_drop: false }`
[INFO] [stdout] a68e51b8fe6ff360bb7275e7f27e41729645e626fa67f9e772d4614e22215846
[INFO] running `Command { std: "docker" "create" "-v" "/var/lib/crater-agent-workspace/builds/worker-13/target:/opt/rustwide/target:rw,Z" "-v" "/var/lib/crater-agent-workspace/builds/worker-13/source:/opt/rustwide/workdir:ro,Z" "-v" "/var/lib/crater-agent-workspace/cargo-home:/opt/rustwide/cargo-home:ro,Z" "-v" "/var/lib/crater-agent-workspace/rustup-home:/opt/rustwide/rustup-home:ro,Z" "-e" "SOURCE_DIR=/opt/rustwide/workdir" "-e" "CARGO_TARGET_DIR=/opt/rustwide/target" "-e" "CARGO_INCREMENTAL=0" "-e" "RUST_BACKTRACE=full" "-e" "RUSTDOCFLAGS=--cap-lints=warn" "-e" "CARGO_HOME=/opt/rustwide/cargo-home" "-e" "RUSTUP_HOME=/opt/rustwide/rustup-home" "-w" "/opt/rustwide/workdir" "-m" "1610612736" "--user" "0:0" "--network" "none" "ghcr.io/rust-lang/crates-build-env/linux@sha256:34b6a614d2c27851fe6cbf88fbd1137609cefab8b10d0615aaeb6fd47975d74e" "/opt/rustwide/cargo-home/bin/cargo" "+1.54.0" "doc" "--frozen" "--no-deps" "--document-private-items" "--message-format=json", kill_on_drop: false }`
[INFO] [stdout] 8540e44bcaaf41c3aa75f07814c70616d673a9dc6247379334c4df6a01ad3af5
[INFO] [stderr] WARNING: Your kernel does not support swap limit capabilities or the cgroup is not mounted. Memory limited without swap.
[INFO] running `Command { std: "docker" "start" "-a" "8540e44bcaaf41c3aa75f07814c70616d673a9dc6247379334c4df6a01ad3af5", kill_on_drop: false }`
[INFO] [stderr]    Compiling syn v1.0.35
[INFO] [stderr]    Compiling wasm-bindgen-shared v0.2.65
[INFO] [stderr]    Compiling wasm-bindgen v0.2.65
[INFO] [stderr]     Checking futures-core-preview v0.3.0-alpha.19
[INFO] [stderr]     Checking futures-sink-preview v0.3.0-alpha.19
[INFO] [stderr]     Checking futures-io-preview v0.3.0-alpha.19
[INFO] [stderr]    Compiling byteorder v1.3.4
[INFO] [stderr]     Checking chunked_transfer v1.2.0
[INFO] [stderr]    Compiling num-traits v0.2.12
[INFO] [stderr]    Compiling time v0.2.16
[INFO] [stderr]    Compiling paste-impl v0.1.18
[INFO] [stderr]     Checking qstring v0.7.2
[INFO] [stderr]     Checking ring v0.16.15
[INFO] [stderr]     Checking rand_distr v0.2.2
[INFO] [stderr]     Checking futures-channel-preview v0.3.0-alpha.19
[INFO] [stderr]     Checking futures-util-preview v0.3.0-alpha.19
[INFO] [stderr]     Checking quick-protobuf v0.7.0
[INFO] [stderr]     Checking paste v0.1.18
[INFO] [stderr]     Checking webpki v0.21.3
[INFO] [stderr]     Checking sct v0.6.0
[INFO] [stderr]     Checking webpki-roots v0.19.0
[INFO] [stderr]     Checking rustls v0.17.0
[INFO] [stderr]     Checking approx v0.3.2
[INFO] [stderr]     Checking num-complex v0.2.4
[INFO] [stderr]     Checking num-integer v0.1.43
[INFO] [stderr]     Checking futures-executor-preview v0.3.0-alpha.19
[INFO] [stderr]     Checking num-rational v0.2.4
[INFO] [stderr]     Checking simba v0.1.5
[INFO] [stderr]     Checking futures-preview v0.3.0-alpha.19
[INFO] [stderr]     Checking nalgebra v0.21.1
[INFO] [stderr]    Compiling wasm-bindgen-backend v0.2.65
[INFO] [stderr]    Compiling wasm-bindgen-macro-support v0.2.65
[INFO] [stderr]    Compiling time-macros-impl v0.1.1
[INFO] [stderr]    Compiling wasm-bindgen-macro v0.2.65
[INFO] [stderr]     Checking time-macros v0.1.0
[INFO] [stderr]     Checking cookie v0.13.3
[INFO] [stderr]     Checking js-sys v0.3.42
[INFO] [stderr]     Checking console_error_panic_hook v0.1.6
[INFO] [stderr]     Checking ureq v1.3.0
[INFO] [stderr]     Checking web-sys v0.3.42
[INFO] [stderr]     Checking wasm-bindgen-futures v0.4.15
[INFO] [stderr]     Checking papariki v0.1.0 (/opt/rustwide/workdir)
[INFO] [stderr]  Documenting papariki v0.1.0 (/opt/rustwide/workdir)
[INFO] [stdout] error[E0432]: unresolved import `crate::wasm`
[INFO] [stdout]   --> src/scene.rs:11:5
[INFO] [stdout]    |
[INFO] [stdout] 11 | use crate::wasm;
[INFO] [stdout]    |     ^^^^^^^^^^^ no `wasm` in the root
[INFO] [stdout] 
[INFO] [stdout] 
[INFO] [stdout] error[E0432]: unresolved import `crate::wasm`
[INFO] [stdout]   --> src/scene.rs:11:5
[INFO] [stdout]    |
[INFO] [stdout] 11 | use crate::wasm;
[INFO] [stdout]    |     ^^^^^^^^^^^ no `wasm` in the root
[INFO] [stdout] 
[INFO] [stdout] 
[INFO] [stdout] error[E0433]: failed to resolve: use of undeclared type `GzDecoder`
[INFO] [stdout]   --> src/data.rs:69:17
[INFO] [stdout]    |
[INFO] [stdout] 69 |         let mut pbf = GzDecoder::new(&*gz_pbf);
[INFO] [stdout]    |                       ^^^^^^^^^ not found in this scope
[INFO] [stdout]    |
[INFO] [stdout] help: consider importing one of these items
[INFO] [stdout]    |
[INFO] [stdout] 1  | use flate2::bufread::GzDecoder;
[INFO] [stdout]    |
[INFO] [stdout] 1  | use flate2::read::GzDecoder;
[INFO] [stdout]    |
[INFO] [stdout] 1  | use flate2::write::GzDecoder;
[INFO] [stdout]    |
[INFO] [stdout] 
[INFO] [stdout] 
[INFO] [stdout] warning: unused import: `crate::tile::Tile`
[INFO] [stdout]  --> src/scene.rs:5:5
[INFO] [stdout]   |
[INFO] [stdout] 5 | use crate::tile::Tile;
[INFO] [stdout]   |     ^^^^^^^^^^^^^^^^^
[INFO] [stdout]   |
[INFO] [stdout]   = note: `#[warn(unused_imports)]` on by default
[INFO] [stdout] 
[INFO] [stdout] 
[INFO] [stdout] warning: unused import: `pixel_to_lonlat`
[INFO] [stdout]  --> src/scene.rs:6:57
[INFO] [stdout]   |
[INFO] [stdout] 6 | use crate::geometry::{point_to_lonlat, lonlat_to_point, pixel_to_lonlat};
[INFO] [stdout]   |                                                         ^^^^^^^^^^^^^^^
[INFO] [stdout] 
[INFO] [stdout] 
[INFO] [stdout] warning: trait objects without an explicit `dyn` are deprecated
[INFO] [stdout]    --> src/scene.rs:264:43
[INFO] [stdout]     |
[INFO] [stdout] 264 |     pub fn tick(&mut self, dt: f64, inputs: &UserInputs) {
[INFO] [stdout]     |                                              ^^^^^^^^^^ help: use `dyn`: `dyn UserInputs`
[INFO] [stdout]     |
[INFO] [stdout]     = note: `#[warn(bare_trait_objects)]` on by default
[INFO] [stdout]     = warning: this was previously accepted by the compiler but is being phased out; it will become a hard error in the 2021 edition!
[INFO] [stdout]     = note: for more information, see issue #80165 <https://github.com/rust-lang/rust/issues/80165>
[INFO] [stdout] 
[INFO] [stdout] 
[INFO] [stdout] error: Compilation failed, aborting rustdoc
[INFO] [stdout] 
[INFO] [stdout] 
[INFO] [stdout] error: aborting due to 2 previous errors
[INFO] [stdout] 
[INFO] [stdout] 
[INFO] [stdout] For more information about this error, try `rustc --explain E0432`.
[INFO] [stdout] 
[INFO] [stderr] error: could not document `papariki`
[INFO] [stderr] 
[INFO] [stderr] Caused by:
[INFO] [stderr]   process didn't exit successfully: `rustdoc --edition=2018 --crate-type cdylib --crate-type rlib --crate-name papariki src/lib.rs -o /opt/rustwide/target/doc --error-format=json --json=diagnostic-rendered-ansi --document-private-items -L dependency=/opt/rustwide/target/debug/deps --extern console_error_panic_hook=/opt/rustwide/target/debug/deps/libconsole_error_panic_hook-e76b7fca2a63f2d0.rmeta --extern flate2=/opt/rustwide/target/debug/deps/libflate2-ba580472e73b2f28.rmeta --extern futures=/opt/rustwide/target/debug/deps/libfutures-2b2e11dcdbb9e62a.rmeta --extern js_sys=/opt/rustwide/target/debug/deps/libjs_sys-915c4781f37e7c2a.rmeta --extern nalgebra=/opt/rustwide/target/debug/deps/libnalgebra-cf63fddd6ae9831d.rmeta --extern quick_protobuf=/opt/rustwide/target/debug/deps/libquick_protobuf-8f94fafcd4b8c15d.rmeta --extern ureq=/opt/rustwide/target/debug/deps/libureq-c1cb23b1861d7b3f.rmeta --extern wasm_bindgen=/opt/rustwide/target/debug/deps/libwasm_bindgen-9f4902c579501d25.rmeta --extern wasm_bindgen_futures=/opt/rustwide/target/debug/deps/libwasm_bindgen_futures-3b3caaa01a11b938.rmeta --extern web_sys=/opt/rustwide/target/debug/deps/libweb_sys-bee7439ad84f7bbf.rmeta --cap-lints=warn --crate-version 0.1.0` (exit status: 1)
[INFO] [stderr] warning: build failed, waiting for other jobs to finish...
[INFO] [stdout] error[E0599]: no method named `read_to_end` found for opaque type `impl std::io::Read` in the current scope
[INFO] [stdout]    --> src/data.rs:66:7
[INFO] [stdout]     |
[INFO] [stdout] 66  |         res.read_to_end(&mut gz_pbf).unwrap();
[INFO] [stdout]     |             ^^^^^^^^^^^ method not found in `impl std::io::Read`
[INFO] [stdout]     |
[INFO] [stdout]     = help: items from traits can only be used if the trait is in scope
[INFO] [stdout]     = note: the following trait is implemented but not in scope; perhaps add a `use` for it:
[INFO] [stdout]             `use std::io::Read;`
[INFO] [stdout] 
[INFO] [stdout] 
[INFO] [stdout] error: aborting due to 3 previous errors; 3 warnings emitted
[INFO] [stdout] 
[INFO] [stdout] 
[INFO] [stdout] Some errors have detailed explanations: E0432, E0433, E0599.
[INFO] [stdout] 
[INFO] [stdout] For more information about an error, try `rustc --explain E0432`.
[INFO] [stdout] 
[INFO] [stderr] error: build failed
[INFO] running `Command { std: "docker" "inspect" "8540e44bcaaf41c3aa75f07814c70616d673a9dc6247379334c4df6a01ad3af5", kill_on_drop: false }`
[INFO] running `Command { std: "docker" "rm" "-f" "8540e44bcaaf41c3aa75f07814c70616d673a9dc6247379334c4df6a01ad3af5", kill_on_drop: false }`
[INFO] [stdout] 8540e44bcaaf41c3aa75f07814c70616d673a9dc6247379334c4df6a01ad3af5
