[INFO] cloning repository https://github.com/rukarangi/wgpu_rust_rukarangi
[INFO] running `Command { std: "git" "-c" "credential.helper=" "-c" "credential.helper=/workspace/cargo-home/bin/git-credential-null" "clone" "--bare" "https://github.com/rukarangi/wgpu_rust_rukarangi" "/workspace/cache/git-repos/https%3A%2F%2Fgithub.com%2Frukarangi%2Fwgpu_rust_rukarangi", kill_on_drop: false }`
[INFO] [stderr] Cloning into bare repository '/workspace/cache/git-repos/https%3A%2F%2Fgithub.com%2Frukarangi%2Fwgpu_rust_rukarangi'...
[INFO] running `Command { std: "git" "rev-parse" "HEAD", kill_on_drop: false }`
[INFO] [stdout] b49866e4f16ff22b858b9b92f1d78e43ee219bbb
[INFO] documenting rukarangi/wgpu_rust_rukarangi against beta-2021-08-01 for beta-1.55-rustdoc-1
[INFO] running `Command { std: "git" "clone" "/workspace/cache/git-repos/https%3A%2F%2Fgithub.com%2Frukarangi%2Fwgpu_rust_rukarangi" "/workspace/builds/worker-9/source", kill_on_drop: false }`
[INFO] [stderr] Cloning into '/workspace/builds/worker-9/source'...
[INFO] [stderr] done.
[INFO] validating manifest of git repo https://github.com/rukarangi/wgpu_rust_rukarangi on toolchain beta-2021-08-01
[INFO] running `Command { std: "/workspace/cargo-home/bin/cargo" "+beta-2021-08-01" "metadata" "--manifest-path" "Cargo.toml" "--no-deps", kill_on_drop: false }`
[INFO] started tweaking git repo https://github.com/rukarangi/wgpu_rust_rukarangi
[INFO] finished tweaking git repo https://github.com/rukarangi/wgpu_rust_rukarangi
[INFO] tweaked toml for git repo https://github.com/rukarangi/wgpu_rust_rukarangi written to /workspace/builds/worker-9/source/Cargo.toml
[INFO] crate git repo https://github.com/rukarangi/wgpu_rust_rukarangi already has a lockfile, it will not be regenerated
[INFO] running `Command { std: "/workspace/cargo-home/bin/cargo" "+beta-2021-08-01" "fetch" "--manifest-path" "Cargo.toml", kill_on_drop: false }`
[INFO] [stderr]  Downloading crates ...
[INFO] [stderr]   Downloaded ordered-float v1.1.1
[INFO] [stderr]   Downloaded tobj v2.0.4
[INFO] [stderr]   Downloaded wgpu v0.7.0
[INFO] running `Command { std: "docker" "create" "-v" "/var/lib/crater-agent-workspace/builds/worker-9/target:/opt/rustwide/target:rw,Z" "-v" "/var/lib/crater-agent-workspace/builds/worker-9/source:/opt/rustwide/workdir:ro,Z" "-v" "/var/lib/crater-agent-workspace/cargo-home:/opt/rustwide/cargo-home:ro,Z" "-v" "/var/lib/crater-agent-workspace/rustup-home:/opt/rustwide/rustup-home:ro,Z" "-e" "SOURCE_DIR=/opt/rustwide/workdir" "-e" "CARGO_TARGET_DIR=/opt/rustwide/target" "-e" "CARGO_HOME=/opt/rustwide/cargo-home" "-e" "RUSTUP_HOME=/opt/rustwide/rustup-home" "-w" "/opt/rustwide/workdir" "-m" "1610612736" "--user" "0:0" "--network" "none" "ghcr.io/rust-lang/crates-build-env/linux@sha256:34b6a614d2c27851fe6cbf88fbd1137609cefab8b10d0615aaeb6fd47975d74e" "/opt/rustwide/cargo-home/bin/cargo" "+beta-2021-08-01" "metadata" "--no-deps" "--format-version=1", kill_on_drop: false }`
[INFO] [stderr] WARNING: Your kernel does not support swap limit capabilities or the cgroup is not mounted. Memory limited without swap.
[INFO] [stdout] 80062ac9da314095e70e641be1e10f24b5cb8c13f6092420dd3937a112a630b1
[INFO] running `Command { std: "docker" "start" "-a" "80062ac9da314095e70e641be1e10f24b5cb8c13f6092420dd3937a112a630b1", kill_on_drop: false }`
[INFO] running `Command { std: "docker" "inspect" "80062ac9da314095e70e641be1e10f24b5cb8c13f6092420dd3937a112a630b1", kill_on_drop: false }`
[INFO] running `Command { std: "docker" "rm" "-f" "80062ac9da314095e70e641be1e10f24b5cb8c13f6092420dd3937a112a630b1", kill_on_drop: false }`
[INFO] [stdout] 80062ac9da314095e70e641be1e10f24b5cb8c13f6092420dd3937a112a630b1
[INFO] running `Command { std: "docker" "create" "-v" "/var/lib/crater-agent-workspace/builds/worker-9/target:/opt/rustwide/target:rw,Z" "-v" "/var/lib/crater-agent-workspace/builds/worker-9/source:/opt/rustwide/workdir:ro,Z" "-v" "/var/lib/crater-agent-workspace/cargo-home:/opt/rustwide/cargo-home:ro,Z" "-v" "/var/lib/crater-agent-workspace/rustup-home:/opt/rustwide/rustup-home:ro,Z" "-e" "SOURCE_DIR=/opt/rustwide/workdir" "-e" "CARGO_TARGET_DIR=/opt/rustwide/target" "-e" "CARGO_INCREMENTAL=0" "-e" "RUST_BACKTRACE=full" "-e" "RUSTDOCFLAGS=--cap-lints=warn" "-e" "CARGO_HOME=/opt/rustwide/cargo-home" "-e" "RUSTUP_HOME=/opt/rustwide/rustup-home" "-w" "/opt/rustwide/workdir" "-m" "1610612736" "--user" "0:0" "--network" "none" "ghcr.io/rust-lang/crates-build-env/linux@sha256:34b6a614d2c27851fe6cbf88fbd1137609cefab8b10d0615aaeb6fd47975d74e" "/opt/rustwide/cargo-home/bin/cargo" "+beta-2021-08-01" "doc" "--frozen" "--no-deps" "--document-private-items" "--message-format=json", kill_on_drop: false }`
[INFO] [stdout] 90d45171dc409ca61b85c88f065282d8e4d16ca293c10792170d13f242dd1201
[INFO] [stderr] WARNING: Your kernel does not support swap limit capabilities or the cgroup is not mounted. Memory limited without swap.
[INFO] running `Command { std: "docker" "start" "-a" "90d45171dc409ca61b85c88f065282d8e4d16ca293c10792170d13f242dd1201", kill_on_drop: false }`
[INFO] [stderr]    Compiling libc v0.2.89
[INFO] [stderr]     Checking futures-core v0.3.13
[INFO] [stderr]    Compiling cgmath v0.17.0
[INFO] [stderr]    Compiling fs_extra v1.2.0
[INFO] [stderr]     Checking tobj v2.0.4
[INFO] [stderr]    Compiling anyhow v1.0.39
[INFO] [stderr]     Checking wayland-sys v0.23.6
[INFO] [stderr]    Compiling tracing-attributes v0.1.15
[INFO] [stderr]    Compiling futures-macro v0.3.13
[INFO] [stderr]    Compiling bytemuck_derive v1.0.1
[INFO] [stderr]     Checking rusttype v0.8.3
[INFO] [stderr]     Checking naga v0.3.2
[INFO] [stderr]    Compiling wayland-client v0.23.6
[INFO] [stderr]     Checking futures-channel v0.3.13
[INFO] [stderr]     Checking rusttype v0.7.9
[INFO] [stderr]     Checking andrew v0.2.1
[INFO] [stderr]     Checking raw-window-handle v0.3.3
[INFO] [stderr]     Checking iovec v0.1.4
[INFO] [stderr]     Checking net2 v0.2.37
[INFO] [stderr]     Checking nix v0.14.1
[INFO] [stderr]     Checking num_cpus v1.13.0
[INFO] [stderr]     Checking parking_lot_core v0.8.3
[INFO] [stderr]     Checking khronos-egl v3.0.2
[INFO] [stderr]     Checking rand_os v0.1.3
[INFO] [stderr]     Checking parking_lot_core v0.7.2
[INFO] [stderr]     Checking memmap v0.7.0
[INFO] [stderr]     Checking atty v0.2.14
[INFO] [stderr]     Checking x11-dl v2.18.5
[INFO] [stderr]     Checking backtrace v0.3.56
[INFO] [stderr]    Compiling jobserver v0.1.21
[INFO] [stderr]     Checking rand v0.6.5
[INFO] [stderr]     Checking parking_lot v0.10.2
[INFO] [stderr]     Checking rayon-core v1.9.0
[INFO] [stderr]     Checking env_logger v0.7.1
[INFO] [stderr]     Checking futures-util v0.3.13
[INFO] [stderr]     Checking mio v0.6.23
[INFO] [stderr]     Checking parking_lot v0.11.1
[INFO] [stderr]     Checking bytemuck v1.5.1
[INFO] [stderr]    Compiling cc v1.0.67
[INFO] [stderr]     Checking failure v0.1.8
[INFO] [stderr]     Checking rayon v1.5.0
[INFO] [stderr]     Checking tracing v0.1.25
[INFO] [stderr]     Checking mio-extras v2.0.6
[INFO] [stderr]    Compiling cmake v0.1.45
[INFO] [stderr]     Checking gpu-alloc v0.3.0
[INFO] [stderr]     Checking gpu-descriptor v0.1.1
[INFO] [stderr]     Checking gfx-hal v0.7.0
[INFO] [stderr]    Compiling spirv_cross v0.23.1
[INFO] [stderr]    Compiling shaderc-sys v0.7.2
[INFO] [stderr] error: could not compile `nix`
[INFO] [stderr] 
[INFO] [stderr] Caused by:
[INFO] [stderr]   process didn't exit successfully: `rustc --crate-name nix /opt/rustwide/cargo-home/registry/src/github.com-1ecc6299db9ec823/nix-0.14.1/src/lib.rs --error-format=json --json=diagnostic-rendered-ansi --crate-type lib --emit=dep-info,metadata -C embed-bitcode=no -C debuginfo=2 -C metadata=3d1e70096efaa30e -C extra-filename=-3d1e70096efaa30e --out-dir /opt/rustwide/target/debug/deps -L dependency=/opt/rustwide/target/debug/deps --extern bitflags=/opt/rustwide/target/debug/deps/libbitflags-7925d1bf53c9b12a.rmeta --extern cfg_if=/opt/rustwide/target/debug/deps/libcfg_if-949b7287e2e92eea.rmeta --extern libc=/opt/rustwide/target/debug/deps/liblibc-0fb36e8182ef270e.rmeta --extern void=/opt/rustwide/target/debug/deps/libvoid-94ef9d016045abf1.rmeta --cap-lints allow` (signal: 9, SIGKILL: kill)
[INFO] [stderr] warning: build failed, waiting for other jobs to finish...
[INFO] [stderr] The following warnings were emitted during compilation:
[INFO] [stderr] 
[INFO] [stderr] warning: src/wrapper.cpp:2: warning: ignoring #pragma warning  [-Wunknown-pragmas]
[INFO] [stderr] warning:     2 | #pragma warning(disable : 4996 4101)
[INFO] [stderr] warning:       | 
[INFO] [stderr] warning: c++: fatal error: Killed signal terminated program cc1plus
[INFO] [stderr] warning: compilation terminated.
[INFO] [stderr] warning: c++: fatal error: Killed signal terminated program cc1plus
[INFO] [stderr] warning: compilation terminated.
[INFO] [stderr] warning: c++: fatal error: Killed signal terminated program cc1plus
[INFO] [stderr] warning: compilation terminated.
[INFO] [stderr] warning: c++: fatal error: Killed signal terminated program cc1plus
[INFO] [stderr] warning: compilation terminated.
[INFO] [stderr] warning: c++: fatal error: Killed signal terminated program cc1plus
[INFO] [stderr] warning: compilation terminated.
[INFO] [stderr] warning: c++: fatal error: Killed signal terminated program cc1plus
[INFO] [stderr] warning: compilation terminated.
[INFO] [stderr] 
[INFO] [stderr] The following warnings were emitted during compilation:
[INFO] [stderr] 
[INFO] [stderr] warning: shaderc: searching for native shaderc libraries on system;  use '--features build-from-source' to force building from source code
[INFO] [stderr] warning: shaderc: cannot find native shaderc library on system; falling back to build from source
[INFO] [stderr] 
[INFO] [stderr] error: build failed
[INFO] running `Command { std: "docker" "inspect" "90d45171dc409ca61b85c88f065282d8e4d16ca293c10792170d13f242dd1201", kill_on_drop: false }`
[INFO] running `Command { std: "docker" "rm" "-f" "90d45171dc409ca61b85c88f065282d8e4d16ca293c10792170d13f242dd1201", kill_on_drop: false }`
[INFO] [stdout] 90d45171dc409ca61b85c88f065282d8e4d16ca293c10792170d13f242dd1201
