[INFO] cloning repository https://github.com/rukarangi/rukarangi-wgpu-rs-experimentation
[INFO] running `Command { std: "git" "-c" "credential.helper=" "-c" "credential.helper=/workspace/cargo-home/bin/git-credential-null" "clone" "--bare" "https://github.com/rukarangi/rukarangi-wgpu-rs-experimentation" "/workspace/cache/git-repos/https%3A%2F%2Fgithub.com%2Frukarangi%2Frukarangi-wgpu-rs-experimentation", kill_on_drop: false }`
[INFO] [stderr] Cloning into bare repository '/workspace/cache/git-repos/https%3A%2F%2Fgithub.com%2Frukarangi%2Frukarangi-wgpu-rs-experimentation'...
[INFO] running `Command { std: "git" "rev-parse" "HEAD", kill_on_drop: false }`
[INFO] [stdout] 60efa7b8773f80ea81c2ef137a6f95b0c6684a45
[INFO] documenting rukarangi/rukarangi-wgpu-rs-experimentation against beta-2021-08-01 for beta-1.55-rustdoc-1
[INFO] running `Command { std: "git" "clone" "/workspace/cache/git-repos/https%3A%2F%2Fgithub.com%2Frukarangi%2Frukarangi-wgpu-rs-experimentation" "/workspace/builds/worker-14/source", kill_on_drop: false }`
[INFO] [stderr] Cloning into '/workspace/builds/worker-14/source'...
[INFO] [stderr] done.
[INFO] validating manifest of git repo https://github.com/rukarangi/rukarangi-wgpu-rs-experimentation on toolchain beta-2021-08-01
[INFO] running `Command { std: "/workspace/cargo-home/bin/cargo" "+beta-2021-08-01" "metadata" "--manifest-path" "Cargo.toml" "--no-deps", kill_on_drop: false }`
[INFO] started tweaking git repo https://github.com/rukarangi/rukarangi-wgpu-rs-experimentation
[INFO] finished tweaking git repo https://github.com/rukarangi/rukarangi-wgpu-rs-experimentation
[INFO] tweaked toml for git repo https://github.com/rukarangi/rukarangi-wgpu-rs-experimentation written to /workspace/builds/worker-14/source/Cargo.toml
[INFO] crate git repo https://github.com/rukarangi/rukarangi-wgpu-rs-experimentation already has a lockfile, it will not be regenerated
[INFO] running `Command { std: "/workspace/cargo-home/bin/cargo" "+beta-2021-08-01" "fetch" "--manifest-path" "Cargo.toml", kill_on_drop: false }`
[INFO] [stderr]  Downloading crates ...
[INFO] [stderr]   Downloaded cgmath v0.18.0
[INFO] running `Command { std: "docker" "create" "-v" "/var/lib/crater-agent-workspace/builds/worker-14/target:/opt/rustwide/target:rw,Z" "-v" "/var/lib/crater-agent-workspace/builds/worker-14/source:/opt/rustwide/workdir:ro,Z" "-v" "/var/lib/crater-agent-workspace/cargo-home:/opt/rustwide/cargo-home:ro,Z" "-v" "/var/lib/crater-agent-workspace/rustup-home:/opt/rustwide/rustup-home:ro,Z" "-e" "SOURCE_DIR=/opt/rustwide/workdir" "-e" "CARGO_TARGET_DIR=/opt/rustwide/target" "-e" "CARGO_HOME=/opt/rustwide/cargo-home" "-e" "RUSTUP_HOME=/opt/rustwide/rustup-home" "-w" "/opt/rustwide/workdir" "-m" "1610612736" "--user" "0:0" "--network" "none" "ghcr.io/rust-lang/crates-build-env/linux@sha256:34b6a614d2c27851fe6cbf88fbd1137609cefab8b10d0615aaeb6fd47975d74e" "/opt/rustwide/cargo-home/bin/cargo" "+beta-2021-08-01" "metadata" "--no-deps" "--format-version=1", kill_on_drop: false }`
[INFO] [stdout] 25a7a1d1432c2e427e49579b40ccc955fae685808a15c5ba8b78e41e67454a9a
[INFO] [stderr] WARNING: Your kernel does not support swap limit capabilities or the cgroup is not mounted. Memory limited without swap.
[INFO] running `Command { std: "docker" "start" "-a" "25a7a1d1432c2e427e49579b40ccc955fae685808a15c5ba8b78e41e67454a9a", kill_on_drop: false }`
[INFO] running `Command { std: "docker" "inspect" "25a7a1d1432c2e427e49579b40ccc955fae685808a15c5ba8b78e41e67454a9a", kill_on_drop: false }`
[INFO] running `Command { std: "docker" "rm" "-f" "25a7a1d1432c2e427e49579b40ccc955fae685808a15c5ba8b78e41e67454a9a", kill_on_drop: false }`
[INFO] [stdout] 25a7a1d1432c2e427e49579b40ccc955fae685808a15c5ba8b78e41e67454a9a
[INFO] running `Command { std: "docker" "create" "-v" "/var/lib/crater-agent-workspace/builds/worker-14/target:/opt/rustwide/target:rw,Z" "-v" "/var/lib/crater-agent-workspace/builds/worker-14/source:/opt/rustwide/workdir:ro,Z" "-v" "/var/lib/crater-agent-workspace/cargo-home:/opt/rustwide/cargo-home:ro,Z" "-v" "/var/lib/crater-agent-workspace/rustup-home:/opt/rustwide/rustup-home:ro,Z" "-e" "SOURCE_DIR=/opt/rustwide/workdir" "-e" "CARGO_TARGET_DIR=/opt/rustwide/target" "-e" "CARGO_INCREMENTAL=0" "-e" "RUST_BACKTRACE=full" "-e" "RUSTDOCFLAGS=--cap-lints=warn" "-e" "CARGO_HOME=/opt/rustwide/cargo-home" "-e" "RUSTUP_HOME=/opt/rustwide/rustup-home" "-w" "/opt/rustwide/workdir" "-m" "1610612736" "--user" "0:0" "--network" "none" "ghcr.io/rust-lang/crates-build-env/linux@sha256:34b6a614d2c27851fe6cbf88fbd1137609cefab8b10d0615aaeb6fd47975d74e" "/opt/rustwide/cargo-home/bin/cargo" "+beta-2021-08-01" "doc" "--frozen" "--no-deps" "--document-private-items" "--message-format=json", kill_on_drop: false }`
[INFO] [stdout] bf0ec80da0f75ee132fc7f3634e5df380f9d5188955470dcd887683c1208a1d8
[INFO] [stderr] WARNING: Your kernel does not support swap limit capabilities or the cgroup is not mounted. Memory limited without swap.
[INFO] running `Command { std: "docker" "start" "-a" "bf0ec80da0f75ee132fc7f3634e5df380f9d5188955470dcd887683c1208a1d8", kill_on_drop: false }`
[INFO] [stderr]    Compiling khronos-egl v3.0.2
[INFO] [stderr]     Checking futures-sink v0.3.14
[INFO] [stderr]     Checking futures-core v0.3.14
[INFO] [stderr]     Checking glow v0.7.2
[INFO] [stderr]    Compiling cgmath v0.18.0
[INFO] [stderr]    Compiling wgpu-core v0.7.1
[INFO] [stderr]     Checking libc v0.2.93
[INFO] [stderr]    Compiling wayland-sys v0.28.5
[INFO] [stderr]    Compiling jobserver v0.1.22
[INFO] [stderr]     Checking wgpu-types v0.7.0
[INFO] [stderr]     Checking nom v6.1.2
[INFO] [stderr]     Checking crossbeam-epoch v0.9.3
[INFO] [stderr]     Checking crossbeam-channel v0.5.1
[INFO] [stderr]    Compiling futures-macro v0.3.14
[INFO] [stderr]    Compiling bytemuck_derive v1.0.1
[INFO] [stderr]     Checking thiserror v1.0.24
[INFO] [stderr]    Compiling wayland-client v0.28.5
[INFO] [stderr]     Checking tracing v0.1.25
[INFO] [stderr]    Compiling wayland-protocols v0.28.5
[INFO] [stderr]     Checking naga v0.3.2
[INFO] [stderr]     Checking futures-channel v0.3.14
[INFO] [stderr]    Compiling cc v1.0.67
[INFO] [stderr]     Checking crossbeam-deque v0.8.0
[INFO] [stderr]     Checking gpu-descriptor v0.1.1
[INFO] [stderr]     Checking gpu-alloc v0.3.0
[INFO] [stderr]    Compiling cmake v0.1.45
[INFO] [stderr]    Compiling spirv_cross v0.23.1
[INFO] [stderr]    Compiling shaderc-sys v0.7.2
[INFO] [stderr]     Checking bytemuck v1.5.1
[INFO] [stderr]     Checking raw-window-handle v0.3.3
[INFO] [stderr]     Checking nix v0.20.0
[INFO] [stderr]     Checking parking_lot_core v0.8.3
[INFO] [stderr]     Checking num_cpus v1.13.0
[INFO] [stderr]     Checking iovec v0.1.4
[INFO] [stderr]     Checking nix v0.18.0
[INFO] [stderr]     Checking net2 v0.2.37
[INFO] [stderr]     Checking memmap2 v0.1.0
[INFO] [stderr]     Checking atty v0.2.14
[INFO] [stderr]     Checking x11-dl v2.18.5
[INFO] [stderr]     Checking futures-util v0.3.14
[INFO] [stderr]     Checking xcursor v0.3.3
[INFO] [stderr]     Checking env_logger v0.7.1
[INFO] [stderr]     Checking rayon-core v1.9.0
[INFO] [stderr]     Checking parking_lot v0.11.1
[INFO] [stderr]     Checking mio v0.6.23
[INFO] [stderr]     Checking rayon v1.5.0
[INFO] [stderr]     Checking mio-extras v2.0.6
[INFO] [stderr] error: could not compile `naga`
[INFO] [stderr] 
[INFO] [stderr] Caused by:
[INFO] [stderr]   process didn't exit successfully: `rustc --crate-name naga --edition=2018 /opt/rustwide/cargo-home/registry/src/github.com-1ecc6299db9ec823/naga-0.3.2/src/lib.rs --error-format=json --json=diagnostic-rendered-ansi --crate-type lib --emit=dep-info,metadata -C embed-bitcode=no -C debuginfo=2 --cfg 'feature="default"' --cfg 'feature="glsl-out"' --cfg 'feature="msl-out"' --cfg 'feature="petgraph"' --cfg 'feature="spirv"' --cfg 'feature="spv-in"' --cfg 'feature="spv-out"' --cfg 'feature="wgsl-in"' -C metadata=dd11c1c99f9fd703 -C extra-filename=-dd11c1c99f9fd703 --out-dir /opt/rustwide/target/debug/deps -L dependency=/opt/rustwide/target/debug/deps --extern bit_set=/opt/rustwide/target/debug/deps/libbit_set-da3e8dd22930e233.rmeta --extern bitflags=/opt/rustwide/target/debug/deps/libbitflags-7925d1bf53c9b12a.rmeta --extern fxhash=/opt/rustwide/target/debug/deps/libfxhash-a709fbb61f375bbe.rmeta --extern log=/opt/rustwide/target/debug/deps/liblog-56a705720bafac8d.rmeta --extern num_traits=/opt/rustwide/target/debug/deps/libnum_traits-eef4fcc8be0149bf.rmeta --extern petgraph=/opt/rustwide/target/debug/deps/libpetgraph-031b96c77d751808.rmeta --extern spirv=/opt/rustwide/target/debug/deps/libspirv_headers-00de4aad9795f425.rmeta --extern thiserror=/opt/rustwide/target/debug/deps/libthiserror-067b003952505c89.rmeta --cap-lints allow` (signal: 9, SIGKILL: kill)
[INFO] [stderr] warning: build failed, waiting for other jobs to finish...
[INFO] [stderr] The following warnings were emitted during compilation:
[INFO] [stderr] 
[INFO] [stderr] warning: src/wrapper.cpp:2: warning: ignoring #pragma warning  [-Wunknown-pragmas]
[INFO] [stderr] warning:     2 | #pragma warning(disable : 4996 4101)
[INFO] [stderr] warning:       | 
[INFO] [stderr] warning: c++: fatal error: Killed signal terminated program cc1plus
[INFO] [stderr] warning: compilation terminated.
[INFO] [stderr] warning: c++: fatal error: Killed signal terminated program cc1plus
[INFO] [stderr] warning: compilation terminated.
[INFO] [stderr] warning: c++: fatal error: Killed signal terminated program cc1plus
[INFO] [stderr] warning: compilation terminated.
[INFO] [stderr] warning: c++: fatal error: Killed signal terminated program cc1plus
[INFO] [stderr] warning: compilation terminated.
[INFO] [stderr] warning: c++: fatal error: Killed signal terminated program cc1plus
[INFO] [stderr] warning: compilation terminated.
[INFO] [stderr] warning: c++: fatal error: Killed signal terminated program cc1plus
[INFO] [stderr] warning: compilation terminated.
[INFO] [stderr] 
[INFO] [stderr] The following warnings were emitted during compilation:
[INFO] [stderr] 
[INFO] [stderr] warning: shaderc: searching for native shaderc libraries on system;  use '--features build-from-source' to force building from source code
[INFO] [stderr] warning: shaderc: cannot find native shaderc library on system; falling back to build from source
[INFO] [stderr] 
[INFO] [stderr] error: build failed
[INFO] running `Command { std: "docker" "inspect" "bf0ec80da0f75ee132fc7f3634e5df380f9d5188955470dcd887683c1208a1d8", kill_on_drop: false }`
[INFO] running `Command { std: "docker" "rm" "-f" "bf0ec80da0f75ee132fc7f3634e5df380f9d5188955470dcd887683c1208a1d8", kill_on_drop: false }`
[INFO] [stdout] bf0ec80da0f75ee132fc7f3634e5df380f9d5188955470dcd887683c1208a1d8
